-- Dumping data for table `s_emotion`
--

INSERT INTO `s_emotion` VALUES (2,1,'Artikel Slider - Neu Eingegangen',4,3,240,2,20,NULL,NULL,53,0,0,'','','','2019-01-14 11:30:56','2019-03-04 11:47:20',1,'0,1,2,3,4',0,'rows',2,NULL,NULL,NULL,NULL,NULL),(4,1,'Artikel Slider - Kürzlich Verkauft',4,10,240,2,1,NULL,NULL,53,0,0,'','','','2019-01-14 11:31:52','2019-06-21 23:23:05',1,'0,1,2,3,4',0,'rows',6,NULL,NULL,NULL,NULL,NULL),(5,1,'Neuigkeiten',8,10,20,2,60,NULL,NULL,53,0,0,'','','','2019-01-14 11:32:16','2019-08-29 11:14:29',1,'0,1,2,3,4',1,'fluid',5,NULL,NULL,NULL,NULL,NULL),(10,1,'Über Uns',4,10,185,2,20,NULL,NULL,53,0,0,'','','','2019-02-14 07:44:46','2019-06-24 13:45:33',1,'0,1,2,3,4',0,'fluid',1,NULL,NULL,NULL,NULL,NULL),(21,1,'Überholung & Demontage',8,10,15,2,198,NULL,NULL,53,0,0,'','','','2019-03-01 15:48:25','2019-08-19 18:26:51',1,'0,1,2,3,4',0,'fluid',1,NULL,NULL,NULL,NULL,NULL),(22,1,'Top Banner',12,10,40,2,10,NULL,NULL,53,0,0,'','','','2019-03-01 16:31:45','2019-09-04 11:43:38',3,'0,1,2,3,4',1,'fluid',1,NULL,NULL,NULL,NULL,NULL),(33,1,'Kontakt Teaser',12,10,20,2,31,NULL,NULL,53,0,0,'','','','2019-03-02 06:28:56','2019-08-22 08:00:26',1,'0,1,2,3,4',1,'fluid',7,NULL,NULL,NULL,NULL,NULL),(48,1,'Banner',4,10,185,2,20,NULL,NULL,53,0,0,'','','','2019-03-02 09:50:06','2019-03-02 12:49:19',1,'0,1,2,3,4',1,'fluid',3,NULL,NULL,NULL,NULL,NULL),(49,1,'Artikel Slider - Überholte Ware',4,10,240,2,20,NULL,NULL,53,0,0,'','','','2019-03-02 09:55:56','2019-03-06 07:31:39',1,'0,1,2,3,4',0,'rows',4,NULL,NULL,NULL,NULL,NULL),(83,1,'Maschinen Ankauf',10,10,70,2,20,NULL,NULL,53,0,0,'','','','2019-03-07 19:49:13','2019-08-21 22:42:06',1,'0,1,2,3,4',0,'fluid',1,NULL,NULL,NULL,NULL,NULL),(94,0,'Kontakt',4,10,50,2,20,NULL,NULL,53,0,0,'','','','2019-06-24 13:50:16','2019-08-29 11:15:17',1,'0,1,2,3,4',0,'fluid',1,NULL,NULL,NULL,NULL,NULL),(95,0,'Kontakt Teaser',12,10,20,2,31,NULL,NULL,53,0,0,'','','','2019-09-04 10:54:42','2019-09-04 10:54:42',1,'0,1,2,3,4',1,'fluid',7,NULL,33,'zXJnnkWqW4ENTDmn4n0R6Ctj3OWemLZh',NULL,NULL);

--
-- Table structure for table `s_emotion_attributes`
--

CREATE TABLE `s_emotion_attributes` (
  `id` int(11) NOT NULL AUTO_INCREMENT,
  `emotionID` int(11) DEFAULT NULL,
  `dreisc_seo_url` text COLLATE utf8_unicode_ci,
  `dreisc_seo_title` text COLLATE utf8_unicode_ci,
  `dreisc_seo_title_replace` int(1) DEFAULT '0',
  `dreisc_seo_breadcrumb` text COLLATE utf8_unicode_ci,
  `dreisc_canonical_link` text COLLATE utf8_unicode_ci,
  `dreisc_robots_tag` text COLLATE utf8_unicode_ci,
  PRIMARY KEY (`id`),
  UNIQUE KEY `emotionID` (`emotionID`),
  CONSTRAINT `s_emotion_attributes_ibfk_1` FOREIGN KEY (`emotionID`) REFERENCES `s_emotion` (`id`) ON DELETE CASCADE ON UPDATE NO ACTION
) ENGINE=InnoDB DEFAULT CHARSET=utf8 COLLATE=utf8_unicode_ci;

--
-- Dumping data for table `s_emotion_attributes`
--


--
-- Table structure for table `s_emotion_categories`
--

CREATE TABLE `s_emotion_categories` (
  `id` int(11) NOT NULL AUTO_INCREMENT,
  `emotion_id` int(11) NOT NULL,
  `category_id` int(11) NOT NULL,
  PRIMARY KEY (`id`)
) ENGINE=InnoDB AUTO_INCREMENT=1565 DEFAULT CHARSET=utf8 COLLATE=utf8_unicode_ci;

--
-- Dumping data for table `s_emotion_categories`
--

INSERT INTO `s_emotion_categories` VALUES (617,48,3),(618,48,11),(747,2,3),(748,2,11),(831,49,3),(832,49,11),(1451,4,3),(1452,4,11),(1479,10,121),(1480,10,125),(1483,94,127),(1484,94,123),(1495,21,126),(1496,21,122),(1497,83,124),(1498,83,128),(1503,33,3),(1504,33,11),(1549,5,3),(1550,5,11),(1559,95,3),(1560,95,11),(1563,22,3),(1564,22,11);

--
-- Table structure for table `s_emotion_element`
--

CREATE TABLE `s_emotion_element` (
  `id` int(11) NOT NULL AUTO_INCREMENT,
  `emotionID` int(11) NOT NULL,
  `componentID` int(11) NOT NULL,
  `start_row` int(11) NOT NULL,
  `start_col` int(11) NOT NULL,
  `end_row` int(11) NOT NULL,
  `end_col` int(11) NOT NULL,
  `css_class` varchar(255) COLLATE utf8_unicode_ci DEFAULT NULL,
  PRIMARY KEY (`id`),
  KEY `get_emotion_elements` (`emotionID`,`start_row`,`start_col`)
) ENGINE=InnoDB AUTO_INCREMENT=715 DEFAULT CHARSET=utf8 COLLATE=utf8_unicode_ci;

--
-- Dumping data for table `s_emotion_element`
--

INSERT INTO `s_emotion_element` VALUES (2,2,11,1,1,1,1,''),(4,4,11,1,1,1,1,''),(75,10,2,1,1,1,1,''),(102,22,2,1,1,1,1,'emotion--container-secondary'),(103,22,13,1,1,1,1,''),(268,33,13,1,1,1,1,''),(269,48,7,1,1,1,1,''),(286,22,13,1,1,1,1,''),(303,33,14,1,1,1,1,''),(393,33,14,1,1,1,1,''),(417,49,11,1,1,1,1,''),(434,5,13,1,1,1,1,''),(435,5,13,1,1,1,1,''),(448,33,13,1,1,1,1,''),(463,21,3,1,1,1,1,''),(464,21,3,1,1,1,1,''),(475,21,2,1,1,1,1,''),(476,21,2,1,1,1,1,''),(477,21,2,1,1,1,1,''),(478,21,3,1,1,1,1,''),(483,21,2,1,1,1,1,''),(485,21,3,1,1,1,1,''),(530,21,3,1,1,1,1,''),(531,21,3,1,1,1,1,''),(657,21,3,1,1,1,1,''),(702,21,2,1,1,1,1,''),(703,21,2,1,1,1,1,''),(704,21,2,1,1,1,1,''),(705,83,2,1,1,1,1,''),(706,5,3,1,1,1,1,''),(707,5,2,1,1,1,1,''),(708,5,3,1,1,1,1,''),(709,94,2,1,1,1,1,''),(710,5,2,1,1,1,1,''),(711,95,13,1,1,1,1,''),(712,95,13,1,1,1,1,''),(713,95,14,1,1,1,1,''),(714,95,14,1,1,1,1,'');

--
-- Table structure for table `s_emotion_element_value`
--

CREATE TABLE `s_emotion_element_value` (
  `id` int(11) NOT NULL AUTO_INCREMENT,
  `emotionID` int(11) NOT NULL,
  `elementID` int(11) NOT NULL,
  `componentID` int(11) NOT NULL,
  `fieldID` int(11) NOT NULL,
  `value` text COLLATE utf8_unicode_ci,
  PRIMARY KEY (`id`),
  KEY `emotionID` (`elementID`),
  KEY `fieldID` (`fieldID`)
) ENGINE=InnoDB AUTO_INCREMENT=3062 DEFAULT CHARSET=utf8 COLLATE=utf8_unicode_ci;

--
-- Dumping data for table `s_emotion_element_value`
--

INSERT INTO `s_emotion_element_value` VALUES (8,2,2,11,36,'newcomer'),(9,2,2,11,59,'3'),(10,2,2,11,86,NULL),(11,2,2,11,38,'25'),(12,2,2,11,39,'<b>Neu</b> Eingegangen'),(13,2,2,11,41,'1'),(14,2,2,11,43,'500'),(15,2,2,11,44,''),(16,2,2,11,45,'5000'),(17,2,2,11,92,''),(18,2,2,11,37,NULL),(19,2,2,11,102,NULL),(26,4,4,11,36,'topseller'),(27,4,4,11,59,'3'),(28,4,4,11,86,NULL),(29,4,4,11,38,'25'),(30,4,4,11,39,'<b>Kürzlich</b> Verkauft'),(31,4,4,11,41,'1'),(32,4,4,11,43,'500'),(33,4,4,11,44,''),(34,4,4,11,45,'5000'),(35,4,4,11,92,''),(36,4,4,11,37,NULL),(37,4,4,11,102,NULL),(214,10,75,2,4,'<div class=\"netzp-contentbuilder\">\n<div class=\"row clearfix\">\n<div class=\"column size-24 full\">\n<h1 class=\"size-64\" style=\"letter-spacing: 9px; color: #595959;\">Merx Handel &amp; Industrie GmbH</h1>\n<p></p>\n<p></p>\n<p></p>\n<p></p>\n<p></p>\n<p></p>\n<div class=\"spacer height-20\">&nbsp;</div>\n<h3 class=\"size-21\" style=\"letter-spacing: 0px; line-height: 36px;\"><span style=\"color: #595959;\"><span class=\"size-12\" style=\"font-size: 19px !important;\">ist ein mittelständisches Handelsunternehmen mit Sitz in Hamburg. Unser Geschäft umfasst hauptsächlich den Handel mit gebrauchten und neuen Maschinen für die Molkereiindustrie.</span></span></h3>\n<h3 class=\"size-21\" style=\"letter-spacing: 0px; line-height: 36px;\"><span style=\"color: #595959;\"><span class=\"size-16\" style=\"font-size: 19px !important;\">Dank unserem globalen Netzwerk, bestehend aus internationalen Partner und Ingenieuren in Indien, dem Nahen Osten, Osteuropa, der Türkei und vielen weiteren Ländern und Regionen, können unsere Spezialisten Projekte auf der ganzen Welt professionell und kostengünstig umsetzen.</span></span></h3>\n<h3 class=\"size-21\" style=\"letter-spacing: 0px; line-height: 36px;\"><span style=\"color: #595959;\"><span class=\"size-16\" style=\"font-size: 19px !important;\">Seit der Gründung des Unternehmens konnten wir unsere Handels- und Dienstleistungsaktivitäten stetig ausbauen und mittlerweile Kunden in über 25 Ländern auf allen Kontinenten&nbsp; von unseren Waren und Dienstleistungen überzeugen.</span></span></h3>\n<h3 class=\"size-21\" style=\"letter-spacing: 0px; line-height: 36px;\"><span style=\"color: #595959;\"><span class=\"size-16\" style=\"font-size: 19px !important;\">Wir bieten Ihnen gebrauchte und neue Maschinen für die Molkerei-Industrie sowie Service-Dienstleistungen zu einem fairen Preis. Um auf die besonderen Bedürfnisse unsere Kunden eingehen zu können, gehören zu unserem Dienstleistungsangebot folgende Leistungen.</span></span></h3>\n<div class=\"spacer height-40\"></div>\n</div>\n</div>\n<div class=\"row clearfix\">\n<div class=\"column size-21 full\">\n<ul>\n<li><span style=\"font-family: \'Open Sans\', sans-serif;\"><span style=\"font-size: 19px !important;\">Ingenieurswesen</span></span></li>\n</ul>\n<p></p>\n<ul>\n<li><span style=\"font-family: \'Open Sans\', sans-serif;\"><span style=\"font-size: 18px !important;\">Generalüberholung &amp; Instandsetzung</span></span></li>\n</ul>\n<p></p>\n<ul>\n<li><span style=\"font-family: \'Open Sans\', sans-serif;\"><span style=\"font-size: 18px !important;\">Demontage</span></span></li>\n</ul>\n<p></p>\n<p></p>\n<ul>\n<li><span style=\"font-family: \'Open Sans\', sans-serif;\"><span style=\"font-size: 18px !important;\">Export</span></span></li>\n</ul>\n<p></p>\n<ul>\n<li><span style=\"font-family: \'Open Sans\', sans-serif;\"><span style=\"font-size: 18px !important;\">Verladung &amp; Versand</span></span></li>\n</ul>\n<p></p>\n<ul>\n<li><span style=\"font-family: \'Open Sans\', sans-serif;\"><span style=\"font-size: 18px !important;\">Inbetriebnahme</span></span></li>\n</ul>\n<p></p>\n<p></p>\n<p></p>\n<p></p>\n<p></p>\n<p></p>\n<p></p>\n</div>\n</div>\n<div class=\"row clearfix\">\n<div class=\"column size-24 full\">\n<p></p>\n<p></p>\n<p></p>\n<p></p>\n<p></p>\n<p></p>\n<div class=\"spacer height-20\">&nbsp;</div>\n<h3 class=\"size-21\" style=\"letter-spacing: 0px; line-height: 36px;\"><span class=\"size-16\" style=\"color: #595959; letter-spacing: 0px; font-size: 19px !important;\">Das Merx-Team bedankt sich für ihren Besuch auf unserer Webseite und Ihre aufmerksamkeit. Wir hoffen Ihr Interesse an unseren Produkt und Dienstleistungen geweckt zu haben und freuen uns bald von Ihnen zu hören.</span></h3>\n</div>\n</div>\n</div>'),(215,10,75,2,6,''),(216,10,75,2,84,''),(322,22,102,2,4,'<div class=\"netzp-contentbuilder\">\n<div>\n<p style=\"text-align: center;\"><span style=\"font-size: large; line-height: 30px;\">Die Merx Handel &amp; Industrie GmbH ist ein mittelständisches Unternehmen mit Sitz in Hamburg. Unser Geschäft umfasst hauptsächloch den Handel mit gebrauchten und neuen Maschinen für die Milch- und Getränkeindustrie sowie...</span></p>\n</div>\n</div>'),(323,22,102,2,6,''),(324,22,102,2,84,''),(325,22,103,13,87,''),(326,22,103,13,88,'<a href=\"/ueber-uns/\" class=\"btn is--primary is--align-center\">Mehr erfahren...</a>'),(1063,33,268,13,87,''),(1064,33,268,13,88,'<div class=\"panel--title\"><b>Maschinen</b> Ankauf</div>\n'),(1065,48,269,7,13,''),(1066,48,269,7,15,''),(1067,48,269,7,16,''),(1068,48,269,7,17,'500'),(1069,48,269,7,18,''),(1070,48,269,7,19,'5000'),(1071,48,269,7,20,'[{\"position\":0,\"path\":\"media\\/image\\/beispielartikelbild-1.jpg\",\"mediaId\":11,\"link\":\"\",\"altText\":\"\",\"title\":\"\"}]'),(1119,22,286,13,87,''),(1120,22,286,13,88,'\n<style type=\"text/css\">\n.emotion--sell {\n	background-image: url(\'/media/image/58/36/58/Merx-Banner-Start.jpg\');\n}\n</style>\n<div class=\"image is--align-center\"><img src=\"/media/image/54/b1/f7/merx-logo.png\" class=\"is--inline-block\"></div>'),(1205,33,303,14,104,''),(1206,33,303,14,105,'1'),(1207,33,303,14,106,'1'),(1208,33,303,14,107,''),(1209,33,303,14,108,''),(1210,33,303,14,109,''),(1211,33,303,14,110,'360'),(1212,33,303,14,111,'22.5'),(1644,33,393,14,104,''),(1645,33,393,14,105,'5'),(1646,33,393,14,106,'1'),(1647,33,393,14,107,''),(1648,33,393,14,108,''),(1649,33,393,14,109,''),(1650,33,393,14,110,'360'),(1651,33,393,14,111,'22.5'),(1768,49,417,11,36,'newcomer'),(1769,49,417,11,59,'133'),(1770,49,417,11,86,NULL),(1771,49,417,11,38,'25'),(1772,49,417,11,39,'<b>Überholte</b>  Ware'),(1773,49,417,11,41,'1'),(1774,49,417,11,43,'500'),(1775,49,417,11,44,''),(1776,49,417,11,45,'5000'),(1777,49,417,11,92,''),(1778,49,417,11,37,NULL),(1779,49,417,11,102,NULL),(1869,5,434,13,87,''),(1870,5,434,13,88,'<div class=\"panel--title\"><b>Überholungen &</b> Demontagen</div>'),(1871,33,448,13,87,''),(1872,33,448,13,88,'<div class=\"panel--title\"><b>Allgemeine</b> Anfragen</div>'),(1873,5,435,13,87,''),(1874,5,435,13,88,'<div class=\"panel--title\"><b>Neue </b> Maschinen</div>'),(1935,21,463,3,65,'center'),(1936,21,463,3,3,'media/image/Stephan-Vorher.jpg'),(1937,21,463,3,7,'null'),(1938,21,463,3,47,''),(1939,21,463,3,89,''),(1940,21,463,3,85,''),(1941,21,464,3,65,'center'),(1942,21,464,3,3,'media/image/Stephan-NachherIsmRbiAQF2Cnk.jpg'),(1943,21,464,3,7,'null'),(1944,21,464,3,47,''),(1945,21,464,3,89,''),(1946,21,464,3,85,''),(1989,21,475,2,4,'<div class=\"netzp-contentbuilder\">\n<div class=\"row clearfix\">\n<div class=\"column full size-21\">\n<h1 class=\"size-64\" style=\"letter-spacing: 9px; color: #595959;\">ÜBERHOLUNG</h1>\n<p style=\"font-family: Arial, sans-serif;\"><span class=\"size-21\" style=\"font-family: \'Open Sans\', sans-serif; font-size: 18px !important; line-height: 33px; letter-spacing: 0px;\">Nicht immer ist es wirtschaftlich sinnvoll bestehende Produktionsanlagen, die in die Jahre gekommen sind durch neue zu ersetzen. Gerade in der heutigen Zeit, ist es keine Seltenheit, das neuwertige Maschinen nicht dieselbe hohe Qualität in ihrer Verarbeitung aufweisen wie ihre Vorgängermodelle. Aus diesem Grund lohnt sich die Überholung einer in die Jahre gekommenen Maschinen, die sich über einen langen Zeitraum bewehrt hat, meistens mehr als eine Neuanschaffung.</span></p>\n<p style=\"font-family: Arial, sans-serif;\"><span class=\"size-21\" style=\"font-family: \'Open Sans\', sans-serif; font-size: 18px !important; line-height: 33px; letter-spacing: 0px;\">Um flexibel auf unsere Kuden eingehen zu können, bieten wir zusätzlich zu unserem Handelsgeschäft mit gebrauchten Molkerei-Anlagen ebenfalls Dienstleistungen im Bereich der Überholung und Instandsetzung&nbsp;von Maschinen an. Durch unser Netzwerk aus internationalen Partnern und Ingenieuren sind wir in der Lage die meisten Typen&nbsp;von Maschinen, die in Molkereibetrieben zum Einsatz kommen, professionell und nachhaltig, für Sie Instand zu setzen.</span></p>\n<p style=\"font-family: Arial, sans-serif;\"><span class=\"size-21\" style=\"font-family: \'Open Sans\', sans-serif; font-size: 18px !important; line-height: 33px; letter-spacing: 0px;\">Besitzen Sie eine Maschine die Sie gerne wieder in Betrieben nehmen wollen oder die lediglich ein paar Reparaturen benötigt? Dann senden Sie uns einfach und bequem über unser Kontaktformular eine Anfrage.</span></p>\n</div>\n</div>\n<div class=\"row clearfix\">&nbsp;</div>\n<div class=\"row clearfix\">\n<div class=\"column full\">\n<div style=\"margin: 20px 0;\"><a class=\"is-btn is-btn-ghost1 is-upper\" style=\"color: #fb4006; font-size: 14px !important;\" title=\"\" href=\"/shopware.php?sViewport=forms&amp;sFid=28\">Anfrage Senden</a></div>\n</div>\n</div>\n</div>'),(1990,21,475,2,6,''),(1991,21,475,2,84,''),(1992,21,476,2,4,'<div class=\"netzp-contentbuilder\">\n<div class=\"row clearfix\">\n<div class=\"column full center\">\n<h1 class=\"size-28\" style=\"font-family: \'Open Sans\', sans-serif; color: #595959;\">Stephan UMM SK 80 E</h1>\n</div>\n</div>\n</div>'),(1993,21,476,2,6,''),(1994,21,476,2,84,''),(1995,21,477,2,4,'<div class=\"netzp-contentbuilder\">\n<div class=\"row clearfix\">\n<div class=\"column full center\">\n<h1 class=\"size-28\" style=\"font-family: \'Open Sans\', sans-serif; color: #595959;\">Simon Freres Contimab MC 2</h1>\n</div>\n</div>\n</div>'),(1996,21,477,2,6,''),(1997,21,477,2,84,''),(1998,21,483,2,4,'<div class=\"netzp-contentbuilder\">\n<div class=\"row clearfix\">\n<div class=\"column full\">\n<h1 class=\"size-64\" style=\"letter-spacing: 9px; color: #595959;\">DEMONTAGE</h1>\n<h3 class=\"size-18\" style=\"letter-spacing: 0px; line-height: 32px; color: #595959;\">Um erfolgreich im Handelsgeschäft tätig zu sein bedarf es nicht nur an Flexibilität im bedien&nbsp;von Kundenwünschen, sondern eben auch beim Ankauf&nbsp;von Molkerei-Anlagen. Gerade im Fall&nbsp;von größeren Anlagen wie&nbsp;Verdampfer, Prozess-Linien etc., die&nbsp;von produzierenden Betrieben&nbsp;verkauf werden, ist es für die Betriebe als&nbsp;Verkäufer häufig nicht möglich ihre Anlagen eigenständig zu demontieren. Hierfür bieten wir unseren potentiellen Lieferanten an, für Sie die Demontage Ihrer Anlage&nbsp;</h3>\n<h3 class=\"size-18\" style=\"letter-spacing: 0px; line-height: 32px; color: #595959;\">Durch unsere Erfahrung in der Demontage unterschiedlichster Molkerei-Anlagen im gesamten europäischen Raum, sind wir in der Lage, Demontagen schnell, sicher und Material schonend durchzuführen. Alle von uns durchgeführten Demontagen werden von Ingenieuren und spezialisierten Arbeitskräften begleitet.</h3>\n<h3 class=\"size-18\" style=\"letter-spacing: 0px; line-height: 32px; color: #595959;\">Die Überwachung und Durchführung der Demontage erfolgt selbstverständlich unter strikter Einhaltung der geforderten Sicherheits- und Gesundheitsvorschriften.</h3>\n</div>\n</div>\n<div class=\"row clearfix\">&nbsp;</div>\n<div class=\"row clearfix\">\n<div class=\"column full\">\n<div style=\"margin: 20px 0;\"><a class=\"is-btn is-btn-ghost1 is-upper\" style=\"color: #fb4006;\" title=\"\" href=\"/shopware.php?sViewport=forms&amp;sFid=30\">Maschine Anbieten</a></div>\n</div>\n</div>\n<div class=\"row clearfix\">&nbsp;</div>\n</div>'),(1999,21,483,2,6,''),(2000,21,483,2,84,''),(2001,21,478,3,65,'center'),(2002,21,478,3,3,'media/image/Simon-Freres-MC-2-vorher.jpg'),(2003,21,478,3,7,'null'),(2004,21,478,3,47,''),(2005,21,478,3,89,''),(2006,21,478,3,85,''),(2019,21,485,3,65,'center'),(2020,21,485,3,3,'media/image/Simon-Freres-MC-2-Nachher.jpg'),(2021,21,485,3,7,'null'),(2022,21,485,3,47,''),(2023,21,485,3,89,''),(2024,21,485,3,85,''),(2169,21,530,3,65,'center'),(2170,21,530,3,3,'media/image/Demontage-1280x1280.jpg'),(2171,21,530,3,7,'null'),(2172,21,530,3,47,''),(2173,21,530,3,89,''),(2174,21,530,3,85,''),(2175,21,531,3,65,'center'),(2176,21,531,3,3,'media/image/NeuMaschinenVerrohrung-SHOP2Ae7rrAKwPIit.jpg'),(2177,21,531,3,7,'null'),(2178,21,531,3,47,''),(2179,21,531,3,89,''),(2180,21,531,3,85,''),(2787,21,657,3,65,'center'),(2788,21,657,3,3,'media/image/beispielartikelbild-1.jpg'),(2789,21,657,3,7,'null'),(2790,21,657,3,47,''),(2791,21,657,3,89,''),(2792,21,657,3,85,''),(3009,21,702,2,4,'<div class=\"netzp-contentbuilder\">\n<div class=\"row clearfix\">\n<div class=\"column full\">\n<h1 class=\"size-32\" style=\"letter-spacing: 9px; color: #595959;\">ÜBRHOLUNG</h1>\n<div class=\"spacer height-20\">&nbsp;</div>\n<h3 class=\"size-16\" style=\"letter-spacing: 0px; line-height: 28px; color: #595959;\">Nicht immer ist es wirtschaftlich sinnvoll bestehende Produktionsanlagen, die in die Jahre gekommen sind durch neue zu ersetzen. Gerade in der heutigen Zeit ist es keine Seltenheit, dass neuwertige Maschinen nicht dieselbe hohe Qualität aufweisen wie ihre Vorgängermodelle. Aus diesem Grund lohnt sich die Überholung eine in die Jahre gekommenen Maschine, die sich über einen langen Zeitraum bewehrt hat, meistens mehr als eine Neuanschaffung.</h3>\n<h3 class=\"size-16\" style=\"letter-spacing: 0px; line-height: 28px; color: #595959;\">Um flexibel auf unsere Kunden eingehen zu können, bieten wir zusätzlich zu unserem Handelsgeschäft mit gebrauchten Molkerei-Anlagen ebenfalls Dienstleistungen im Bereich der Überholung und Instandsetzung von Maschinen an. Durch unser Netzwerk aus internationalen Partnern und Ingenieuren sind wir in der Lage die meisten Typen von Maschinen, die in Molkereibetrieben zum Einsatz kommen, professionell und nachhaltig, für Sie Instand zu setzen.</h3>\n<h3 class=\"size-16\" style=\"letter-spacing: 0px; line-height: 28px; color: #535353;\">Besitzen Sie eine Maschine die Sie gerne wieder in Betrieb nehmen wollen oder die lediglich ein paar Reparaturen benötigt? Dann senden Sie uns einfach und bequem über unser Kontaktformular eine Anfrage.</h3>\n</div>\n</div>\n<div class=\"row clearfix\">\n<div class=\"column full\">\n<div style=\"margin: 20px 0;\"><a class=\"is-btn is-btn-ghost1 is-upper\" style=\"font-size: 12px !important; color: #fb4006;\" title=\"\" href=\"#\">Anfrage Senden</a></div>\n</div>\n</div>\n</div>'),(3010,21,702,2,6,''),(3011,21,702,2,84,''),(3012,21,704,2,4,'<div class=\"netzp-contentbuilder\">\n<div class=\"row clearfix\">\n<div class=\"column full center\">\n<h1 class=\"is-title-lite size-18\" style=\"color: #595959; letter-spacing: 2px;\">Stephan UMM SK 80 E</h1>\n</div>\n</div>\n</div>'),(3013,21,704,2,6,''),(3014,21,704,2,84,''),(3015,21,703,2,4,'<div class=\"netzp-contentbuilder\">\n<div class=\"row clearfix\">\n<div class=\"column full\">\n<h1 class=\"size-24\" style=\"letter-spacing: 9px; color: #595959; font-size: 30px !important;\">DEMONTAGE</h1>\n<h3 class=\"size-16\" style=\"letter-spacing: 0px; line-height: 31px; color: #595959;\">Um erfolgreich im Handelsgeschäft tätig zu sein bedarf es nicht nur an Flexibilität beim bedienen von Kundenwünschen, sondern eben auch beim Ankauf von Molkerei-Anlagen. Gerade im Fall von größeren Anlagen wie Verdampfer, Prozess-Linien et., die von produzierenden Betrieben verkauft werden, ist es für die Betriebe als Verkäufer häufig nicht möglich ihre Anlagen eigenständig zu demontieren. Hierfür bieten wir unseren potentiellen Lieferanten an, für Sie die Demontage Ihrer Anlagen durchzuführen.</h3>\n<h3 class=\"size-16\" style=\"letter-spacing: 0px; line-height: 31px; color: #595959;\">Durch unsere Erfahrung in der Demontage unterschiedlichster Molkerei-Anlagen im gesamten europäischen Raum, sind wir in der Lage, Demontagen schnell, sicher und Material schonen durchzuführen. Alle von uns durchgeführten Demontagen werden von Ingenieuren und spezialisierten Arbeitskräften begleitet.</h3>\n<h3 class=\"size-16\" style=\"letter-spacing: 0px; line-height: 30px; color: #595959;\">Die Überwachung und Durchführung der Demontage erfolgt selbstverständlich unter strikter Einhaltung der geforderten Sicherheits- und Gesundheitsvorschriften.</h3>\n</div>\n</div>\n<div class=\"row clearfix\">\n<div class=\"column full\">\n<div style=\"margin: 20px 0;\"><a class=\"is-btn is-btn-ghost1 is-upper\" style=\"font-size: 12px !important; color: #fb4006;\" title=\"\" href=\"#\">Anfrag Senden</a></div>\n</div>\n</div>\n</div>'),(3016,21,703,2,6,''),(3017,21,703,2,84,''),(3018,83,705,2,4,'<div class=\"netzp-contentbuilder\">\n<div class=\"row clearfix\">\n<div class=\"column full\">\n<h1 class=\"size-64\" style=\"letter-spacing: 9px; color: #595959;\">WIR KAUFEN IHRE MASCHINE</h1>\n<h3 class=\"size-21\" style=\"letter-spacing: 0px; color: #595959; line-height: 36px; font-size: 18px !important;\">Wir sind stets daran interessiert unseren Lagerbestand an gebrauchten Maschinen für die Molkerei-Industrie auszubauen. Besitzen Sie Milch-Separatoren, Verpackungsmaschinen für Butter oder Käse, Milch-Abfüllanalgen, Homogenisatoren oder UHT-Anlagen?&nbsp;</h3>\n</div>\n</div>\n<div class=\"row clearfix\">\n<div class=\"column full\">\n<h3 class=\"size-21\" style=\"letter-spacing: 0px; color: #595959; line-height: 36px; font-size: 18px !important;\">Dann nutzen Sie diese Verkaufsgelegenheit und senden Sie uns jetzt Ihr Angebot zu der Anlage/Maschine die Sie verkaufen möchten. Wir werden uns umgehend mit Ihnen in Verbindung setzen. Eine Inzahlungnahme Ihrer Maschine ist bei einem Kauf ebenfalls möglich.</h3>\n</div>\n</div>\n<div class=\"row clearfix\">\n<div class=\"column full\">\n<div style=\"margin: 20px 0;\"><a class=\"is-btn is-btn-ghost1 is-upper\" style=\"font-size: 15px !important; color: #fb4006;\" title=\"\" href=\"/shopware.php?sViewport=forms&amp;sFid=30\">Angebot senden</a></div>\n</div>\n</div>\n</div>'),(3019,83,705,2,6,''),(3020,83,705,2,84,''),(3021,5,706,3,65,'center'),(3022,5,706,3,3,'media/image/Neue-Maschinen.jpg'),(3023,5,706,3,7,'null'),(3024,5,706,3,47,'/neue-maschinen'),(3025,5,706,3,89,'_top'),(3026,5,706,3,85,''),(3027,5,707,2,4,'<div class=\"netzp-contentbuilder\">\n<div>\n<p><span class=\"size-21\" style=\"font-family: Arial, sans-serif; font-size: 18px !important; line-height: 33px; letter-spacing: 0px;\"><span class=\"size-18\" style=\"font-size: 18px !important;\">Wir bieten unsere Anlagen schlüsselfertig an. Sie werden aus erstklassigen Rohstoffen hergestellt und nur von autorisierten Herstellern bezogen. Sie bestehen aus Maschinen von ausgezeichneter Qualität, die für geringen Wartungsaufwand, einfache Bedienung und Installation sowie Robustheit bekannt sind ... <a title=\"\" href=\"http://merx-solutions.com/\" target=\"_blank\">mehr</a></span></span></p>\n</div>\n<link href=\"//fonts.googleapis.com/css?family=Abel\" rel=\"stylesheet\" property=\"stylesheet\" type=\"text/css\"><link href=\"//fonts.googleapis.com/css?family=Abril Fatface\" rel=\"stylesheet\" property=\"stylesheet\" type=\"text/css\"></div>'),(3028,5,707,2,6,''),(3029,5,707,2,84,''),(3030,5,708,3,65,'center'),(3031,5,708,3,3,'media/image/Demontage-1280x1280.jpg'),(3032,5,708,3,7,'null'),(3033,5,708,3,47,'/ueberholung-demontage/'),(3034,5,708,3,89,'_top'),(3035,5,708,3,85,''),(3036,94,709,2,4,'<div class=\"netzp-contentbuilder\">\n<div class=\"row clearfix\">\n<div class=\"column size-24 full\">\n<h1 class=\"size-64\" style=\"letter-spacing: 9px; color: #595959;\">Wie können Wir Ihnen Helfen?</h1>\n<p></p>\n<p></p>\n<p></p>\n<p></p>\n<p></p>\n<p></p>\n<div class=\"spacer height-20\">&nbsp;</div>\n<h3 class=\"size-21\" style=\"letter-spacing: 0px; line-height: 36px;\"><span style=\"color: #595959;\"><span class=\"size-12\" style=\"font-size: 19px !important;\">ist ein mittelständisches Handelsunternehmen mit Sitz in Hamburg. Unser Geschäft umfasst hauptsächlich den Handel mit gebrauchten und neuen Maschinen für die Molkereiindustrie.</span></span></h3>\n<h3 class=\"size-21\" style=\"letter-spacing: 0px; line-height: 36px;\"></h3>\n</div>\n</div>\n<div class=\"row clearfix\">\n<div class=\"column size-24 full\">\n<p></p>\n<p></p>\n<p></p>\n<p></p>\n<p></p>\n<p></p>\n<div class=\"spacer height-20\">&nbsp;</div>\n<h3 class=\"size-21\" style=\"letter-spacing: 0px; line-height: 36px;\"><span class=\"size-16\" style=\"color: #595959; letter-spacing: 0px; font-size: 19px !important;\">Das Merx-Team bedankt sich für ihren Besuch auf unserer Webseite und Ihre aufmerksamkeit. Wir hoffen Ihr Interesse an unseren Produkt und Dienstleistungen geweckt zu haben und freuen uns bald von Ihnen zu hören.</span></h3>\n</div>\n</div>\n</div>'),(3037,94,709,2,6,''),(3038,94,709,2,84,''),(3039,5,710,2,4,'<div class=\"netzp-contentbuilder\">\n<div>\n<p><span class=\"size-21\" style=\"font-family: Arial, sans-serif; font-size: 18px !important; line-height: 33px; letter-spacing: 0px;\"><span class=\"size-18\" style=\"font-size: 18px !important;\">Nicht immer ist es wirtschaftlich sinnvoll bestehende Produktionsanlagen, die in die Jahre gekommen sind durch neue zu ersetzen. Gerade in der heutigen Zeit, ist es keine Seltenheit, das neuwertige Maschinen nicht dieselbe hohe Qualität in ihrer Verarbeitung aufweisen wie ihre ... <a title=\"\" href=\"/ueberholung-demontage/\">mehr</a></span></span></p>\n</div>\n<link href=\"//fonts.googleapis.com/css?family=Abel\" rel=\"stylesheet\" property=\"stylesheet\" type=\"text/css\"><link href=\"//fonts.googleapis.com/css?family=Abril Fatface\" rel=\"stylesheet\" property=\"stylesheet\" type=\"text/css\"></div>'),(3040,5,710,2,6,''),(3041,5,710,2,84,''),(3042,95,711,13,87,''),(3043,95,711,13,88,'<div class=\"panel--title\"><b>Maschinen</b> Ankauf</div>\n'),(3044,95,712,13,87,''),(3045,95,712,13,88,'<div class=\"panel--title\"><b>Allgemeine</b> Anfragen</div>'),(3046,95,713,14,104,''),(3047,95,713,14,105,'1'),(3048,95,713,14,106,'1'),(3049,95,713,14,107,''),(3050,95,713,14,108,''),(3051,95,713,14,109,''),(3052,95,713,14,110,'360'),(3053,95,713,14,111,'22.5'),(3054,95,714,14,104,''),(3055,95,714,14,105,'5'),(3056,95,714,14,106,'1'),(3057,95,714,14,107,''),(3058,95,714,14,108,''),(3059,95,714,14,109,''),(3060,95,714,14,110,'360'),(3061,95,714,14,111,'22.5');

--
-- Table structure for table `s_emotion_element_viewports`
--

CREATE TABLE `s_emotion_element_viewports` (
  `id` int(11) NOT NULL AUTO_INCREMENT,
  `elementID` int(11) NOT NULL,
  `emotionID` int(11) NOT NULL,
  `alias` varchar(255) COLLATE utf8_unicode_ci NOT NULL,
  `start_row` int(11) NOT NULL,
  `start_col` int(11) NOT NULL,
  `end_row` int(11) NOT NULL,
  `end_col` int(11) NOT NULL,
  `visible` int(1) NOT NULL DEFAULT '1',
  PRIMARY KEY (`id`)
) ENGINE=InnoDB AUTO_INCREMENT=3571 DEFAULT CHARSET=utf8 COLLATE=utf8_unicode_ci;

--
-- Dumping data for table `s_emotion_element_viewports`
--

INSERT INTO `s_emotion_element_viewports` VALUES (6,2,2,'xs',1,1,1,4,1),(7,2,2,'s',1,1,1,4,1),(8,2,2,'m',1,1,1,4,1),(9,2,2,'l',1,1,1,4,1),(10,2,2,'xl',1,1,1,4,1),(16,4,4,'xs',1,1,1,4,1),(17,4,4,'s',1,1,1,4,1),(18,4,4,'m',1,1,1,4,1),(19,4,4,'l',1,1,1,4,1),(20,4,4,'xl',1,1,1,4,1),(371,75,10,'xs',1,1,15,4,1),(372,75,10,'s',1,1,11,4,1),(373,75,10,'m',1,1,8,4,1),(374,75,10,'l',1,1,7,4,1),(375,75,10,'xl',1,1,6,4,1),(506,102,22,'xs',3,2,7,11,1),(507,102,22,'s',3,3,6,10,1),(508,102,22,'m',3,3,5,10,1),(509,102,22,'l',3,4,5,9,1),(510,102,22,'xl',5,4,8,9,1),(511,103,22,'xs',8,2,9,11,1),(512,103,22,'s',7,3,8,10,1),(513,103,22,'m',6,4,7,9,1),(514,103,22,'l',6,4,7,9,1),(515,103,22,'xl',9,3,10,10,1),(1336,268,33,'xs',1,1,3,12,1),(1337,268,33,'s',1,1,3,12,1),(1338,268,33,'m',1,1,3,6,1),(1339,268,33,'l',1,1,2,6,1),(1340,268,33,'xl',1,1,3,6,1),(1341,269,48,'xs',1,1,1,4,1),(1342,269,48,'s',1,1,2,4,1),(1343,269,48,'m',1,1,2,4,1),(1344,269,48,'l',1,1,2,4,1),(1345,269,48,'xl',1,1,2,4,1),(1426,286,22,'xs',1,2,2,11,1),(1427,286,22,'s',1,3,2,10,1),(1428,286,22,'m',1,4,2,9,1),(1429,286,22,'l',1,4,2,9,1),(1430,286,22,'xl',1,4,4,9,1),(1511,303,33,'xs',4,1,12,12,1),(1512,303,33,'s',4,1,15,12,1),(1513,303,33,'m',4,1,14,6,1),(1514,303,33,'l',3,1,14,6,1),(1515,303,33,'xl',4,1,17,6,1),(1961,393,33,'xs',19,1,28,12,1),(1962,393,33,'s',19,1,29,12,1),(1963,393,33,'m',4,7,14,12,1),(1964,393,33,'l',3,7,14,12,1),(1965,393,33,'xl',4,7,17,12,1),(2081,417,49,'xs',1,1,1,4,1),(2082,417,49,'s',1,1,1,4,1),(2083,417,49,'m',1,1,1,4,1),(2084,417,49,'l',1,1,1,4,1),(2085,417,49,'xl',1,1,1,4,1),(2166,434,5,'xs',1,1,3,8,1),(2167,434,5,'s',1,1,2,8,1),(2168,434,5,'m',1,1,3,4,1),(2169,434,5,'l',1,1,2,4,1),(2170,434,5,'xl',1,1,2,4,1),(2171,435,5,'xs',24,1,25,8,1),(2172,435,5,'s',21,1,22,8,1),(2173,435,5,'m',1,5,3,8,1),(2174,435,5,'l',1,5,2,8,1),(2175,435,5,'xl',1,5,2,8,1),(2236,448,33,'xs',14,1,18,12,1),(2237,448,33,'s',16,1,18,12,1),(2238,448,33,'m',1,7,3,12,1),(2239,448,33,'l',1,7,2,12,1),(2240,448,33,'xl',1,7,3,12,1),(2311,463,21,'xs',58,1,66,4,1),(2312,463,21,'s',1,1,1,1,0),(2313,463,21,'m',40,1,47,2,1),(2314,463,21,'l',33,1,42,2,1),(2315,463,21,'xl',9,5,21,6,1),(2316,464,21,'xs',58,5,66,8,1),(2317,464,21,'s',1,1,1,1,0),(2318,464,21,'m',40,3,47,4,1),(2319,464,21,'l',33,3,42,4,1),(2320,464,21,'xl',9,7,21,8,1),(2371,475,21,'xs',1,1,1,1,0),(2372,475,21,'s',1,1,41,8,1),(2373,475,21,'m',1,1,34,8,1),(2374,475,21,'l',1,1,28,8,1),(2375,475,21,'xl',1,1,41,4,1),(2376,476,21,'xs',1,1,1,1,0),(2377,476,21,'s',1,1,1,1,0),(2378,476,21,'m',35,1,39,4,1),(2379,476,21,'l',29,1,32,4,1),(2380,476,21,'xl',5,5,8,8,1),(2381,477,21,'xs',1,1,1,1,0),(2382,477,21,'s',42,1,45,8,1),(2383,477,21,'m',35,5,39,8,1),(2384,477,21,'l',29,5,32,8,1),(2385,477,21,'xl',23,5,26,8,1),(2386,478,21,'xs',1,1,1,1,0),(2387,478,21,'s',46,1,54,4,1),(2388,478,21,'m',40,5,47,6,1),(2389,478,21,'l',33,5,42,6,1),(2390,478,21,'xl',27,5,37,6,1),(2411,483,21,'xs',1,1,1,1,0),(2412,483,21,'s',57,1,91,8,1),(2413,483,21,'m',50,1,80,8,1),(2414,483,21,'l',45,1,69,8,1),(2415,483,21,'xl',39,5,72,8,1),(2421,485,21,'xs',1,1,1,1,0),(2422,485,21,'s',46,5,54,8,1),(2423,485,21,'m',40,7,47,8,1),(2424,485,21,'l',33,7,42,8,1),(2425,485,21,'xl',27,7,37,8,1),(2646,530,21,'xs',122,1,129,8,1),(2647,530,21,'s',92,1,99,4,1),(2648,530,21,'m',81,1,90,4,1),(2649,530,21,'l',70,5,80,8,1),(2650,530,21,'xl',45,1,57,4,1),(2651,531,21,'xs',1,1,1,1,0),(2652,531,21,'s',92,5,99,8,1),(2653,531,21,'m',81,5,90,8,1),(2654,531,21,'l',70,1,80,4,1),(2655,531,21,'xl',58,1,70,4,1),(3281,657,21,'xs',1,1,1,1,0),(3282,657,21,'s',1,1,1,1,0),(3283,657,21,'m',1,1,1,1,0),(3284,657,21,'l',1,1,1,1,0),(3285,657,21,'xl',1,1,1,1,0),(3506,702,21,'xs',1,1,54,8,1),(3507,702,21,'s',1,1,1,1,0),(3508,702,21,'m',1,1,1,1,0),(3509,702,21,'l',1,1,1,1,0),(3510,702,21,'xl',1,1,1,1,0),(3511,703,21,'xs',69,1,121,8,1),(3512,703,21,'s',1,1,1,1,0),(3513,703,21,'m',1,1,1,1,0),(3514,703,21,'l',1,1,1,1,0),(3515,703,21,'xl',1,1,1,1,0),(3516,704,21,'xs',55,1,57,8,1),(3517,704,21,'s',1,1,1,1,0),(3518,704,21,'m',1,1,1,1,0),(3519,704,21,'l',1,1,1,1,0),(3520,704,21,'xl',1,1,1,1,0),(3521,705,83,'xs',1,1,5,10,1),(3522,705,83,'s',1,1,5,10,1),(3523,705,83,'m',1,1,5,10,1),(3524,705,83,'l',1,1,5,10,1),(3525,705,83,'xl',1,1,6,10,1),(3526,706,5,'xs',38,1,45,8,1),(3527,706,5,'s',31,1,40,8,1),(3528,706,5,'m',14,5,21,8,1),(3529,706,5,'l',11,5,18,8,1),(3530,706,5,'xl',9,5,19,8,1),(3531,707,5,'xs',26,1,37,8,1),(3532,707,5,'s',23,1,30,8,1),(3533,707,5,'m',4,5,13,8,1),(3534,707,5,'l',3,5,10,8,1),(3535,707,5,'xl',3,5,8,8,1),(3536,708,5,'xs',16,1,23,8,1),(3537,708,5,'s',11,1,20,8,1),(3538,708,5,'m',14,1,21,4,1),(3539,708,5,'l',11,1,18,4,1),(3540,708,5,'xl',9,1,19,4,1),(3541,709,94,'xs',1,1,15,4,1),(3542,709,94,'s',1,1,11,4,1),(3543,709,94,'m',1,1,8,4,1),(3544,709,94,'l',1,1,7,4,1),(3545,709,94,'xl',1,1,15,4,1),(3546,710,5,'xs',4,1,15,8,1),(3547,710,5,'s',3,1,10,8,1),(3548,710,5,'m',4,1,13,4,1),(3549,710,5,'l',3,1,10,4,1),(3550,710,5,'xl',3,1,8,4,1),(3551,711,95,'xs',1,1,3,12,1),(3552,711,95,'s',1,1,3,12,1),(3553,711,95,'m',1,1,3,6,1),(3554,711,95,'l',1,1,2,6,1),(3555,711,95,'xl',1,1,3,6,1),(3556,712,95,'xs',14,1,18,12,1),(3557,712,95,'s',16,1,18,12,1),(3558,712,95,'m',1,7,3,12,1),(3559,712,95,'l',1,7,2,12,1),(3560,712,95,'xl',1,7,3,12,1),(3561,713,95,'xs',4,1,12,12,1),(3562,713,95,'s',4,1,15,12,1),(3563,713,95,'m',4,1,14,6,1),(3564,713,95,'l',3,1,14,6,1),(3565,713,95,'xl',4,1,17,6,1),(3566,714,95,'xs',19,1,28,12,1),(3567,714,95,'s',19,1,29,12,1),(3568,714,95,'m',4,7,14,12,1),(3569,714,95,'l',3,7,14,12,1),(3570,714,95,'xl',4,7,17,12,1);

--
-- Table structure for table `s_emotion_preset_translations`
--

CREATE TABLE `s_emotion_preset_translations` (
  `id` int(11) unsigned NOT NULL AUTO_INCREMENT,
  `presetID` int(11) unsigned NOT NULL,
  `label` varchar(255) COLLATE utf8_unicode_ci NOT NULL,
  `description` text COLLATE utf8_unicode_ci NOT NULL,
  `locale` varchar(15) COLLATE utf8_unicode_ci NOT NULL DEFAULT 'de_DE',
  PRIMARY KEY (`id`),
  UNIQUE KEY `presetID` (`presetID`,`locale`),
  CONSTRAINT `s_emotion_preset_translations_preset_fk` FOREIGN KEY (`presetID`) REFERENCES `s_emotion_presets` (`id`) ON DELETE CASCADE
) ENGINE=InnoDB DEFAULT CHARSET=utf8 COLLATE=utf8_unicode_ci;

--
-- Dumping data for table `s_emotion_preset_translations`
--


--
-- Table structure for table `s_emotion_presets`
--

CREATE TABLE `s_emotion_presets` (
  `id` int(11) unsigned NOT NULL AUTO_INCREMENT,
  `name` varchar(255) COLLATE utf8_unicode_ci DEFAULT NULL,
  `premium` tinyint(1) NOT NULL DEFAULT '0',
  `custom` tinyint(1) NOT NULL DEFAULT '1',
  `thumbnail` longtext COLLATE utf8_unicode_ci,
  `preview` longtext COLLATE utf8_unicode_ci,
  `preset_data` longtext COLLATE utf8_unicode_ci NOT NULL,
  `required_plugins` longtext COLLATE utf8_unicode_ci,
  `emotion_translations` text COLLATE utf8_unicode_ci,
  `assets_imported` tinyint(1) NOT NULL DEFAULT '1',
  `hidden` tinyint(1) NOT NULL DEFAULT '0',
  PRIMARY KEY (`id`),
  UNIQUE KEY `name` (`name`)
) ENGINE=InnoDB DEFAULT CHARSET=utf8 COLLATE=utf8_unicode_ci;

--
-- Dumping data for table `s_emotion_presets`
--


--
-- Table structure for table `s_emotion_shops`
--

CREATE TABLE `s_emotion_shops` (
  `id` int(11) NOT NULL AUTO_INCREMENT,
  `emotion_id` int(11) NOT NULL,
  `shop_id` int(11) NOT NULL,
  PRIMARY KEY (`id`)
) ENGINE=InnoDB AUTO_INCREMENT=532 DEFAULT CHARSET=utf8 COLLATE=utf8_unicode_ci;

--
-- Dumping data for table `s_emotion_shops`
--

INSERT INTO `s_emotion_shops` VALUES (114,2,1),(115,2,3),(522,10,1),(523,10,3),(526,94,1),(527,94,3),(530,21,1),(531,21,3);

--
-- Table structure for table `s_emotion_templates`
--

CREATE TABLE `s_emotion_templates` (
  `id` int(11) NOT NULL AUTO_INCREMENT,
  `name` varchar(255) COLLATE utf8_unicode_ci NOT NULL,
  `file` varchar(255) COLLATE utf8_unicode_ci NOT NULL,
  PRIMARY KEY (`id`)
) ENGINE=InnoDB AUTO_INCREMENT=4 DEFAULT CHARSET=utf8 COLLATE=utf8_unicode_ci;

--
-- Dumping data for table `s_emotion_templates`
--

INSERT INTO `s_emotion_templates` VALUES (1,'Standard','index.tpl'),(3,'verkauf','index-sell.tpl');

--
-- Table structure for table `s_es_backend_backlog`
--

CREATE TABLE `s_es_backend_backlog` (
  `id` int(11) NOT NULL AUTO_INCREMENT,
  `entity` varchar(500) COLLATE utf8_unicode_ci NOT NULL,
  `entity_id` int(11) NOT NULL,
  `time` datetime NOT NULL,
  PRIMARY KEY (`id`)
) ENGINE=InnoDB DEFAULT CHARSET=utf8 COLLATE=utf8_unicode_ci;

--
-- Dumping data for table `s_es_backend_backlog`
--


--
-- Table structure for table `s_es_backlog`
--

CREATE TABLE `s_es_backlog` (
  `id` int(11) NOT NULL AUTO_INCREMENT,
  `event` varchar(255) COLLATE utf8_unicode_ci NOT NULL,
  `payload` text COLLATE utf8_unicode_ci NOT NULL,
  `time` datetime DEFAULT NULL,
  PRIMARY KEY (`id`)
) ENGINE=InnoDB DEFAULT CHARSET=utf8 COLLATE=utf8_unicode_ci;

--
-- Dumping data for table `s_es_backlog`
--


--
-- Table structure for table `s_export`
--

CREATE TABLE `s_export` (
  `id` int(11) NOT NULL AUTO_INCREMENT,
  `name` varchar(255) COLLATE utf8_unicode_ci NOT NULL,
  `last_export` datetime NOT NULL,
  `active` int(1) NOT NULL DEFAULT '0',
  `hash` varchar(255) COLLATE utf8_unicode_ci NOT NULL,
  `show` int(1) NOT NULL DEFAULT '1',
  `count_articles` int(11) NOT NULL,
  `expiry` datetime NOT NULL,
  `interval` int(11) NOT NULL,
  `formatID` int(11) NOT NULL DEFAULT '1',
  `last_change` datetime NOT NULL,
  `filename` varchar(255) COLLATE utf8_unicode_ci NOT NULL,
  `encodingID` int(11) NOT NULL DEFAULT '1',
  `categoryID` int(11) DEFAULT NULL,
  `currencyID` int(11) DEFAULT NULL,
  `customergroupID` int(11) DEFAULT NULL,
  `partnerID` varchar(255) COLLATE utf8_unicode_ci DEFAULT NULL,
  `languageID` int(11) DEFAULT NULL,
  `active_filter` int(1) NOT NULL DEFAULT '1',
  `image_filter` int(1) NOT NULL DEFAULT '0',
  `stockmin_filter` int(1) NOT NULL DEFAULT '0',
  `instock_filter` int(11) NOT NULL,
  `price_filter` double NOT NULL,
  `own_filter` mediumtext COLLATE utf8_unicode_ci NOT NULL,
  `header` longtext COLLATE utf8_unicode_ci NOT NULL,
  `body` longtext COLLATE utf8_unicode_ci NOT NULL,
  `footer` longtext COLLATE utf8_unicode_ci NOT NULL,
  `count_filter` int(11) NOT NULL,
  `multishopID` int(11) DEFAULT NULL,
  `variant_export` int(11) unsigned NOT NULL DEFAULT '1',
  `cache_refreshed` datetime DEFAULT NULL,
  `dirty` int(1) DEFAULT NULL,
  PRIMARY KEY (`id`)
) ENGINE=InnoDB AUTO_INCREMENT=18 DEFAULT CHARSET=utf8 COLLATE=utf8_unicode_ci;

--
-- Dumping data for table `s_export`
--

INSERT INTO `s_export` VALUES (1,'Google Produktsuche','2000-01-01 00:00:00',0,'4ebfa063359a73c356913df45b3fbe7f',1,0,'2000-01-01 00:00:00',0,2,'0000-00-00 00:00:00','export.txt',1,NULL,1,1,'',NULL,0,0,0,0,0,'','{strip}\nid{#S#}\ntitel{#S#}\nbeschreibung{#S#}\nlink{#S#}\nbild_url{#S#}\nean{#S#}\ngewicht{#S#}\nmarke{#S#}\nmpn{#S#}\nzustand{#S#}\nproduktart{#S#}\npreis{#S#}\nversand{#S#}\nstandort{#S#}\nwährung\n{/strip}{#L#}','{strip}\n{$sArticle.ordernumber|escape}{#S#}\n{$sArticle.name|strip_tags|strip|truncate:80:\"...\":true|escape|htmlentities}{#S#}\n{$sArticle.description_long|strip_tags|html_entity_decode|trim|regex_replace:\"#[^\\wöäüÖÄÜß\\.%&-+ ]#i\":\"\"|strip|truncate:500:\"...\":true|htmlentities|escape}{#S#}\n{$sArticle.articleID|link:$sArticle.name|escape}{#S#}\n{$sArticle.image|image:1}{#S#}\n{$sArticle.ean|escape}{#S#}\n{if $sArticle.weight}{$sArticle.weight|escape:\"number\"}{\" kg\"}{/if}{#S#}\n{$sArticle.supplier|escape}{#S#}\n{$sArticle.suppliernumber|escape}{#S#}\nNeu{#S#}\n{$sArticle.articleID|category:\" > \"|escape}{#S#}\n{$sArticle.price|escape:\"number\"}{#S#}\nDE::DHL:{$sArticle|@shippingcost:\"prepayment\":\"de\"}{#S#}\n{#S#}\n{$sCurrency.currency}\n{/strip}{#L#}','',0,1,1,NULL,0),(2,'Kelkoo','2000-01-01 00:00:00',0,'f2d27fbba2dabc03789f0ac25f82d93f',1,0,'2000-01-01 00:00:00',0,1,'0000-00-00 00:00:00','kelkoo.csv',1,NULL,1,1,'',NULL,0,0,0,0,0,'','{strip}\nurl{#S#}\ntitle{#S#}\ndescription{#S#}\nprice{#S#}\nofferid{#S#}\nimage{#S#}\navailability{#S#}\ndeliverycost\n{/strip}{#L#}','{strip}\n{$sArticle.articleID|link:$sArticle.name|escape}{#S#}\n{$sArticle.name|escape|truncate:70}{#S#}\n{$sArticle.description_long|strip_tags|strip|trim|truncate:150:\"...\":true|html_entity_decode|escape}{#S#}\n{$sArticle.price|escape:\"number\"}{#S#}\n{$sArticle.ordernumber}{#S#}\n{$sArticle.image|image:2|escape}{#S#}\n{if $sArticle.instock}001{else}002{/if}{#S#}\n{$sArticle|@shippingcost:\"prepayment\":\"de\":\"Deutsche Post Standard\"|escape:\"number\"}\n{/strip}{#L#}','',0,1,1,NULL,0),(3,'billiger.de','2000-01-01 00:00:00',0,'9ca7fd14bc772898bf01d9904d72c1ea',1,0,'2000-01-01 00:00:00',0,1,'0000-00-00 00:00:00','billiger.csv',1,NULL,1,1,'',NULL,0,0,0,0,0,'','{strip}\naid{#S#}\nbrand{#S#}\nmpnr{#S#}\nean{#S#}\nname{#S#}\ndesc{#S#}\nshop_cat{#S#}\nprice{#S#}\nppu{#S#}\nlink{#S#}\nimage{#S#}\ndlv_time{#S#}\ndlv_cost{#S#}\npzn\n{/strip}{#L#}','{strip}\n{$sArticle.ordernumber}{#S#}\n{$sArticle.supplier|escape}{#S#}\n{$sArticle.suppliernumber|escape}{#S#}\n{$sArticle.ean|escape}{#S#}\n{$sArticle.name|strip_tags|strip|truncate:80:\"...\":true|escape}{#S#}\n{$sArticle.description_long|strip_tags|strip|trim|truncate:900:\"...\":true|html_entity_decode|escape}{#S#}\n{$sArticle.articleID|category:\">\"|escape}{#S#}\n{$sArticle.price|escape:number}{#S#}\n{if $sArticle.purchaseunit}{$sArticle.price/$sArticle.purchaseunit*$sArticle.referenceunit|escape:number} {\"\\x80\"} / {$sArticle.referenceunit} {$sArticle.unit}{/if}{#S#}\n{$sArticle.articleID|link:$sArticle.name|escape}{#S#}\n{$sArticle.image|image:2}{#S#}\n{if $sArticle.instock}2 Tage{elseif $sArticle.shippingtime}{$sArticle.shippingtime} Tage{else}10 Tage{/if}{#S#}\n{$sArticle|@shippingcost:\"prepayment\":\"de\"|escape:number}{#S#}\n\n{/strip}{#L#}','',0,1,1,NULL,0),(4,'Idealo','2000-01-01 00:00:00',0,'2648057f0020fbeb7e69c238036b25e8',1,0,'2000-01-01 00:00:00',0,1,'0000-00-00 00:00:00','idealo.csv',1,NULL,1,1,'',NULL,0,0,0,0,0,'','{strip}\nKategorie{#S#}\nHersteller{#S#}\nProduktbezeichnung{#S#}\nPreis{#S#}\nHersteller-Artikelnummer{#S#}\nEAN{#S#}\nPZN{#S#}\nISBN{#S#}\nVersandkosten Nachnahme{#S#}\nVersandkosten Vorkasse{#S#}\nVersandkosten Bankeinzug{#S#}\nDeeplink{#S#}\nLieferzeit{#S#}\nArtikelnummer{#S#}\nLink Produktbild{#S#}\nProdukt Kurztext\n{/strip}{#L#}','{strip}\n{$sArticle.articleID|category:\">\"|escape|replace:\"|\":\"\"}{#S#}\n{$sArticle.supplier|replace:\"|\":\"\"}{#S#}\n{$sArticle.name|strip_tags|strip|trim|html_entity_decode|escape}{#S#}\n{$sArticle.price|escape:\"number\"}{#S#}\n{#S#}\n{#S#}\n{#S#}\n{#S#}\n{$sArticle|@shippingcost:\"cash\":\"de\":\"Deutsche Post Standard\"|escape:\"number\"}{#S#}\n{$sArticle|@shippingcost:\"prepayment\":\"de\":\"Deutsche Post Standard\"|escape:\"number\"}{#S#}\n{$sArticle|@shippingcost:\"debit\":\"de\":\"Deutsche Post Standard\"|escape:\"number\"}{#S#}\n{$sArticle.articleID|link:$sArticle.name|replace:\"|\":\"\"}{#S#}\n{if $sArticle.instock}2 Tage{elseif $sArticle.shippingtime}{$sArticle.shippingtime|escape} Tage{else}10 Tage{/if}{#S#}\n{$sArticle.ordernumber|escape}{#S#}\n{$sArticle.image|image:2}{#S#}\n{$sArticle.description_long|strip_tags|strip|trim|truncate:300:\"...\":true|escape}\n{/strip}{#L#}','',0,1,1,NULL,0),(5,'Yatego','2000-01-01 00:00:00',0,'75838aee39eab65375b5241544035f42',1,0,'2000-01-01 00:00:00',0,1,'0000-00-00 00:00:00','yatego.csv',1,NULL,1,1,'',NULL,0,0,0,0,0,'','{strip}foreign_id{#S#}\narticle_nr{#S#}\ntitle{#S#}\ntax{#S#}\ncategories{#S#}\nunits{#S#}\nshort_desc{#S#}\nlong_desc{#S#}\npicture{#S#}\nurl{#S#}\nprice{#S#}\nprice_uvp{#S#}\ndelivery_date{#S#}\ntop_offer{#S#}\nstock{#S#}\npackage_size{#S#}\nquantity_unit{#S#}\nmpn{#S#}\nmanufacturer{#S#}\nstatus{#S#}\nvariants\n{/strip}{#L#}','{strip}\n{$sArticle.articleID|escape}{#S#}\n{$sArticle.ordernumber|escape}{#S#}\n{$sArticle.name|strip_tags|strip|truncate:80:\"...\":true|replace:\"|\":\"\"} {#S#}\n{$sArticle.tax}{#S#}\n{$sArticle.articleID|category:\">\"|escape},{$sArticle.supplier}{#S#}\n{$sArticle.weight}{#S#}\n{$sArticle.description|strip_tags|strip|trim|truncate:900:\"...\":true|html_entity_decode|replace:\"|\":\"\"|escape}{#S#}\n\"{$sArticle.description_long|trim|html_entity_decode|replace:\"|\":\"|\"|replace:\'\"\':\'\"\"\'}<p>{$sArticle.attr1|regex_replace:\"/^(\\d)$/\":\"\"|regex_replace:\"/^0000-00-00$/\":\"\"|strip}<p>{$sArticle.attr2|regex_replace:\"/^(\\d)$/\":\"\"|regex_replace:\"/^0000-00-00$/\":\"\"|strip}<p>{$sArticle.attr3|regex_replace:\"/^(\\d)$/\":\"\"|regex_replace:\"/^0000-00-00$/\":\"\"|strip}<p>{$sArticle.attr4|regex_replace:\"/^(\\d)$/\":\"\"|regex_replace:\"/^0000-00-00$/\":\"\"|strip}<p>{$sArticle.attr5|regex_replace:\"/^(\\d)$/\":\"\"|regex_replace:\"/^0000-00-00$/\":\"\"|strip}<p>{$sArticle.attr6|regex_replace:\"/^(\\d)$/\":\"\"|regex_replace:\"/^0000-00-00$/\":\"\"|strip}<p>{$sArticle.attr7|regex_replace:\"/^(\\d)$/\":\"\"|regex_replace:\"/^0000-00-00$/\":\"\"|strip}<p>{$sArticle.attr8|regex_replace:\"/^(\\d)$/\":\"\"|regex_replace:\"/^0000-00-00$/\":\"\"|strip}<p>{$sArticle.attr9|regex_replace:\"/^(\\d)$/\":\"\"|regex_replace:\"/^0000-00-00$/\":\"\"|strip}<p>{$sArticle.attr10|regex_replace:\"/^(\\d)$/\":\"\"|regex_replace:\"/^0000-00-00$/\":\"\"|strip}<p>{$sArticle.attr11|regex_replace:\"/^(\\d)$/\":\"\"|regex_replace:\"/^0000-00-00$/\":\"\"|strip}<p>{$sArticle.attr12|regex_replace:\"/^(\\d)$/\":\"\"|regex_replace:\"/^0000-00-00$/\":\"\"|strip}<p>{$sArticle.attr13|regex_replace:\"/^(\\d)$/\":\"\"|regex_replace:\"/^0000-00-00$/\":\"\"|strip}<p>{$sArticle.attr14|regex_replace:\"/^(\\d)$/\":\"\"|regex_replace:\"/^0000-00-00$/\":\"\"|strip}<p>{$sArticle.attr15|regex_replace:\"/^(\\d)$/\":\"\"|regex_replace:\"/^0000-00-00$/\":\"\"|strip}<p>{$sArticle.attr16|regex_replace:\"/^(\\d)$/\":\"\"|regex_replace:\"/^0000-00-00$/\":\"\"|strip}<p>{$sArticle.attr17|regex_replace:\"/^(\\d)$/\":\"\"|regex_replace:\"/^0000-00-00$/\":\"\"|strip}<p>{$sArticle.attr18|regex_replace:\"/^(\\d)$/\":\"\"|regex_replace:\"/^0000-00-00$/\":\"\"|strip}<p>{$sArticle.attr19|regex_replace:\"/^(\\d)$/\":\"\"|regex_replace:\"/^0000-00-00$/\":\"\"|strip}<p>{$sArticle.attr20|regex_replace:\"/^(\\d)$/\":\"\"|regex_replace:\"/^0000-00-00$/\":\"\"|strip}\"{#S#}\n{$sArticle.image|image:2}{#S#}\n{$sArticle.articleID|link:$sArticle.name|replace:\"|\":\"\"}{#S#}\n{if $sArticle.configurator}0{else}{$sArticle.price|escape:\"number\"|escape}{/if}{#S#}\n{$sArticle.pseudoprice|escape}{#S#}\nLieferzeit in Tagen: {$sArticle.shippingtime|replace:\"0\":\"sofort\"}{#S#}\n{$sArticle.topseller}{#S#}\n{if $sArticle.configurator}\"-1\"{else}{$sArticle.instock}{/if}{#S#}\n{$sArticle.purchaseunit}{#S#}\n{$sArticle.unit_description}{#S#}\n{$sArticle.suppliernumber}{#S#}\n{$sArticle.supplier}{#S#}\n{$sArticle.active}{#S#}\n{if $sArticle.configurator}{$sArticle.articleID|escape}{else}{/if}\n{/strip}{#L#}','',0,1,1,NULL,0),(6,'schottenland.de','2000-01-01 00:00:00',0,'ad16704bf9e58f1f66f99cca7864e63d',1,0,'2000-01-01 00:00:00',0,1,'0000-00-00 00:00:00','schottenland.csv',1,NULL,1,1,'',NULL,0,0,0,0,0,'','{strip}\nHersteller|\nProduktbezeichnung|\nProduktbeschreibung|\nPreis|\nVerfügbarkeit|\nEAN|\nHersteller AN|\nDeeplink|\nArtikelnummer|\nDAN_Ingram|\nVersandkosten Nachnahme|\nVersandkosten Vorkasse|\nVersandkosten Kreditkarte|\nVersandkosten Bankeinzug\n{/strip}{#L#}','{strip}\n{$sArticle.supplier|replace:\"|\":\"\"}|\n{$sArticle.name|strip_tags|strip|truncate:80:\"...\":true|replace:\"|\":\"\"}|\n{$sArticle.description_long|strip_tags|strip|trim|truncate:900:\"...\":true|html_entity_decode|replace:\"|\":\"\"}|\n{$sArticle.price|escape:\"number\"}|\n{if $sArticle.instock}2 Tage{elseif $sArticle.shippingtime}{$sArticle.shippingtime} Tage{else}10 Tage{/if}|\n{$sArticle.ean|replace:\"|\":\"\"}|\n{$sArticle.suppliernumber|replace:\"|\":\"\"}|\n{$sArticle.articleID|link:$sArticle.name|replace:\"|\":\"\"}|\n{$sArticle.ordernumber|replace:\"|\":\"\"}|\n|\n{$sArticle|@shippingcost:\"cash\":\"de\":\"Deutsche Post Standard\"|escape:\"number\"}|\n{$sArticle|@shippingcost:\"prepayment\":\"de\":\"Deutsche Post Standard\"|escape:\"number\"}|\n{$sArticle|@shippingcost:\"credituos\":\"de\":\"Deutsche Post Standard\"|escape:\"number\"}|\n{$sArticle|@shippingcost:\"debit\":\"de\":\"Deutsche Post Standard\"|escape:\"number\"}|\n{/strip}{#L#}','',0,1,1,NULL,0),(7,'guenstiger.de','2000-01-01 00:00:00',0,'5428e68f168eae36c3882b4cf29730bb',1,0,'2000-01-01 00:00:00',0,1,'0000-00-00 00:00:00','guenstiger.csv',1,NULL,1,1,'',NULL,0,0,0,0,0,'','{strip}\nBestellnummer|\nHersteller|\nBezeichnung|\nPreis|\nLieferzeit|\nProduktLink|\nFotoLink|\nBeschreibung|\nVersandNachnahme|\nVersandKreditkarte|\nVersandLastschrift|\nVersandBankeinzug|\nVersandRechnung|\nVersandVorkasse|\nEANCode|\nGewicht\n{/strip}{#L#}','{strip}\n{$sArticle.ordernumber|replace:\"|\":\"\"}|\n{$sArticle.supplier|replace:\"|\":\"\"}|\n{$sArticle.name|strip_tags|strip|truncate:80:\"...\":true|replace:\"|\":\"\"}|\n{$sArticle.price|escape:\"number\"}|\n{if $sArticle.instock}2 Tage{elseif $sArticle.shippingtime}{$sArticle.shippingtime} Tage{else}10 Tage{/if}|\n{$sArticle.articleID|link:$sArticle.name|replace:\"|\":\"\"}|\n{$sArticle.image|image:0}|\n{$sArticle.description_long|strip_tags|strip|trim|truncate:900:\"...\":true|html_entity_decode|replace:\"|\":\"\"}|\n{$sArticle|@shippingcost:\"cash\":\"de\":\"Deutsche Post Standard\"|escape:\"number\"}|\n|\n{$sArticle|@shippingcost:\"debit\":\"de\":\"Deutsche Post Standard\"|escape:\"number\"}|\n|\n{$sArticle|@shippingcost:\"invoice\":\"de\":\"Deutsche Post Standard\"|escape:\"number\"}|\n{$sArticle|@shippingcost:\"prepayment\":\"de\":\"Deutsche Post Standard\"|escape:\"number\"}|\n{$sArticle.ean|replace:\"|\":\"\"}|\n{$sArticle.weight|replace:\"|\":\"\"}\n{/strip}{#L#}','',0,1,1,NULL,0),(8,'geizhals.at','2000-01-01 00:00:00',0,'0102715b70fa7d60d61c15c8e025824a',1,0,'2000-01-01 00:00:00',0,1,'0000-00-00 00:00:00','geizhals.csv',1,NULL,1,1,'',NULL,0,0,0,0,0,'','{strip}\nID{#S#}\nHersteller{#S#}\nArtikelbezeichnung{#S#}\nKategorie{#S#}\nBeschreibungsfeld{#S#}\nBild{#S#}\nUrl{#S#}\nLagerstandl{#S#}\nVersandkosten{#S#}\nVersandkostenNachname{#S#}\nPreis{#S#}\nEAN{#S#}\n{/strip}{#L#}','{strip}\n{$sArticle.ordernumber|escape}{#S#}\n{$sArticle.supplier|escape}{#S#}\n{$sArticle.name|escape}{#S#}\n{$sArticle.articleID|category:\">\"|escape}{#S#}\n{$sArticle.description_long|strip_tags|strip|trim|truncate:900:\"...\":true|html_entity_decode|escape}{#S#}\n{$sArticle.image|image:0}{#S#}\n{$sArticle.articleID|link:$sArticle.name|escape}{#S#}\n{if $sArticle.instock}2 Tage{elseif $sArticle.shippingtime}{$sArticle.shippingtime} Tage{else}10 Tage{/if}{#S#}\n{$sArticle|@shippingcost:\"prepayment\":\"de\":\"Deutsche Post Standard\"|escape:\"number\"}{#S#}\n{$sArticle|@shippingcost:\"cash\":\"de\":\"Deutsche Post Standard\"|escape:\"number\"}{#S#}\n{$sArticle.price|escape:\"number\"}{#S#}\n{$sArticle.ean|escape}{#S#}\n{/strip}{#L#}','',0,1,1,NULL,0),(9,'Ciao','2000-01-01 00:00:00',0,'b8728935bc62480971c0dfdf74eabf6f',1,0,'2000-01-01 00:00:00',0,1,'0000-00-00 00:00:00','ciao.csv',1,NULL,1,1,'',NULL,0,1,0,0,0,'','{strip}\nOffer ID{#S#}\nBrand{#S#}\nProduct Name{#S#}\nCategory{#S#}\nDescription{#S#}\nImage URL{#S#}\nProduct URL{#S#}\nDelivery{#S#}\nShippingCost{#S#}\nPrice{#S#}\nProduct ID{#S#}\n{/strip}{#L#}','{strip}\n{$sArticle.ordernumber|escape}{#S#}\n{$sArticle.supplier|escape}{#S#}\n{$sArticle.name|strip_tags|strip|truncate:80:\"...\":true|escape}{#S#}\n{$sArticle.articleID|category:\">\"|escape}{#S#}\n{$sArticle.description_long|strip_tags|strip|trim|truncate:900:\"...\":true|html_entity_decode|escape}{#S#}\n{$sArticle.image|image:0}{#S#}\n{$sArticle.articleID|link:$sArticle.name|escape}{#S#}\n{if $sArticle.instock}2 Tage{elseif $sArticle.shippingtime}{$sArticle.shippingtime} Tage{else}10 Tage{/if}{#S#}\n{$sArticle|@shippingcost:\"prepayment\":\"de\"|escape:\"number\"}{#S#}\n{$sArticle.price|escape:\"number\"}{#S#}\n{#S#}\n{/strip}{#L#}','',0,1,1,NULL,0),(10,'Pangora','2000-01-01 00:00:00',0,'162a610b4a85c13fd448f9f5e2290fd5',1,0,'2000-01-01 00:00:00',0,1,'0000-00-00 00:00:00','pangora.csv',1,NULL,1,1,'',NULL,0,0,0,0,0,'','{strip}\noffer-id{#S#}\nmfname{#S#}\nlabel{#S#}\nmerchant-category{#S#}\ndescription{#S#}\nimage-url{#S#}\noffer-url{#S#}\nships-in{#S#}\nrelease-date{#S#}\ndelivery-charge{#S#}\nprices	old-prices{#S#}\nproduct-id{#S#}\n{/strip}{#L#}','{strip}\n{$sArticle.ordernumber|escape}{#S#}\n{$sArticle.supplier|escape}{#S#}\n{$sArticle.name|strip_tags|strip|truncate:80:\"...\":true|escape}{#S#}\n{$sArticle.articleID|category:\">\"|escape}{#S#}\n{$sArticle.description_long|strip_tags|strip|trim|truncate:900:\"...\":true|html_entity_decode|escape}{#S#}\n{$sArticle.image|image:0|escape}{#S#}\n{$sArticle.articleID|link:$sArticle.name|escape}{#S#}\n{if $sArticle.instock}2 Tage{elseif $sArticle.shippingtime}{$sArticle.shippingtime} Tage{else}10 Tage{/if}{#S#}\n{$sArticle.releasedate|escape}{#S#}\n{$sArticle|@shippingcost:\"prepayment\":\"de\":\"Deutsche Post Standard\"|escape:\"number\"}{#S#}\n{$sArticle.price|escape:\"number\"}{#S#}\n{#S#}\n{/strip}{#L#}\n\n','',0,1,1,NULL,0),(11,'Shopping.com','2000-01-01 00:00:00',0,'cb29f40e760f11b9071d081b8ca8039c',1,0,'2000-01-01 00:00:00',0,1,'0000-00-00 00:00:00','shopping.csv',1,NULL,1,1,'',NULL,0,0,0,0,0,'','{strip}\nMPN|\nEAN|\nHersteller|\nProduktname|\nProduktbeschreibung|\nPreis|\nProdukt-URL|\nProduktbild-URL|\nKategorie|\nVerfügbar|\nVerfügbarkeitsdetails|\nVersandkosten\n{/strip}{#L#}','{strip}\n|\n{$sArticle.ean}|\n{$sArticle.supplier}|\n{$sArticle.name|strip_tags|strip|truncate:80:\"...\":true}|\n{$sArticle.description_long|strip_tags|strip|trim|truncate:900:\"...\":true|html_entity_decode}|\n{$sArticle.price|escape:\"number\"}|\n{$sArticle.articleID|link:$sArticle.name}|\n{$sArticle.image|image:1}|\n{$sArticle.articleID|category:\">\"}|\n{if $sArticle.instock}Ja{else}Nein{/if}|\n{if $sArticle.instock}1-3 Werktage{elseif $sArticle.shippingtime}{$sArticle.shippingtime} Tage{else}10 Tage{/if}|\n{$sArticle|@shippingcost:\"prepayment\":\"de\":\"Deutsche Post Standard\"|escape:\"number\"}\n{/strip}{#L#}','',0,1,1,NULL,0),(12,'Hitmeister','2000-01-01 00:00:00',0,'76de62d0fd5ec76b483aa6529d36ee45',1,0,'2000-01-01 00:00:00',0,1,'0000-00-00 00:00:00','hitmeister.csv',1,NULL,1,1,'',NULL,0,0,0,0,0,'','{strip}\nean{#S#}\ncondition{#S#}\nprice{#S#}\ncomment{#S#}\noffer_id{#S#}\nlocation{#S#}\ncount{#S#}\ndelivery_time{#S#}\n{/strip}{#L#}','{strip}\n{$sArticle.ean|escape}{#S#}\n100{#S#}\n{$sArticle.price*100}{#S#}\n{#S#}\n{$sArticle.ordernumber|escape}{#S#}\n{#S#}\n{#S#}\n{if $sArticle.instock}b{else}d{/if}{#S#}\n{/strip}{#L#}','',0,1,1,NULL,0),(13,'evendi.de','2000-01-01 00:00:00',0,'5ac98a759a6f392ea0065a500acf82e6',1,0,'2000-01-01 00:00:00',0,1,'0000-00-00 00:00:00','evendi.csv',1,NULL,1,1,'',NULL,0,0,0,0,0,'','{strip}\nEindeutige Händler-Artikelnummer{#S#}\nPreis in Euro{#S#}\nKategorie{#S#}\nProduktbezeichnung{#S#}\nProduktbeschreibung{#S#}\nLink auf Detailseite{#S#}\nLieferzeit{#S#}\nEAN-Nummer{#S#}\nHersteller-Artikelnummer{#S#}\nLink auf Produktbild{#S#}\nHersteller{#S#}\nVersandVorkasse{#S#}\nVersandNachnahme{#S#}\nVersandLastschrift{#S#}\nVersandKreditkarte{#S#}\nVersandRechnung{#S#}\nVersandPayPal\n{/strip}{#L#}','{strip}\n{$sArticle.ordernumber|escape}{#S#}\n{$sArticle.price|escape:\"number\"|escape}{#S#}\n{$sArticle.articleID|category:\">\"|escape}{#S#}\n{$sArticle.name|strip_tags|strip|truncate:80:\"...\":true|escape}{#S#}\n{$sArticle.description_long|strip_tags|strip|trim|truncate:900:\"...\":true|html_entity_decode|escape}{#S#}\n{$sArticle.articleID|link:$sArticle.name|escape}{#S#}\n{#F#}{if $sArticle.instock}1-3 Werktage{elseif $sArticle.shippingtime}{$sArticle.shippingtime} Tage{else}10 Tage{/if}{#F#}{#S#}\n{$sArticle.ean|escape}{#S#}\n{$sArticle.suppliernumber|escape}{#S#}\n{$sArticle.image|image:0|escape}{#S#}\n{$sArticle.supplier|escape}{#S#}\n{$sArticle|@shippingcost:\"prepayment\":\"de\"|escape:\"number\"|escape}{#S#}\n{$sArticle|@shippingcost:\"cash\":\"de\"|escape:\"number\"|escape}{#S#}\n{$sArticle|@shippingcost:\"debit\":\"de\"|escape:\"number\"|escape}{#S#}\n{\"\"|escape}{#S#}\n{$sArticle|@shippingcost:\"invoice\":\"de\"|escape:\"number\"|escape}{#S#}\n{$sArticle|@shippingcost:\"paypal\":\"de\"|escape:\"number\"|escape}{#S#}\n{/strip}{#L#}','',0,1,1,NULL,0),(14,'affili.net','2000-01-01 00:00:00',0,'bc960c18cbeea9038314d040e7dc92f5',1,0,'2000-01-01 00:00:00',0,1,'0000-00-00 00:00:00','affilinet.csv',1,NULL,1,1,'',NULL,0,0,0,0,0,'','{strip}\nart_number{#S#}\ncategory{#S#}\ntitle{#S#}\ndescription{#S#}\nprice{#S#}\nimg_url{#S#}\ndeeplink1{#S#}\n{/strip}{#L#}','{strip}\n{$sArticle.ordernumber}{#S#}\n{$sArticle.articleID|category:\">\"|escape}{#S#}\n{$sArticle.name|strip_tags|strip|truncate:80:\"...\":true|escape}{#S#}\n{$sArticle.description_long|strip_tags|strip|trim|truncate:900:\"...\":true|html_entity_decode|escape}{#S#}\n{$sArticle.price|escape:\"number\"}{#S#}\n{$sArticle.image|image:2|escape}{#S#}\n{$sArticle.articleID|link:$sArticle.name|escape}{#S#}\n{/strip}{#L#}','',0,1,1,NULL,0),(15,'Google Produktsuche XML','2000-01-01 00:00:00',0,'e8eca3b3bbbad77afddb67b8138900e1',1,0,'2000-01-01 00:00:00',0,3,'2008-09-27 09:52:17','export.xml',2,NULL,1,1,'',NULL,0,0,0,0,0,'','<?xml version=\"1.0\" encoding=\"UTF-8\" ?>\n<rss version=\"2.0\" xmlns:g=\"http://base.google.com/ns/1.0\" xmlns:atom=\"http://www.w3.org/2005/Atom\">\n<channel>\n	<atom:link href=\"http://{$sConfig.sBASEPATH}/engine/connectors/export/{$sSettings.id}/{$sSettings.hash}/{$sSettings.filename}\" rel=\"self\" type=\"application/rss+xml\" />\n	<title>{$sConfig.sSHOPNAME}</title>\n	<description>Beschreibung im Header hinterlegen</description>\n	<link>http://{$sConfig.sBASEPATH}</link>\n	<language>DE</language>\n	<image>\n		<url>http://{$sConfig.sBASEPATH}/templates/_default/frontend/_resources/images/logo.jpg</url>\n		<title>{$sConfig.sSHOPNAME}</title>\n		<link>http://{$sConfig.sBASEPATH}</link>\n	</image>','<item> \n    <g:id>{$sArticle.articleID|escape}</g:id>\n	<title>{$sArticle.name|strip_tags|strip|truncate:80:\"...\":true|escape}</title>\n	<description>{$sArticle.description_long|strip_tags|strip|truncate:900:\"...\"|escape}</description>\n	<g:google_product_category>Wählen Sie hier Ihre Google Produkt-Kategorie</g:google_product_category>\n	<g:product_type>{$sArticle.articleID|category:\" > \"|escape}</g:product_type>\n	<link>{$sArticle.articleID|link:$sArticle.name|escape}</link>\n	<g:image_link>{$sArticle.image|image:1}</g:image_link>\n	<g:condition>neu</g:condition>\n	<g:availability>{if $sArticle.esd}bestellbar{elseif $sArticle.instock>0}bestellbar{elseif $sArticle.releasedate && $sArticle.releasedate|strtotime > $smarty.now}vorbestellt{elseif $sArticle.shippingtime}bestellbar{else}nicht auf lager{/if}</g:availability>\n	<g:price>{$sArticle.price|format:\"number\"}</g:price>\n	<g:brand>{$sArticle.supplier|escape}</g:brand>\n	<g:gtin>{$sArticle.suppliernumber|replace:\"|\":\"\"}</g:gtin>\n	<g:mpn>{$sArticle.suppliernumber|escape}</g:mpn>\n	<g:shipping>\n       <g:country>DE</g:country>\n       <g:service>Standard</g:service>\n       <g:price>{$sArticle|@shippingcost:\"prepayment\":\"de\"|escape:number}</g:price>\n    </g:shipping>\n  {if $sArticle.changed}<pubDate>{$sArticle.changed|date_format:\"%a, %d %b %Y %T %Z\"}</pubDate>{/if}		\n</item>','</channel>\n</rss>',0,1,1,NULL,0),(16,'preissuchmaschine.de','2000-01-01 00:00:00',0,'67fbbab544165d9d4e5352f9a12054a0',1,0,'2000-01-01 00:00:00',0,1,'0000-00-00 00:00:00','preissuchmaschine.csv',1,NULL,1,1,'',NULL,0,0,0,0,0,'','{strip}\nBestellnummer|\nHersteller|\nBezeichnung|\nPreis|\nLieferzeit|\nProduktLink|\nFotoLink|\nBeschreibung|\nVersandNachnahme|\nVersandKreditkarte|\nVersandLastschrift|\nVersandBankeinzug|\nVersandRechnung|\nVersandVorkasse|\nEANCode|\nGewicht\n{/strip}{#L#}','{strip}\n{$sArticle.ordernumber|replace:\"|\":\"\"}|\n{$sArticle.supplier|replace:\"|\":\"\"}|\n{$sArticle.name|strip_tags|strip|truncate:80:\"...\":true|replace:\"|\":\"\"}|\n{$sArticle.price|escape:\"number\"}|\n{if $sArticle.instock}2 Tage{elseif $sArticle.shippingtime}{$sArticle.shippingtime} Tage{else}10 Tage{/if}|\n{$sArticle.articleID|link:$sArticle.name|replace:\"|\":\"\"}|\n{$sArticle.image|image:0}|\n{$sArticle.description_long|strip_tags|strip|trim|truncate:900:\"...\":true|html_entity_decode|replace:\"|\":\"\"}|\n{$sArticle|@shippingcost:\"cash\":\"de\":\"Deutsche Post Standard\"|escape:\"number\"}|\n|\n{$sArticle|@shippingcost:\"debit\":\"de\":\"Deutsche Post Standard\"|escape:\"number\"}|\n|\n{$sArticle|@shippingcost:\"invoice\":\"de\":\"Deutsche Post Standard\"|escape:\"number\"}|\n{$sArticle|@shippingcost:\"prepayment\":\"de\":\"Deutsche Post Standard\"|escape:\"number\"}|\n{$sArticle.ean|replace:\"|\":\"\"}|\n{$sArticle.weight|replace:\"|\":\"\"}\n{/strip}{#L#}','',0,1,1,NULL,0),(17,'RSS Feed-Template','2000-01-01 00:00:00',0,'3a6ff2a4f921a10d33d9b9ec25529a5d',1,0,'2000-01-01 00:00:00',0,3,'0000-00-00 00:00:00','export.xml',2,NULL,1,1,'',NULL,0,0,0,0,0,'','<?xml version=\"1.0\" encoding=\"UTF-8\" ?>\n<rss version=\"2.0\" xmlns:atom=\"http://www.w3.org/2005/Atom\">\n<channel>\n	<atom:link href=\"http://{$sConfig.sBASEPATH}/engine/connectors/export/{$sSettings.id}/{$sSettings.hash}/{$sSettings.filename}\" rel=\"self\" type=\"application/rss+xml\" />\n	<title>{$sConfig.sSHOPNAME}</title>\n	<description>Shopbeschreibung ...</description>\n	<link>http://{$sConfig.sBASEPATH}</link>\n	<language>{$sLanguage.isocode}-{$sLanguage.isocode}</language>\n	<image>\n		<url>http://{$sConfig.sBASEPATH}/templates/0/de/media/img/default/store/logo.gif</url>\n		<title>{$sConfig.sSHOPNAME}</title>\n		<link>http://{$sConfig.sBASEPATH}</link>\n	</image>{#L#}','<item> \n	<title>{$sArticle.name|strip_tags|htmlspecialchars_decode|strip|escape}</title>\n	<guid>{$sArticle.articleID|link:$sArticle.name|escape}</guid>\n	<link>{$sArticle.articleID|link:$sArticle.name}</link>\n	<description>{if $sArticle.image}\n		<a href=\"{$sArticle.articleID|link:$sArticle.name}\" style=\"border:0 none;\">\n			<img src=\"{$sArticle.image|image:0}\" align=\"right\" style=\"padding: 0pt 0pt 12px 12px; float: right;\" />\n		</a>\n{/if}\n		{$sArticle.description_long|strip_tags|regex_replace:\"/[^\\wöäüÖÄÜß .?!,&:%;\\-\\\"\']/i\":\"\"|trim|truncate:900:\"...\"|escape}\n	</description>\n	<category>{$sArticle.articleID|category:\">\"|htmlspecialchars_decode|escape}</category>\n{if $sArticle.changed} 	{assign var=\"sArticleChanged\" value=$sArticle.changed|strtotime}<pubDate>{\"r\"|date:$sArticleChanged}</pubDate>{\"rn\"}{/if}\n</item>{#L#}','</channel>\n</rss>',0,1,1,NULL,0);

--
-- Table structure for table `s_export_articles`
--

CREATE TABLE `s_export_articles` (
  `feedID` int(11) NOT NULL,
  `articleID` int(11) NOT NULL,
  PRIMARY KEY (`feedID`,`articleID`)
) ENGINE=InnoDB DEFAULT CHARSET=utf8 COLLATE=utf8_unicode_ci;

--
-- Dumping data for table `s_export_articles`
--


--
-- Table structure for table `s_export_attributes`
--

CREATE TABLE `s_export_attributes` (
  `id` int(11) NOT NULL AUTO_INCREMENT,
  `exportID` int(11) DEFAULT NULL,
  PRIMARY KEY (`id`),
  UNIQUE KEY `exportID` (`exportID`),
  CONSTRAINT `s_export_attributes_ibfk_1` FOREIGN KEY (`exportID`) REFERENCES `s_export` (`id`) ON DELETE CASCADE ON UPDATE NO ACTION
) ENGINE=InnoDB DEFAULT CHARSET=utf8 COLLATE=utf8_unicode_ci;

--
-- Dumping data for table `s_export_attributes`
--


--
-- Table structure for table `s_export_categories`
--

CREATE TABLE `s_export_categories` (
  `feedID` int(11) NOT NULL,
  `categoryID` int(11) NOT NULL,
  PRIMARY KEY (`feedID`,`categoryID`)
) ENGINE=InnoDB DEFAULT CHARSET=utf8 COLLATE=utf8_unicode_ci;

--
-- Dumping data for table `s_export_categories`
--


--
-- Table structure for table `s_export_suppliers`
--

CREATE TABLE `s_export_suppliers` (
  `feedID` int(11) NOT NULL,
  `supplierID` int(11) NOT NULL,
  PRIMARY KEY (`feedID`,`supplierID`)
) ENGINE=InnoDB DEFAULT CHARSET=utf8 COLLATE=utf8_unicode_ci;

--
-- Dumping data for table `s_export_suppliers`
--


--
-- Table structure for table `s_filter`
--

CREATE TABLE `s_filter` (
  `id` int(11) NOT NULL AUTO_INCREMENT,
  `name` varchar(255) COLLATE utf8_unicode_ci NOT NULL,
  `position` int(11) NOT NULL,
  `comparable` int(1) NOT NULL,
  `sortmode` int(1) NOT NULL,
  PRIMARY KEY (`id`),
  KEY `get_sets_query` (`position`)
) ENGINE=InnoDB AUTO_INCREMENT=6 DEFAULT CHARSET=utf8 COLLATE=utf8_unicode_ci;

--
-- Dumping data for table `s_filter`
--

INSERT INTO `s_filter` VALUES (5,'FilterSet',0,0,0);

--
-- Table structure for table `s_filter_articles`
--

CREATE TABLE `s_filter_articles` (
  `articleID` int(10) unsigned NOT NULL,
  `valueID` int(10) unsigned NOT NULL,
  PRIMARY KEY (`articleID`,`valueID`),
  KEY `valueID` (`valueID`),
  KEY `articleID` (`articleID`)
) ENGINE=InnoDB DEFAULT CHARSET=utf8 COLLATE=utf8_unicode_ci;

--
-- Dumping data for table `s_filter_articles`
--

INSERT INTO `s_filter_articles` VALUES (23,4),(23,6),(23,171),(23,173),(23,174),(23,183),(23,241),(23,242),(23,243),(24,13),(24,184),(24,185),(25,15),(25,185),(25,186),(26,15),(26,185),(26,186),(26,255),(27,18),(27,185),(27,187),(27,188),(27,256),(28,21),(28,189),(28,190),(28,241),(28,244),(28,257),(28,271),(29,27),(29,159),(29,185),(29,192),(30,160),(30,185),(30,193),(31,30),(31,183),(31,194),(31,258),(32,185),(32,193),(32,196),(32,260),(33,197),(33,198),(34,197),(34,198),(35,35),(35,199),(35,200),(35,261),(35,262),(36,44),(36,45),(36,46),(36,47),(36,185),(36,205),(36,206),(37,51),(37,185),(37,207),(37,208),(38,45),(38,46),(38,54),(38,55),(38,56),(38,185),(38,205),(38,208),(41,57),(41,183),(41,209),(42,45),(42,46),(42,165),(42,183),(42,184),(42,210),(43,40),(43,63),(43,183),(43,211),(43,212),(44,46),(44,185),(44,264),(44,265),(44,266),(45,185),(45,214),(46,183),(47,166),(47,185),(47,215),(47,216),(48,184),(49,71),(49,167),(49,203),(49,204),(49,217),(49,218),(50,45),(50,46),(50,74),(50,76),(50,193),(50,219),(52,185),(52,220),(52,222),(52,259),(52,267),(52,272),(53,168),(53,223),(53,224),(54,169),(54,225),(54,226),(55,185),(55,201),(55,202),(55,203),(55,204),(55,263),(56,105),(56,106),(56,185),(56,227),(57,107),(57,108),(57,109),(57,110),(57,210),(57,271),(58,185),(58,228),(59,235),(59,238),(59,267),(59,271),(61,115),(61,185),(61,229),(62,40),(62,42),(62,45),(62,46),(62,185),(62,230),(62,231),(63,119),(63,120),(63,185),(64,185),(64,232),(64,233),(65,123),(65,185),(65,234),(68,129),(68,183),(68,235),(68,267),(69,131),(69,133),(69,134),(69,183),(69,220),(69,268),(70,40),(70,45),(70,137),(70,138),(70,183),(70,269),(71,140),(71,185),(71,209),(71,273),(73,143),(73,185),(73,227),(76,205),(77,40),(77,45),(77,46),(77,63),(77,238),(77,239),(78,46),(78,149),(78,151),(78,152),(78,154),(78,183),(78,240),(79,40),(79,46),(79,162),(79,183),(79,195),(79,259),(80,185),(80,241),(80,245),(80,246),(80,247),(80,248),(80,249),(80,250),(80,251),(80,252),(80,253),(80,274);

--
-- Table structure for table `s_filter_attributes`
--

CREATE TABLE `s_filter_attributes` (
  `id` int(11) NOT NULL AUTO_INCREMENT,
  `filterID` int(11) DEFAULT NULL,
  PRIMARY KEY (`id`),
  UNIQUE KEY `filterID` (`filterID`),
  CONSTRAINT `s_filter_attributes_ibfk_1` FOREIGN KEY (`filterID`) REFERENCES `s_filter` (`id`) ON DELETE CASCADE ON UPDATE NO ACTION
) ENGINE=InnoDB DEFAULT CHARSET=utf8 COLLATE=utf8_unicode_ci;

--
-- Dumping data for table `s_filter_attributes`
--


--
-- Table structure for table `s_filter_options`
--

CREATE TABLE `s_filter_options` (
  `id` int(11) NOT NULL AUTO_INCREMENT,
  `name` varchar(255) COLLATE utf8_unicode_ci NOT NULL,
  `filterable` int(1) NOT NULL,
  PRIMARY KEY (`id`),
  KEY `get_options_query` (`name`)
) ENGINE=InnoDB AUTO_INCREMENT=27 DEFAULT CHARSET=utf8 COLLATE=utf8_unicode_ci;

--
-- Dumping data for table `s_filter_options`
--

INSERT INTO `s_filter_options` VALUES (4,'Herstellungsjahr',0),(5,'Aseptisch',1),(6,'Abmessungen',0),(7,'Gewicht',0),(8,'Portionsgewicht',1),(9,'Kapazität Output in Einheiten/h',1),(10,'Kapazität Output in Kg/h',1),(11,'Kapazität Input in l/h',1),(12,'Betriebsdruck in bar',0),(13,'Betriebstemperatur',0),(14,'Zusatzmotor',0),(15,'Fassungsvermögen',1),(16,'Hauptmotor',0),(17,'Umdrehungen',0),(18,'Betriebsstunden',0),(19,'Wasserverdampfung',0),(20,'Verpackungsgröße',0),(21,'Kapazität Input in Kg/h',1),(22,'Kapazität Output in l/h',1),(23,'Seriennummer',0),(24,'Maschinen Zustand',0),(25,'Kapazität Output in Unit/h',1),(26,'Zu verarbeitendes/produzierendes Produkt',1);

--
-- Table structure for table `s_filter_options_attributes`
--

CREATE TABLE `s_filter_options_attributes` (
  `id` int(11) NOT NULL AUTO_INCREMENT,
  `optionID` int(11) NOT NULL,
  `dreisc_seo_filter_active` int(1) DEFAULT '0',
  `dreisc_seo_filter_important` int(1) DEFAULT '0',
  `dreisc_seo_filter_priority` int(11) DEFAULT NULL,
  `dreisc_seo_filter_prefix` text COLLATE utf8_unicode_ci,
  `dreisc_seo_filter_suffix` text COLLATE utf8_unicode_ci,
  PRIMARY KEY (`id`),
  KEY `optionID` (`optionID`),
  CONSTRAINT `s_filter_options_attributes_ibfk_1` FOREIGN KEY (`optionID`) REFERENCES `s_filter_options` (`id`) ON DELETE CASCADE ON UPDATE NO ACTION
) ENGINE=InnoDB DEFAULT CHARSET=utf8 COLLATE=utf8_unicode_ci;

--
-- Dumping data for table `s_filter_options_attributes`
--


--
-- Table structure for table `s_filter_relations`
--

CREATE TABLE `s_filter_relations` (
  `id` int(11) NOT NULL AUTO_INCREMENT,
  `groupID` int(11) NOT NULL,
  `optionID` int(11) NOT NULL,
  `position` int(11) NOT NULL,
  PRIMARY KEY (`id`),
  UNIQUE KEY `groupID` (`groupID`,`optionID`),
  KEY `get_set_assigns_query` (`groupID`,`position`),
  KEY `groupID_2` (`groupID`),
  KEY `optionID` (`optionID`)
) ENGINE=InnoDB AUTO_INCREMENT=27 DEFAULT CHARSET=utf8 COLLATE=utf8_unicode_ci;

--
-- Dumping data for table `s_filter_relations`
--

INSERT INTO `s_filter_relations` VALUES (4,5,4,0),(5,5,5,0),(6,5,6,0),(7,5,7,0),(8,5,8,0),(9,5,9,0),(10,5,10,0),(11,5,11,0),(12,5,12,0),(13,5,13,0),(14,5,14,0),(15,5,15,0),(16,5,16,0),(17,5,17,0),(18,5,18,0),(19,5,19,0),(20,5,20,0),(21,5,21,0),(22,5,22,0),(23,5,23,0),(24,5,24,0),(25,5,25,0),(26,5,26,0);

--
-- Table structure for table `s_filter_values`
--

CREATE TABLE `s_filter_values` (
  `id` int(11) NOT NULL AUTO_INCREMENT,
  `optionID` int(11) NOT NULL,
  `value` varchar(255) COLLATE utf8_unicode_ci NOT NULL,
  `position` int(11) NOT NULL,
  `media_id` int(11) DEFAULT NULL,
  PRIMARY KEY (`id`),
  UNIQUE KEY `optionID` (`optionID`,`value`),
  KEY `get_property_value_by_option_id_query` (`optionID`,`position`),
  KEY `optionID_2` (`optionID`),
  KEY `filters_order_by_position` (`optionID`,`position`,`id`),
  KEY `filters_order_by_numeric` (`optionID`,`id`),
  KEY `filters_order_by_alphanumeric` (`optionID`,`value`,`id`),
  KEY `media_id` (`media_id`)
) ENGINE=InnoDB AUTO_INCREMENT=277 DEFAULT CHARSET=utf8 COLLATE=utf8_unicode_ci;

--
-- Dumping data for table `s_filter_values`
--

INSERT INTO `s_filter_values` VALUES (4,4,'1991',0,NULL),(6,6,'922 cm x 410 cm x 215 cm',0,NULL),(13,6,'60 cm x 120 cm x 150 cm',0,NULL),(15,6,'60 cm x 120 cm x 130 cm',0,NULL),(18,6,'170 cm x 130 cm x 175 cm',0,NULL),(21,6,'140 cm x 150 cm x 140 cm',0,NULL),(27,6,'50 cm x 100 cm x 120 cm',0,NULL),(30,6,'100 cm x 140 cm x 150 cm',0,NULL),(35,6,'200 cm x 90 cm x 180 cm',0,NULL),(40,14,'0,000000 KW',0,NULL),(42,16,'0,000000 KW',0,NULL),(44,16,'55,000000 KW',0,NULL),(45,16,'380 V',0,NULL),(46,16,'50 Hz',0,NULL),(47,6,'165 cm x 130 cm x 130 cm',0,NULL),(51,6,'215 cm x 150 cm x 160 cm',0,NULL),(54,16,'90,000000 KW',0,NULL),(55,16,'176 A',0,NULL),(56,6,'215 cm x 152 cm x 160 cm',0,NULL),(57,6,'340 cm x 110 cm x 210 cm',0,NULL),(63,16,'2,200000 KW',0,NULL),(71,6,'220 cm x 220 cm x 600 cm',0,NULL),(74,16,'30,000000 KW',0,NULL),(76,6,'180 cm x 110 cm x 220 cm',0,NULL),(105,23,'18084',0,NULL),(106,16,'37,000000 KW',0,NULL),(107,16,'60 Hz',0,NULL),(108,16,'460 V',0,NULL),(109,23,'267311A2Z',0,NULL),(110,6,'370 cm x 180 cm x 180 cm',0,NULL),(115,23,'4034054',0,NULL),(119,6,'300 cm x 150 cm x 150 cm',0,NULL),(120,23,'89.513',0,NULL),(123,4,'1995',0,NULL),(129,23,'6963',0,NULL),(131,23,'5115',0,NULL),(133,6,'230 cm x 140 cm x 180 cm',0,NULL),(134,4,'1970',0,NULL),(137,16,'10 A',0,NULL),(138,16,'3,500000 KW',0,NULL),(140,23,'3207-47',0,NULL),(143,4,'1973',0,NULL),(149,23,'T305019',0,NULL),(151,16,'400 V',0,NULL),(152,16,'4,700000 KW',0,NULL),(154,4,'2006',0,NULL),(159,23,'1692-229',0,NULL),(160,23,'1710-258',0,NULL),(162,16,'18,500000 KW',0,NULL),(165,23,'4054090',0,NULL),(166,23,'F864',0,NULL),(167,23,'7576',0,NULL),(168,23,'T5845630103',0,NULL),(169,23,'4021496',0,NULL),(171,18,'2450 h',0,NULL),(173,8,'20 g',0,NULL),(174,10,'345 kg/h',0,NULL),(183,24,'Überholt',0,NULL),(184,11,'10000 l/h',0,NULL),(185,24,'Gebraucht',1,NULL),(186,11,'9000 l/h',0,NULL),(187,12,'205,000000 bar',0,NULL),(188,11,'20000 l/h',0,NULL),(189,8,'350 g',0,NULL),(190,10,'1000 kg/h',0,NULL),(192,11,'5000 l/h',0,NULL),(193,11,'6000 l/h',0,NULL),(194,11,'7000 l/h',0,NULL),(195,11,'8000 l/h',0,NULL),(196,13,'115 °C',0,NULL),(197,12,'12,000000 bar',0,NULL),(198,10,'1200 kg/h',0,NULL),(199,10,'200 kg/h',0,NULL),(200,24,'Neu',2,NULL),(201,15,'9000 l',0,NULL),(202,12,'2,700000 bar',0,NULL),(203,13,'140 °C',0,NULL),(204,5,'Ja',0,NULL),(205,11,'7500 l/h',0,NULL),(206,12,'200,000000 bar',0,NULL),(207,11,'11600 l/h',0,NULL),(208,12,'345,000000 bar',0,NULL),(209,10,'800 kg/h',0,NULL),(210,10,'2000 kg/h',0,NULL),(211,12,'550,000000 bar',0,NULL),(212,11,'50 l/h',0,NULL),(214,15,'80 l',0,NULL),(215,11,'1800 l/h',0,NULL),(216,13,'100 °C',0,NULL),(217,15,'15000 l',0,NULL),(218,12,'3,000000 bar',0,NULL),(219,12,'150,000000 bar',0,NULL),(220,8,'250 g',0,NULL),(222,10,'900 kg/h',0,NULL),(223,13,'150 °C',0,NULL),(224,12,'10,000000 bar',0,NULL),(225,17,'1500 rpm',0,NULL),(226,11,'15000 l/h',0,NULL),(227,10,'1500 kg/h',0,NULL),(228,10,'600 kg/h',0,NULL),(229,11,'25000 l/h',0,NULL),(230,15,'900 l',0,NULL),(231,12,'0,280000 bar',0,NULL),(232,10,'520 kg/h',0,NULL),(233,15,'160 l',0,NULL),(234,11,'2000 l/h',0,NULL),(235,8,'35 g',0,NULL),(238,10,'130 kg/h',0,NULL),(239,15,'40 l',0,NULL),(240,21,'4900 kg/h',0,NULL),(241,5,'Nein',0,NULL),(242,23,'91255',0,NULL),(243,7,'3750 kg',0,NULL),(244,7,'1200 kg',0,NULL),(245,23,'28730',0,NULL),(246,17,'3000 rpm',0,NULL),(247,6,'130 cm x 110 cm x 180 cm',0,NULL),(248,4,'1979',0,NULL),(249,14,'380 V',0,NULL),(250,14,'50 Hz',0,NULL),(251,13,'127 °C',0,NULL),(252,15,'30 l',0,NULL),(253,10,'120 kg/h',0,NULL),(255,7,'1100 kg',0,NULL),(256,7,'5000 kg',0,NULL),(257,25,'4200 unit/h',0,NULL),(258,4,'1992',0,NULL),(259,7,'2000 kg',0,NULL),(260,23,'171/2926',0,NULL),(261,23,'13018',0,NULL),(262,4,'2008',0,NULL),(263,23,'31802-32',0,NULL),(264,16,'220 V',0,NULL),(265,16,'6 A',0,NULL),(266,25,'2400 unit/h',0,NULL),(267,25,'3600 unit/h',0,NULL),(268,25,'7000 unit/h',0,NULL),(269,25,'5000 unit/h',0,NULL),(271,24,'Gebraucht/Überholt',0,NULL),(272,6,'250 cm x 170 cm x 180 cm',0,NULL),(273,7,'1000 kg',0,NULL),(274,26,'Frischkäse',0,NULL),(275,15,'60 l',0,NULL),(276,26,'Käse',0,NULL);

--
-- Table structure for table `s_filter_values_attributes`
--

CREATE TABLE `s_filter_values_attributes` (
  `id` int(11) NOT NULL AUTO_INCREMENT,
  `valueID` int(11) NOT NULL,
  `dreisc_seo_filter_alt_value` text COLLATE utf8_unicode_ci,
  `dreisc_seo_filter_priority` int(11) DEFAULT NULL,
  PRIMARY KEY (`id`),
  KEY `valueID` (`valueID`),
  CONSTRAINT `s_filter_values_attributes_ibfk_1` FOREIGN KEY (`valueID`) REFERENCES `s_filter_values` (`id`) ON DELETE CASCADE ON UPDATE NO ACTION
) ENGINE=InnoDB DEFAULT CHARSET=utf8 COLLATE=utf8_unicode_ci;

--
-- Dumping data for table `s_filter_values_attributes`
--


--
-- Table structure for table `s_library_component`
--

CREATE TABLE `s_library_component` (
  `id` int(11) NOT NULL AUTO_INCREMENT,
  `name` varchar(255) COLLATE utf8_unicode_ci NOT NULL,
  `x_type` varchar(255) COLLATE utf8_unicode_ci NOT NULL,
  `convert_function` varchar(255) COLLATE utf8_unicode_ci DEFAULT NULL,
  `description` text COLLATE utf8_unicode_ci NOT NULL,
  `template` varchar(255) COLLATE utf8_unicode_ci NOT NULL,
  `cls` varchar(255) COLLATE utf8_unicode_ci NOT NULL,
  `pluginID` int(11) DEFAULT NULL,
  PRIMARY KEY (`id`)
) ENGINE=InnoDB AUTO_INCREMENT=15 DEFAULT CHARSET=utf8 COLLATE=utf8_unicode_ci;

--
-- Dumping data for table `s_library_component`
--

INSERT INTO `s_library_component` VALUES (2,'Text Element','emotion-components-html-element',NULL,'','component_html','html-text-element',NULL),(3,'Banner','emotion-components-banner','getBannerMappingLinks','','component_banner','banner-element',NULL),(4,'Artikel','emotion-components-article','getArticle','','component_article','article-element',NULL),(5,'Kategorie-Teaser','emotion-components-category-teaser','getCategoryTeaser','','component_category_teaser','category-teaser-element',NULL),(6,'Blog-Artikel','emotion-components-blog','getBlogEntry','','component_blog','blog-element',NULL),(7,'Banner-Slider','emotion-components-banner-slider','getBannerSlider','','component_banner_slider','banner-slider-element',NULL),(8,'Youtube-Video','emotion-components-youtube',NULL,'','component_youtube','youtube-element',NULL),(9,'iFrame-Element','emotion-components-iframe',NULL,'','component_iframe','iframe-element',NULL),(10,'Hersteller-Slider','emotion-components-manufacturer-slider','getManufacturerSlider','','component_manufacturer_slider','manufacturer-slider-element',NULL),(11,'Artikel-Slider','emotion-components-article-slider','getArticleSlider','','component_article_slider','article-slider-element',NULL),(12,'HTML5 Video-Element','emotion-components-html-video','getHtml5Video','','component_video','emotion--element-video',NULL),(13,'Code Element','emotion-components-html-code',NULL,'','component_html_code','html-code-element',NULL),(14,'Emotion Teaser','emotion-components-individual-emotion-teaser',NULL,'','individual_emotion_teaser','emotion-components-individual-emotion-teaser',63);

--
-- Table structure for table `s_library_component_field`
--

CREATE TABLE `s_library_component_field` (
  `id` int(11) NOT NULL AUTO_INCREMENT,
  `componentID` int(11) NOT NULL,
  `name` varchar(255) COLLATE utf8_unicode_ci NOT NULL,
  `x_type` varchar(255) COLLATE utf8_unicode_ci NOT NULL,
  `value_type` varchar(255) COLLATE utf8_unicode_ci NOT NULL,
  `field_label` varchar(255) COLLATE utf8_unicode_ci NOT NULL,
  `support_text` varchar(255) COLLATE utf8_unicode_ci NOT NULL,
  `help_title` varchar(255) COLLATE utf8_unicode_ci NOT NULL,
  `help_text` text COLLATE utf8_unicode_ci NOT NULL,
  `store` varchar(255) COLLATE utf8_unicode_ci NOT NULL,
  `display_field` varchar(255) COLLATE utf8_unicode_ci NOT NULL,
  `value_field` varchar(255) COLLATE utf8_unicode_ci NOT NULL,
  `default_value` text COLLATE utf8_unicode_ci NOT NULL,
  `allow_blank` int(1) NOT NULL,
  `translatable` int(1) NOT NULL DEFAULT '0',
  `position` int(11) DEFAULT NULL,
  PRIMARY KEY (`id`)
) ENGINE=InnoDB AUTO_INCREMENT=112 DEFAULT CHARSET=utf8 COLLATE=utf8_unicode_ci;

--
-- Dumping data for table `s_library_component_field`
--

INSERT INTO `s_library_component_field` VALUES (3,3,'file','mediaselectionfield','','Bild','','','','','','','',0,0,3),(4,2,'text','tinymce','','Text','Anzuzeigender Text','HTML-Text','Geben Sie hier den Text ein der im Element angezeigt werden soll.','','','','',0,1,4),(5,4,'article','emotion-components-fields-article','','Artikelsuche','Der anzuzeigende Artikel','Lorem ipsum dolor','Lorem ipsum dolor sit amet, consetetur sadipscing elitr, sed diam nonumy eirmod tempor invidunt ut labore et dolore magna aliquyam','','','','',0,0,9),(6,2,'cms_title','textfield','','Titel','','','','','','','',1,1,6),(7,3,'bannerMapping','hidden','json','','','','','','','','',0,0,7),(8,4,'article_type','emotion-components-fields-article-type','','Typ des Artikels','','','','','','','',0,0,8),(9,5,'image_type','emotion-components-fields-category-image-type','','Typ des Bildes','','','','','','','',0,0,9),(10,5,'image','mediaselectionfield','','Bild','','','','','','','',1,0,10),(11,5,'category_selection','emotion-components-fields-category-selection','','','','','','','','','',0,0,11),(12,6,'entry_amount','numberfield','','Anzahl','','','','','','','',0,0,12),(13,7,'banner_slider_title','textfield','','Überschrift','','','','','','','',1,1,13),(15,7,'banner_slider_arrows','checkbox','','Pfeile anzeigen','','','','','','','',0,0,15),(16,7,'banner_slider_numbers','checkbox','','Nummern ausgeben','Bitte beachten Sie, dass diese Einstellung nur Auswirkungen auf das \"Emotion\"-Template hat.','','','','','','',0,0,16),(17,7,'banner_slider_scrollspeed','numberfield','','Scroll-Geschwindigkeit','','','','','','','',0,0,17),(18,7,'banner_slider_rotation','checkbox','','Automatisch rotieren','','','','','','','',0,0,18),(19,7,'banner_slider_rotatespeed','numberfield','','Rotations Geschwindigkeit','','','','','','','5000',0,0,19),(20,7,'banner_slider','hidden','json','','','','','','','','',0,0,20),(22,8,'video_id','textfield','','Youtube-Video ID','','','','','','','',0,1,22),(23,8,'video_hd','checkbox','','HD-Video verwenden','','','','','','','',0,0,23),(24,9,'iframe_url','textfield','','URL','','','','','','','',0,1,24),(25,10,'manufacturer_type','emotion-components-fields-manufacturer-type','','','','','','','','','',0,0,25),(26,10,'manufacturer_category','emotion-components-fields-category-selection','','','','','','','','','',1,0,26),(27,10,'selected_manufacturers','hidden','json','','','','','','','','',0,0,27),(28,10,'manufacturer_slider_title','textfield','','Überschrift','','','','','','','',1,1,28),(30,10,'manufacturer_slider_arrows','checkbox','','Pfeile anzeigen','','','','','','','',0,0,30),(32,10,'manufacturer_slider_scrollspeed','numberfield','','Scroll-Geschwindigkeit','','','','','','','',0,0,32),(33,10,'manufacturer_slider_rotation','checkbox','','Automatisch rotieren','','','','','','','',0,0,33),(34,10,'manufacturer_slider_rotatespeed','numberfield','','Rotations Geschwindigkeit','','','','','','','5000',0,0,34),(36,11,'article_slider_type','emotion-components-fields-article-slider-type','','','','','','','','','',0,0,36),(37,11,'selected_articles','hidden','','','','','','','','','',0,0,100),(38,11,'article_slider_max_number','numberfield','','max. Anzahl','','','','','','','',0,0,39),(39,11,'article_slider_title','textfield','','Überschrift','','','','','','','',1,1,40),(41,11,'article_slider_arrows','checkbox','','Pfeile anzeigen','','','','','','','',0,0,42),(43,11,'article_slider_scrollspeed','numberfield','','Scroll-Geschwindigkeit','','','','','','','',0,0,44),(44,11,'article_slider_rotation','checkbox','','Automatisch rotieren','','','','','','','',0,0,45),(45,11,'article_slider_rotatespeed','numberfield','','Rotations Geschwindigkeit','','','','','','','5000',0,0,46),(47,3,'link','textfield','','Link','','','','','','','',1,1,47),(48,5,'blog_category','checkboxfield','','Blog-Kategorie','Bei der ausgewählten Kategorie handelt es sich um eine Blog-Kategorie','','','','','','',0,0,48),(59,11,'article_slider_category','emotion-components-fields-category-selection','','','','','','','','','',1,0,38),(65,3,'bannerPosition','hidden','','','','','','','','','center',0,0,NULL),(66,4,'productImageOnly','checkboxfield','','Nur Produktbild','Bei aktivierter Einstellung wird nur das Produktbild dargestellt.','','','','label','key','',0,0,10),(68,6,'blog_entry_selection','emotion-components-fields-category-selection','','Kategorie','','','','','label','key','',0,0,10),(69,12,'videoMode','emotion-components-fields-video-mode','','Modus','Bestimmen Sie das Verhalten des Videos. Legen Sie fest, ob das Video skalierend, füllend oder gestreckt dargestellt werden soll.','','','','label','key','',0,0,40),(70,12,'overlay','textfield','','Overlay Farbe','Legen Sie eine Hintergrundfarbe für das Overlay fest. Ein RGBA-Wert wird empfohlen.','','','','','','rgba(0, 0, 0, .2)',1,0,71),(71,12,'originTop','numberfield','','Oberer Ausgangspunkt','Legt den oberen Ausgangspunkt für die Skalierung des Videos fest. Die Angabe erfolgt in Prozent.','','','','','','50',1,0,69),(72,12,'originLeft','numberfield','','Linker Ausgangspunkt','Legt den linken Ausgangspunkt für die Skalierung des Videos fest. Die Angabe erfolgt in Prozent.','','','','','','50',1,0,68),(73,12,'scale','numberfield','','Zoom-Faktor','Wenn Sie den Modus Füllen gewählt haben können Sie den Zoom-Faktor mit dieser Option ändern.','','','','','','1.0',1,0,67),(74,12,'muted','checkbox','','Video stumm schalten','Die Ton-Spur des Videos wird stumm geschaltet','','','','','','1',1,0,60),(75,12,'loop','checkbox','','Video schleifen','Das Video wird in einer Dauerschleife angezeigt','','','','','','1',1,0,59),(76,12,'controls','checkbox','','Video-Steuerung anzeigen','Nicht für den Modus Füllen oder Strecken empfohlen.','','','','','','1',1,0,58),(77,12,'autobuffer','checkbox','','Video automatisch vorladen','','','','','','','1',1,0,57),(78,12,'autoplay','checkbox','','Video automatisch abspielen','','','','','','','1',1,0,56),(79,12,'html_text','tinymce','','Overlay Text','Sie können ein Overlay mit einem Text über das Video legen.','','','','','','',1,0,70),(80,12,'fallback_picture','mediatextfield','','Vorschau-Bild','Das Vorschau-Bild wird gezeigt wenn das Video noch nicht abgespielt wird.','','','','','','',0,0,44),(81,12,'h264_video','mediatextfield','','.mp4 Video','Video für Browser mit MP4 Support. Auch externer Pfad möglich.','','','','','','',0,0,43),(82,12,'ogg_video','mediatextfield','','.ogv/.ogg Video','Video für Browser mit Ogg Support. Auch externer Pfad möglich.','','','','','','',0,0,42),(83,12,'webm_video','mediatextfield','','.webm Video','Video für Browser mit WebM Support. Auch externer Pfad möglich.','','','','','','',0,0,41),(84,2,'needsNoStyling','checkbox','','Kein Styling hinzufügen','Definiert, dass kein weiteres Layout-Styling hinzugefügt wird.','','','','','','0',0,0,10),(85,3,'title','textfield','','Title Text','','','','','','','',1,1,50),(86,11,'article_slider_stream','productstreamselection','','','','','','','name','id','',0,0,38),(87,13,'javascript','codemirrorfield','','JavaScript Code','','','','','','','',1,1,0),(88,13,'smarty','codemirrorfield','','HTML Code','','','','','','','',1,1,1),(89,3,'banner_link_target','emotion-components-fields-link-target','','Link-Ziel','','','','','','','',1,0,48),(90,4,'article_category','emotion-components-fields-category-selection','','Kategorie','','','','','','','',1,0,9),(91,4,'no_border','checkbox','','','','','','','','','',1,0,90),(92,11,'no_border','checkbox','','','','','','','','','',1,0,90),(93,10,'no_border','checkbox','','','','','','','','','',1,0,90),(94,8,'video_autoplay','checkbox','','Video automatisch starten','','','','','','','0',0,0,24),(95,8,'video_related','checkbox','','Empfehlungen ausblenden','','','','','','','0',0,0,25),(96,8,'video_controls','checkbox','','Steuerung ausblenden','','','','','','','0',0,0,26),(97,8,'video_start','numberfield','','Starten nach x-Sekunden','','','','','','','',1,0,27),(98,8,'video_end','numberfield','','Stoppen nach x-Sekunden','','','','','','','',1,0,28),(99,8,'video_info','checkbox','','Info ausblenden','','','','','','','0',0,0,29),(100,8,'video_branding','checkbox','','Branding ausblenden','','','','','','','0',0,0,30),(101,8,'video_loop','checkbox','','Loop aktivieren','','','Loop ist nicht mit Start- und Endzeiten kompatibel. Video wird wieder von Beginn abgespielt.','','','','0',0,0,31),(102,11,'selected_variants','hidden','','','','','','','','','',0,0,100),(103,4,'variant','emotion-components-fields-variant','','','','','','','','','',0,0,9),(104,14,'individual_emotion_teaser_generalsettings_teaser','displayfield','','','Allgemeine Einstellungen - Teaser','','','','','','',1,0,0),(105,14,'individual_emotion_teaser_teaserelement','combobox','','Teaserelement aus dem Menüpunkt Inhalte -> Teaserelemente','','','','Shopware.apps.Emotion.store.IndividualEmotionTeaserElementStore','name','id','',1,1,1),(106,14,'individual_emotion_teaser_lowertextboxtextandlinkamongeachother','checkboxfield','','Text und Link in unterer Textbox untereinander platzieren (andernfalls nebeneinander)','ja','','','','','','0',1,1,2),(107,14,'individual_emotion_teaser_noparagraphdistances','checkboxfield','','Absätze (p - Tags) in der Textbox mit Abständen (margin / padding)','Ja','','','','','','0',1,1,3),(108,14,'individual_emotion_teaser_generalsettings_bannerslider_rows','displayfield','','','Allgemeine Einstellungen - nur für den Einkaufswelten - Modus Zeilen und bei der Platzierung der unteren Textbox auf dem Bild relevant','','','','','','',1,0,4),(109,14,'individual_emotion_teaser_heightmoderows_active','checkboxfield','','Individuelle Höhe für den Teaser','Ja','','','','','','0',1,1,5),(110,14,'individual_emotion_teaser_heightmoderows_px','numberfield','','Individuelle Höhe für den Teaser in Pixeln','','','','','','','360',1,1,6),(111,14,'individual_emotion_teaser_heightmoderows_rem','numberfield','','Individuelle Höhe für den Teaser in rem','','','','','','','22,5',1,1,7);

--
-- Table structure for table `s_media`
--

CREATE TABLE `s_media` (
  `id` int(11) NOT NULL AUTO_INCREMENT,
  `albumID` int(11) NOT NULL,
  `name` varchar(255) COLLATE utf8_unicode_ci NOT NULL,
  `description` text COLLATE utf8_unicode_ci NOT NULL,
  `path` varchar(255) COLLATE utf8_unicode_ci NOT NULL,
  `type` varchar(50) COLLATE utf8_unicode_ci NOT NULL,
  `extension` varchar(20) COLLATE utf8_unicode_ci NOT NULL,
  `file_size` int(10) unsigned NOT NULL,
  `width` int(11) unsigned DEFAULT NULL,
  `height` int(11) unsigned DEFAULT NULL,
  `userID` int(11) NOT NULL,
  `created` date NOT NULL,
  PRIMARY KEY (`id`),
  KEY `Album` (`albumID`),
  KEY `path` (`path`)
) ENGINE=InnoDB AUTO_INCREMENT=793 DEFAULT CHARSET=utf8 COLLATE=utf8_unicode_ci;

--
-- Dumping data for table `s_media`
--

INSERT INTO `s_media` VALUES (1,-10,'merx-logo-print','','media/image/merx-logo-print.png','IMAGE','png',4205,200,53,51,'2019-01-14'),(2,-10,'merx-favicon','','media/unknown/merx-favicon.ico','UNKNOWN','ico',17542,NULL,NULL,51,'2019-01-14'),(3,-10,'merx-favicon','','media/image/merx-favicon.png','IMAGE','png',1751,64,64,51,'2019-01-14'),(4,-10,'merx-logo','','media/image/merx-logo.png','IMAGE','png',12038,600,154,51,'2019-01-14'),(8,-3,'slider-1','','media/image/slider-1.png','IMAGE','png',2199404,1920,1032,51,'2019-01-14'),(10,-2,'category-banner','','media/image/category-banner.jpg','IMAGE','jpg',349262,1920,1080,51,'2019-01-14'),(11,-3,'beispielartikelbild-1','','media/image/beispielartikelbild-1.jpg','IMAGE','jpg',1465751,1920,1090,51,'2019-01-14'),(16,2,'Slider-1-Bild-2-Tanks-und-Homo-SHOP','','media/image/Slider-1-Bild-2-Tanks-und-Homo-SHOP.jpg','IMAGE','jpg',1252991,1920,1032,53,'2019-02-07'),(17,2,'Slider-3-Maschinen-Ankauf-SHOP','','media/image/Slider-3-Maschinen-Ankauf-SHOP.jpg','IMAGE','jpg',903572,2500,1667,53,'2019-02-07'),(18,2,'NeuMaschinenVerrohrung-SHOP','','media/image/NeuMaschinenVerrohrung-SHOP.jpg','IMAGE','jpg',184320,1920,1032,53,'2019-02-07'),(19,-3,'NeuMaschinenVerrohrung-SHOP2Ae7rrAKwPIit','','media/image/NeuMaschinenVerrohrung-SHOP2Ae7rrAKwPIit.jpg','IMAGE','jpg',184320,1920,1032,53,'2019-02-07'),(20,-3,'Slider-1-Bild-2-Tanks-und-Homo-SHOPWFTV2qcCdsHx3','','media/image/Slider-1-Bild-2-Tanks-und-Homo-SHOPWFTV2qcCdsHx3.jpg','IMAGE','jpg',1252991,1920,1032,53,'2019-02-07'),(21,-12,'alfalaval','','media/image/alfalaval.png','IMAGE','png',3850,424,126,53,'2019-02-08'),(22,-12,'gea','','media/image/gea.jpg','IMAGE','jpg',62377,1600,445,53,'2019-02-08'),(23,-12,'Alpma','','media/image/Alpma.png','IMAGE','png',74396,1200,400,53,'2019-02-08'),(24,-12,'anhydrologo','','media/image/anhydrologo.png','IMAGE','png',256576,2411,2400,53,'2019-02-08'),(25,-12,'APV','','media/image/APV.png','IMAGE','png',15381,400,288,53,'2019-02-08'),(26,-12,'APV','','media/image/APV.jpg','IMAGE','jpg',85712,1117,369,53,'2019-02-08'),(27,-12,'Benhil','','media/image/Benhil.jpg','IMAGE','jpg',86895,800,600,53,'2019-02-08'),(28,-12,'Dima','','media/image/Dima.jpg','IMAGE','jpg',23271,600,600,53,'2019-02-08'),(29,-12,'fasa','','media/image/fasa.jpg','IMAGE','jpg',114509,1058,452,53,'2019-02-08'),(30,-12,'Trepko-logo','','media/image/Trepko-logo.png','IMAGE','png',13579,91,80,53,'2019-02-08'),(31,-12,'SPX-logo','','media/image/SPX-logo.jpg','IMAGE','jpg',2034,80,80,53,'2019-02-08'),(32,-12,'tetra-pak-logo','','media/image/tetra-pak-logo.jpg','IMAGE','jpg',3075,80,80,53,'2019-02-08'),(33,-12,'verpaco-logo','','media/image/verpaco-logo.jpg','IMAGE','jpg',6751,135,80,53,'2019-02-08'),(34,-12,'Flottweg-logo','','media/image/Flottweg-logo.jpg','IMAGE','jpg',148459,1670,329,53,'2019-02-08'),(46,1,'IMG_3563','IMG_3563.jpg','media/image/IMG_3563.jpg','IMAGE','jpg',2152590,2592,1936,0,'2019-02-27'),(59,-3,'Merx-Banner-Start','','media/image/Merx-Banner-Start.jpg','IMAGE','jpg',1029484,1920,900,53,'2019-03-01'),(60,-3,'Slider-3-Maschinen-Ankauf-SHOPG8uNhe5w0TeUh','','media/image/Slider-3-Maschinen-Ankauf-SHOPG8uNhe5w0TeUh.jpg','IMAGE','jpg',903572,2500,1667,53,'2019-03-01'),(61,-3,'Slider-3-Maschinen-Ankauf-SHOP-teaser','','media/image/Slider-3-Maschinen-Ankauf-SHOP-teaser.jpg','IMAGE','jpg',280673,1920,600,53,'2019-03-02'),(62,3,'Abfuell_Anlage_Linie','Abfuell_Anlage_Linie.jpg','media/image/Abfuell_Anlage_Linie.jpg','IMAGE','jpg',4512612,1920,1920,0,'2019-03-02'),(63,3,'Filtration','Filtration.jpg','media/image/Filtration.jpg','IMAGE','jpg',3434354,1920,1920,0,'2019-03-02'),(64,3,'Butter_Verpackung','Butter_Verpackung.jpg','media/image/Butter_Verpackung.jpg','IMAGE','jpg',898225,1920,1920,0,'2019-03-02'),(65,3,'Tanks_und_Homo','Tanks_und_Homo.jpg','media/image/Tanks_und_Homo.jpg','IMAGE','jpg',2733596,1920,1920,0,'2019-03-02'),(66,3,'Separator_2','Separator_2.jpg','media/image/Separator_2.jpg','IMAGE','jpg',2479599,1920,1920,0,'2019-03-02'),(67,3,'Pasteurisierer_Plattenwaermetauscher','Pasteurisierer_Plattenwaermetauscher.jpg','media/image/Pasteurisierer_Plattenwaermetauscher.jpg','IMAGE','jpg',2725250,1920,1920,0,'2019-03-02'),(68,3,'Homogenisator','Homogenisator.jpg','media/image/Homogenisator.jpg','IMAGE','jpg',2383993,1920,1920,0,'2019-03-02'),(69,3,'Erhitzer_Linie','Erhitzer_Linie.jpg','media/image/Erhitzer_Linie.jpg','IMAGE','jpg',2674680,1867,1867,0,'2019-03-02'),(70,3,'Bacher_Fueller','Bacher_Fueller.jpg','media/image/Bacher_Fueller.jpg','IMAGE','jpg',3607105,1920,1920,0,'2019-03-02'),(71,3,'Bacher_FuellerISzTA3n3kvtyL','Bacher_Fueller.jpg','media/image/Bacher_FuellerISzTA3n3kvtyL.jpg','IMAGE','jpg',3607105,1920,1920,0,'2019-03-02'),(72,3,'Abfuell_Anlage_Linie_1','Abfuell_Anlage_Linie_1.jpg','media/image/Abfuell_Anlage_Linie_1.jpg','IMAGE','jpg',4512612,1920,1920,0,'2019-03-02'),(73,3,'Erhitzer_Linie_1','Erhitzer_Linie_1.jpg','media/image/Erhitzer_Linie_1.jpg','IMAGE','jpg',2674680,1867,1867,0,'2019-03-02'),(74,3,'Trocknung','Trocknung.jpg','media/image/Trocknung.jpg','IMAGE','jpg',4039673,1920,1920,0,'2019-03-02'),(75,3,'Butter_Herstellung','Butter_Herstellung.jpg','media/image/Butter_Herstellung.jpg','IMAGE','jpg',1767870,1920,1920,0,'2019-03-02'),(76,3,'Separator_top','Separator_top.jpg','media/image/Separator_top.jpg','IMAGE','jpg',2225432,1920,1920,0,'2019-03-02'),(77,3,'Separator_top_1','Separator_top_1.jpg','media/image/Separator_top_1.jpg','IMAGE','jpg',2225432,1920,1920,0,'2019-03-02'),(78,-3,'Maschinen-Ankauf','','media/image/Maschinen-Ankauf.jpg','IMAGE','jpg',521316,1920,640,53,'2019-03-02'),(79,3,'Other_Equipment','Other_Equipment.jpg','media/image/Other_Equipment.jpg','IMAGE','jpg',2531445,1920,1920,0,'2019-03-02'),(80,-3,'Anfrage','','media/image/Anfrage.jpg','IMAGE','jpg',1071152,1920,640,53,'2019-03-02'),(121,-3,'Demontage-1280x1280','','media/image/Demontage-1280x1280.jpg','IMAGE','jpg',671744,1280,1280,53,'2019-03-04'),(125,4,'Stephan-80-vorherAMh1UxhYAeS5m','','media/image/Stephan-80-vorherAMh1UxhYAeS5m.jpg','IMAGE','jpg',10668,106,150,53,'2019-03-07'),(126,4,'Stephan-Nachher','','media/image/Stephan-Nachher.jpg','IMAGE','jpg',8751,106,150,53,'2019-03-07'),(128,5,'Stephan-NachherIsmRbiAQF2Cnk','','media/image/Stephan-NachherIsmRbiAQF2Cnk.jpg','IMAGE','jpg',121029,722,1050,53,'2019-03-07'),(129,5,'Simon-Freres-MC-2-Nachher','','media/image/Simon-Freres-MC-2-Nachher.jpg','IMAGE','jpg',45537,250,250,53,'2019-03-07'),(131,5,'Simon-Freres-MC-2-vorher','','media/image/Simon-Freres-MC-2-vorher.jpg','IMAGE','jpg',52070,250,250,53,'2019-03-07'),(133,5,'Stephan-Vorher','','media/image/Stephan-Vorher.jpg','IMAGE','jpg',529519,722,1050,53,'2019-03-07'),(246,1,'100012_3','100012_3.jpg','media/image/100012_3.jpg','IMAGE','jpg',254980,1024,768,0,'2019-03-27'),(247,1,'100012_1','100012_1.jpg','media/image/100012_1.jpg','IMAGE','jpg',167591,1024,768,0,'2019-03-27'),(248,1,'100012_2','100012_2.jpg','media/image/100012_2.jpg','IMAGE','jpg',205830,1024,768,0,'2019-03-27'),(249,1,'100012_4','100012_4.jpg','media/image/100012_4.jpg','IMAGE','jpg',241110,1024,768,0,'2019-03-27'),(250,1,'100012_10','100012_10.jpg','media/image/100012_10.jpg','IMAGE','jpg',9563,194,259,0,'2019-03-27'),(251,1,'100012_11','100012_11.jpg','media/image/100012_11.jpg','IMAGE','jpg',240851,1024,768,0,'2019-03-27'),(264,1,'100210_1','100210_1.jpg','media/image/100210_1.jpg','IMAGE','jpg',274390,1024,768,0,'2019-03-27'),(268,1,'Tetra_Pak_Tray_Packer_100244_9','Tetra_Pak_Tray_Packer_100244_9.jpg','media/image/Tetra_Pak_Tray_Packer_100244_9.jpg','IMAGE','jpg',424094,1024,765,0,'2019-03-27'),(269,1,'Tetra_Pak_Tray_Packer_100245_3','Tetra_Pak_Tray_Packer_100245_3.jpg','media/image/Tetra_Pak_Tray_Packer_100245_3.jpg','IMAGE','jpg',382414,1024,765,0,'2019-03-27'),(270,1,'100254_2','100254_2.jpg','media/image/100254_2.jpg','IMAGE','jpg',1781806,2448,2448,0,'2019-03-27'),(275,1,'IMG_4500','IMG_4500.jpg','media/image/IMG_4500.jpg','IMAGE','jpg',109908,747,1328,0,'2019-03-27'),(276,1,'Used_Decanter_100282_1','Used_Decanter_100282_1.jpg','media/image/Used_Decanter_100282_1.jpg','IMAGE','jpg',1483487,3264,2448,0,'2019-03-27'),(283,1,'WhatsApp_Image_2017_10_13_at_14_56_38','WhatsApp_Image_2017_10_13_at_14_56_38.jpeg','media/image/WhatsApp_Image_2017_10_13_at_14_56_38.jpg','IMAGE','jpeg',153599,960,1280,0,'2019-03-27'),(319,1,'Tetra_Pak_Tray_Packer_100244_12','Tetra_Pak_Tray_Packer_100244_12.jpg','media/image/Tetra_Pak_Tray_Packer_100244_12.jpg','IMAGE','jpg',487374,1024,765,0,'2019-04-11'),(320,1,'Tetra_Pak_Tray_Packer_100244_2','Tetra_Pak_Tray_Packer_100244_2.jpg','media/image/Tetra_Pak_Tray_Packer_100244_2.jpg','IMAGE','jpg',392965,765,1024,0,'2019-04-11'),(321,1,'Tetra_Pak_Tray_Packer_100244_3','Tetra_Pak_Tray_Packer_100244_3.jpg','media/image/Tetra_Pak_Tray_Packer_100244_3.jpg','IMAGE','jpg',504539,765,1024,0,'2019-04-11'),(322,1,'Tetra_Pak_Tray_Packer_100245_6','Tetra_Pak_Tray_Packer_100245_6.jpg','media/image/Tetra_Pak_Tray_Packer_100245_6.jpg','IMAGE','jpg',467777,765,1024,0,'2019-04-11'),(323,1,'Tetra_Pak_Tray_Packer_100245_4','Tetra_Pak_Tray_Packer_100245_4.jpg','media/image/Tetra_Pak_Tray_Packer_100245_4.jpg','IMAGE','jpg',459637,1024,765,0,'2019-04-11'),(324,1,'100254_3','100254_3.jpg','media/image/100254_3.jpg','IMAGE','jpg',1718577,2448,2448,0,'2019-04-11'),(325,1,'100254_1','100254_1.jpg','media/image/100254_1.jpg','IMAGE','jpg',1676528,2448,2448,0,'2019-04-11'),(326,1,'100254_5','100254_5.jpg','media/image/100254_5.jpg','IMAGE','jpg',2020740,2448,2448,0,'2019-04-11'),(357,1,'WhatsApp_Image_2017_10_13_at_14_56_37','WhatsApp_Image_2017_10_13_at_14_56_37.jpeg','media/image/WhatsApp_Image_2017_10_13_at_14_56_37.jpg','IMAGE','jpeg',132966,960,1280,0,'2019-04-11'),(358,1,'WhatsApp_Image_2017_10_13_at_14_56_36','WhatsApp_Image_2017_10_13_at_14_56_36.jpeg','media/image/WhatsApp_Image_2017_10_13_at_14_56_36.jpg','IMAGE','jpeg',127898,960,1280,0,'2019-04-11'),(434,1,'WhatsApp_Image_2018_07_26_at_12_28_44_1','WhatsApp_Image_2018_07_26_at_12_28_44_1.jpeg','media/image/WhatsApp_Image_2018_07_26_at_12_28_44_1.jpg','IMAGE','jpeg',242595,1200,1600,0,'2019-04-14'),(435,1,'WhatsApp_Image_2018_07_26_at_12_28_44','WhatsApp_Image_2018_07_26_at_12_28_44.jpeg','media/image/WhatsApp_Image_2018_07_26_at_12_28_44.jpg','IMAGE','jpeg',458764,1600,1200,0,'2019-04-14'),(436,1,'WhatsApp_Image_2018_07_26_at_12_28_45_1','WhatsApp_Image_2018_07_26_at_12_28_45_1.jpeg','media/image/WhatsApp_Image_2018_07_26_at_12_28_45_1.jpg','IMAGE','jpeg',193446,1200,1600,0,'2019-04-14'),(441,1,'IMG_0049','IMG_0049.jpg','media/image/IMG_0049.jpg','IMAGE','jpg',3030679,2448,3264,0,'2019-04-14'),(447,1,'dietzel_2_1','dietzel_2_1.jpg','media/image/dietzel_2_1.jpg','IMAGE','jpg',1688156,4032,3024,0,'2019-05-22'),(448,1,'dietzel_2_2','dietzel_2_2.jpg','media/image/dietzel_2_2.jpg','IMAGE','jpg',1688156,4032,3024,0,'2019-05-22'),(451,1,'100012_31','100012_31.jpg','media/image/100012_31.jpg','IMAGE','jpg',254980,1024,768,0,'2019-06-17'),(452,1,'100012_6','100012_6.jpg','media/image/100012_6.jpg','IMAGE','jpg',233195,768,1024,0,'2019-06-17'),(453,1,'100012_9','100012_9.jpg','media/image/100012_9.jpg','IMAGE','jpg',3746743,4000,3000,0,'2019-06-17'),(472,1,'Tetra_Pak_Tray_Packer_100244_11','Tetra_Pak_Tray_Packer_100244_11.jpg','media/image/Tetra_Pak_Tray_Packer_100244_11.jpg','IMAGE','jpg',451284,1024,765,0,'2019-06-17'),(474,1,'IMG_20160831_WA0001_1','IMG_20160831_WA0001_1.jpg','media/image/IMG_20160831_WA0001_1.jpg','IMAGE','jpg',266897,1344,760,0,'2019-06-17'),(482,1,'Stephan_Cutter_UM_40_2','Stephan_Cutter_UM_40_2.jpg','media/image/Stephan_Cutter_UM_40_2.jpg','IMAGE','jpg',88369,1344,760,0,'2019-06-17'),(483,1,'Stephan_Cutter_UM_40_11','Stephan_Cutter_UM_40_11.jpg','media/image/Stephan_Cutter_UM_40_11.jpg','IMAGE','jpg',93452,1344,760,0,'2019-06-17'),(490,1,'100254_41','100254_41.jpg','media/image/100254_41.jpg','IMAGE','jpg',1835135,2448,2448,0,'2019-06-19'),(496,-3,'Allgemine-Anfragen','','media/image/Allgemine-Anfragen.jpg','IMAGE','jpg',1087310,1920,640,53,'2019-06-21'),(497,-3,'Neue-Maschinen','','media/image/Neue-Maschinen.jpg','IMAGE','jpg',2557714,1920,1280,53,'2019-06-21'),(508,3,'Filtration_1280x1280','Filtration_1280x1280.jpg','media/image/Filtration_1280x1280.jpg','IMAGE','jpg',1109452,1280,1280,0,'2019-07-16'),(509,3,'Butter_Herstellung_1280x1280','Butter_Herstellung_1280x1280.jpg','media/image/Butter_Herstellung_1280x1280.jpg','IMAGE','jpg',845081,1280,1280,0,'2019-07-16'),(510,3,'Trocknung_1280x1280','Trocknung_1280x1280.jpg','media/image/Trocknung_1280x1280.jpg','IMAGE','jpg',1123799,1280,1280,0,'2019-07-16'),(511,3,'Other_Equipment_1280x1280','Other_Equipment_1280x1280.jpg','media/image/Other_Equipment_1280x1280.jpg','IMAGE','jpg',1189783,1280,1280,0,'2019-07-16'),(512,3,'Bacher_Fueller_1280x1280','Bacher_Fueller_1280x1280.jpg','media/image/Bacher_Fueller_1280x1280.jpg','IMAGE','jpg',1462648,1280,1280,0,'2019-07-16'),(513,3,'Tanks_und_Homo_1280x1280','Tanks_und_Homo_1280x1280.jpg','media/image/Tanks_und_Homo_1280x1280.jpg','IMAGE','jpg',1214377,1280,1280,0,'2019-07-16'),(514,3,'Separator_2_1280x1280','Separator_2_1280x1280.jpg','media/image/Separator_2_1280x1280.jpg','IMAGE','jpg',1118084,1280,1280,0,'2019-07-16'),(515,3,'Pasteurisierer_Plattenwaermetauscher_1280x1280','Pasteurisierer_Plattenwaermetauscher_1280x1280.jpg','media/image/Pasteurisierer_Plattenwaermetauscher_1280x1280.jpg','IMAGE','jpg',1225171,1280,1280,0,'2019-07-16'),(516,3,'Abfuell_Anlage_Linie_1280x1280','Abfuell_Anlage_Linie_1280x1280.jpg','media/image/Abfuell_Anlage_Linie_1280x1280.jpg','IMAGE','jpg',1362111,1280,1280,0,'2019-07-16'),(517,3,'Erhitzer_Linie_1280x1280','Erhitzer_Linie_1280x1280.jpg','media/image/Erhitzer_Linie_1280x1280.jpg','IMAGE','jpg',1236602,1280,1280,0,'2019-07-16'),(518,3,'Separator_top_1280x1280','Separator_top_1280x1280.jpg','media/image/Separator_top_1280x1280.jpg','IMAGE','jpg',1039488,1280,1280,0,'2019-07-16'),(519,3,'Homogenisator_1280x1280','Homogenisator_1280x1280.jpg','media/image/Homogenisator_1280x1280.jpg','IMAGE','jpg',1008856,1280,1280,0,'2019-07-16'),(520,1,'GEA_Westfalia_SA_20_1280x1024_100015_1','GEA_Westfalia_SA_20_1280x1024_100015_1.jpg','media/image/GEA_Westfalia_SA_20_1280x1024_100015_1.jpg','IMAGE','jpg',684101,1280,1024,0,'2019-07-16'),(521,1,'IMG_3567','IMG_3567.jpg','media/image/IMG_3567.jpg','IMAGE','jpg',2095193,2592,1936,0,'2019-07-16'),(522,1,'IMG_3564','IMG_3564.jpg','media/image/IMG_3564.jpg','IMAGE','jpg',2401317,2592,1936,0,'2019-07-16'),(523,1,'IMG_3565','IMG_3565.jpg','media/image/IMG_3565.jpg','IMAGE','jpg',2108398,2592,1936,0,'2019-07-16'),(524,1,'SA_20_11','SA_20_11.jpg','media/image/SA_20_11.jpg','IMAGE','jpg',280596,1024,765,0,'2019-07-16'),(525,1,'SA_20_21','SA_20_21.jpg','media/image/SA_20_21.jpg','IMAGE','jpg',318855,1024,765,0,'2019-07-16'),(526,1,'SA_20_31','SA_20_31.jpg','media/image/SA_20_31.jpg','IMAGE','jpg',280624,1024,765,0,'2019-07-16'),(527,1,'SA_20_41','SA_20_41.jpg','media/image/SA_20_41.jpg','IMAGE','jpg',267982,1024,765,0,'2019-07-16'),(528,1,'SA_20_51','SA_20_51.jpg','media/image/SA_20_51.jpg','IMAGE','jpg',253328,1024,765,0,'2019-07-16'),(529,1,'SA_20_61','SA_20_61.jpg','media/image/SA_20_61.jpg','IMAGE','jpg',291487,1024,765,0,'2019-07-16'),(530,1,'IMG_3548','IMG_3548.jpg','media/image/IMG_3548.jpg','IMAGE','jpg',2066052,2592,1936,0,'2019-07-16'),(531,1,'MSB_14_EINS_5','MSB_14_EINS_5.jpg','media/image/MSB_14_EINS_5.jpg','IMAGE','jpg',276220,1024,765,0,'2019-07-16'),(532,1,'MSB_14_EINS_6','MSB_14_EINS_6.jpg','media/image/MSB_14_EINS_6.jpg','IMAGE','jpg',277321,1024,765,0,'2019-07-16'),(533,1,'IMG_3555','IMG_3555.jpg','media/image/IMG_3555.jpg','IMAGE','jpg',2080883,2592,1936,0,'2019-07-16'),(534,1,'MSB_14_ZWEI_3','MSB_14_ZWEI_3.jpg','media/image/MSB_14_ZWEI_3.jpg','IMAGE','jpg',239625,1024,765,0,'2019-07-16'),(535,1,'MSB_14_ZWEI_4','MSB_14_ZWEI_4.jpg','media/image/MSB_14_ZWEI_4.jpg','IMAGE','jpg',227179,1024,765,0,'2019-07-16'),(536,1,'MSB_14_ZWEI_5','MSB_14_ZWEI_5.jpg','media/image/MSB_14_ZWEI_5.jpg','IMAGE','jpg',273039,1024,765,0,'2019-07-16'),(537,1,'MSB_14_ZWEI_6','MSB_14_ZWEI_6.jpg','media/image/MSB_14_ZWEI_6.jpg','IMAGE','jpg',222814,1024,765,0,'2019-07-16'),(538,1,'100028_2','100028_2.jpg','media/image/100028_2.jpg','IMAGE','jpg',222584,1024,1024,0,'2019-07-16'),(539,1,'100028_3','100028_3.jpg','media/image/100028_3.jpg','IMAGE','jpg',192333,1024,1024,0,'2019-07-16'),(540,1,'100028_11','100028_11.jpg','media/image/100028_11.jpg','IMAGE','jpg',175932,1024,1024,0,'2019-07-16'),(541,1,'100028_2uZ2dJMED01BM6','100028_2.jpg','media/image/100028_2uZ2dJMED01BM6.jpg','IMAGE','jpg',222584,1024,1024,0,'2019-07-16'),(542,1,'100028_3YtyAQSc3GOPDb','100028_3.jpg','media/image/100028_3YtyAQSc3GOPDb.jpg','IMAGE','jpg',192333,1024,1024,0,'2019-07-16'),(543,1,'XPG_40_1','XPG_40_1.jpg','media/image/XPG_40_1.jpg','IMAGE','jpg',118593,1024,683,0,'2019-07-16'),(544,1,'XPG_40_2','XPG_40_2.jpg','media/image/XPG_40_2.jpg','IMAGE','jpg',108684,1024,683,0,'2019-07-16'),(545,1,'XPG_40_3','XPG_40_3.jpg','media/image/XPG_40_3.jpg','IMAGE','jpg',105361,1024,683,0,'2019-07-16'),(546,1,'XPG_40_11','XPG_40_11.jpg','media/image/XPG_40_11.jpg','IMAGE','jpg',118593,1024,683,0,'2019-07-16'),(547,1,'XPG_40_2aeF1HpWTvH5dE','XPG_40_2.jpg','media/image/XPG_40_2aeF1HpWTvH5dE.jpg','IMAGE','jpg',108684,1024,683,0,'2019-07-16'),(548,1,'XPG_40_3o4977NSZL5oDj','XPG_40_3.jpg','media/image/XPG_40_3o4977NSZL5oDj.jpg','IMAGE','jpg',105361,1024,683,0,'2019-07-16'),(549,1,'100140_1','100140_1.jpg','media/image/100140_1.jpg','IMAGE','jpg',396655,765,1024,0,'2019-07-16'),(550,1,'100140_2','100140_2.jpg','media/image/100140_2.jpg','IMAGE','jpg',341649,1024,734,0,'2019-07-16'),(551,1,'100140_3','100140_3.jpg','media/image/100140_3.jpg','IMAGE','jpg',352165,882,1024,0,'2019-07-16'),(552,1,'100140_4','100140_4.jpg','media/image/100140_4.jpg','IMAGE','jpg',425045,765,1024,0,'2019-07-16'),(553,1,'100140_11','100140_11.jpg','media/image/100140_11.jpg','IMAGE','jpg',396655,765,1024,0,'2019-07-16'),(554,1,'100140_21','100140_21.jpg','media/image/100140_21.jpg','IMAGE','jpg',341649,1024,734,0,'2019-07-16'),(555,1,'100140_3dTPcBroBMQPWc','100140_3.jpg','media/image/100140_3dTPcBroBMQPWc.jpg','IMAGE','jpg',352165,882,1024,0,'2019-07-16'),(556,1,'100140_4yaMkRi5cVGhfm','100140_4.jpg','media/image/100140_4yaMkRi5cVGhfm.jpg','IMAGE','jpg',425045,765,1024,0,'2019-07-16'),(557,1,'100141_1','100141_1.jpg','media/image/100141_1.jpg','IMAGE','jpg',582709,1024,1024,0,'2019-07-16'),(558,1,'100141_2','100141_2.jpg','media/image/100141_2.jpg','IMAGE','jpg',610137,1024,1024,0,'2019-07-16'),(559,1,'100141_4','100141_4.jpg','media/image/100141_4.jpg','IMAGE','jpg',698696,1024,1024,0,'2019-07-16'),(560,1,'100141_114pTHamqwdfQg','100141_1.jpg','media/image/100141_114pTHamqwdfQg.jpg','IMAGE','jpg',582709,1024,1024,0,'2019-07-16'),(561,1,'100141_2EfP8lPcDbOns8','100141_2.jpg','media/image/100141_2EfP8lPcDbOns8.jpg','IMAGE','jpg',610137,1024,1024,0,'2019-07-16'),(562,1,'100141_3','100141_3.jpg','media/image/100141_3.jpg','IMAGE','jpg',650200,1024,1024,0,'2019-07-16'),(563,1,'100141_4CYfjfdzNkoiaB','100141_4.jpg','media/image/100141_4CYfjfdzNkoiaB.jpg','IMAGE','jpg',698696,1024,1024,0,'2019-07-16'),(564,1,'100141_11','100141_11.jpg','media/image/100141_11.jpg','IMAGE','jpg',582709,1024,1024,0,'2019-07-16'),(565,1,'file','file.jpeg','media/image/file.jpg','IMAGE','jpeg',215461,900,1600,0,'2019-07-16'),(566,1,'file2','file2.jpeg','media/image/file2.jpg','IMAGE','jpeg',213867,900,1600,0,'2019-07-16'),(567,1,'file3','file3.jpeg','media/image/file3.jpg','IMAGE','jpeg',216686,900,1600,0,'2019-07-16'),(568,1,'file5','file5.jpeg','media/image/file5.jpg','IMAGE','jpeg',197423,900,1600,0,'2019-07-16'),(569,1,'file1','file1.jpg','media/image/file1.jpg','IMAGE','jpg',215461,900,1600,0,'2019-07-16'),(570,1,'fileIKhSUIPd7tvLT','file.jpg','media/image/fileIKhSUIPd7tvLT.jpg','IMAGE','jpg',215461,900,1600,0,'2019-07-16'),(571,1,'file2Xmt5ZxTex1fuQ','file2.jpg','media/image/file2Xmt5ZxTex1fuQ.jpg','IMAGE','jpg',213867,900,1600,0,'2019-07-16'),(572,1,'file3Mccf6irLpLGOl','file3.jpg','media/image/file3Mccf6irLpLGOl.jpg','IMAGE','jpg',216686,900,1600,0,'2019-07-16'),(573,1,'file5AWu5IfXttgtB0','file5.jpg','media/image/file5AWu5IfXttgtB0.jpg','IMAGE','jpg',197423,900,1600,0,'2019-07-16'),(574,1,'614HGV1_002_1','614HGV1_002_1.jpg','media/image/614HGV1_002_1.jpg','IMAGE','jpg',34119,243,324,0,'2019-07-16'),(575,1,'614HGV1_005','614HGV1_005.jpg','media/image/614HGV1_005.jpg','IMAGE','jpg',34480,243,324,0,'2019-07-16'),(576,1,'614HGV1_002_11','614HGV1_002_11.jpg','media/image/614HGV1_002_11.jpg','IMAGE','jpg',34119,243,324,0,'2019-07-16'),(577,1,'614HGV1_002_1bxQDZ2AeICm2r','614HGV1_002_1.jpg','media/image/614HGV1_002_1bxQDZ2AeICm2r.jpg','IMAGE','jpg',34119,243,324,0,'2019-07-16'),(578,1,'614HGV1_005MO6SxP6eFahQb','614HGV1_005.jpg','media/image/614HGV1_005MO6SxP6eFahQb.jpg','IMAGE','jpg',34480,243,324,0,'2019-07-16'),(579,1,'614HGV1_001','614HGV1_001.jpg','media/image/614HGV1_001.jpg','IMAGE','jpg',37306,243,324,0,'2019-07-16'),(580,1,'MSB_14_EINS_3','MSB_14_EINS_3.jpg','media/image/MSB_14_EINS_3.jpg','IMAGE','jpg',241293,1024,765,0,'2019-07-17'),(581,1,'100028_1','100028_1.jpg','media/image/100028_1.jpg','IMAGE','jpg',175932,1024,1024,0,'2019-07-17'),(582,1,'100187_1','100187_1.jpg','media/image/100187_1.jpg','IMAGE','jpg',224274,1024,768,0,'2019-07-17'),(583,1,'100187_2','100187_2.jpg','media/image/100187_2.jpg','IMAGE','jpg',183532,768,1024,0,'2019-07-17'),(584,1,'100187_3','100187_3.jpg','media/image/100187_3.jpg','IMAGE','jpg',129660,1344,760,0,'2019-07-17'),(585,1,'100187_1G5PNZ0GneGrBp','100187_1.jpg','media/image/100187_1G5PNZ0GneGrBp.jpg','IMAGE','jpg',224274,1024,768,0,'2019-07-17'),(586,1,'100187_2W4DsKwvvPXz5e','100187_2.jpg','media/image/100187_2W4DsKwvvPXz5e.jpg','IMAGE','jpg',183532,768,1024,0,'2019-07-17'),(587,1,'100187_3P7rKOwKyEct0Q','100187_3.jpg','media/image/100187_3P7rKOwKyEct0Q.jpg','IMAGE','jpg',129660,1344,760,0,'2019-07-17'),(588,1,'100187_11','100187_11.jpg','media/image/100187_11.jpg','IMAGE','jpg',224274,1024,768,0,'2019-07-17'),(589,1,'100193_1','100193_1.jpg','media/image/100193_1.jpg','IMAGE','jpg',390690,1024,768,0,'2019-07-17'),(590,1,'100193_4','100193_4.jpg','media/image/100193_4.jpg','IMAGE','jpg',392112,1024,768,0,'2019-07-17'),(591,1,'100193_3','100193_3.jpg','media/image/100193_3.jpg','IMAGE','jpg',394051,1024,768,0,'2019-07-17'),(592,1,'100193_1yhJy45lKppbRm','100193_1.jpg','media/image/100193_1yhJy45lKppbRm.jpg','IMAGE','jpg',390690,1024,768,0,'2019-07-17'),(593,1,'100193_2','100193_2.jpg','media/image/100193_2.jpg','IMAGE','jpg',372296,1024,768,0,'2019-07-17'),(594,1,'100193_3xt86vt2KVQzQZ','100193_3.jpg','media/image/100193_3xt86vt2KVQzQZ.jpg','IMAGE','jpg',394051,1024,768,0,'2019-07-17'),(595,1,'100193_4JyuhCStXd48hr','100193_4.jpg','media/image/100193_4JyuhCStXd48hr.jpg','IMAGE','jpg',392112,1024,768,0,'2019-07-17'),(596,1,'100194_1','100194_1.jpg','media/image/100194_1.jpg','IMAGE','jpg',346325,1024,768,0,'2019-07-17'),(597,1,'100194_2','100194_2.jpg','media/image/100194_2.jpg','IMAGE','jpg',402122,1024,768,0,'2019-07-17'),(598,1,'100194_4','100194_4.jpg','media/image/100194_4.jpg','IMAGE','jpg',372670,1024,768,0,'2019-07-17'),(599,1,'100194_6','100194_6.jpg','media/image/100194_6.jpg','IMAGE','jpg',322302,1024,768,0,'2019-07-17'),(600,1,'100194_1fvJlXxiKQ1iYX','100194_1.jpg','media/image/100194_1fvJlXxiKQ1iYX.jpg','IMAGE','jpg',346325,1024,768,0,'2019-07-17'),(601,1,'100194_2qWriJVX3YKuAM','100194_2.jpg','media/image/100194_2qWriJVX3YKuAM.jpg','IMAGE','jpg',402122,1024,768,0,'2019-07-17'),(602,1,'100194_4nDP9kftwP7wIh','100194_4.jpg','media/image/100194_4nDP9kftwP7wIh.jpg','IMAGE','jpg',372670,1024,768,0,'2019-07-17'),(603,1,'100194_5','100194_5.jpg','media/image/100194_5.jpg','IMAGE','jpg',384978,768,1024,0,'2019-07-17'),(604,1,'Dima_1','Dima_1.jpg','media/image/Dima_1.jpg','IMAGE','jpg',227949,1024,576,0,'2019-07-17'),(605,1,'Dima_2','Dima_2.jpg','media/image/Dima_2.jpg','IMAGE','jpg',213918,576,1024,0,'2019-07-17'),(606,1,'Dima_5','Dima_5.jpg','media/image/Dima_5.jpg','IMAGE','jpg',154716,1024,576,0,'2019-07-17'),(607,1,'Dima_1kEFpqId2RzxOU','Dima_1.jpg','media/image/Dima_1kEFpqId2RzxOU.jpg','IMAGE','jpg',227949,1024,576,0,'2019-07-17'),(608,1,'Dima_2PC7F0zwHpsXh7','Dima_2.jpg','media/image/Dima_2PC7F0zwHpsXh7.jpg','IMAGE','jpg',213918,576,1024,0,'2019-07-17'),(609,1,'Dima_3','Dima_3.jpg','media/image/Dima_3.jpg','IMAGE','jpg',244898,576,1024,0,'2019-07-17'),(610,1,'Dima_4','Dima_4.jpg','media/image/Dima_4.jpg','IMAGE','jpg',244879,576,1024,0,'2019-07-17'),(611,1,'20151008_103739','20151008_103739.jpg','media/image/20151008_103739.jpg','IMAGE','jpg',698523,2048,1152,0,'2019-07-17'),(612,1,'20151008_103649','20151008_103649.jpg','media/image/20151008_103649.jpg','IMAGE','jpg',677468,2048,1152,0,'2019-07-17'),(613,1,'20151008_103823','20151008_103823.jpg','media/image/20151008_103823.jpg','IMAGE','jpg',500326,2048,1152,0,'2019-07-17'),(614,1,'20151008_1036251','20151008_1036251.jpg','media/image/20151008_1036251.jpg','IMAGE','jpg',468168,2048,1152,0,'2019-07-17'),(615,1,'100210_9','100210_9.jpg','media/image/100210_9.jpg','IMAGE','jpg',101181,576,1024,0,'2019-07-17'),(616,1,'100210_8','100210_8.jpg','media/image/100210_8.jpg','IMAGE','jpg',145753,576,1024,0,'2019-07-17'),(617,1,'100210_11','100210_11.jpg','media/image/100210_11.jpg','IMAGE','jpg',186245,1024,576,0,'2019-07-17'),(618,1,'100210_7','100210_7.jpg','media/image/100210_7.jpg','IMAGE','jpg',142247,576,1024,0,'2019-07-17'),(619,1,'100210_92ezZCtYrnaGzP','100210_9.jpg','media/image/100210_92ezZCtYrnaGzP.jpg','IMAGE','jpg',101181,576,1024,0,'2019-07-17'),(620,1,'100210_8oBYqLUreB39mG','100210_8.jpg','media/image/100210_8oBYqLUreB39mG.jpg','IMAGE','jpg',145753,576,1024,0,'2019-07-17'),(621,1,'100210_11ccOKULEVsD9N9','100210_11.jpg','media/image/100210_11ccOKULEVsD9N9.jpg','IMAGE','jpg',186245,1024,576,0,'2019-07-17'),(622,1,'100210_71','100210_71.jpg','media/image/100210_71.jpg','IMAGE','jpg',142247,576,1024,0,'2019-07-17'),(623,1,'100235_1','100235_1.jpg','media/image/100235_1.jpg','IMAGE','jpg',374426,768,1024,0,'2019-07-17'),(624,1,'100236_1','100236_1.jpg','media/image/100236_1.jpg','IMAGE','jpg',332569,768,1024,0,'2019-07-17'),(625,1,'100240_1','100240_1.jpg','media/image/100240_1.jpg','IMAGE','jpg',349991,768,1024,0,'2019-07-17'),(626,1,'QMRKX_517___1','QMRKX_517___1.jpg','media/image/QMRKX_517___1.jpg','IMAGE','jpg',153003,480,640,0,'2019-07-17'),(627,1,'QMRKX_517___2','QMRKX_517___2.jpg','media/image/QMRKX_517___2.jpg','IMAGE','jpg',153303,480,640,0,'2019-07-17'),(628,1,'QMRKX_517___3','QMRKX_517___3.jpg','media/image/QMRKX_517___3.jpg','IMAGE','jpg',166578,640,480,0,'2019-07-17'),(629,1,'QMRKX_517___1d4WJDxsyNtd7B','QMRKX_517___1.jpg','media/image/QMRKX_517___1d4WJDxsyNtd7B.jpg','IMAGE','jpg',153003,480,640,0,'2019-07-17'),(630,1,'QMRKX_517___233b8XmLn3FbQW','QMRKX_517___2.jpg','media/image/QMRKX_517___233b8XmLn3FbQW.jpg','IMAGE','jpg',153303,480,640,0,'2019-07-17'),(631,1,'QMRKX_517___3F5eOtngjeU63v','QMRKX_517___3.jpg','media/image/QMRKX_517___3F5eOtngjeU63v.jpg','IMAGE','jpg',166578,640,480,0,'2019-07-17'),(632,1,'QMRKX_517___4','QMRKX_517___4.jpg','media/image/QMRKX_517___4.jpg','IMAGE','jpg',153136,480,640,0,'2019-07-17'),(633,1,'QMRKX_517___41','QMRKX_517___41.jpg','media/image/QMRKX_517___41.jpg','IMAGE','jpg',153136,480,640,0,'2019-07-17'),(634,1,'IMG_20160831_WA0001','IMG_20160831_WA0001.jpg','media/image/IMG_20160831_WA0001.jpg','IMAGE','jpg',266897,1344,760,0,'2019-07-17'),(635,1,'IMG_20160831_WA0000','IMG_20160831_WA0000.jpg','media/image/IMG_20160831_WA0000.jpg','IMAGE','jpg',271431,1344,760,0,'2019-07-17'),(636,1,'IMG_20160831_WA0000INRCx7Qoxx1gF','IMG_20160831_WA0000.jpg','media/image/IMG_20160831_WA0000INRCx7Qoxx1gF.jpg','IMAGE','jpg',271431,1344,760,0,'2019-07-17'),(637,1,'IMG_20160831_WA0001_2','IMG_20160831_WA0001_2.jpg','media/image/IMG_20160831_WA0001_2.jpg','IMAGE','jpg',266897,1344,760,0,'2019-07-17'),(638,1,'IMG_20160831_WA00001','IMG_20160831_WA00001.jpg','media/image/IMG_20160831_WA00001.jpg','IMAGE','jpg',271431,1344,760,0,'2019-07-17'),(639,1,'100272_1','100272_1.jpg','media/image/100272_1.jpg','IMAGE','jpg',211079,720,1280,0,'2019-07-17'),(640,1,'100272_1ci414mge3ubzF','100272_1.jpg','media/image/100272_1ci414mge3ubzF.jpg','IMAGE','jpg',211079,720,1280,0,'2019-07-17'),(641,1,'100272_2','100272_2.jpg','media/image/100272_2.jpg','IMAGE','jpg',230489,720,1280,0,'2019-07-17'),(642,1,'100272_7','100272_7.jpg','media/image/100272_7.jpg','IMAGE','jpg',163319,720,864,0,'2019-07-17'),(643,1,'100272_8','100272_8.jpg','media/image/100272_8.jpg','IMAGE','jpg',169497,720,1280,0,'2019-07-17'),(644,1,'100272_11','100272_11.jpg','media/image/100272_11.jpg','IMAGE','jpg',211079,720,1280,0,'2019-07-17'),(645,1,'100275_1','100275_1.jpg','media/image/100275_1.jpg','IMAGE','jpg',231419,720,1280,0,'2019-07-17'),(646,1,'100275_2','100275_2.jpg','media/image/100275_2.jpg','IMAGE','jpg',239643,720,1280,0,'2019-07-17'),(647,1,'100275_4','100275_4.jpg','media/image/100275_4.jpg','IMAGE','jpg',276264,720,1280,0,'2019-07-17'),(648,1,'100275_21PdSVkEbkNDZp','100275_2.jpg','media/image/100275_21PdSVkEbkNDZp.jpg','IMAGE','jpg',239643,720,1280,0,'2019-07-17'),(649,1,'100275_3','100275_3.jpg','media/image/100275_3.jpg','IMAGE','jpg',241801,720,1280,0,'2019-07-17'),(650,1,'100275_4dAs1LEnuZXKOT','100275_4.jpg','media/image/100275_4dAs1LEnuZXKOT.jpg','IMAGE','jpg',276264,720,1280,0,'2019-07-17'),(651,1,'IMG_4494','IMG_4494.jpg','media/image/IMG_4494.jpg','IMAGE','jpg',123124,747,1328,0,'2019-07-17'),(652,1,'IMG_4496','IMG_4496.jpg','media/image/IMG_4496.jpg','IMAGE','jpg',114849,747,1328,0,'2019-07-17'),(653,1,'IMG_4497','IMG_4497.jpg','media/image/IMG_4497.jpg','IMAGE','jpg',129546,747,1328,0,'2019-07-17'),(654,1,'IMG_4501','IMG_4501.jpg','media/image/IMG_4501.jpg','IMAGE','jpg',101219,747,1328,0,'2019-07-17'),(655,1,'IMG_4499','IMG_4499.jpg','media/image/IMG_4499.jpg','IMAGE','jpg',116329,747,1328,0,'2019-07-17'),(656,1,'Used_Decanter_100282_2','Used_Decanter_100282_2.jpg','media/image/Used_Decanter_100282_2.jpg','IMAGE','jpg',1404205,3264,2448,0,'2019-07-17'),(657,1,'WhatsApp_Image_2018_02_16_at_15_19_23','WhatsApp_Image_2018_02_16_at_15_19_23.jpeg','media/image/WhatsApp_Image_2018_02_16_at_15_19_23.jpg','IMAGE','jpeg',122063,1280,960,0,'2019-07-17'),(658,1,'WhatsApp_Image_2018_02_16_at_15_19_26_1','WhatsApp_Image_2018_02_16_at_15_19_26_1.jpeg','media/image/WhatsApp_Image_2018_02_16_at_15_19_26_1.jpg','IMAGE','jpeg',147156,1280,960,0,'2019-07-17'),(659,1,'WhatsApp_Image_2018_02_16_at_15_19_27_1','WhatsApp_Image_2018_02_16_at_15_19_27_1.jpeg','media/image/WhatsApp_Image_2018_02_16_at_15_19_27_1.jpg','IMAGE','jpeg',111212,1280,960,0,'2019-07-17'),(660,1,'Used_Decanter_100282_2713nEGwZY0Trn','Used_Decanter_100282_2.jpg','media/image/Used_Decanter_100282_2713nEGwZY0Trn.jpg','IMAGE','jpg',1404205,3264,2448,0,'2019-07-17'),(661,1,'WhatsApp_Image_2018_02_16_at_15_19_23D9xR0EH2Uibtb','WhatsApp_Image_2018_02_16_at_15_19_23.jpg','media/image/WhatsApp_Image_2018_02_16_at_15_19_23D9xR0EH2Uibtb.jpg','IMAGE','jpg',122063,1280,960,0,'2019-07-17'),(662,1,'WhatsApp_Image_2018_02_16_at_15_19_26_1gV6ZY2Np3Kl8O','WhatsApp_Image_2018_02_16_at_15_19_26_1.jpg','media/image/WhatsApp_Image_2018_02_16_at_15_19_26_1gV6ZY2Np3Kl8O.jpg','IMAGE','jpg',147156,1280,960,0,'2019-07-17'),(663,1,'WhatsApp_Image_2018_02_16_at_15_19_27_13tYJIVNq4A0Nv','WhatsApp_Image_2018_02_16_at_15_19_27_1.jpg','media/image/WhatsApp_Image_2018_02_16_at_15_19_27_13tYJIVNq4A0Nv.jpg','IMAGE','jpg',111212,1280,960,0,'2019-07-17'),(664,1,'DSC03580','DSC03580.jpg','media/image/DSC03580.jpg','IMAGE','jpg',482957,1632,1224,0,'2019-07-17'),(665,1,'DSC03579','DSC03579.jpg','media/image/DSC03579.jpg','IMAGE','jpg',477848,1632,1224,0,'2019-07-17'),(666,1,'DSC03581','DSC03581.jpg','media/image/DSC03581.jpg','IMAGE','jpg',463855,1224,1632,0,'2019-07-17'),(667,1,'DSC03582','DSC03582.jpg','media/image/DSC03582.jpg','IMAGE','jpg',392057,1224,1632,0,'2019-07-17'),(668,1,'small_DSC09070','small_DSC09070.jpg','media/image/small_DSC09070.jpg','IMAGE','jpg',347775,768,1024,0,'2019-07-17'),(669,1,'small_DSC09074','small_DSC09074.jpg','media/image/small_DSC09074.jpg','IMAGE','jpg',314865,768,1024,0,'2019-07-17'),(670,1,'ABAB_ST6___100290_3','ABAB_ST6___100290_3.jpeg','media/image/ABAB_ST6___100290_3.jpg','IMAGE','jpeg',47328,480,640,0,'2019-07-17'),(671,1,'ABAB_ST6___100290_5','ABAB_ST6___100290_5.jpeg','media/image/ABAB_ST6___100290_5.jpg','IMAGE','jpeg',67724,480,640,0,'2019-07-17'),(672,1,'ABAB_ST6___100290_1','ABAB_ST6___100290_1.jpeg','media/image/ABAB_ST6___100290_1.jpg','IMAGE','jpeg',83384,480,640,0,'2019-07-17'),(673,1,'ABAB_ST6___100290_2','ABAB_ST6___100290_2.jpeg','media/image/ABAB_ST6___100290_2.jpg','IMAGE','jpeg',76787,640,480,0,'2019-07-17'),(674,1,'100296_1','100296_1.jpg','media/image/100296_1.jpg','IMAGE','jpg',329743,1024,768,0,'2019-07-17'),(675,1,'100299_1','100299_1.jpg','media/image/100299_1.jpg','IMAGE','jpg',134959,600,800,0,'2019-07-17'),(676,1,'100299_3','100299_3.jpg','media/image/100299_3.jpg','IMAGE','jpg',107611,600,800,0,'2019-07-17'),(677,1,'100299_5','100299_5.jpg','media/image/100299_5.jpg','IMAGE','jpg',830629,3072,1728,0,'2019-07-17'),(678,1,'100299_8','100299_8.jpg','media/image/100299_8.jpg','IMAGE','jpg',920679,3072,1728,0,'2019-07-17'),(679,1,'100300_1','100300_1.jpg','media/image/100300_1.jpg','IMAGE','jpg',32730,531,398,0,'2019-07-17'),(680,1,'100300_2','100300_2.jpg','media/image/100300_2.jpg','IMAGE','jpg',51848,599,449,0,'2019-07-17'),(681,1,'100300_3','100300_3.jpg','media/image/100300_3.jpg','IMAGE','jpg',19668,228,298,0,'2019-07-17'),(682,1,'100300_4','100300_4.jpg','media/image/100300_4.jpg','IMAGE','jpg',52405,531,398,0,'2019-07-17'),(683,1,'100302_4','100302_4.jpg','media/image/100302_4.jpg','IMAGE','jpg',420512,1024,768,0,'2019-07-17'),(684,1,'100302_3','100302_3.jpg','media/image/100302_3.jpg','IMAGE','jpg',410980,1024,768,0,'2019-07-17'),(685,1,'100302_2','100302_2.jpg','media/image/100302_2.jpg','IMAGE','jpg',281620,768,1024,0,'2019-07-17'),(686,1,'IMG_20161115_172505','IMG_20161115_172505.jpg','media/image/IMG_20161115_172505.jpg','IMAGE','jpg',779343,1080,1920,0,'2019-07-17'),(687,1,'IMG_20161115_172530','IMG_20161115_172530.jpg','media/image/IMG_20161115_172530.jpg','IMAGE','jpg',613593,1080,1920,0,'2019-07-17'),(688,1,'IMG_20161115_180306','IMG_20161115_180306.jpg','media/image/IMG_20161115_180306.jpg','IMAGE','jpg',904911,1920,1080,0,'2019-07-17'),(689,1,'IMG_20161115_180321','IMG_20161115_180321.jpg','media/image/IMG_20161115_180321.jpg','IMAGE','jpg',678178,1024,1820,0,'2019-07-17'),(690,1,'IMG_20161115_180250','IMG_20161115_180250.jpg','media/image/IMG_20161115_180250.jpg','IMAGE','jpg',728675,1080,1920,0,'2019-07-17'),(691,1,'GEA_Ahlborn_311_2000_100319_1','GEA_Ahlborn_311_2000_100319_1.jpg','media/image/GEA_Ahlborn_311_2000_100319_1.jpg','IMAGE','jpg',174126,1600,1200,0,'2019-07-17'),(692,1,'GEA_Ahlborn_311_2000_100319_2','GEA_Ahlborn_311_2000_100319_2.jpg','media/image/GEA_Ahlborn_311_2000_100319_2.jpg','IMAGE','jpg',191513,1600,1200,0,'2019-07-17'),(693,1,'GEA_Ahlborn_311_2000_100319_3','GEA_Ahlborn_311_2000_100319_3.jpg','media/image/GEA_Ahlborn_311_2000_100319_3.jpg','IMAGE','jpg',201821,1200,1600,0,'2019-07-17'),(694,1,'GEA_Ahlborn_311_2000_100319_4','GEA_Ahlborn_311_2000_100319_4.jpg','media/image/GEA_Ahlborn_311_2000_100319_4.jpg','IMAGE','jpg',169607,1200,1600,0,'2019-07-17'),(695,1,'GEA_Ahlborn_311_2000_100319_5','GEA_Ahlborn_311_2000_100319_5.jpg','media/image/GEA_Ahlborn_311_2000_100319_5.jpg','IMAGE','jpg',214283,1600,1200,0,'2019-07-17'),(696,1,'100331_1','100331_1.jpg','media/image/100331_1.jpg','IMAGE','jpg',308307,768,1024,0,'2019-07-17'),(697,1,'100331_2','100331_2.jpg','media/image/100331_2.jpg','IMAGE','jpg',303349,1024,768,0,'2019-07-17'),(698,1,'100331_4','100331_4.jpg','media/image/100331_4.jpg','IMAGE','jpg',331555,1024,768,0,'2019-07-17'),(699,1,'100331_5','100331_5.jpg','media/image/100331_5.jpg','IMAGE','jpg',305788,1024,768,0,'2019-07-17'),(700,1,'100331_1PRKrM42pqYJN7','100331_1.jpg','media/image/100331_1PRKrM42pqYJN7.jpg','IMAGE','jpg',308307,768,1024,0,'2019-07-17'),(701,1,'IMG_4494_1','IMG_4494_1.jpg','media/image/IMG_4494_1.jpg','IMAGE','jpg',123124,747,1328,0,'2019-07-17'),(702,1,'IMG_4495','IMG_4495.jpg','media/image/IMG_4495.jpg','IMAGE','jpg',121267,747,1328,0,'2019-07-17'),(703,1,'IMG_4500lLpc7tbqJw38z','IMG_4500.jpg','media/image/IMG_4500lLpc7tbqJw38z.jpg','IMAGE','jpg',109908,747,1328,0,'2019-07-17'),(704,1,'IMG_4501_1','IMG_4501_1.jpg','media/image/IMG_4501_1.jpg','IMAGE','jpg',101219,747,1328,0,'2019-07-17'),(705,1,'IMG_4492','IMG_4492.jpg','media/image/IMG_4492.jpg','IMAGE','jpg',103771,747,1328,0,'2019-07-17'),(706,1,'IMG_4499_1','IMG_4499_1.jpg','media/image/IMG_4499_1.jpg','IMAGE','jpg',116329,747,1328,0,'2019-07-17'),(707,1,'BM_618','BM_618.jpg','media/image/BM_618.jpg','IMAGE','jpg',156183,768,1024,0,'2019-07-17'),(708,1,'BM_618_2','BM_618_2.jpg','media/image/BM_618_2.jpg','IMAGE','jpg',154173,768,1024,0,'2019-07-17'),(709,1,'BM_618_2wqAQR4mHzearX','BM_618_2.jpg','media/image/BM_618_2wqAQR4mHzearX.jpg','IMAGE','jpg',154173,768,1024,0,'2019-07-17'),(710,1,'100357_1','100357_1.jpg','media/image/100357_1.jpg','IMAGE','jpg',252035,1024,768,0,'2019-07-17'),(711,1,'100357_3','100357_3.jpg','media/image/100357_3.jpg','IMAGE','jpg',202885,1024,768,0,'2019-07-17'),(712,1,'100357_1UPBhox1qzduRo','100357_1.jpg','media/image/100357_1UPBhox1qzduRo.jpg','IMAGE','jpg',252035,1024,768,0,'2019-07-17'),(713,1,'dietzel_2','dietzel_2.jpg','media/image/dietzel_2.jpg','IMAGE','jpg',3278356,3024,4032,0,'2019-07-17'),(714,1,'dietzel_3','dietzel_3.jpg','media/image/dietzel_3.jpg','IMAGE','jpg',2969219,3024,4032,0,'2019-07-17'),(715,1,'dietzel','dietzel.jpg','media/image/dietzel.jpg','IMAGE','jpg',3351065,3024,4032,0,'2019-07-17'),(716,1,'dietzel_2_1jAG7uc4wXF11c','dietzel_2_1.jpg','media/image/dietzel_2_1jAG7uc4wXF11c.jpg','IMAGE','jpg',1688156,4032,3024,0,'2019-07-17'),(717,1,'100363_7','100363_7.jpg','media/image/100363_7.jpg','IMAGE','jpg',261577,720,1280,0,'2019-07-17'),(718,1,'100363_5','100363_5.jpg','media/image/100363_5.jpg','IMAGE','jpg',231513,720,1280,0,'2019-07-17'),(719,1,'100363_3','100363_3.jpg','media/image/100363_3.jpg','IMAGE','jpg',167106,720,1280,0,'2019-07-17'),(720,1,'100363_1','100363_1.jpg','media/image/100363_1.jpg','IMAGE','jpg',228693,720,1280,0,'2019-07-17'),(721,1,'100363_76ozuq7lp5WmqC','100363_7.jpg','media/image/100363_76ozuq7lp5WmqC.jpg','IMAGE','jpg',261577,720,1280,0,'2019-07-17'),(722,1,'IMG_0048','IMG_0048.jpg','media/image/IMG_0048.jpg','IMAGE','jpg',3079203,2448,3264,0,'2019-07-17'),(723,1,'IMG_0050','IMG_0050.jpg','media/image/IMG_0050.jpg','IMAGE','jpg',2384463,2448,3264,0,'2019-07-17'),(724,1,'IMG_0051','IMG_0051.jpg','media/image/IMG_0051.jpg','IMAGE','jpg',2163676,2448,3264,0,'2019-07-17'),(725,1,'IMG_0052','IMG_0052.jpg','media/image/IMG_0052.jpg','IMAGE','jpg',2333014,2448,3264,0,'2019-07-17'),(726,1,'100379_1','100379_1.jpg','media/image/100379_1.jpg','IMAGE','jpg',416800,1024,768,0,'2019-07-17'),(727,1,'100379_3','100379_3.jpg','media/image/100379_3.jpg','IMAGE','jpg',385309,1024,768,0,'2019-07-17'),(728,1,'100379_4','100379_4.jpg','media/image/100379_4.jpg','IMAGE','jpg',350945,1024,768,0,'2019-07-17'),(729,1,'100379_5','100379_5.jpg','media/image/100379_5.jpg','IMAGE','jpg',391061,1024,768,0,'2019-07-17'),(730,1,'100379_6','100379_6.jpg','media/image/100379_6.jpg','IMAGE','jpg',375609,1024,768,0,'2019-07-17'),(731,1,'100379_8','100379_8.jpg','media/image/100379_8.jpg','IMAGE','jpg',392217,1024,768,0,'2019-07-17'),(732,1,'100380_3','100380_3.jpg','media/image/100380_3.jpg','IMAGE','jpg',372449,768,1024,0,'2019-07-17'),(733,1,'100380_2','100380_2.jpg','media/image/100380_2.jpg','IMAGE','jpg',352379,768,1024,0,'2019-07-17'),(734,1,'100380_5','100380_5.jpg','media/image/100380_5.jpg','IMAGE','jpg',313078,1024,768,0,'2019-07-17'),(735,1,'100380_9','100380_9.jpg','media/image/100380_9.jpg','IMAGE','jpg',355024,768,1024,0,'2019-07-17'),(736,1,'100380_10','100380_10.jpg','media/image/100380_10.jpg','IMAGE','jpg',310705,768,1024,0,'2019-07-17'),(737,1,'100381_1','100381_1.jpg','media/image/100381_1.jpg','IMAGE','jpg',173727,1024,576,0,'2019-07-17'),(738,1,'100381_3','100381_3.jpg','media/image/100381_3.jpg','IMAGE','jpg',175807,576,1024,0,'2019-07-17'),(739,1,'100381_5','100381_5.jpg','media/image/100381_5.jpg','IMAGE','jpg',233484,1024,576,0,'2019-07-17'),(740,1,'100381_7','100381_7.jpg','media/image/100381_7.jpg','IMAGE','jpg',208063,1024,576,0,'2019-07-17'),(741,1,'100381_9','100381_9.jpg','media/image/100381_9.jpg','IMAGE','jpg',299623,768,1024,0,'2019-07-17'),(742,1,'100381_13','100381_13.jpg','media/image/100381_13.jpg','IMAGE','jpg',318090,1024,768,0,'2019-07-17'),(743,1,'100381_14','100381_14.jpg','media/image/100381_14.jpg','IMAGE','jpg',357479,768,1024,0,'2019-07-17'),(744,1,'100382_1','100382_1.jpeg','media/image/100382_1.jpg','IMAGE','jpeg',275593,1600,1200,0,'2019-07-17'),(745,1,'100382_2','100382_2.jpeg','media/image/100382_2.jpg','IMAGE','jpeg',238560,1600,1200,0,'2019-07-17'),(746,1,'100382_3','100382_3.jpeg','media/image/100382_3.jpg','IMAGE','jpeg',207442,1600,1200,0,'2019-07-17'),(747,1,'100382_4','100382_4.jpeg','media/image/100382_4.jpg','IMAGE','jpeg',275417,1600,1200,0,'2019-07-17'),(748,1,'100382_5','100382_5.jpeg','media/image/100382_5.jpg','IMAGE','jpeg',193208,1200,1600,0,'2019-07-17'),(749,1,'100382_6','100382_6.jpeg','media/image/100382_6.jpg','IMAGE','jpeg',218875,1200,1600,0,'2019-07-17'),(750,1,'100382_7','100382_7.jpeg','media/image/100382_7.jpg','IMAGE','jpeg',147767,1600,1200,0,'2019-07-17'),(751,1,'103970696_c_a_3_126_buc_3','103970696_c_a_3_126_buc_3.jpg','media/image/103970696_c_a_3_126_buc_3.jpg','IMAGE','jpg',54027,470,637,0,'2019-07-17'),(752,1,'103970696_b_a_3_126_buc_2','103970696_b_a_3_126_buc_2.jpg','media/image/103970696_b_a_3_126_buc_2.jpg','IMAGE','jpg',48004,478,627,0,'2019-07-17'),(753,1,'103970696_a_a_3_126_buc_1','103970696_a_a_3_126_buc_1.jpg','media/image/103970696_a_a_3_126_buc_1.jpg','IMAGE','jpg',94942,541,415,0,'2019-07-17'),(754,1,'103970696_d_a_3_126_buc_4','103970696_d_a_3_126_buc_4.jpg','media/image/103970696_d_a_3_126_buc_4.jpg','IMAGE','jpg',56480,474,632,0,'2019-07-17'),(755,1,'IMG_0070','IMG_0070.jpg','media/image/IMG_0070.jpg','IMAGE','jpg',2563795,2448,3264,0,'2019-07-17'),(756,1,'IMG_0071','IMG_0071.jpg','media/image/IMG_0071.jpg','IMAGE','jpg',2443046,2448,3264,0,'2019-07-17'),(757,1,'IMG_0073','IMG_0073.jpg','media/image/IMG_0073.jpg','IMAGE','jpg',2396853,2448,3264,0,'2019-07-17'),(758,1,'IMG_0074','IMG_0074.jpg','media/image/IMG_0074.jpg','IMAGE','jpg',2155668,2448,3264,0,'2019-07-17'),(759,1,'IMG_0072','IMG_0072.jpg','media/image/IMG_0072.jpg','IMAGE','jpg',1913136,3264,2448,0,'2019-07-17'),(760,1,'20180130_140351','20180130_140351.jpg','media/image/20180130_140351.jpg','IMAGE','jpg',90987,450,800,0,'2019-07-17'),(761,1,'20180130_140421','20180130_140421.jpg','media/image/20180130_140421.jpg','IMAGE','jpg',85913,450,800,0,'2019-07-17'),(762,1,'20180130_140429','20180130_140429.jpg','media/image/20180130_140429.jpg','IMAGE','jpg',98467,450,800,0,'2019-07-17'),(763,1,'20180130_140437','20180130_140437.jpg','media/image/20180130_140437.jpg','IMAGE','jpg',61434,450,800,0,'2019-07-17'),(764,1,'Stephan_Cutter_UM_40_81','Stephan_Cutter_UM_40_81.jpg','media/image/Stephan_Cutter_UM_40_81.jpg','IMAGE','jpg',103043,760,1344,0,'2019-07-17'),(765,1,'Stephan_Cutter_UM_40_3','Stephan_Cutter_UM_40_3.jpg','media/image/Stephan_Cutter_UM_40_3.jpg','IMAGE','jpg',116457,1344,760,0,'2019-07-17'),(766,1,'Stephan_Cutter_UM_40_4','Stephan_Cutter_UM_40_4.jpg','media/image/Stephan_Cutter_UM_40_4.jpg','IMAGE','jpg',84739,1344,760,0,'2019-07-17'),(767,1,'Stephan_Cutter_UM_40_5','Stephan_Cutter_UM_40_5.jpg','media/image/Stephan_Cutter_UM_40_5.jpg','IMAGE','jpg',76048,760,1344,0,'2019-07-17'),(768,1,'Stephan_Cutter_UM_40_2fEYsVouVORxB4','Stephan_Cutter_UM_40_2.jpeg','media/image/Stephan_Cutter_UM_40_2fEYsVouVORxB4.jpeg','IMAGE','jpeg',88369,1344,760,0,'2019-07-17'),(769,1,'Stephan_Cutter_UM_40_9','Stephan_Cutter_UM_40_9.jpg','media/image/Stephan_Cutter_UM_40_9.jpg','IMAGE','jpg',105345,1344,760,0,'2019-07-17'),(770,1,'Stephan_Cutter_UM_40_2iILJDF2NqKodV','Stephan_Cutter_UM_40_2.jpg','media/image/Stephan_Cutter_UM_40_2iILJDF2NqKodV.jpg','IMAGE','jpg',88369,1344,760,0,'2019-07-17'),(771,1,'100302_1','100302_1.jpg','media/image/100302_1.jpg','IMAGE','jpg',396909,768,1024,0,'2019-07-17'),(772,1,'100357_5','100357_5.jpg','media/image/100357_5.jpg','IMAGE','jpg',248331,1024,768,0,'2019-07-17'),(773,1,'100380_6','100380_6.jpg','media/image/100380_6.jpg','IMAGE','jpg',310988,1024,768,0,'2019-07-17'),(774,1,'100275_11','100275_11.jpg','media/image/100275_11.jpg','IMAGE','jpg',231419,720,1280,0,'2019-07-17'),(775,1,'Used_Decanter_100282_1n9R1tbT4JuvOo','Used_Decanter_100282_1.jpg','media/image/Used_Decanter_100282_1n9R1tbT4JuvOo.jpg','IMAGE','jpg',1483487,3264,2448,0,'2019-07-17'),(776,1,'DSC035791','DSC035791.jpg','media/image/DSC035791.jpg','IMAGE','jpg',477848,1632,1224,0,'2019-07-31'),(777,1,'DSC03583','DSC03583.jpg','media/image/DSC03583.jpg','IMAGE','jpg',399147,1224,1632,0,'2019-07-31'),(778,1,'100299_11','100299_11.jpg','media/image/100299_11.jpg','IMAGE','jpg',134959,600,800,0,'2019-07-31'),(779,1,'100299_2','100299_2.jpg','media/image/100299_2.jpg','IMAGE','jpg',150919,600,800,0,'2019-07-31'),(780,1,'100300_11','100300_11.jpg','media/image/100300_11.jpg','IMAGE','jpg',32730,531,398,0,'2019-07-31'),(781,1,'100302_41','100302_41.jpg','media/image/100302_41.jpg','IMAGE','jpg',420512,1024,768,0,'2019-07-31'),(782,1,'100302_5','100302_5.jpg','media/image/100302_5.jpg','IMAGE','jpg',397810,1024,768,0,'2019-07-31'),(783,1,'GEA_Ahlborn_311_2000_100319_11','GEA_Ahlborn_311_2000_100319_11.jpg','media/image/GEA_Ahlborn_311_2000_100319_11.jpg','IMAGE','jpg',174126,1600,1200,0,'2019-07-31'),(784,1,'IMG_44951','IMG_44951.jpg','media/image/IMG_44951.jpg','IMAGE','jpg',121267,747,1328,0,'2019-07-31'),(785,1,'IMG_4489','IMG_4489.jpg','media/image/IMG_4489.jpg','IMAGE','jpg',108734,747,1328,0,'2019-07-31'),(786,1,'100382_1WSQhEY6yN0edS','100382_1.jpg','media/image/100382_1WSQhEY6yN0edS.jpg','IMAGE','jpg',275593,1600,1200,0,'2019-08-12'),(787,1,'100382_2iaZJ28JsoSo71','100382_2.jpg','media/image/100382_2iaZJ28JsoSo71.jpg','IMAGE','jpg',238560,1600,1200,0,'2019-08-12'),(788,1,'100382_3JmdAoRUttF49o','100382_3.jpg','media/image/100382_3JmdAoRUttF49o.jpg','IMAGE','jpg',207442,1600,1200,0,'2019-08-12'),(789,1,'100382_4vCmKTWuBrBrLg','100382_4.jpg','media/image/100382_4vCmKTWuBrBrLg.jpg','IMAGE','jpg',275417,1600,1200,0,'2019-08-12'),(790,1,'100382_5ZXUmNoSmrzEQQ','100382_5.jpg','media/image/100382_5ZXUmNoSmrzEQQ.jpg','IMAGE','jpg',193208,1200,1600,0,'2019-08-12'),(791,1,'100382_6k7EZulyysBj7y','100382_6.jpg','media/image/100382_6k7EZulyysBj7y.jpg','IMAGE','jpg',218875,1200,1600,0,'2019-08-12'),(792,1,'100382_7H2eJB5HlJBfzO','100382_7.jpg','media/image/100382_7H2eJB5HlJBfzO.jpg','IMAGE','jpg',147767,1600,1200,0,'2019-08-12');

--
-- Table structure for table `s_media_album`
--

CREATE TABLE `s_media_album` (
  `id` int(11) NOT NULL AUTO_INCREMENT,
  `name` varchar(255) COLLATE utf8_unicode_ci NOT NULL,
  `parentID` int(11) DEFAULT NULL,
  `position` int(11) NOT NULL,
  `garbage_collectable` tinyint(1) DEFAULT '1',
  PRIMARY KEY (`id`)
) ENGINE=InnoDB AUTO_INCREMENT=6 DEFAULT CHARSET=utf8 COLLATE=utf8_unicode_ci;

--
-- Dumping data for table `s_media_album`
--

INSERT INTO `s_media_album` VALUES (-13,'Papierkorb',NULL,12,1),(-12,'Hersteller',NULL,12,1),(-11,'Blog',NULL,3,1),(-10,'Unsortiert',NULL,7,1),(-9,'Sonstiges',-6,3,1),(-8,'Musik',-6,2,1),(-7,'Video',-6,1,1),(-6,'Dateien',NULL,6,1),(-5,'Newsletter',NULL,4,1),(-4,'Aktionen',NULL,5,1),(-3,'Einkaufswelten',NULL,3,1),(-2,'Banner',NULL,1,1),(-1,'Artikel',NULL,2,1),(1,'sync4 Artikel Bilder',-1,1,0),(2,'Kategorien',-1,0,1),(3,'sync4 Kategorie Bilder',-6,1,NULL),(4,'Vorher Nacher',NULL,0,1),(5,'Instandsetzung & Demontage',-3,0,1);

--
-- Table structure for table `s_media_album_settings`
--

CREATE TABLE `s_media_album_settings` (
  `id` int(11) NOT NULL AUTO_INCREMENT,
  `albumID` int(11) NOT NULL,
  `create_thumbnails` int(11) NOT NULL,
  `thumbnail_size` text COLLATE utf8_unicode_ci NOT NULL,
  `icon` varchar(50) COLLATE utf8_unicode_ci NOT NULL,
  `thumbnail_high_dpi` int(1) DEFAULT NULL,
  `thumbnail_quality` int(11) DEFAULT NULL,
  `thumbnail_high_dpi_quality` int(11) DEFAULT NULL,
  PRIMARY KEY (`id`),
  UNIQUE KEY `albumID` (`albumID`)
) ENGINE=InnoDB AUTO_INCREMENT=19 DEFAULT CHARSET=utf8 COLLATE=utf8_unicode_ci;

--
-- Dumping data for table `s_media_album_settings`
--

INSERT INTO `s_media_album_settings` VALUES (1,-10,0,'','sprite-blue-folder',0,90,60),(2,-9,0,'','sprite-blue-folder',0,90,60),(3,-8,0,'','sprite-blue-folder',0,90,60),(4,-7,0,'','sprite-blue-folder',0,90,60),(5,-6,0,'','sprite-blue-folder',0,90,60),(6,-5,0,'','sprite-inbox-document-text',0,90,60),(7,-4,0,'','sprite-target',0,90,60),(8,-3,1,'800x800;1280x1280;1920x1920','sprite-target',1,90,60),(9,-2,1,'800x800;1280x1280;1920x1920','sprite-pictures',1,90,60),(10,-1,1,'350x350;600x600;1280x1280','sprite-inbox',1,90,60),(11,-11,1,'200x200;600x600;1280x1280','sprite-leaf',1,90,60),(12,-12,0,'','sprite-hard-hat',0,90,60),(13,-13,0,'','sprite-bin-metal-full',0,90,60),(14,1,1,'350x350;600x600;1280x1280','sprite-blue-folder',1,80,60),(15,2,1,'350x350;600x600;1280x1280','sprite-blue-folder',1,90,60),(16,3,1,'200x200;600x600;1280x1280','sprite-blue-folder',NULL,100,NULL),(17,4,0,'','sprite-blue-folder',0,90,70),(18,5,1,'800x800;1280x1280;1920x1920','sprite-blue-folder',1,90,60);

--
-- Table structure for table `s_media_association`
--

CREATE TABLE `s_media_association` (
  `id` int(11) NOT NULL AUTO_INCREMENT,
  `mediaID` int(11) NOT NULL,
  `targetType` varchar(50) COLLATE utf8_unicode_ci NOT NULL,
  `targetID` int(11) NOT NULL,
  PRIMARY KEY (`id`),
  KEY `Media` (`mediaID`),
  KEY `Target` (`targetID`,`targetType`)
) ENGINE=InnoDB DEFAULT CHARSET=utf8 COLLATE=utf8_unicode_ci;

--
-- Dumping data for table `s_media_association`
--


--
-- Table structure for table `s_media_attributes`
--

CREATE TABLE `s_media_attributes` (
  `id` int(11) NOT NULL AUTO_INCREMENT,
  `mediaID` int(11) DEFAULT NULL,
  PRIMARY KEY (`id`),
  UNIQUE KEY `mediaID` (`mediaID`),
  CONSTRAINT `s_media_attributes_ibfk_1` FOREIGN KEY (`mediaID`) REFERENCES `s_media` (`id`) ON DELETE CASCADE ON UPDATE NO ACTION
) ENGINE=InnoDB DEFAULT CHARSET=utf8 COLLATE=utf8_unicode_ci;

--
-- Dumping data for table `s_media_attributes`
--


--
-- Table structure for table `s_multi_edit_backup`
--

CREATE TABLE `s_multi_edit_backup` (
  `id` int(11) unsigned NOT NULL AUTO_INCREMENT,
  `filter_string` text COLLATE utf8_unicode_ci NOT NULL COMMENT 'Filter string of the backed up change',
  `operation_string` text COLLATE utf8_unicode_ci NOT NULL COMMENT 'Operations applied after the backup',
  `items` int(255) unsigned NOT NULL COMMENT 'Number of items affected by the backup',
  `date` datetime DEFAULT '0000-00-00 00:00:00' COMMENT 'Creation date',
  `size` int(255) unsigned NOT NULL COMMENT 'Size of the backup file',
  `path` varchar(255) COLLATE utf8_unicode_ci NOT NULL COMMENT 'Path of the backup file',
  `hash` varchar(255) COLLATE utf8_unicode_ci NOT NULL COMMENT 'Hash of the backup file',
  PRIMARY KEY (`id`),
  KEY `date` (`date`),
  KEY `size` (`size`),
  KEY `items` (`items`)
) ENGINE=InnoDB DEFAULT CHARSET=utf8 COLLATE=utf8_unicode_ci COMMENT='Backups known to the system';

--
-- Dumping data for table `s_multi_edit_backup`
--


--
-- Table structure for table `s_multi_edit_filter`
--

CREATE TABLE `s_multi_edit_filter` (
  `id` int(11) unsigned NOT NULL AUTO_INCREMENT,
  `name` varchar(255) COLLATE utf8_unicode_ci NOT NULL COMMENT 'Name of the filter',
  `filter_string` text COLLATE utf8_unicode_ci NOT NULL COMMENT 'The actual filter string',
  `description` text COLLATE utf8_unicode_ci NOT NULL COMMENT 'User description of the filter',
  `created` datetime DEFAULT '0000-00-00 00:00:00' COMMENT 'Creation date',
  `is_favorite` tinyint(1) NOT NULL DEFAULT '0' COMMENT 'Did the user mark this filter as favorite?',
  `is_simple` tinyint(1) NOT NULL DEFAULT '0' COMMENT 'Can the filter be loaded and modified with the simple editor?',
  PRIMARY KEY (`id`)
) ENGINE=InnoDB AUTO_INCREMENT=25 DEFAULT CHARSET=utf8 COLLATE=utf8_unicode_ci COMMENT='Holds all multi edit filters';

--
-- Dumping data for table `s_multi_edit_filter`
--

INSERT INTO `s_multi_edit_filter` VALUES (1,'<b>Abverkauf-Hauptartikel</b><br><small>nicht auf Lager</small>','DETAIL.LASTSTOCK  ISTRUE and DETAIL.INSTOCK <= \"0\" AND ISMAIN','Abverkauf-Hauptartikel ohne Lagerbestand',NULL,1,0),(2,'Hauptartikel','ismain','Alle Hauptartikel (einfache Artikel und Standardvarianten)',NULL,0,0),(3,'Mit Staffelpreisen','HASBLOCKPRICE','',NULL,0,0),(4,'Highlight','ARTICLE.HIGHLIGHT ISTRUE ','Zeit alle Highlight-Artikel',NULL,0,0),(5,'Konfigurator-Artikel','HASCONFIGURATOR  AND ISMAIN ','Artikel mit Konfiguratoren',NULL,0,0),(7,'Varianten','HASCONFIGURATOR ','Alle Varianten',NULL,0,0),(8,'Ohne Kategorie','CATEGORY.ID ISNULL  and ISMAIN ','Artikel ohne Kategoriezuordnung',NULL,1,0),(16,'Artikel ohne Bilder','HASNOIMAGE ','Artikel ohne Bilder',NULL,1,0),(17,'Komplexer Filter','ismain and CATEGORY.ACTIVE ISTRUE and SUPPLIER.NAME IN ( \"Teapavilion\" , \"Feinbrennerei Sasse\" ) ','',NULL,0,0),(18,'Artikel mit Händlerpreisen','PRICE.CUSTOMERGROUPKEY IN (\"B2B\" , \"H\")','Alle Artikel, für die Händlerpreise gepflegt werden.',NULL,0,0),(20,'Rote Artikel','CONFIGURATOROPTION.NAME = \"%Rot%\"  or PROPERTYOPTION.VALUE = \"rot\" ','Alle Artikel mit \"rot\" als Konfiguratoroption oder Eigenschaft',NULL,0,0),(21,'Regulärer Ausdruck','DETAIL.NUMBER !~ \"^sw[0-9]*\" ','Findet alle Artikel, die <b>nicht</b> eine Bestellnummer nach dem Schema swZAHL haben.',NULL,0,0),(22,'Artikel ohne Bewertung','  VOTE.ID ISNULL  and ismain','Zeigt alle Artikel ohne Bewertungen und Kommentar',NULL,0,0),(23,'Artikel mit nicht-freigeschalteten Bewertungen','VOTE.ACTIVE = \"0\"','Zeigt alle Artikel, die mindestens eine inaktive Bewertung haben',NULL,0,1),(24,'<b>Abverkauf-Variantenartikel</b><br><small>nicht auf Lager</small>','   DETAIL.LASTSTOCK  ISTRUE and DETAIL.INSTOCK <= 0','Abverkauf-Variantenartikel ohne Lagerbestand',NULL,1,0);

--
-- Table structure for table `s_multi_edit_queue`
--

CREATE TABLE `s_multi_edit_queue` (
  `id` int(11) unsigned NOT NULL AUTO_INCREMENT,
  `resource` varchar(255) COLLATE utf8_unicode_ci NOT NULL COMMENT 'Queued resource (e.g. product)',
  `filter_string` text COLLATE utf8_unicode_ci NOT NULL COMMENT 'The actual filter string',
  `operations` text COLLATE utf8_unicode_ci NOT NULL COMMENT 'Operations to apply',
  `items` int(255) unsigned NOT NULL COMMENT 'Initial number of objects in the queue',
  `active` tinyint(1) NOT NULL DEFAULT '0' COMMENT 'When active, the queue is allowed to be progressed by cronjob',
  `created` datetime DEFAULT '0000-00-00 00:00:00' COMMENT 'Creation date',
  PRIMARY KEY (`id`),
  KEY `filter_string` (`filter_string`(255)),
  KEY `created` (`created`)
) ENGINE=InnoDB DEFAULT CHARSET=utf8 COLLATE=utf8_unicode_ci COMMENT='Holds the batch process queue';

--
-- Dumping data for table `s_multi_edit_queue`
--


--
-- Table structure for table `s_multi_edit_queue_articles`
--

CREATE TABLE `s_multi_edit_queue_articles` (
  `id` int(11) unsigned NOT NULL AUTO_INCREMENT,
  `queue_id` int(11) unsigned NOT NULL COMMENT 'Id of the queue this article belongs to',
  `detail_id` int(11) unsigned NOT NULL COMMENT 'Id of the article detail',
  PRIMARY KEY (`id`),
  UNIQUE KEY `queue_id_2` (`queue_id`,`detail_id`),
  KEY `detail_id` (`detail_id`),
  KEY `queue_id` (`queue_id`),
  CONSTRAINT `s_multi_edit_queue_articles_ibfk_1` FOREIGN KEY (`detail_id`) REFERENCES `s_articles_details` (`id`) ON DELETE CASCADE ON UPDATE NO ACTION,
  CONSTRAINT `s_multi_edit_queue_articles_ibfk_2` FOREIGN KEY (`queue_id`) REFERENCES `s_multi_edit_queue` (`id`) ON DELETE CASCADE ON UPDATE NO ACTION
) ENGINE=InnoDB DEFAULT CHARSET=utf8 COLLATE=utf8_unicode_ci COMMENT='Products belonging to a certain queue';

--
-- Dumping data for table `s_multi_edit_queue_articles`
--


--
-- Table structure for table `s_order`
--

CREATE TABLE `s_order` (
  `id` int(11) NOT NULL AUTO_INCREMENT,
  `ordernumber` varchar(255) COLLATE utf8_unicode_ci DEFAULT NULL,
  `userID` int(11) DEFAULT NULL,
  `invoice_amount` double NOT NULL DEFAULT '0',
  `invoice_amount_net` double NOT NULL,
  `invoice_shipping` double NOT NULL DEFAULT '0',
  `invoice_shipping_net` double NOT NULL,
  `invoice_shipping_tax_rate` double DEFAULT NULL,
  `ordertime` datetime DEFAULT NULL,
  `status` int(11) NOT NULL DEFAULT '0',
  `cleared` int(11) NOT NULL DEFAULT '0',
  `paymentID` int(11) NOT NULL DEFAULT '0',
  `transactionID` varchar(255) COLLATE utf8_unicode_ci NOT NULL,
  `comment` mediumtext COLLATE utf8_unicode_ci NOT NULL,
  `customercomment` mediumtext COLLATE utf8_unicode_ci NOT NULL,
  `internalcomment` mediumtext COLLATE utf8_unicode_ci NOT NULL,
  `net` int(1) NOT NULL,
  `taxfree` int(11) NOT NULL,
  `partnerID` varchar(255) COLLATE utf8_unicode_ci DEFAULT NULL,
  `temporaryID` varchar(255) COLLATE utf8_unicode_ci NOT NULL,
  `referer` mediumtext COLLATE utf8_unicode_ci NOT NULL,
  `cleareddate` datetime DEFAULT NULL,
  `trackingcode` text COLLATE utf8_unicode_ci NOT NULL,
  `language` varchar(10) COLLATE utf8_unicode_ci NOT NULL,
  `dispatchID` int(11) NOT NULL,
  `currency` varchar(5) COLLATE utf8_unicode_ci NOT NULL,
  `currencyFactor` double NOT NULL,
  `subshopID` int(11) NOT NULL,
  `remote_addr` varchar(255) COLLATE utf8_unicode_ci DEFAULT NULL,
  `deviceType` varchar(50) COLLATE utf8_unicode_ci DEFAULT NULL,
  `is_proportional_calculation` tinyint(4) NOT NULL DEFAULT '0',
  `changed` datetime DEFAULT NULL,
  PRIMARY KEY (`id`),
  KEY `partnerID` (`partnerID`),
  KEY `userID` (`userID`),
  KEY `ordertime` (`ordertime`),
  KEY `cleared` (`cleared`),
  KEY `status` (`status`),
  KEY `paymentID` (`paymentID`),
  KEY `temporaryID` (`temporaryID`),
  KEY `ordernumber` (`ordernumber`),
  KEY `transactionID` (`transactionID`),
  KEY `ordernumber_2` (`ordernumber`,`status`),
  KEY `invoice_amount` (`invoice_amount`)
) ENGINE=InnoDB AUTO_INCREMENT=17 DEFAULT CHARSET=utf8 COLLATE=utf8_unicode_ci;

--
-- Dumping data for table `s_order`
--

INSERT INTO `s_order` VALUES (3,'20003',3,60693.9,51003.28,3.9,3.28,19,'2019-05-13 11:26:11',1,17,7,'','','','',0,0,'','','',NULL,'','1',0,'EUR',1,1,'80.151.0.0','desktop',0,'2019-05-13 13:34:24'),(4,'20004',4,7738.9,6503.28,3.9,3.28,19,'2019-05-13 11:48:28',1,17,7,'','','','',0,0,'','','',NULL,'','1',0,'EUR',1,1,'80.151.0.0','desktop',0,'2019-05-13 13:48:50'),(5,'20005',5,11903.9,10003.28,3.9,3.28,19,'2019-06-03 11:56:13',1,17,7,'','','','',0,0,'','','',NULL,'','1',0,'EUR',1,1,'80.151.0.0','desktop',0,'2019-06-03 14:02:12'),(6,'20006',6,23803.9,20003.28,3.9,3.28,19,'2019-06-04 07:01:30',1,17,7,'','','sdfsdfs','',0,0,'','','',NULL,'','1',0,'EUR',1,1,'80.151.0.0','desktop',0,'2019-06-04 09:01:57'),(7,'20007',7,40416.3,33963.28,3.9,3.28,19,'2019-06-08 09:07:31',2,17,7,'','','','',0,0,'','','',NULL,'','1',0,'EUR',1,1,'77.6.0.0','desktop',0,'2019-06-08 11:28:37'),(8,'20008',8,21423.9,18003.28,3.9,3.28,19,'2019-06-08 09:09:34',2,17,7,'','','','',0,0,'','','',NULL,'','1',0,'EUR',1,1,'77.6.0.0','desktop',0,'2019-06-08 11:28:39'),(9,'20009',9,58908.9,49503.28,3.9,3.28,19,'2019-06-08 09:15:07',2,17,7,'','','','',0,0,'','','',NULL,'','1',0,'EUR',1,1,'77.6.0.0','desktop',0,'2019-06-08 11:28:40'),(10,'20010',16,170003.6,170003.6,3.28,3.28,19,'2019-09-03 09:28:23',1,17,7,'','','test','',1,1,'','','',NULL,'','3',0,'EUR',1,1,'80.151.0.0','desktop',0,'2019-09-04 10:32:31'),(11,'20011',17,24503.28,24503.28,3.28,3.28,19,'2019-09-04 08:31:09',1,17,7,'','','Angebot bitte','',1,1,'','','',NULL,'','1',0,'EUR',1,1,'80.151.0.0','desktop',0,'2019-09-04 10:32:33'),(12,'20012',18,24503.28,24503.28,3.28,3.28,19,'2019-09-04 17:18:22',1,17,7,'','','','',1,1,'','','',NULL,'','3',0,'EUR',1,1,'193.77.0.0','desktop',0,'2019-09-18 16:13:59'),(13,'20013',19,24503.28,24503.28,3.28,3.28,19,'2019-11-18 10:35:27',0,17,7,'','','Hello,\r\nHello,\r\n\r\nI saw online you have a Stephan UM80 E for sale. \r\n\r\nI own a plant-based milk factory in Cape Town, South Africa. We are considering starting a small vegan analog cheese line that some of our customers have asked for.\r\n\r\nWe have some challenges in South Africa. First we have a very weak currency, which make importing difficult and costly. Second we have only a small percentage of the population that can buy such premium products as vegan cheese, so the market is limited. So we need to be careful with capital investment, which is why I always look for second hand, first. \r\n\r\nI am considering a steam cooker/stretcher, but it is very hard to find a small, entry level steam cooker. So I am now considering some small Stephan Universal cutters. \r\n\r\nRegards,\r\nMark','',1,1,'','','',NULL,'','3',0,'EUR',1,1,'197.229.0.0','desktop',0,'2019-11-18 10:35:27'),(14,'20014',20,46003.28,46003.28,3.28,3.28,19,'2019-12-06 10:53:48',0,17,7,'','','','',1,1,'','','',NULL,'','3',0,'EUR',1,1,'188.246.0.0','desktop',0,'2019-12-06 10:53:48'),(15,'20015',21,40003.28,40003.28,3.28,3.28,19,'2019-12-06 10:58:01',0,17,7,'','','','',1,1,'','','',NULL,'','3',0,'EUR',1,1,'188.246.0.0','desktop',0,'2019-12-06 10:58:01'),(16,'20016',22,2770.78,2770.78,3.28,3.28,19,'2019-12-10 11:01:59',0,17,7,'','','','',1,1,'','','',NULL,'','3',0,'EUR',1,1,'188.246.0.0','desktop',0,'2019-12-10 11:01:59');

--
-- Table structure for table `s_order_attributes`
--

CREATE TABLE `s_order_attributes` (
  `id` int(11) NOT NULL AUTO_INCREMENT,
  `orderID` int(11) DEFAULT NULL,
  `attribute1` text COLLATE utf8_unicode_ci,
  `attribute2` text COLLATE utf8_unicode_ci,
  `attribute3` text COLLATE utf8_unicode_ci,
  `attribute4` text COLLATE utf8_unicode_ci,
  `attribute5` text COLLATE utf8_unicode_ci,
  `attribute6` text COLLATE utf8_unicode_ci,
  `pix_inquiry_files` text COLLATE utf8_unicode_ci,
  PRIMARY KEY (`id`),
  UNIQUE KEY `orderID` (`orderID`),
  CONSTRAINT `s_order_attributes_ibfk_1` FOREIGN KEY (`orderID`) REFERENCES `s_order` (`id`) ON DELETE CASCADE ON UPDATE NO ACTION
) ENGINE=InnoDB AUTO_INCREMENT=17 DEFAULT CHARSET=utf8 COLLATE=utf8_unicode_ci;

--
-- Dumping data for table `s_order_attributes`
--

INSERT INTO `s_order_attributes` VALUES (3,3,NULL,NULL,NULL,NULL,NULL,NULL,''),(4,4,NULL,NULL,NULL,NULL,NULL,NULL,''),(5,5,NULL,NULL,NULL,NULL,NULL,NULL,'/home/default/html/files/pixinquiry/5cf50add2f4d4/Merx Logo Siegel.jpg'),(6,6,NULL,NULL,NULL,NULL,NULL,NULL,''),(7,7,NULL,NULL,NULL,NULL,NULL,NULL,''),(8,8,NULL,NULL,NULL,NULL,NULL,NULL,''),(9,9,NULL,NULL,NULL,NULL,NULL,NULL,''),(10,10,NULL,NULL,NULL,NULL,NULL,NULL,NULL),(11,11,NULL,NULL,NULL,NULL,NULL,NULL,NULL),(12,12,NULL,NULL,NULL,NULL,NULL,NULL,NULL),(13,13,NULL,NULL,NULL,NULL,NULL,NULL,NULL),(14,14,NULL,NULL,NULL,NULL,NULL,NULL,NULL),(15,15,NULL,NULL,NULL,NULL,NULL,NULL,NULL),(16,16,NULL,NULL,NULL,NULL,NULL,NULL,NULL);

--
-- Table structure for table `s_order_basket`
--

CREATE TABLE `s_order_basket` (
  `id` int(11) NOT NULL AUTO_INCREMENT,
  `sessionID` varchar(128) COLLATE utf8_unicode_ci DEFAULT NULL,
  `userID` int(11) NOT NULL DEFAULT '0',
  `articlename` varchar(255) COLLATE utf8_unicode_ci NOT NULL,
  `articleID` int(11) NOT NULL DEFAULT '0',
  `ordernumber` varchar(255) COLLATE utf8_unicode_ci NOT NULL,
  `shippingfree` int(1) NOT NULL DEFAULT '0',
  `quantity` int(11) NOT NULL DEFAULT '0',
  `price` double NOT NULL DEFAULT '0',
  `netprice` double NOT NULL DEFAULT '0',
  `tax_rate` double NOT NULL,
  `datum` datetime NOT NULL DEFAULT '0000-00-00 00:00:00',
  `modus` int(11) NOT NULL DEFAULT '0',
  `esdarticle` int(1) NOT NULL,
  `partnerID` varchar(45) COLLATE utf8_unicode_ci NOT NULL,
  `lastviewport` varchar(255) COLLATE utf8_unicode_ci NOT NULL,
  `useragent` varchar(255) COLLATE utf8_unicode_ci NOT NULL,
  `config` mediumtext COLLATE utf8_unicode_ci NOT NULL,
  `currencyFactor` double NOT NULL,
  PRIMARY KEY (`id`),
  KEY `sessionID` (`sessionID`),
  KEY `articleID` (`articleID`),
  KEY `datum` (`datum`),
  KEY `get_basket` (`sessionID`,`id`,`datum`),
  KEY `ordernumber` (`ordernumber`)
) ENGINE=InnoDB AUTO_INCREMENT=72 DEFAULT CHARSET=utf8 COLLATE=utf8_unicode_ci;

--
-- Dumping data for table `s_order_basket`
--

INSERT INTO `s_order_basket` VALUES (2,'ae6521f7b11cb93525f2247530bf71c8117dadfb0b080789b4510f61cb1d29b6',0,'Verpackungsmaschine  Verpaco VPS 120',1,'100012',0,1,60690,51000,19,'2019-01-14 13:51:36',0,0,'','checkout','Mozilla/5.0 (Windows NT 10.0; Win64; x64) AppleWebKit/537.36 (KHTML, like Gecko) Chrome/71.0.3578.98 Safari/537.36','',1),(3,'ae6521f7b11cb93525f2247530bf71c8117dadfb0b080789b4510f61cb1d29b6',0,'Beispielartikel',2,'SW10001',0,2,99999,84032.773109244,19,'2019-01-14 13:52:46',0,0,'','checkout','Mozilla/5.0 (Windows NT 10.0; Win64; x64) AppleWebKit/537.36 (KHTML, like Gecko) Chrome/71.0.3578.98 Safari/537.36','',1),(7,'b2cc30e3e36500026de63f1050cd529200ed0d188b5c281041fb9029d16f340d',0,'Entrahmer GEA Westfalia MSD 50-01-076',4,'A100140',0,1,12495,10500,19,'2019-01-28 09:22:14',0,0,'','checkout','Mozilla/5.0 (Windows NT 10.0; Win64; x64) AppleWebKit/537.36 (KHTML, like Gecko) Chrome/71.0.3578.98 Safari/537.36','',1),(8,'9d7cd25edaa5afb7523f8c4750f1ec7afa7e948e69666e58501c6eb1dd3c0dc6',0,'Verpackungsmaschine  Verpaco VPS 120',1,'100012',0,1,60690,51000,19,'2019-01-28 10:35:15',0,0,'','custom','Mozilla/5.0 (Windows NT 10.0; Win64; x64; rv:64.0) Gecko/20100101 Firefox/64.0','',1),(9,'4e2bd3bb0f943cabc98c2d21a2b1a07e60e2acc38a9eeee11db2f6fca6b9819f',0,'Klarifikator GEA Westfalia MSB 14',7,'A100017',0,1,7735,6500,19,'2019-02-06 19:35:42',0,0,'','index','Mozilla/5.0 (Windows NT 10.0; Win64; x64) AppleWebKit/537.36 (KHTML, like Gecko) Chrome/72.0.3626.96 Safari/537.36','',1),(10,'7b9de8a41c3045334a5852c16eadb6bab322fb87453580a110adedaf8cf88ba4',0,'Entrahmer GEA Westfalia MSD 50-01-076',4,'A100140',0,1,12495,10500,19,'2019-02-06 20:56:07',0,0,'','forms','Mozilla/5.0 (iPhone; CPU iPhone OS 10_3_3 like Mac OS X) AppleWebKit/603.1.30 (KHTML, like Gecko) CriOS/71.0.3578.89 Mobile/14G60 Safari/602.1','',1),(11,'7b9de8a41c3045334a5852c16eadb6bab322fb87453580a110adedaf8cf88ba4',0,'Klarifikator GEA Westfalia MSB 14',7,'A100017',0,1,7735,6500,19,'2019-02-06 20:56:50',0,0,'','forms','Mozilla/5.0 (iPhone; CPU iPhone OS 10_3_3 like Mac OS X) AppleWebKit/603.1.30 (KHTML, like Gecko) CriOS/71.0.3578.89 Mobile/14G60 Safari/602.1','',1),(12,'e41e9ac601569f2ed659cdf2a728feea04fe451cb736502781a0dfdab6472970',0,'Entrahmer GEA Westfalia MSD 50-01-076',4,'A100140',0,1,12495,10500,19,'2019-02-13 10:55:31',0,0,'','index','Mozilla/5.0 (Linux; Android 6.0; Nexus 5 Build/MRA58N) AppleWebKit/537.36 (KHTML, like Gecko) Chrome/72.0.3626.96 Mobile Safari/537.36','',1),(13,'aa3047decab78a6eb8771404c09a6e6675c95dcea7e785772cd57f0ada3fb3b4',0,'GEA Westfalia MSD 50-01-076 Entrahmer',15,'A100140',0,1,12495,10500,19,'2019-02-25 13:35:13',0,0,'','checkout','Mozilla/5.0 (Windows NT 10.0; Win64; x64) AppleWebKit/537.36 (KHTML, like Gecko) Chrome/72.0.3626.119 Safari/537.36','',1),(14,'a36bc740299857c2fcd164b7a42f7c3109c3d8cb7e1f2e1ce2793a92d9d73e1e',0,'GEA Westfalia MSD 50-01-076 Entrahmer',15,'A100140',0,1,12495,10500,19,'2019-02-26 08:40:25',0,0,'','index','Mozilla/5.0 (Windows NT 10.0; Win64; x64) AppleWebKit/537.36 (KHTML, like Gecko) Chrome/72.0.3626.119 Safari/537.36','',1),(15,'23cccf948a098b0aaed0217342b920ae7dbabe80276fcfe194afb9a19938d329',0,'APV Gaulin MC 120-3TPS Homogeniser',27,'A100028',0,1,21420,18000,19,'2019-03-02 05:02:35',0,0,'','checkout','Mozilla/5.0 (iPad; CPU OS 9_3_2 like Mac OS X) AppleWebKit/601.1.46 (KHTML, like Gecko) Version/9.0 Mobile/13F69 Safari/601.1','',1),(16,'31f38c28f44aab18ebf92f512f3829665d4f36800c0e28d88ba60455efc45a5c',0,'APV Gaulin MC 120-3TPS Homogenisator',27,'A100028',0,1,21420,18000,19,'2019-03-02 05:04:15',0,0,'','checkout','Mozilla/5.0 (iPad; CPU OS 9_3_2 like Mac OS X) AppleWebKit/601.1.46 (KHTML, like Gecko) Version/9.0 Mobile/13F69 Safari/601.1','',1),(17,'99e7aadc8039a585484ff1f72552d03636a3cba7294645fda8cfbcde390e55bf',0,'Sig F140 - Butter Packaging Machine',52,'A100300',0,1,1785,1500,19,'2019-03-05 08:29:03',0,0,'','listing','Mozilla/5.0 (Windows NT 10.0; Win64; x64) AppleWebKit/537.36 (KHTML, like Gecko) Chrome/72.0.3626.109 Safari/537.36','',1),(18,'b0310773ffcb3d5bc1b20ed500f09030af643785b8d27d30a60e7f60756ea0da',0,'Sig F140 - Butter Verpackungsmaschine',52,'A100300',0,1,1785,1500,19,'2019-03-06 13:55:19',0,0,'','index','Mozilla/5.0 (Windows NT 10.0; Win64; x64) AppleWebKit/537.36 (KHTML, like Gecko) Chrome/72.0.3626.119 Safari/537.36','',1),(20,'3259d46e28095f00ee77f47331f1178855d78e342cd7e38952e273b802d045bd',0,'ABAB ST6 - Aseptischer Tank',49,'A100290',0,60,23800,20000,19,'2019-03-07 11:01:26',0,0,'','listing','Mozilla/5.0 (Windows NT 10.0; Win64; x64) AppleWebKit/537.36 (KHTML, like Gecko) Chrome/72.0.3626.121 Safari/537.36','',1),(22,'510b2ce1e781f2bd8296cef0716f6f9cb44b9112b37b4c84c489b2b4558c9bf5',0,'Alfa Laval QMRKX 517 SGV-34C-50 - Quarkseparator',42,'A100256',0,1,27370,23000,19,'2019-03-09 07:13:40',0,0,'','listing','Mozilla/5.0 (Windows NT 10.0; Win64; x64) AppleWebKit/537.36 (KHTML, like Gecko) Chrome/72.0.3626.121 Safari/537.36','',1),(23,'eed1060057ce7d64d171fe91fe844316fa921553de6c6faf128de2cbc198e536',0,'Verpaco VPS 120 Butter Verpackungsmaschine',23,'A100012',0,1,60690,51000,19,'2019-04-04 08:51:56',0,0,'','index','Mozilla/5.0 (Windows NT 10.0; Win64; x64) AppleWebKit/537.36 (KHTML, like Gecko) Chrome/73.0.3683.86 Safari/537.36','',1),(24,'ddf38c01cf3c4c5ffe9e062f05f047d045b910d42d2767e68e8bb3e8fd679e01',0,'Benhil 8204 - Becherfüller',44,'A100272',0,1,3570,3000,19,'2019-04-04 16:11:28',0,0,'','Inquiry','Mozilla/5.0 (Windows NT 10.0; Win64; x64) AppleWebKit/537.36 (KHTML, like Gecko) Chrome/73.0.3683.86 Safari/537.36','',1),(25,'bcbafed524a9ac3e31b743a1ca9ba7c282faa1987cac99d446cdaec495076e97',0,'Verpaco VPS 120 Butter Verpackungsmaschine',23,'A100012',0,1,60690,51000,19,'2019-04-05 11:30:59',0,0,'','forms','Mozilla/5.0 (Windows NT 10.0; Win64; x64) AppleWebKit/537.36 (KHTML, like Gecko) Chrome/73.0.3683.86 Safari/537.36','',1),(26,'aba30913a97e37bdd06c678302251a8266bad140509fa54cdd362ebeb7dcf530',0,'Verpaco VPS 120 Butter Verpackungsmaschine',23,'A100012',0,1,60690,51000,19,'2019-04-05 11:31:10',0,0,'','detail','Mozilla/5.0 (Windows NT 10.0; Win64; x64) AppleWebKit/537.36 (KHTML, like Gecko) Chrome/74.0.3729.131 Safari/537.36','',1),(27,'4c5c1668cad2a128473ffd4209f9a53bce4966be1ea0e693144b6c2ff4662ae4',0,'Verpaco VPS 120 Butter Verpackungsmaschine',23,'A100012',0,1,60690,51000,19,'2019-04-10 09:17:04',0,0,'','detail','Mozilla/5.0 (Windows NT 10.0; Win64; x64) AppleWebKit/537.36 (KHTML, like Gecko) Chrome/73.0.3683.86 Safari/537.36','',1),(31,'7a8df0b13ba255406ef8ee8c1c84963f845130db014d7d69a9c854f910832078',0,'Risco RS 305 - Vacuum Filler',78,'A100423',0,1,7735,6500,19,'2019-06-01 20:28:33',0,0,'','detail','Mozilla/5.0 (Windows NT 10.0; Win64; x64) AppleWebKit/537.36 (KHTML, like Gecko) Chrome/74.0.3729.169 Safari/537.36','',1),(32,'7a8df0b13ba255406ef8ee8c1c84963f845130db014d7d69a9c854f910832078',0,'Simon Freres MB 5 - CBM',71,'A100382',0,1,11900,10000,19,'2019-06-01 20:30:13',0,0,'','detail','Mozilla/5.0 (Windows NT 10.0; Win64; x64) AppleWebKit/537.36 (KHTML, like Gecko) Chrome/74.0.3729.169 Safari/537.36','',1),(44,'cbac8cafe6ca86d801e33d55d1240ac8',0,'Trepko XPG-40 Butter Verpackungsmaschine',28,'A100101',0,2,46000,46000,0,'2019-06-20 06:39:36',0,0,'','listing','Mozilla/5.0 (Windows NT 10.0; Win64; x64) AppleWebKit/537.36 (KHTML, like Gecko) Chrome/74.0.3729.169 Safari/537.36','',1),(45,'cbac8cafe6ca86d801e33d55d1240ac8',0,'GEA Westfalia SA 20-06-076 - Klarifikator',24,'A100015',0,1,16402.05,16402.05,0,'2019-06-20 13:52:13',0,0,'','listing','Mozilla/5.0 (Windows NT 10.0; Win64; x64) AppleWebKit/537.36 (KHTML, like Gecko) Chrome/74.0.3729.169 Safari/537.36','',1),(46,'cbac8cafe6ca86d801e33d55d1240ac8',0,'Alfa Laval BMRPX 714 HGV-14C - Bactofuge',54,'A100303',0,1,29460,29460,0,'2019-06-20 13:52:15',0,0,'','listing','Mozilla/5.0 (Windows NT 10.0; Win64; x64) AppleWebKit/537.36 (KHTML, like Gecko) Chrome/74.0.3729.169 Safari/537.36','',1),(47,'364545537671f351ddb9da27a12cf328cdf269d0bebe45e45a74640f194fe794',0,'Trepko XPG-40 Butter Verpackungsmaschine',28,'A100101',0,1,46000,46000,0,'2019-06-21 12:02:32',0,0,'','Inquiry','Mozilla/5.0 (Windows NT 10.0) AppleWebKit/537.36 (KHTML, like Gecko) Chrome/42.0.2311.135 Safari/537.36 Edge/12.10240','',1),(48,'46066bcde401a3a4bf3cb92bb8dc30ea1678277743aa449692d35820269697bb',0,'Kustner Micropac ET - Butterverpackungsmaschine',68,'A100379',0,1,4425,4425,0,'2019-06-21 22:37:07',0,0,'','index','Mozilla/5.0 (iPad; CPU OS 9_3_2 like Mac OS X) AppleWebKit/601.1 (KHTML, like Gecko) CriOS/63.0.3239.73 Mobile/13F69 Safari/601.1.46','',1),(51,'752f336369ff805c5158178d67e5b59d',0,'APV Gaulin MC 7 3-TBS - Homogeniser',65,'A100369',0,1,5000,5000,19,'2019-09-04 10:25:13',0,0,'','forms','Mozilla/5.0 (Windows NT 10.0; Win64; x64) AppleWebKit/537.36 (KHTML, like Gecko) Chrome/78.0.3904.108 Safari/537.36 OPR/65.0.3467.78','',1),(52,'752f336369ff805c5158178d67e5b59d',0,'APV LAB 15 M - Homogeniser',43,'A100264',0,1,2022.3,2022.3,19,'2019-09-04 10:25:19',0,0,'','forms','Mozilla/5.0 (Windows NT 10.0; Win64; x64) AppleWebKit/537.36 (KHTML, like Gecko) Chrome/78.0.3904.108 Safari/537.36 OPR/65.0.3467.78','',1),(55,'752f336369ff805c5158178d67e5b59d',0,'APV Gaulin MC 18-3 TPS - Homogeniser',76,'A100413',0,1,12000,12000,19,'2019-09-05 16:43:02',0,0,'','forms','Mozilla/5.0 (Windows NT 10.0; Win64; x64) AppleWebKit/537.36 (KHTML, like Gecko) Chrome/78.0.3904.108 Safari/537.36 OPR/65.0.3467.78','',1),(56,'1beefe2ec76ba3dec6a2278406df828341122f3c06405a5aacd36b0d1eb00039',0,'Stephan UMM/SK 40 E - Cutter',80,'A100441',0,1,24500,24500,19,'2019-09-11 13:19:47',0,0,'','detail','Mozilla/5.0 (Windows NT 10.0; Win64; x64; rv:69.0) Gecko/20100101 Firefox/69.0','',1),(58,'a077be6f87763b7cce7f4655cb82fe0eef0d4ae478dd7c31d3ee99273b087e69',0,'GEA Westfalia BUC 1500 - Buttermaschine',73,'A100386',0,1,20000,20000,19,'2019-09-11 13:20:54',0,0,'','detail','Mozilla/5.0 (Windows NT 10.0; Win64; x64; rv:68.0) Gecko/20100101 Firefox/68.0','',1),(59,'ff5b6f44b800acb4c91573b1fbe92c25aa283365fe90e30fec2a80699d14fe44',0,'GEA Westfalia BUC 1500 - CBM',73,'A100386',0,1,20000,20000,19,'2019-09-11 13:25:40',0,0,'','detail','Mozilla/5.0 (Windows NT 10.0; Win64; x64; rv:68.0) Gecko/20100101 Firefox/68.0','',1),(61,'3df1c5aa49172de5b732cad65158db215d8f7a454abb7be71d7b09e40ef7c95a',0,'Benhil 8204 - Becherfüller',44,'A100272',0,1,6798.75,6798.75,19,'2019-09-12 15:07:32',0,0,'','listing','Mozilla/5.0 (X11; Linux x86_64) AppleWebKit/537.36 (KHTML, like Gecko) Chrome/76.0.3809.132 Safari/537.36','',1),(62,'3df1c5aa49172de5b732cad65158db215d8f7a454abb7be71d7b09e40ef7c95a',0,'Hamba 6000 - Becherfüller',70,'A100381',0,1,4425,4425,19,'2019-09-12 15:07:34',0,0,'','listing','Mozilla/5.0 (X11; Linux x86_64) AppleWebKit/537.36 (KHTML, like Gecko) Chrome/76.0.3809.132 Safari/537.36','',1),(63,'e9ece2926334937a161a8ec9b2672e03dce2ff85a5d37c7bb0d334463bebb478',0,'APV Gaulin MC 45-5TPS - Homogeniser',37,'A100236',0,1,19700,19700,19,'2019-09-30 12:09:21',0,0,'','detail','Mozilla/5.0 (Macintosh; Intel Mac OS X 10_14_6) AppleWebKit/605.1.15 (KHTML, like Gecko) Version/13.0.1 Safari/605.1.15','',1),(65,'85789d936f8847be59db07360c01a360b7fa84b2363740fabb2775962f2e5d0f',0,'Stephan UMM/SK 40 E - Kutter',80,'A100441',0,1,29155,24500,19,'2019-10-04 10:07:13',0,0,'','index','Mozilla/5.0 (Windows NT 10.0; Win64; x64; rv:69.0) Gecko/20100101 Firefox/69.0','',1),(68,'b18e2dd4c506b40df4cee31980302cafbd431f4583e87af590bfc10ce7693669',0,'UF 70 - Ultra Filtration Line',48,'A100284',0,1,165838.4,139360,19,'2019-11-07 12:44:15',0,0,'','note','Mozilla/5.0 (Windows NT 6.1; WOW64; Trident/7.0; rv:11.0) like Gecko','',1),(69,'6bf7939dc0fd3781779fd7536d341de2022d00c7347f92b933e4d0a64021a359',0,'Alfa Laval BMRPX 714 HGV-14C - Bactofuge',54,'A100303',0,1,35057.4,29460,19,'2019-11-13 18:20:07',0,0,'','listing','Mozilla/5.0 (Macintosh; Intel Mac OS X 10_15) AppleWebKit/605.1.15 (KHTML, like Gecko) Version/13.0.3 Safari/605.1.15','',1),(71,'89fecd4732d1dd9ce34ababcb8f39d5d84860eac967cff0b12be1937f08a1165',0,'Kustner YH 8/8 Tringular - Käseverpackungsmaschine',46,'A100281',0,1,6000,6000,19,'2019-11-26 23:39:59',0,0,'','listing','Mozilla/5.0 (Windows NT 10.0; Win64; x64) AppleWebKit/537.36 (KHTML, like Gecko) Chrome/78.0.3904.108 Safari/537.36','',1);

--
-- Table structure for table `s_order_basket_attributes`
--

CREATE TABLE `s_order_basket_attributes` (
  `id` int(11) NOT NULL AUTO_INCREMENT,
  `basketID` int(11) DEFAULT NULL,
  `attribute1` text COLLATE utf8_unicode_ci,
  `attribute2` text COLLATE utf8_unicode_ci,
  `attribute3` text COLLATE utf8_unicode_ci,
  `attribute4` text COLLATE utf8_unicode_ci,
  `attribute5` text COLLATE utf8_unicode_ci,
  `attribute6` text COLLATE utf8_unicode_ci,
  PRIMARY KEY (`id`),
  UNIQUE KEY `basketID` (`basketID`),
  CONSTRAINT `s_order_basket_attributes_ibfk_2` FOREIGN KEY (`basketID`) REFERENCES `s_order_basket` (`id`) ON DELETE CASCADE ON UPDATE NO ACTION
) ENGINE=InnoDB AUTO_INCREMENT=72 DEFAULT CHARSET=utf8 COLLATE=utf8_unicode_ci;

--
-- Dumping data for table `s_order_basket_attributes`
--

INSERT INTO `s_order_basket_attributes` VALUES (2,2,'',NULL,NULL,NULL,NULL,NULL),(3,3,'',NULL,NULL,NULL,NULL,NULL),(7,7,'',NULL,NULL,NULL,NULL,NULL),(8,8,'',NULL,NULL,NULL,NULL,NULL),(9,9,'',NULL,NULL,NULL,NULL,NULL),(10,10,'',NULL,NULL,NULL,NULL,NULL),(11,11,'',NULL,NULL,NULL,NULL,NULL),(12,12,'',NULL,NULL,NULL,NULL,NULL),(13,13,'',NULL,NULL,NULL,NULL,NULL),(14,14,'',NULL,NULL,NULL,NULL,NULL),(15,15,'',NULL,NULL,NULL,NULL,NULL),(16,16,'',NULL,NULL,NULL,NULL,NULL),(17,17,'',NULL,NULL,NULL,NULL,NULL),(18,18,'',NULL,NULL,NULL,NULL,NULL),(20,20,'',NULL,NULL,NULL,NULL,NULL),(22,22,'',NULL,NULL,NULL,NULL,NULL),(23,23,'',NULL,NULL,NULL,NULL,NULL),(24,24,'',NULL,NULL,NULL,NULL,NULL),(25,25,'',NULL,NULL,NULL,NULL,NULL),(26,26,'',NULL,NULL,NULL,NULL,NULL),(27,27,'',NULL,NULL,NULL,NULL,NULL),(31,31,'',NULL,NULL,NULL,NULL,NULL),(32,32,'',NULL,NULL,NULL,NULL,NULL),(44,44,'',NULL,NULL,NULL,NULL,NULL),(45,45,'',NULL,NULL,NULL,NULL,NULL),(46,46,'',NULL,NULL,NULL,NULL,NULL),(47,47,'',NULL,NULL,NULL,NULL,NULL),(48,48,'',NULL,NULL,NULL,NULL,NULL),(51,51,'',NULL,NULL,NULL,NULL,NULL),(52,52,'',NULL,NULL,NULL,NULL,NULL),(55,55,'',NULL,NULL,NULL,NULL,NULL),(56,56,'',NULL,NULL,NULL,NULL,NULL),(58,58,'',NULL,NULL,NULL,NULL,NULL),(59,59,'',NULL,NULL,NULL,NULL,NULL),(61,61,'',NULL,NULL,NULL,NULL,NULL),(62,62,'',NULL,NULL,NULL,NULL,NULL),(63,63,'',NULL,NULL,NULL,NULL,NULL),(65,65,'',NULL,NULL,NULL,NULL,NULL),(68,68,'',NULL,NULL,NULL,NULL,NULL),(69,69,'',NULL,NULL,NULL,NULL,NULL),(71,71,'',NULL,NULL,NULL,NULL,NULL);

--
-- Table structure for table `s_order_basket_signatures`
--

CREATE TABLE `s_order_basket_signatures` (
  `signature` varchar(200) COLLATE utf8_unicode_ci NOT NULL,
  `basket` longtext COLLATE utf8_unicode_ci NOT NULL,
  `created_at` date NOT NULL,
  PRIMARY KEY (`signature`),
  KEY `created_at` (`created_at`)
) ENGINE=InnoDB DEFAULT CHARSET=utf8 COLLATE=utf8_unicode_ci;

--
-- Dumping data for table `s_order_basket_signatures`
--


--
-- Table structure for table `s_order_billingaddress`
--

CREATE TABLE `s_order_billingaddress` (
  `id` int(11) NOT NULL AUTO_INCREMENT,
  `userID` int(11) DEFAULT NULL,
  `orderID` int(11) NOT NULL,
  `company` varchar(255) COLLATE utf8_unicode_ci NOT NULL,
  `department` varchar(35) COLLATE utf8_unicode_ci NOT NULL,
  `salutation` varchar(30) COLLATE utf8_unicode_ci NOT NULL,
  `customernumber` varchar(30) COLLATE utf8_unicode_ci DEFAULT NULL,
  `firstname` varchar(50) COLLATE utf8_unicode_ci NOT NULL,
  `lastname` varchar(60) COLLATE utf8_unicode_ci NOT NULL,
  `street` varchar(255) COLLATE utf8_unicode_ci DEFAULT NULL,
  `zipcode` varchar(50) COLLATE utf8_unicode_ci NOT NULL,
  `city` varchar(70) COLLATE utf8_unicode_ci NOT NULL,
  `phone` varchar(40) COLLATE utf8_unicode_ci NOT NULL,
  `countryID` int(11) NOT NULL DEFAULT '0',
  `stateID` int(11) DEFAULT NULL,
  `ustid` varchar(50) COLLATE utf8_unicode_ci DEFAULT NULL,
  `additional_address_line1` varchar(255) COLLATE utf8_unicode_ci DEFAULT NULL,
  `additional_address_line2` varchar(255) COLLATE utf8_unicode_ci DEFAULT NULL,
  `title` varchar(100) COLLATE utf8_unicode_ci DEFAULT NULL,
  PRIMARY KEY (`id`),
  UNIQUE KEY `orderID` (`orderID`),
  KEY `userid` (`userID`)
) ENGINE=InnoDB AUTO_INCREMENT=17 DEFAULT CHARSET=utf8 COLLATE=utf8_unicode_ci;

--
-- Dumping data for table `s_order_billingaddress`
--

INSERT INTO `s_order_billingaddress` VALUES (3,3,3,'Merx Handel & Industrie GmbH','','mr','20005','Maurice','Bortey','Raboisen, 16','20095','Hamburg','469667880',2,NULL,'',NULL,NULL,''),(4,4,4,'RTL','Arschfick','mr','20006','Peter','Klöppel','Knübbelstraße','11111','Deutsch','',2,NULL,'',NULL,NULL,''),(5,5,5,'Merx Handel & Industrie GmbH','','mr','20007','Maurice','Bortey','Raboisen, 16','20095','Hamburg','469667880',2,NULL,'',NULL,NULL,''),(6,6,6,'Mer','','mr','20008','Maurice','Bortey','Raboisen, 16','20095','Hamburg','469667880',2,NULL,'',NULL,NULL,''),(7,7,7,'Merx Handel & Industrie GmbH','','mr','20009','Maurice','Bortey','Raboisen 16','20095','Hamburg','',2,NULL,'',NULL,NULL,''),(8,8,8,'Decher Industries','','mr','20010','Oliver','Decher','Musterstraße 14','22586','Hamburg','',2,NULL,'',NULL,NULL,''),(9,9,9,'Davani Dairy Equipment and More Inc.','','mr','20011','Keyvan','Davani','Moos Straße 35','13695','Berlin','',2,NULL,'',NULL,NULL,''),(10,16,10,'Merx','Sales','mr','20013','Oliver','Decher','raboisen 16','20095','Hamburg','0125421254142',2,NULL,'',NULL,NULL,''),(11,17,11,'Merx','','mr','20014','Oliver','Decher','raboisen 16','20095','Hamburg','017644559851',2,NULL,'',NULL,NULL,''),(12,18,12,'Triveg d.o.o.','','mr','20015','Luka','Perpar Samsa','Ljubljanska 18','1351','Brezovica','',2,NULL,'',NULL,NULL,''),(13,19,13,'Soma Food Co. (Pty) Ltd','CEO','mr','20016','Mark','Naude','Unit 7 Waterstone, 61 Capricorn Drive, Capricorn Park','7945','Cape Town','+27736464425',2,NULL,'',NULL,NULL,''),(14,20,14,'TOO \"Molochniy Soyuz\"','Management','mr','20017','Maxim','Kuzlyakin','Akhremenko Street, 15','150010','Petropavlovsk','+77057560600',2,NULL,'',NULL,NULL,''),(15,21,15,'TOO \"Molochniy Soyuz\"','Management','mr','20018','Maxim','Kuzlyakin','Akhremenko Street, 15','150010','Petropavlovsk','+77057560600',2,NULL,'',NULL,NULL,''),(16,22,16,'TOO \"Molochniy Soyuz\"','','mr','20019','Maxim','Kuzlyakin','Akhremenko Street, 15','150010','Petropavlovsk','+77057560600',2,NULL,'',NULL,NULL,'');

--
-- Table structure for table `s_order_billingaddress_attributes`
--

CREATE TABLE `s_order_billingaddress_attributes` (
  `id` int(11) NOT NULL AUTO_INCREMENT,
  `billingID` int(11) DEFAULT NULL,
  `text1` text COLLATE utf8_unicode_ci,
  `text2` text COLLATE utf8_unicode_ci,
  `text3` text COLLATE utf8_unicode_ci,
  `text4` text COLLATE utf8_unicode_ci,
  `text5` text COLLATE utf8_unicode_ci,
  `text6` text COLLATE utf8_unicode_ci,
  PRIMARY KEY (`id`),
  UNIQUE KEY `billingID` (`billingID`),
  CONSTRAINT `s_order_billingaddress_attributes_ibfk_2` FOREIGN KEY (`billingID`) REFERENCES `s_order_billingaddress` (`id`) ON DELETE CASCADE ON UPDATE NO ACTION
) ENGINE=InnoDB AUTO_INCREMENT=17 DEFAULT CHARSET=utf8 COLLATE=utf8_unicode_ci;

--
-- Dumping data for table `s_order_billingaddress_attributes`
--

INSERT INTO `s_order_billingaddress_attributes` VALUES (3,3,NULL,NULL,NULL,NULL,NULL,NULL),(4,4,NULL,NULL,NULL,NULL,NULL,NULL),(5,5,NULL,NULL,NULL,NULL,NULL,NULL),(6,6,NULL,NULL,NULL,NULL,NULL,NULL),(7,7,NULL,NULL,NULL,NULL,NULL,NULL),(8,8,NULL,NULL,NULL,NULL,NULL,NULL),(9,9,NULL,NULL,NULL,NULL,NULL,NULL),(10,10,NULL,NULL,NULL,NULL,NULL,NULL),(11,11,NULL,NULL,NULL,NULL,NULL,NULL),(12,12,NULL,NULL,NULL,NULL,NULL,NULL),(13,13,NULL,NULL,NULL,NULL,NULL,NULL),(14,14,NULL,NULL,NULL,NULL,NULL,NULL),(15,15,NULL,NULL,NULL,NULL,NULL,NULL),(16,16,NULL,NULL,NULL,NULL,NULL,NULL);

--
-- Table structure for table `s_order_comparisons`
--

CREATE TABLE `s_order_comparisons` (
  `id` int(11) NOT NULL AUTO_INCREMENT,
  `sessionID` varchar(128) COLLATE utf8_unicode_ci DEFAULT NULL,
  `userID` int(11) NOT NULL DEFAULT '0',
  `articlename` varchar(255) COLLATE utf8_unicode_ci NOT NULL,
  `articleID` int(11) NOT NULL DEFAULT '0',
  `datum` datetime NOT NULL DEFAULT '0000-00-00 00:00:00',
  PRIMARY KEY (`id`),
  KEY `articleID` (`articleID`),
  KEY `sessionID` (`sessionID`),
  KEY `datum` (`datum`)
) ENGINE=InnoDB AUTO_INCREMENT=15 DEFAULT CHARSET=utf8 COLLATE=utf8_unicode_ci;

--
-- Dumping data for table `s_order_comparisons`
--

INSERT INTO `s_order_comparisons` VALUES (6,'7a8df0b13ba255406ef8ee8c1c84963f845130db014d7d69a9c854f910832078',0,'GEA Westfalia BUC 1500 - Buttermaschine',73,'2019-06-01 18:29:42'),(7,'7a8df0b13ba255406ef8ee8c1c84963f845130db014d7d69a9c854f910832078',0,'Simon Freres MB 5 - Buttermaschine',71,'2019-06-01 18:29:51'),(14,'2cfc0970315d842a0e86e647a156e572',0,'Stephan UMM/SK 40 E - Kutter',80,'2019-09-04 08:29:09');

--
-- Table structure for table `s_order_details`
--

CREATE TABLE `s_order_details` (
  `id` int(11) NOT NULL AUTO_INCREMENT,
  `orderID` int(11) NOT NULL DEFAULT '0',
  `ordernumber` varchar(255) COLLATE utf8_unicode_ci DEFAULT '',
  `articleID` int(11) NOT NULL DEFAULT '0',
  `articleordernumber` varchar(255) COLLATE utf8_unicode_ci NOT NULL,
  `price` double NOT NULL DEFAULT '0',
  `quantity` int(11) NOT NULL DEFAULT '0',
  `name` varchar(255) COLLATE utf8_unicode_ci NOT NULL,
  `status` int(1) NOT NULL DEFAULT '0',
  `shipped` int(11) NOT NULL DEFAULT '0',
  `shippedgroup` int(11) NOT NULL DEFAULT '0',
  `releasedate` date DEFAULT NULL,
  `modus` int(11) NOT NULL,
  `esdarticle` int(1) NOT NULL,
  `taxID` int(11) DEFAULT NULL,
  `tax_rate` double NOT NULL,
  `config` mediumtext COLLATE utf8_unicode_ci NOT NULL,
  `ean` varchar(255) COLLATE utf8_unicode_ci DEFAULT NULL,
  `unit` varchar(255) COLLATE utf8_unicode_ci DEFAULT NULL,
  `pack_unit` varchar(255) COLLATE utf8_unicode_ci DEFAULT NULL,
  `articleDetailID` int(11) unsigned DEFAULT NULL,
  PRIMARY KEY (`id`),
  KEY `orderID` (`orderID`),
  KEY `articleID` (`articleID`),
  KEY `ordernumber` (`ordernumber`),
  KEY `articleordernumber` (`articleordernumber`)
) ENGINE=InnoDB AUTO_INCREMENT=21 DEFAULT CHARSET=utf8 COLLATE=utf8_unicode_ci;

--
-- Dumping data for table `s_order_details`
--

INSERT INTO `s_order_details` VALUES (3,3,'20003',23,'A100012',60690,1,'Verpaco VPS 120 Butter Verpackungsmaschine',0,0,0,'0000-00-00',0,0,1,19,'','','','',23),(4,4,'20004',78,'A100423',7735,1,'Risco RS 305 - Vakuumfüller',0,0,0,'0000-00-00',0,0,1,19,'','','','',78),(5,5,'20005',71,'A100382',11900,1,'Simon Freres MB 5 - Buttermaschine',0,0,0,'0000-00-00',0,0,1,19,'','','','',71),(6,6,'20006',73,'A100386',23800,1,'GEA Westfalia BUC 1500 - Buttermaschine',0,0,0,'0000-00-00',0,0,1,19,'','','','',73),(7,7,'20007',55,'A100210',5355,1,'Alfa Laval - Aspetischer Tank',0,0,0,'0000-00-00',0,0,1,19,'','','','',55),(8,7,'20007',54,'A100303',35057.4,1,'Alfa Laval BMRPX 714 HGV-14C - Bactofuge',0,0,0,'0000-00-00',0,0,1,19,'','','','',54),(9,8,'20008',59,'A100343',7140,1,'Kustner YH Square - Käseverpackungsmaschine',0,0,0,'0000-00-00',0,0,1,19,'','','','',59),(10,8,'20008',76,'A100413',14280,1,'APV Gaulin MC 18-3 TPS - Homogenisator',0,0,0,'0000-00-00',0,0,1,19,'','','','',76),(11,9,'20009',42,'A100256',27370,1,'Alfa Laval QMRKX 517 SGV-34C-50 - Quarkseparator',0,0,0,'0000-00-00',0,0,1,19,'','','','',42),(12,9,'20009',73,'A100386',23800,1,'GEA Westfalia BUC 1500 - Buttermaschine',0,0,0,'0000-00-00',0,0,1,19,'','','','',73),(13,9,'20009',78,'A100423',7735,1,'Risco RS 305 - Vakuumfüller',0,0,0,'0000-00-00',0,0,1,19,'','','','',78),(14,10,'20010',42,'A100256',170000.32,1,'Alfa Laval QMRKX 517 SGV-34C-50 - Quarkseparator',0,0,0,'0000-00-00',0,0,0,19,'','','','',42),(15,11,'20011',80,'A100441',24500,1,'Stephan UMM/SK 40 E - Kutter',0,0,0,'0000-00-00',0,0,0,19,'','','','',80),(16,12,'20012',80,'A100441',24500,1,'Stephan UMM/SK 40 E - Cutter',0,0,0,'0000-00-00',0,0,0,19,'','','','',80),(17,13,'20013',80,'A100441',24500,1,'Stephan UMM/SK 40 E - Cutter',0,0,0,'0000-00-00',0,0,0,19,'','','','',80),(18,14,'20014',28,'A100101',46000,1,'Trepko XPG-40 Butter Packaging Machine',0,0,0,'0000-00-00',0,0,0,19,'','','','',28),(19,15,'20015',61,'A100354',40000,1,'Alfa Laval BMRPX 618 HGV-14C-50 - Bactofuge',0,0,0,'0000-00-00',0,0,0,19,'','','','',61),(20,16,'20016',32,'A100187',2767.5,1,'GEA Ahlborn VT 40 - Pasteuriser',0,0,0,'0000-00-00',0,0,0,19,'','','','',32);

--
-- Table structure for table `s_order_details_attributes`
--

CREATE TABLE `s_order_details_attributes` (
  `id` int(11) NOT NULL AUTO_INCREMENT,
  `detailID` int(11) DEFAULT NULL,
  `attribute1` text COLLATE utf8_unicode_ci,
  `attribute2` text COLLATE utf8_unicode_ci,
  `attribute3` text COLLATE utf8_unicode_ci,
  `attribute4` text COLLATE utf8_unicode_ci,
  `attribute5` text COLLATE utf8_unicode_ci,
  `attribute6` text COLLATE utf8_unicode_ci,
  PRIMARY KEY (`id`),
  UNIQUE KEY `detailID` (`detailID`),
  CONSTRAINT `s_order_details_attributes_ibfk_1` FOREIGN KEY (`detailID`) REFERENCES `s_order_details` (`id`) ON DELETE CASCADE ON UPDATE NO ACTION
) ENGINE=InnoDB AUTO_INCREMENT=21 DEFAULT CHARSET=utf8 COLLATE=utf8_unicode_ci;

--
-- Dumping data for table `s_order_details_attributes`
--

INSERT INTO `s_order_details_attributes` VALUES (3,3,'',NULL,NULL,NULL,NULL,NULL),(4,4,'',NULL,NULL,NULL,NULL,NULL),(5,5,'',NULL,NULL,NULL,NULL,NULL),(6,6,'',NULL,NULL,NULL,NULL,NULL),(7,7,'',NULL,NULL,NULL,NULL,NULL),(8,8,'',NULL,NULL,NULL,NULL,NULL),(9,9,'',NULL,NULL,NULL,NULL,NULL),(10,10,'',NULL,NULL,NULL,NULL,NULL),(11,11,'',NULL,NULL,NULL,NULL,NULL),(12,12,'',NULL,NULL,NULL,NULL,NULL),(13,13,'',NULL,NULL,NULL,NULL,NULL),(14,14,'',NULL,NULL,NULL,NULL,NULL),(15,15,'',NULL,NULL,NULL,NULL,NULL),(16,16,'',NULL,NULL,NULL,NULL,NULL),(17,17,'',NULL,NULL,NULL,NULL,NULL),(18,18,'',NULL,NULL,NULL,NULL,NULL),(19,19,'',NULL,NULL,NULL,NULL,NULL),(20,20,'',NULL,NULL,NULL,NULL,NULL);

--
-- Table structure for table `s_order_documents`
--

CREATE TABLE `s_order_documents` (
  `id` int(11) NOT NULL AUTO_INCREMENT,
  `date` date NOT NULL,
  `type` int(11) NOT NULL,
  `userID` int(11) NOT NULL,
  `orderID` int(11) unsigned NOT NULL,
  `amount` double NOT NULL,
  `docID` varchar(30) COLLATE utf8_unicode_ci NOT NULL,
  `hash` varchar(255) COLLATE utf8_unicode_ci NOT NULL,
  PRIMARY KEY (`id`),
  KEY `orderID` (`orderID`),
  KEY `userID` (`userID`)
) ENGINE=InnoDB DEFAULT CHARSET=utf8 COLLATE=utf8_unicode_ci;

--
-- Dumping data for table `s_order_documents`
--


--
-- Table structure for table `s_order_documents_attributes`
--

CREATE TABLE `s_order_documents_attributes` (
  `id` int(11) NOT NULL AUTO_INCREMENT,
  `documentID` int(11) DEFAULT NULL,
  PRIMARY KEY (`id`),
  UNIQUE KEY `documentID` (`documentID`),
  CONSTRAINT `s_order_documents_attributes_ibfk_1` FOREIGN KEY (`documentID`) REFERENCES `s_order_documents` (`id`) ON DELETE CASCADE ON UPDATE NO ACTION
) ENGINE=InnoDB DEFAULT CHARSET=utf8 COLLATE=utf8_unicode_ci;

--
-- Dumping data for table `s_order_documents_attributes`
--


--
-- Table structure for table `s_order_esd`
--

CREATE TABLE `s_order_esd` (
  `id` int(11) NOT NULL AUTO_INCREMENT,
  `serialID` int(255) NOT NULL DEFAULT '0',
  `esdID` int(11) NOT NULL DEFAULT '0',
  `userID` int(11) NOT NULL DEFAULT '0',
  `orderID` int(11) NOT NULL DEFAULT '0',
  `orderdetailsID` int(11) NOT NULL DEFAULT '0',
  `datum` datetime NOT NULL,
  PRIMARY KEY (`id`)
) ENGINE=InnoDB DEFAULT CHARSET=utf8 COLLATE=utf8_unicode_ci;

--
-- Dumping data for table `s_order_esd`
--


--
-- Table structure for table `s_order_history`
--

CREATE TABLE `s_order_history` (
  `id` int(11) NOT NULL AUTO_INCREMENT,
  `orderID` int(11) NOT NULL,
  `userID` int(11) DEFAULT NULL,
  `previous_order_status_id` int(11) DEFAULT NULL,
  `order_status_id` int(11) DEFAULT NULL,
  `previous_payment_status_id` int(11) DEFAULT NULL,
  `payment_status_id` int(11) DEFAULT NULL,
  `comment` text COLLATE utf8_unicode_ci NOT NULL,
  `change_date` datetime DEFAULT NULL,
  PRIMARY KEY (`id`),
  KEY `user` (`userID`),
  KEY `order` (`orderID`),
  KEY `current_payment_status` (`payment_status_id`),
  KEY `current_order_status` (`order_status_id`),
  KEY `previous_payment_status` (`previous_payment_status_id`),
  KEY `previous_order_status` (`previous_order_status_id`)
) ENGINE=InnoDB AUTO_INCREMENT=19 DEFAULT CHARSET=utf8 COLLATE=utf8_unicode_ci;

--
-- Dumping data for table `s_order_history`
--

INSERT INTO `s_order_history` VALUES (6,3,50,0,1,17,17,'','2019-05-13 13:34:24'),(7,4,50,0,1,17,17,'','2019-05-13 13:48:50'),(8,5,50,0,1,17,17,'','2019-06-03 14:02:12'),(9,6,50,0,1,17,17,'','2019-06-04 09:01:57'),(10,7,50,0,1,17,17,'','2019-06-08 11:17:51'),(11,8,50,0,1,17,17,'','2019-06-08 11:17:54'),(12,9,50,0,1,17,17,'','2019-06-08 11:17:57'),(13,7,50,1,2,17,17,'','2019-06-08 11:28:37'),(14,8,50,1,2,17,17,'','2019-06-08 11:28:39'),(15,9,50,1,2,17,17,'','2019-06-08 11:28:40'),(16,10,50,0,1,17,17,'','2019-09-04 10:32:31'),(17,11,50,0,1,17,17,'','2019-09-04 10:32:33'),(18,12,50,0,1,17,17,'','2019-09-18 16:13:59');

--
-- Table structure for table `s_order_notes`
--

CREATE TABLE `s_order_notes` (
  `id` int(11) NOT NULL AUTO_INCREMENT,
  `sUniqueID` varchar(70) COLLATE utf8_unicode_ci NOT NULL,
  `userID` int(11) NOT NULL DEFAULT '0',
  `articlename` varchar(255) COLLATE utf8_unicode_ci NOT NULL,
  `articleID` int(11) NOT NULL DEFAULT '0',
  `ordernumber` varchar(255) COLLATE utf8_unicode_ci NOT NULL,
  `datum` datetime NOT NULL DEFAULT '0000-00-00 00:00:00',
  PRIMARY KEY (`id`),
  KEY `basket_count_notes` (`sUniqueID`,`userID`)
) ENGINE=InnoDB DEFAULT CHARSET=utf8 COLLATE=utf8_unicode_ci;

--
-- Dumping data for table `s_order_notes`
--


--
-- Table structure for table `s_order_number`
--

CREATE TABLE `s_order_number` (
  `id` int(11) NOT NULL AUTO_INCREMENT,
  `number` int(20) NOT NULL,
  `name` varchar(255) COLLATE utf8_unicode_ci NOT NULL,
  `desc` varchar(255) COLLATE utf8_unicode_ci NOT NULL,
  PRIMARY KEY (`id`),
  UNIQUE KEY `name` (`name`)
) ENGINE=InnoDB AUTO_INCREMENT=929 DEFAULT CHARSET=utf8 COLLATE=utf8_unicode_ci;

--
-- Dumping data for table `s_order_number`
--

INSERT INTO `s_order_number` VALUES (1,20019,'user','Kunden'),(920,20016,'invoice','Bestellungen'),(921,20000,'doc_1','Lieferscheine'),(922,20000,'doc_2','Gutschriften'),(924,20000,'doc_0','Rechnungen'),(925,10001,'articleordernumber','Artikelbestellnummer  '),(926,10000,'sSERVICE1','Service - 1'),(927,10000,'sSERVICE2','Service - 2'),(928,110,'blogordernumber','Blog - ID');

--
-- Table structure for table `s_order_shippingaddress`
--

CREATE TABLE `s_order_shippingaddress` (
  `id` int(11) NOT NULL AUTO_INCREMENT,
  `userID` int(11) DEFAULT NULL,
  `orderID` int(11) NOT NULL,
  `company` varchar(255) COLLATE utf8_unicode_ci NOT NULL,
  `department` varchar(35) COLLATE utf8_unicode_ci NOT NULL,
  `salutation` varchar(30) COLLATE utf8_unicode_ci NOT NULL,
  `firstname` varchar(50) COLLATE utf8_unicode_ci NOT NULL,
  `lastname` varchar(60) COLLATE utf8_unicode_ci NOT NULL,
  `street` varchar(255) COLLATE utf8_unicode_ci DEFAULT NULL,
  `zipcode` varchar(50) COLLATE utf8_unicode_ci NOT NULL,
  `city` varchar(70) COLLATE utf8_unicode_ci NOT NULL,
  `phone` varchar(40) COLLATE utf8_unicode_ci DEFAULT NULL,
  `countryID` int(11) NOT NULL,
  `stateID` int(11) DEFAULT NULL,
  `additional_address_line1` varchar(255) COLLATE utf8_unicode_ci DEFAULT NULL,
  `additional_address_line2` varchar(255) COLLATE utf8_unicode_ci DEFAULT NULL,
  `title` varchar(100) COLLATE utf8_unicode_ci DEFAULT NULL,
  PRIMARY KEY (`id`),
  UNIQUE KEY `orderID` (`orderID`),
  KEY `userID` (`userID`)
) ENGINE=InnoDB AUTO_INCREMENT=17 DEFAULT CHARSET=utf8 COLLATE=utf8_unicode_ci;

--
-- Dumping data for table `s_order_shippingaddress`
--

INSERT INTO `s_order_shippingaddress` VALUES (3,3,3,'Merx Handel & Industrie GmbH','','mr','Maurice','Bortey','Raboisen, 16','20095','Hamburg','469667880',2,NULL,'','',''),(4,4,4,'RTL','Arschfick','mr','Peter','Klöppel','Knübbelstraße','11111','Deutsch','',2,NULL,'','',''),(5,5,5,'Merx Handel & Industrie GmbH','','mr','Maurice','Bortey','Raboisen, 16','20095','Hamburg','469667880',2,NULL,'','',''),(6,6,6,'Mer','','mr','Maurice','Bortey','Raboisen, 16','20095','Hamburg','469667880',2,NULL,'','',''),(7,7,7,'Merx Handel & Industrie GmbH','','mr','Maurice','Bortey','Raboisen 16','20095','Hamburg','',2,NULL,'','',''),(8,8,8,'Decher Industries','','mr','Oliver','Decher','Musterstraße 14','22586','Hamburg','',2,NULL,'','',''),(9,9,9,'Davani Dairy Equipment and More Inc.','','mr','Keyvan','Davani','Moos Straße 35','13695','Berlin','',2,NULL,'','',''),(10,16,10,'Merx','Sales','mr','Oliver','Decher','raboisen 16','20095','Hamburg','0125421254142',2,NULL,'','',''),(11,17,11,'Merx','','mr','Oliver','Decher','raboisen 16','20095','Hamburg','017644559851',2,NULL,'','',''),(12,18,12,'Triveg d.o.o.','','mr','Luka','Perpar Samsa','Ljubljanska 18','1351','Brezovica','',2,NULL,'','',''),(13,19,13,'Soma Food Co. (Pty) Ltd','CEO','mr','Mark','Naude','Unit 7 Waterstone, 61 Capricorn Drive, Capricorn Park','7945','Cape Town','+27736464425',2,NULL,'','',''),(14,20,14,'TOO \"Molochniy Soyuz\"','Management','mr','Maxim','Kuzlyakin','Akhremenko Street, 15','150010','Petropavlovsk','+77057560600',2,NULL,'','',''),(15,21,15,'TOO \"Molochniy Soyuz\"','Management','mr','Maxim','Kuzlyakin','Akhremenko Street, 15','150010','Petropavlovsk','+77057560600',2,NULL,'','',''),(16,22,16,'TOO \"Molochniy Soyuz\"','','mr','Maxim','Kuzlyakin','Akhremenko Street, 15','150010','Petropavlovsk','+77057560600',2,NULL,'','','');

--
-- Table structure for table `s_order_shippingaddress_attributes`
--

CREATE TABLE `s_order_shippingaddress_attributes` (
  `id` int(11) NOT NULL AUTO_INCREMENT,
  `shippingID` int(11) DEFAULT NULL,
  `text1` text COLLATE utf8_unicode_ci,
  `text2` text COLLATE utf8_unicode_ci,
  `text3` text COLLATE utf8_unicode_ci,
  `text4` text COLLATE utf8_unicode_ci,
  `text5` text COLLATE utf8_unicode_ci,
  `text6` text COLLATE utf8_unicode_ci,
  PRIMARY KEY (`id`),
  UNIQUE KEY `shippingID` (`shippingID`),
  CONSTRAINT `s_order_shippingaddress_attributes_ibfk_1` FOREIGN KEY (`shippingID`) REFERENCES `s_order_shippingaddress` (`id`) ON DELETE CASCADE ON UPDATE NO ACTION
) ENGINE=InnoDB AUTO_INCREMENT=17 DEFAULT CHARSET=utf8 COLLATE=utf8_unicode_ci;

--
-- Dumping data for table `s_order_shippingaddress_attributes`
--

INSERT INTO `s_order_shippingaddress_attributes` VALUES (3,3,NULL,NULL,NULL,NULL,NULL,NULL),(4,4,NULL,NULL,NULL,NULL,NULL,NULL),(5,5,NULL,NULL,NULL,NULL,NULL,NULL),(6,6,NULL,NULL,NULL,NULL,NULL,NULL),(7,7,NULL,NULL,NULL,NULL,NULL,NULL),(8,8,NULL,NULL,NULL,NULL,NULL,NULL),(9,9,NULL,NULL,NULL,NULL,NULL,NULL),(10,10,NULL,NULL,NULL,NULL,NULL,NULL),(11,11,NULL,NULL,NULL,NULL,NULL,NULL),(12,12,NULL,NULL,NULL,NULL,NULL,NULL),(13,13,NULL,NULL,NULL,NULL,NULL,NULL),(14,14,NULL,NULL,NULL,NULL,NULL,NULL),(15,15,NULL,NULL,NULL,NULL,NULL,NULL),(16,16,NULL,NULL,NULL,NULL,NULL,NULL);

--
-- Table structure for table `s_plugin_recommendations`
--

CREATE TABLE `s_plugin_recommendations` (
  `id` int(11) NOT NULL AUTO_INCREMENT,
  `categoryID` int(11) NOT NULL,
  `banner_active` int(1) NOT NULL,
  `new_active` int(1) NOT NULL,
  `bought_active` int(1) NOT NULL,
  `supplier_active` int(1) NOT NULL,
  PRIMARY KEY (`id`),
  UNIQUE KEY `categoryID_2` (`categoryID`)
) ENGINE=InnoDB DEFAULT CHARSET=utf8 COLLATE=utf8_unicode_ci;

--
-- Dumping data for table `s_plugin_recommendations`
--


--
-- Table structure for table `s_plugin_widgets_notes`
--

CREATE TABLE `s_plugin_widgets_notes` (
  `id` int(11) NOT NULL AUTO_INCREMENT,
  `userID` int(11) NOT NULL,
  `notes` text COLLATE utf8_unicode_ci NOT NULL,
  PRIMARY KEY (`id`)
) ENGINE=InnoDB DEFAULT CHARSET=utf8 COLLATE=utf8_unicode_ci;

--
-- Dumping data for table `s_plugin_widgets_notes`
--


--
-- Table structure for table `s_premium_dispatch`
--

CREATE TABLE `s_premium_dispatch` (
  `id` int(11) NOT NULL AUTO_INCREMENT,
  `name` varchar(255) COLLATE utf8_unicode_ci NOT NULL,
  `type` int(11) unsigned NOT NULL,
  `description` mediumtext COLLATE utf8_unicode_ci NOT NULL,
  `comment` varchar(255) COLLATE utf8_unicode_ci NOT NULL,
  `active` int(1) unsigned NOT NULL,
  `position` int(11) NOT NULL,
  `calculation` int(1) unsigned NOT NULL,
  `surcharge_calculation` int(1) unsigned NOT NULL,
  `tax_calculation` int(11) unsigned NOT NULL,
  `shippingfree` decimal(10,2) unsigned DEFAULT NULL,
  `multishopID` int(11) unsigned DEFAULT NULL,
  `customergroupID` int(11) unsigned DEFAULT NULL,
  `bind_shippingfree` int(1) unsigned NOT NULL,
  `bind_time_from` int(11) unsigned DEFAULT NULL,
  `bind_time_to` int(11) unsigned DEFAULT NULL,
  `bind_instock` int(1) unsigned DEFAULT NULL,
  `bind_laststock` int(1) unsigned NOT NULL,
  `bind_weekday_from` int(1) unsigned DEFAULT NULL,
  `bind_weekday_to` int(1) unsigned DEFAULT NULL,
  `bind_weight_from` decimal(10,3) DEFAULT NULL,
  `bind_weight_to` decimal(10,3) DEFAULT NULL,
  `bind_price_from` decimal(10,2) DEFAULT NULL,
  `bind_price_to` decimal(10,2) DEFAULT NULL,
  `bind_sql` mediumtext COLLATE utf8_unicode_ci,
  `status_link` mediumtext COLLATE utf8_unicode_ci,
  `calculation_sql` mediumtext COLLATE utf8_unicode_ci,
  PRIMARY KEY (`id`)
) ENGINE=InnoDB AUTO_INCREMENT=10 DEFAULT CHARSET=utf8 COLLATE=utf8_unicode_ci;

--
-- Dumping data for table `s_premium_dispatch`
--

INSERT INTO `s_premium_dispatch` VALUES (9,'Standard Versand',0,'','',1,0,0,3,0,NULL,NULL,NULL,0,NULL,NULL,NULL,0,NULL,NULL,NULL,NULL,NULL,NULL,NULL,'',NULL);

--
-- Table structure for table `s_premium_dispatch_attributes`
--

CREATE TABLE `s_premium_dispatch_attributes` (
  `id` int(11) NOT NULL AUTO_INCREMENT,
  `dispatchID` int(11) DEFAULT NULL,
  PRIMARY KEY (`id`),
  UNIQUE KEY `dispatchID` (`dispatchID`),
  CONSTRAINT `s_premium_dispatch_attributes_ibfk_1` FOREIGN KEY (`dispatchID`) REFERENCES `s_premium_dispatch` (`id`) ON DELETE CASCADE ON UPDATE NO ACTION
) ENGINE=InnoDB DEFAULT CHARSET=utf8 COLLATE=utf8_unicode_ci;

--
-- Dumping data for table `s_premium_dispatch_attributes`
--


--
-- Table structure for table `s_premium_dispatch_categories`
--

CREATE TABLE `s_premium_dispatch_categories` (
  `dispatchID` int(11) unsigned NOT NULL,
  `categoryID` int(11) unsigned NOT NULL,
  PRIMARY KEY (`dispatchID`,`categoryID`)
) ENGINE=InnoDB DEFAULT CHARSET=utf8 COLLATE=utf8_unicode_ci;

--
-- Dumping data for table `s_premium_dispatch_categories`
--


--
-- Table structure for table `s_premium_dispatch_countries`
--

CREATE TABLE `s_premium_dispatch_countries` (
  `dispatchID` int(11) NOT NULL,
  `countryID` int(11) NOT NULL,
  PRIMARY KEY (`dispatchID`,`countryID`)
) ENGINE=InnoDB DEFAULT CHARSET=utf8 COLLATE=utf8_unicode_ci;

--
-- Dumping data for table `s_premium_dispatch_countries`
--

INSERT INTO `s_premium_dispatch_countries` VALUES (9,2),(9,3),(9,4),(9,5),(9,7),(9,8),(9,9),(9,10),(9,11),(9,12),(9,13),(9,14),(9,15),(9,16),(9,18),(9,20),(9,21),(9,22),(9,23),(9,24),(9,25),(9,26),(9,27),(9,28),(9,29),(9,30),(9,31),(9,32),(9,33),(9,34),(9,35),(9,36),(9,37);

--
-- Table structure for table `s_premium_dispatch_holidays`
--

CREATE TABLE `s_premium_dispatch_holidays` (
  `dispatchID` int(11) unsigned NOT NULL,
  `holidayID` int(11) unsigned NOT NULL,
  PRIMARY KEY (`dispatchID`,`holidayID`)
) ENGINE=InnoDB DEFAULT CHARSET=utf8 COLLATE=utf8_unicode_ci;

--
-- Dumping data for table `s_premium_dispatch_holidays`
--


--
-- Table structure for table `s_premium_dispatch_paymentmeans`
--

CREATE TABLE `s_premium_dispatch_paymentmeans` (
  `dispatchID` int(11) NOT NULL,
  `paymentID` int(11) NOT NULL,
  PRIMARY KEY (`dispatchID`,`paymentID`)
) ENGINE=InnoDB DEFAULT CHARSET=utf8 COLLATE=utf8_unicode_ci;

--
-- Dumping data for table `s_premium_dispatch_paymentmeans`
--

INSERT INTO `s_premium_dispatch_paymentmeans` VALUES (9,2),(9,3),(9,4),(9,5);

--
-- Table structure for table `s_premium_holidays`
--

CREATE TABLE `s_premium_holidays` (
  `id` int(11) unsigned NOT NULL AUTO_INCREMENT,
  `name` varchar(255) COLLATE utf8_unicode_ci NOT NULL,
  `calculation` varchar(255) COLLATE utf8_unicode_ci NOT NULL,
  `date` date NOT NULL,
  PRIMARY KEY (`id`),
  KEY `date` (`date`)
) ENGINE=InnoDB AUTO_INCREMENT=24 DEFAULT CHARSET=utf8 COLLATE=utf8_unicode_ci;

--
-- Dumping data for table `s_premium_holidays`
--

INSERT INTO `s_premium_holidays` VALUES (1,'Neujahr','DATE(\'01-01\')','2021-01-01'),(3,'Heilige drei Könige','DATE(\'01-06\')','2021-01-06'),(4,'Rosenmontag','DATE_SUB(EASTERDATE(), INTERVAL 48 DAY)','2020-02-24'),(5,'Josefstag','DATE(\'03/19\')','2020-03-19'),(6,'Karfreitag','DATE_SUB(EASTERDATE(), INTERVAL 2 DAY)','2020-04-10'),(7,'Ostermontag','DATE_ADD(EASTERDATE(), INTERVAL 1 DAY)','2020-04-13'),(8,'Tag der Arbeit','DATE(\'05/01\')','2020-05-01'),(9,'Christi Himmelfahrt','DATE_ADD(EASTERDATE(), INTERVAL 39 DAY)','2020-05-21'),(10,'Pfingstmontag','DATE_ADD(EASTERDATE(), INTERVAL 50 DAY)','2020-06-01'),(11,'Fronleichnam','DATE_ADD(EASTERDATE(), INTERVAL 60 DAY)','2020-06-11'),(13,'Mariä Himmelfahrt','DATE(\'08/15\')','2020-08-15'),(14,'Tag der Deutschen Einheit','DATE(\'10/03\')','2020-10-03'),(15,'Nationalfeiertag (Österreich)','DATE(\'10/26\')','2020-10-26'),(16,'Reformationstag','DATE(\'10/31\')','2020-10-31'),(17,'Allerheiligen','DATE(\'11/01\')','2020-11-01'),(18,'Buß- und Bettag','SUBDATE(DATE(\'11-23\'), DAYOFWEEK(DATE(\'11-23\'))+IF(DAYOFWEEK(DATE(\'11-23\'))>4,-4,3))','2020-11-18'),(19,'Mariä Empfängnis','DATE(\'12/8\')','2020-12-08'),(20,'Heiligabend','DATE(\'12/24\')','2020-12-24'),(21,'1. Weihnachtstag','DATE(\'12/25\')','2020-12-25'),(22,'2. Weihnachtstag (Stephanstag)','DATE(\'12/26\')','2020-12-26'),(23,'Silvester','DATE(\'12/31\')','2020-12-31');

--
-- Table structure for table `s_premium_shippingcosts`
--

CREATE TABLE `s_premium_shippingcosts` (
  `id` int(11) unsigned NOT NULL AUTO_INCREMENT,
  `from` decimal(10,3) unsigned NOT NULL,
  `value` decimal(10,2) NOT NULL,
  `factor` decimal(10,2) NOT NULL,
  `dispatchID` int(11) unsigned NOT NULL,
  PRIMARY KEY (`id`),
  UNIQUE KEY `from` (`from`,`dispatchID`)
) ENGINE=InnoDB AUTO_INCREMENT=236 DEFAULT CHARSET=utf8 COLLATE=utf8_unicode_ci;

--
-- Dumping data for table `s_premium_shippingcosts`
--

INSERT INTO `s_premium_shippingcosts` VALUES (235,0.000,3.90,0.00,9);

--
-- Table structure for table `s_product_streams`
--

CREATE TABLE `s_product_streams` (
  `id` int(11) unsigned NOT NULL AUTO_INCREMENT,
  `name` varchar(255) COLLATE utf8_unicode_ci NOT NULL,
  `conditions` text COLLATE utf8_unicode_ci,
  `type` int(11) DEFAULT NULL,
  `sorting` text COLLATE utf8_unicode_ci,
  `description` text COLLATE utf8_unicode_ci,
  `sorting_id` int(11) DEFAULT NULL,
  PRIMARY KEY (`id`)
) ENGINE=InnoDB AUTO_INCREMENT=3 DEFAULT CHARSET=utf8 COLLATE=utf8_unicode_ci;

--
-- Dumping data for table `s_product_streams`
--

INSERT INTO `s_product_streams` VALUES (2,'Überholte Ware',NULL,2,'\"{\\\"Shopware\\\\\\\\Bundle\\\\\\\\SearchBundle\\\\\\\\Sorting\\\\\\\\ReleaseDateSorting\\\":{\\\"direction\\\":\\\"DESC\\\"}}\"','',1);

--
-- Table structure for table `s_product_streams_articles`
--

CREATE TABLE `s_product_streams_articles` (
  `id` int(11) unsigned NOT NULL AUTO_INCREMENT,
  `stream_id` int(11) unsigned NOT NULL,
  `article_id` int(11) unsigned NOT NULL,
  PRIMARY KEY (`id`),
  UNIQUE KEY `stream_id` (`stream_id`,`article_id`),
  KEY `s_product_streams_articles_fk_article_id` (`article_id`),
  CONSTRAINT `s_product_streams_articles_fk_article_id` FOREIGN KEY (`article_id`) REFERENCES `s_articles` (`id`) ON DELETE CASCADE,
  CONSTRAINT `s_product_streams_articles_fk_stream_id` FOREIGN KEY (`stream_id`) REFERENCES `s_product_streams` (`id`) ON DELETE CASCADE
) ENGINE=InnoDB DEFAULT CHARSET=utf8 COLLATE=utf8_unicode_ci;

--
-- Dumping data for table `s_product_streams_articles`
--


--
-- Table structure for table `s_product_streams_attributes`
--

CREATE TABLE `s_product_streams_attributes` (
  `id` int(11) NOT NULL AUTO_INCREMENT,
  `streamID` int(11) unsigned NOT NULL,
  PRIMARY KEY (`id`),
  KEY `streamID` (`streamID`),
  CONSTRAINT `s_product_streams_attributes_ibfk_1` FOREIGN KEY (`streamID`) REFERENCES `s_product_streams` (`id`) ON DELETE CASCADE ON UPDATE NO ACTION
) ENGINE=InnoDB DEFAULT CHARSET=utf8 COLLATE=utf8_unicode_ci;

--
-- Dumping data for table `s_product_streams_attributes`
--


--
-- Table structure for table `s_product_streams_selection`
--

CREATE TABLE `s_product_streams_selection` (
  `id` int(11) unsigned NOT NULL AUTO_INCREMENT,
  `stream_id` int(11) unsigned NOT NULL,
  `article_id` int(11) unsigned NOT NULL,
  PRIMARY KEY (`id`),
  UNIQUE KEY `stream_id` (`stream_id`,`article_id`),
  KEY `s_product_streams_selection_fk_article_id` (`article_id`),
  CONSTRAINT `s_product_streams_selection_fk_article_id` FOREIGN KEY (`article_id`) REFERENCES `s_articles` (`id`) ON DELETE CASCADE,
  CONSTRAINT `s_product_streams_selection_fk_stream_id` FOREIGN KEY (`stream_id`) REFERENCES `s_product_streams` (`id`) ON DELETE CASCADE
) ENGINE=InnoDB AUTO_INCREMENT=7 DEFAULT CHARSET=utf8 COLLATE=utf8_unicode_ci;

--
-- Dumping data for table `s_product_streams_selection`
--

INSERT INTO `s_product_streams_selection` VALUES (1,2,23),(2,2,28),(4,2,31),(5,2,41),(6,2,42);

--
-- Table structure for table `s_schema_version`
--

CREATE TABLE `s_schema_version` (
  `version` int(11) NOT NULL,
  `start_date` datetime NOT NULL,
  `complete_date` datetime DEFAULT NULL,
  `name` varchar(255) COLLATE utf8_unicode_ci NOT NULL,
  `error_msg` varchar(255) COLLATE utf8_unicode_ci DEFAULT NULL,
  PRIMARY KEY (`version`)
) ENGINE=InnoDB DEFAULT CHARSET=utf8 COLLATE=utf8_unicode_ci;

--
-- Dumping data for table `s_schema_version`
--

INSERT INTO `s_schema_version` VALUES (101,'2018-12-03 08:40:29','2018-12-03 08:40:29','add-extended-editor-field',NULL),(102,'2018-12-03 08:40:29','2018-12-03 08:40:30','add-new-emotions',NULL),(103,'2018-12-03 08:40:30','2018-12-03 08:40:30','add-field-blog-teaser',NULL),(104,'2018-12-03 08:40:30','2018-12-03 08:40:30','add-field-blog-thumbnail-size',NULL),(105,'2018-12-03 08:40:30','2018-12-03 08:40:30','s_core_sessions_backend',NULL),(106,'2018-12-03 08:40:30','2018-12-03 08:40:30','add-path-to-categories',NULL),(107,'2018-12-03 08:40:30','2018-12-03 08:40:30','remove-legacy-cache-config',NULL),(108,'2018-12-03 08:40:30','2018-12-03 08:40:30','add-category-listing-indexes',NULL),(109,'2018-12-03 08:40:30','2018-12-03 08:40:30','add-translations',NULL),(110,'2018-12-03 08:40:30','2018-12-03 08:40:30','add-disabled-cache-field',NULL),(111,'2018-12-03 08:40:30','2018-12-03 08:40:30','add-password-encoder',NULL),(112,'2018-12-03 08:40:30','2018-12-03 08:40:30','link-cache-menu-to-the-new-performance-module',NULL),(113,'2018-12-03 08:40:30','2018-12-03 08:40:30','adds-performance-sql',NULL),(114,'2018-12-03 08:40:30','2018-12-03 08:40:30','add-new-top-seller',NULL),(115,'2018-12-03 08:40:30','2018-12-03 08:40:30','add-denormalized-category-table',NULL),(116,'2018-12-03 08:40:30','2018-12-03 08:40:30','optimize-emotion-queries',NULL),(117,'2018-12-03 08:40:30','2018-12-03 08:40:30','add-article-detail-page-indexes',NULL),(118,'2018-12-03 08:40:30','2018-12-03 08:40:30','optimize-property-backend-queries',NULL),(119,'2018-12-03 08:40:30','2018-12-03 08:40:30','add-batchmode-option',NULL),(120,'2018-12-03 08:40:30','2018-12-03 08:40:30','add-cache-log',NULL),(121,'2018-12-03 08:40:30','2018-12-03 08:40:30','fix-cache-label',NULL),(122,'2018-12-03 08:40:30','2018-12-03 08:40:30','optimize-search-index-queries',NULL),(123,'2018-12-03 08:40:30','2018-12-03 08:40:30','add-dummy-plugins',NULL),(124,'2018-12-03 08:40:30','2018-12-03 08:40:30','remove-router-url-cache',NULL),(125,'2018-12-03 08:40:30','2018-12-03 08:40:31','adds-filter-performance-sql',NULL),(126,'2018-12-03 08:40:31','2018-12-03 08:40:31','update-cache-menu-items',NULL),(127,'2018-12-03 08:40:31','2018-12-03 08:40:31','install-http-plugin',NULL),(128,'2018-12-03 08:40:31','2018-12-03 08:40:31','adds-community-store-resource',NULL),(129,'2018-12-03 08:40:31','2018-12-03 08:40:31','fix-mailer-config-help-text-typo',NULL),(130,'2018-12-03 08:40:31','2018-12-03 08:40:31','fix-typo-in-no-script-notices-snippet',NULL),(131,'2018-12-03 08:40:31','2018-12-03 08:40:31','add-top-seller-index',NULL),(132,'2018-12-03 08:40:31','2018-12-03 08:40:31','remove-similar-shown-listener',NULL),(133,'2018-12-03 08:40:31','2018-12-03 08:40:31','add-esd-payment-status-config',NULL),(134,'2018-12-03 08:40:31','2018-12-03 08:40:31','add-http-cache-cleanup-cronjob',NULL),(135,'2018-12-03 08:40:31','2018-12-03 08:40:31','add-main-image-listing-config',NULL),(136,'2018-12-03 08:40:31','2018-12-03 08:40:31','add-send-order-mail-config',NULL),(137,'2018-12-03 08:40:31','2018-12-03 08:40:31','remove-lastarticles-save-time',NULL),(138,'2018-12-03 08:40:31','2018-12-03 08:40:31','fix-typo-last-articles-headline',NULL),(139,'2018-12-03 08:40:31','2018-12-03 08:40:31','remove-plugin-form-from-config',NULL),(140,'2018-12-03 08:40:31','2018-12-03 08:40:31','fix-emotion-grid-id',NULL),(141,'2018-12-03 08:40:31','2018-12-03 08:40:31','add-force-canonical-http-config',NULL),(142,'2018-12-03 08:40:31','2018-12-03 08:40:31','add-listing-description-config',NULL),(143,'2018-12-03 08:40:31','2018-12-03 08:40:31','deactivate-router-to-lower-scope',NULL),(144,'2018-12-03 08:40:31','2018-12-03 08:40:31','add-require-phone-field-config',NULL),(145,'2018-12-03 08:40:31','2018-12-03 08:40:31','fix-default-incorrect-translation',NULL),(146,'2018-12-03 08:40:31','2018-12-03 08:40:31','http-cache-events',NULL),(147,'2018-12-03 08:40:31','2018-12-03 08:40:31','translations',NULL),(148,'2018-12-03 08:40:31','2018-12-03 08:40:31','payment-method-refactor',NULL),(149,'2018-12-03 08:40:31','2018-12-03 08:40:31','add-sepa-database-items',NULL),(150,'2018-12-03 08:40:31','2018-12-03 08:40:31','add-checkout-payment-info-change-config',NULL),(151,'2018-12-03 08:40:31','2018-12-03 08:40:31','add-missing-emotion-field-types',NULL),(200,'2018-12-03 08:40:31','2018-12-03 08:40:31','drop-unused-factory-table',NULL),(201,'2018-12-03 08:40:31','2018-12-03 08:40:31','add-supplier-seo',NULL),(202,'2018-12-03 08:40:31','2018-12-03 08:40:31','unregister-routerold-dead-event',NULL),(203,'2018-12-03 08:40:31','2018-12-03 08:40:31','add-http-cache-clear-event',NULL),(204,'2018-12-03 08:40:31','2018-12-03 08:40:31','add-supplier-seo-template',NULL),(205,'2018-12-03 08:40:31','2018-12-03 08:40:31','date-time-picker-label-update',NULL),(206,'2018-12-03 08:40:31','2018-12-03 08:40:31','change-image-attributes',NULL),(207,'2018-12-03 08:40:31','2018-12-03 08:40:31','product-feed-export',NULL),(208,'2018-12-03 08:40:31','2018-12-03 08:40:31','snippet-handling-refactoring',NULL),(209,'2018-12-03 08:40:31','2018-12-03 08:40:31','add-meta-title',NULL),(210,'2018-12-03 08:40:31','2018-12-03 08:40:31','add-meta-title-to-blog',NULL),(211,'2018-12-03 08:40:31','2018-12-03 08:40:31','add-always-secure',NULL),(212,'2018-12-03 08:40:31','2018-12-03 08:40:31','product-feed-export',NULL),(213,'2018-12-03 08:40:31','2018-12-03 08:40:31','update-payment-methods-plugin',NULL),(214,'2018-12-03 08:40:31','2018-12-03 08:40:31','add-debit-fields-to-payment-data',NULL),(215,'2018-12-03 08:40:31','2018-12-03 08:40:31','enlarge-zipcode-and-streetnumber-user',NULL),(216,'2018-12-03 08:40:31','2018-12-03 08:40:31','enlarge-zipcode-and-streetnumber-billing',NULL),(217,'2018-12-03 08:40:31','2018-12-03 08:40:31','enlarge-zipcode-and-streetnumber-billing_shipping',NULL),(218,'2018-12-03 08:40:31','2018-12-03 08:40:31','remove-old-debug-plugins',NULL),(219,'2018-12-03 08:40:31','2018-12-03 08:40:31','customer-payment-data-editing-in-be',NULL),(220,'2018-12-03 08:40:31','2018-12-03 08:40:31','add-payment-data-restriction',NULL),(221,'2018-12-03 08:40:31','2018-12-03 08:40:31','remove-log-plugin',NULL),(222,'2018-12-03 08:40:31','2018-12-03 08:40:31','add-logmail-config',NULL),(223,'2018-12-03 08:40:31','2018-12-03 08:40:31','add-statistic-config',NULL),(224,'2018-12-03 08:40:31','2018-12-03 08:40:31','add-statistic-impression-table',NULL),(225,'2018-12-03 08:40:31','2018-12-03 08:40:31','fix-emotion-required-fields',NULL),(226,'2018-12-03 08:40:31','2018-12-03 08:40:31','add-tellafriend-remove-option',NULL),(227,'2018-12-03 08:40:31','2018-12-03 08:40:31','fix-canonical-force-http-translation',NULL),(228,'2018-12-03 08:40:31','2018-12-03 08:40:31','add-canonical-force-http-description',NULL),(229,'2018-12-03 08:40:31','2018-12-03 08:40:31','fix-last-articles-plugin-config-form',NULL),(230,'2018-12-03 08:40:31','2018-12-03 08:40:31','fix-emotion-mandatory-fields',NULL),(231,'2018-12-03 08:40:32','2018-12-03 08:40:32','update-redirectDownload-config-var',NULL),(301,'2018-12-03 08:40:32','2018-12-03 08:40:32','drop-unused-cms-content-table',NULL),(302,'2018-12-03 08:40:32','2018-12-03 08:40:32','add-secure-cron',NULL),(303,'2018-12-03 08:40:32','2018-12-03 08:40:32','add-seo-categories',NULL),(304,'2018-12-03 08:40:32','2018-12-03 08:40:32','widget-system-refactoring',NULL),(305,'2018-12-03 08:40:32','2018-12-03 08:40:32','add-product-feed-caching',NULL),(306,'2018-12-03 08:40:32','2018-12-03 08:40:32','update-secure-cron-description',NULL),(307,'2018-12-03 08:40:32','2018-12-03 08:40:32','install-swag-update',NULL),(308,'2018-12-03 08:40:32','2018-12-03 08:40:32','increase-session-id-fields',NULL),(309,'2018-12-03 08:40:32','2018-12-03 08:40:32','merchant-email-translation',NULL),(310,'2018-12-03 08:40:32','2018-12-03 08:40:32','swagupdate-translations',NULL),(311,'2018-12-03 08:40:32','2018-12-03 08:40:32','subshop-maintenance-support',NULL),(312,'2018-12-03 08:40:32','2018-12-03 08:40:32','update-search-form-translation',NULL),(313,'2018-12-03 08:40:32','2018-12-03 08:40:32','add-order-detail-fields',NULL),(314,'2018-12-03 08:40:32','2018-12-03 08:40:32','add-order-detail-pack-unit',NULL),(315,'2018-12-03 08:40:32','2018-12-03 08:40:32','update-shipping-address-country-field-labels',NULL),(316,'2018-12-03 08:40:32','2018-12-03 08:40:32','update-seo-nofollow-labels',NULL),(317,'2018-12-03 08:40:32','2018-12-03 08:40:32','update-store-api-url',NULL),(318,'2018-12-03 08:40:32','2018-12-03 08:40:32','update-payment-methods-version',NULL),(319,'2018-12-03 08:40:32','2018-12-03 08:40:32','update-google-plugin',NULL),(330,'2018-12-03 08:40:32','2018-12-03 08:40:32','add-secure-uninstall-capability',NULL),(350,'2018-12-03 08:40:32','2018-12-03 08:40:32','add-template-parent',NULL),(351,'2018-12-03 08:40:32','2018-12-03 08:40:32','add-template-menu',NULL),(352,'2018-12-03 08:40:32','2018-12-03 08:40:32','add-theme-config',NULL),(353,'2018-12-03 08:40:32','2018-12-03 08:40:32','add-horizontal-scrolling-emotion',NULL),(354,'2018-12-03 08:40:32','2018-12-03 08:40:32','add-video-element',NULL),(355,'2018-12-03 08:40:32','2018-12-03 08:40:32','remove-config-module-template-manager',NULL),(356,'2018-12-03 08:40:32','2018-12-03 08:40:32','email-datetime-format',NULL),(357,'2018-12-03 08:40:32','2018-12-03 08:40:32','add-changed-and-mobileactive-columns',NULL),(358,'2018-12-03 08:40:32','2018-12-03 08:40:32','add-registration-field-options',NULL),(359,'2018-12-03 08:40:32','2018-12-03 08:40:33','add_additional_address_data_order_billing',NULL),(360,'2018-12-03 08:40:33','2018-12-03 08:40:33','add_additional_address_data_order_shipping',NULL),(361,'2018-12-03 08:40:33','2018-12-03 08:40:33','additional_address-config',NULL),(362,'2018-12-03 08:40:33','2018-12-03 08:40:33','add_additional_address_data_user_billing',NULL),(363,'2018-12-03 08:40:33','2018-12-03 08:40:33','add_additional_address_data_user_shipping',NULL),(364,'2018-12-03 08:40:33','2018-12-03 08:40:33','remove-article-impression',NULL),(365,'2018-12-03 08:40:33','2018-12-03 08:40:33','google-analytics-plugin-upgrade',NULL),(366,'2018-12-03 08:40:33','2018-12-03 08:40:33','translations',NULL),(367,'2018-12-03 08:40:33','2018-12-03 08:40:33','mobile-statistics',NULL),(368,'2018-12-03 08:40:33','2018-12-03 08:40:33','form-elem-text2-labels',NULL),(369,'2018-12-03 08:40:33','2018-12-03 08:40:33','change-min-purchase',NULL),(370,'2018-12-03 08:40:33','2018-12-03 08:40:33','optimize-performance',NULL),(371,'2018-12-03 08:40:33','2018-12-03 08:40:33','add-multi-edit-config-options',NULL),(372,'2018-12-03 08:40:33','2018-12-03 08:40:33','setup-multi-edit',NULL),(373,'2018-12-03 08:40:33','2018-12-03 08:40:33','address-streetnumber-merge',NULL),(374,'2018-12-03 08:40:33','2018-12-03 08:40:33','s-order-billing-enlarge-street-field',NULL),(375,'2018-12-03 08:40:33','2018-12-03 08:40:33','s-order-billing-merge-street-number',NULL),(376,'2018-12-03 08:40:33','2018-12-03 08:40:33','s-order-billing-drop-street-number',NULL),(377,'2018-12-03 08:40:33','2018-12-03 08:40:33','s-order-shipping-enlarge-street-field',NULL),(378,'2018-12-03 08:40:33','2018-12-03 08:40:33','s-order-shipping-merge-street-number',NULL),(379,'2018-12-03 08:40:33','2018-12-03 08:40:33','s-order-shipping-drop-street-number',NULL),(380,'2018-12-03 08:40:33','2018-12-03 08:40:33','s-user-billing-enlarge-street-field',NULL),(381,'2018-12-03 08:40:33','2018-12-03 08:40:33','s-user-billing-merge-street-number',NULL),(382,'2018-12-03 08:40:33','2018-12-03 08:40:34','s-user-billing-drop-street-number',NULL),(383,'2018-12-03 08:40:34','2018-12-03 08:40:34','s-user-shipping-enlarge-street-field',NULL),(384,'2018-12-03 08:40:34','2018-12-03 08:40:34','s-user-shipping-merge-street-number',NULL),(385,'2018-12-03 08:40:34','2018-12-03 08:40:34','s-user-shipping-drop-street-number',NULL),(386,'2018-12-03 08:40:34','2018-12-03 08:40:34','import-multiedit-plugin-tables',NULL),(387,'2018-12-03 08:40:34','2018-12-03 08:40:34','display-shipping-calculations-in-basket',NULL),(388,'2018-12-03 08:40:34','2018-12-03 08:40:34','add-emotion-fields-position',NULL),(389,'2018-12-03 08:40:34','2018-12-03 08:40:34','fix-custom-form-field-sorting',NULL),(390,'2018-12-03 08:40:34','2018-12-03 08:40:34','add-device-column',NULL),(391,'2018-12-03 08:40:34','2018-12-03 08:40:34','fix-attr17',NULL),(392,'2018-12-03 08:40:34','2018-12-03 08:40:34','remove-unused-listerner',NULL),(393,'2018-12-03 08:40:34','2018-12-03 08:40:34','add-404-page-config-options',NULL),(394,'2018-12-03 08:40:34','2018-12-03 08:40:34','add-company-register-config',NULL),(395,'2018-12-03 08:40:34','2018-12-03 08:40:34','remove-obsolete-trusted-shops-code',NULL),(396,'2018-12-03 08:40:34','2018-12-03 08:40:34','add-family-friendly-meta',NULL),(397,'2018-12-03 08:40:34','2018-12-03 08:40:34','form-meta-data',NULL),(398,'2018-12-03 08:40:34','2018-12-03 08:40:34','add-custom-and-form-seo-template',NULL),(399,'2018-12-03 08:40:34','2018-12-03 08:40:34','remove-unused-rewrite-table',NULL),(400,'2018-12-03 08:40:34','2018-12-03 08:40:34','article-list-config-translations',NULL),(401,'2018-12-03 08:40:34','2018-12-03 08:40:34','remove-unused-table',NULL),(402,'2018-12-03 08:40:34','2018-12-03 08:40:34','remove-dead-event',NULL),(403,'2018-12-03 08:40:34','2018-12-03 08:40:34','add-emotion-hint-to-basket-colors',NULL),(404,'2018-12-03 08:40:34','2018-12-03 08:40:34','remove-sLanguage-from-item-export',NULL),(405,'2018-12-03 08:40:34','2018-12-03 08:40:34','import-compare-settings',NULL),(406,'2018-12-03 08:40:34','2018-12-03 08:40:34','add-advanced-menu-listeners',NULL),(407,'2018-12-03 08:40:34','2018-12-03 08:40:34','empty-migration-placeholder',NULL),(408,'2018-12-03 08:40:34','2018-12-03 08:40:34','variant-price-surcharge-refactor',NULL),(409,'2018-12-03 08:40:34','2018-12-03 08:40:34','add-property-media',NULL),(410,'2018-12-03 08:40:34','2018-12-03 08:40:34','add-emotion-fields',NULL),(411,'2018-12-03 08:40:34','2018-12-03 08:40:34','remove-unused-columns',NULL),(412,'2018-12-03 08:40:34','2018-12-03 08:40:34','remove-liveshopping-bundle-columns',NULL),(413,'2018-12-03 08:40:34','2018-12-03 08:40:35','tidy-up-session-tables',NULL),(414,'2018-12-03 08:40:35','2018-12-03 08:40:35','add-product-box-layout',NULL),(415,'2018-12-03 08:40:35','2018-12-03 08:40:35','remove-promotions',NULL),(416,'2018-12-03 08:40:35','2018-12-03 08:40:35','remove-dummy-plugins',NULL),(417,'2018-12-03 08:40:35','2018-12-03 08:40:35','remove-routerold-plugin',NULL),(418,'2018-12-03 08:40:35','2018-12-03 08:40:35','shop-specific-search-statistics',NULL),(419,'2018-12-03 08:40:35','2018-12-03 08:40:35','extract-acl-service',NULL),(420,'2018-12-03 08:40:35','2018-12-03 08:40:35','remove-plugin-manager',NULL),(421,'2018-12-03 08:40:35','2018-12-03 08:40:35','remove-store-api-plugin',NULL),(422,'2018-12-03 08:40:35','2018-12-03 08:40:35','add-plugin-categories',NULL),(423,'2018-12-03 08:40:35','2018-12-03 08:40:35','remove-unused-config-variables',NULL),(424,'2018-12-03 08:40:35','2018-12-03 08:40:35','update-deprecated-config-variables',NULL),(425,'2018-12-03 08:40:35','2018-12-03 08:40:35','remove-old-templates',NULL),(426,'2018-12-03 08:40:35','2018-12-03 08:40:35','extract-cron-service',NULL),(427,'2018-12-03 08:40:35','2018-12-03 08:40:35','add-nostock-config',NULL),(428,'2018-12-03 08:40:35','2018-12-03 08:40:35','remove-old-instock-config',NULL),(429,'2018-12-03 08:40:35','2018-12-03 08:40:35','activate-performance-filters',NULL),(430,'2018-12-03 08:40:35','2018-12-03 08:40:35','add-shop-page-form-shopid',NULL),(431,'2018-12-03 08:40:35','2018-12-03 08:40:35','cache-emotion-landing-pages',NULL),(432,'2018-12-03 08:40:35','2018-12-03 08:40:35','html5-tags-for-snippets',NULL),(433,'2018-12-03 08:40:35','2018-12-03 08:40:35','emotion-device-column-as-varchar',NULL),(434,'2018-12-03 08:40:35','2018-12-03 08:40:35','add-emotion-components',NULL),(435,'2018-12-03 08:40:35','2018-12-03 08:40:35','mark-deprecated-fields-emotions',NULL),(436,'2018-12-03 08:40:35','2018-12-03 08:40:35','update-html5-video-fields',NULL),(437,'2018-12-03 08:40:35','2018-12-03 08:40:36','add-dirty-flag-email-translations',NULL),(438,'2018-12-03 08:40:36','2018-12-03 08:40:36','add-email-template-header-footer-fields',NULL),(439,'2018-12-03 08:40:36','2018-12-03 08:40:36','update-document-footer-styling',NULL),(440,'2018-12-03 08:40:36','2018-12-03 08:40:36','fix-sorder-email-template',NULL),(441,'2018-12-03 08:40:36','2018-12-03 08:40:36','add-hide-downloads-in-account',NULL),(442,'2018-12-03 08:40:36','2018-12-03 08:40:36','add-option-to-disable-styling-emotions',NULL),(443,'2018-12-03 08:40:36','2018-12-03 08:40:36','add-wizard-configuration-value',NULL),(444,'2018-12-03 08:40:36','2018-12-03 08:40:36','add-imprint-to-bottom-shop-group',NULL),(445,'2018-12-03 08:40:36','2018-12-03 08:40:36','import-vrrl-plugin-settings',NULL),(446,'2018-12-03 08:40:36','2018-12-03 08:40:36','easy-registration-process',NULL),(447,'2018-12-03 08:40:36','2018-12-03 08:40:36','update-tag-cloud-defaults',NULL),(448,'2018-12-03 08:40:36','2018-12-03 08:40:36','update-first-run-wizard-snippet',NULL),(449,'2018-12-03 08:40:36','2018-12-03 08:40:36','add-pagination-seo',NULL),(450,'2018-12-03 08:40:36','2018-12-03 08:40:36','add-high-dpi-album-settings',NULL),(451,'2018-12-03 08:40:36','2018-12-03 08:40:36','fix-email-header-field',NULL),(452,'2018-12-03 08:40:36','2018-12-03 08:40:36','add-styling-classes-main-menu',NULL),(453,'2018-12-03 08:40:36','2018-12-03 08:40:36','update-table-encoding',NULL),(454,'2018-12-03 08:40:36','2018-12-03 08:40:36','rename-theme-manager',NULL),(455,'2018-12-03 08:40:36','2018-12-03 08:40:36','cache-invalidate-variants',NULL),(456,'2018-12-03 08:40:36','2018-12-03 08:40:36','emotion-worlds-cache-invalidation',NULL),(457,'2018-12-03 08:40:36','2018-12-03 08:40:36','add-thumbnail-config',NULL),(458,'2018-12-03 08:40:36','2018-12-03 08:40:36','remove-selfhealing-plugin',NULL),(459,'2018-12-03 08:40:36','2018-12-03 08:40:36','translate-form-fields',NULL),(460,'2018-12-03 08:40:36','2018-12-03 08:40:36','fix-email-header-field',NULL),(461,'2018-12-03 08:40:36','2018-12-03 08:40:36','fix-sorder-email-thumbnails',NULL),(462,'2018-12-03 08:40:36','2018-12-03 08:40:36','add-emotion-position-column',NULL),(463,'2018-12-03 08:40:36','2018-12-03 08:40:36','translate-emotion-html-video',NULL),(464,'2018-12-03 08:40:36','2018-12-03 08:40:36','add-feed-dirty-flag',NULL),(465,'2018-12-03 08:40:36','2018-12-03 08:40:36','token-secret',NULL),(466,'2018-12-03 08:40:37','2018-12-03 08:40:37','supplier-seo-url',NULL),(467,'2018-12-03 08:40:37','2018-12-03 08:40:37','remove-listing-seo-url',NULL),(468,'2018-12-03 08:40:37','2018-12-03 08:40:37','update-feeds-thumbnails-size',NULL),(469,'2018-12-03 08:40:37','2018-12-03 08:40:37','add-404-article-page-config',NULL),(470,'2018-12-03 08:40:37','2018-12-03 08:40:37','update-price-variation-column-type',NULL),(471,'2018-12-03 08:40:37','2018-12-03 08:40:37','fix-attr17',NULL),(472,'2018-12-03 08:40:37','2018-12-03 08:40:37','add-landing-page-parent',NULL),(473,'2018-12-03 08:40:37','2018-12-03 08:40:37','add-zip-city-flip-option',NULL),(474,'2018-12-03 08:40:37','2018-12-03 08:40:37','switch-zipcode-city-emails',NULL),(475,'2018-12-03 08:40:37','2018-12-03 08:40:37','add-missing-emails',NULL),(476,'2018-12-03 08:40:37','2018-12-03 08:40:37','add-less-compatible-flag',NULL),(477,'2018-12-03 08:40:37','2018-12-03 08:40:37','disable-tag-cloud-for-installation',NULL),(478,'2018-12-03 08:40:37','2018-12-03 08:40:37','add-emotion-banner-title-attr',NULL),(479,'2018-12-03 08:40:37','2018-12-03 08:40:37','implement-after-update-wizard',NULL),(480,'2018-12-03 08:40:37','2018-12-03 08:40:37','translate-multi-edit-config-form',NULL),(481,'2018-12-03 08:40:37','2018-12-03 08:40:37','remove-vat-validation-from-core',NULL),(482,'2018-12-03 08:40:37','2018-12-03 08:40:37','remove-horizontal-scrolling',NULL),(483,'2018-12-03 08:40:37','2018-12-03 08:40:37','set-device-type-nullable',NULL),(484,'2018-12-03 08:40:37','2018-12-03 08:40:37','add-seo-title-to-categories',NULL),(485,'2018-12-03 08:40:37','2018-12-03 08:40:37','add-new-sprites-media-manager-albums',NULL),(486,'2018-12-03 08:40:37','2018-12-03 08:40:37','generate-mobile-sitemap',NULL),(487,'2018-12-03 08:40:37','2018-12-03 08:40:37','fix-service-product-snippet',NULL),(488,'2018-12-03 08:40:37','2018-12-03 08:40:37','reset-search-index',NULL),(489,'2018-12-03 08:40:37','2018-12-03 08:40:37','fix-backend-menu-icons',NULL),(490,'2018-12-03 08:40:37','2018-12-03 08:40:37','fix-email-templates-images-height',NULL),(491,'2018-12-03 08:40:37','2018-12-03 08:40:37','change-enabled-payment-methods',NULL),(492,'2018-12-03 08:40:37','2018-12-03 08:40:37','remove-unnecessary-data-from-base-install',NULL),(493,'2018-12-03 08:40:37','2018-12-03 08:40:37','remove-mail-translations',NULL),(494,'2018-12-03 08:40:37','2018-12-03 08:40:37','add-cheapest-price-calculation-config',NULL),(495,'2018-12-03 08:40:37','2018-12-03 08:40:37','fix-shopping-worlds-grid',NULL),(496,'2018-12-03 08:40:37','2018-12-03 08:40:37','add-cheapest-price-selection-config',NULL),(497,'2018-12-03 08:40:37','2018-12-03 08:40:37','fix-email-payment-method-description',NULL),(498,'2018-12-03 08:40:37','2018-12-03 08:40:37','fix-and-add-acl-privileges',NULL),(499,'2018-12-03 08:40:37','2018-12-03 08:40:37','add-swag-update-acl-privileges',NULL),(500,'2018-12-03 08:40:37','2018-12-03 08:40:37','destroy-bot-sessions',NULL),(501,'2018-12-03 08:40:37','2018-12-03 08:40:37','add-added-column-in-mailaddresses',NULL),(502,'2018-12-03 08:40:37','2018-12-03 08:40:37','remove-unused-voucher-table',NULL),(503,'2018-12-03 08:40:37','2018-12-03 08:40:37','rename-multi-edit',NULL),(504,'2018-12-03 08:40:37','2018-12-03 08:40:38','add-customergroup-index',NULL),(505,'2018-12-03 08:40:38','2018-12-03 08:40:38','add-voucher-indexes',NULL),(506,'2018-12-03 08:40:38','2018-12-03 08:40:38','password-reset',NULL),(600,'2018-12-03 08:40:38','2018-12-03 08:40:38','add-support-max-generated-similar-products',NULL),(601,'2018-12-03 08:40:38','2018-12-03 08:40:38','implement-elastic-search',NULL),(602,'2018-12-03 08:40:38','2018-12-03 08:40:38','add-premium-plugins-menu-item',NULL),(603,'2018-12-03 08:40:38','2018-12-03 08:40:38','add-product-streams',NULL),(604,'2018-12-03 08:40:38','2018-12-03 08:40:38','move-discount-surchage-names-into-snippets',NULL),(605,'2018-12-03 08:40:38','2018-12-03 08:40:38','add-and-search-config',NULL),(606,'2018-12-03 08:40:38','2018-12-03 08:40:38','add-state-name-column',NULL),(607,'2018-12-03 08:40:38','2018-12-03 08:40:38','add-rss-feed-widget',NULL),(608,'2018-12-03 08:40:38','2018-12-03 08:40:38','fix-product-stream-icon',NULL),(609,'2018-12-03 08:40:38','2018-12-03 08:40:38','add-media-recycling',NULL),(610,'2018-12-03 08:40:38','2018-12-03 08:40:38','remove-deprecated-adodb',NULL),(611,'2018-12-03 08:40:38','2018-12-03 08:40:38','remove-deprecated-api',NULL),(612,'2018-12-03 08:40:38','2018-12-03 08:40:38','remove-deprecated-multilanguage',NULL),(613,'2018-12-03 08:40:38','2018-12-03 08:40:38','add-media-meta',NULL),(614,'2018-12-03 08:40:38','2018-12-03 08:40:38','fix-document-logo-path',NULL),(615,'2018-12-03 08:40:38','2018-12-03 08:40:38','password-reset',NULL),(616,'2018-12-03 08:40:38','2018-12-03 08:40:38','product-stream-emotion-field',NULL),(617,'2018-12-03 08:40:38','2018-12-03 08:40:38','add-html5-emotion-handler',NULL),(618,'2018-12-03 08:40:38','2018-12-03 08:40:38','add-trash-album-settings',NULL),(619,'2018-12-03 08:40:38','2018-12-03 08:40:38','add-widgets-listing-cache-tag',NULL),(620,'2018-12-03 08:40:38','2018-12-03 08:40:38','add-delivered-in-future-column',NULL),(621,'2018-12-03 08:40:38','2018-12-03 08:40:38','remove-filter-options',NULL),(622,'2018-12-03 08:40:38','2018-12-03 08:40:38','add-emotion-seo-title',NULL),(623,'2018-12-03 08:40:38','2018-12-03 08:40:38','add-payment-config-item',NULL),(624,'2018-12-03 08:40:38','2018-12-03 08:40:38','fix-null-tax-rules',NULL),(625,'2018-12-03 08:40:38','2018-12-03 08:40:38','rename-feedback',NULL),(626,'2018-12-03 08:40:38','2018-12-03 08:40:38','fix-email-template-variables',NULL),(627,'2018-12-03 08:40:38','2018-12-03 08:40:38','fix-order-email-voucher-image',NULL),(628,'2018-12-03 08:40:38','2018-12-03 08:40:38','add-validation-index',NULL),(629,'2018-12-03 08:40:38','2018-12-03 08:40:38','implement-ajax-timeout',NULL),(630,'2018-12-03 08:40:38','2018-12-03 08:40:38','remove-google-analytics',NULL),(631,'2018-12-03 08:40:38','2018-12-03 08:40:38','remove-search-results-per-page',NULL),(632,'2018-12-03 08:40:38','2018-12-03 08:40:38','optimize-hide-no-instock-label',NULL),(633,'2018-12-03 08:40:38','2018-12-03 08:40:38','add-index-for-image-mappings',NULL),(634,'2018-12-03 08:40:38','2018-12-03 08:40:38','add-index-for-basket-ordernumber',NULL),(635,'2018-12-03 08:40:38','2018-12-03 08:40:39','add-index-for-plugin-id',NULL),(636,'2018-12-03 08:40:39','2018-12-03 08:40:39','streamline-german-email-wording',NULL),(637,'2018-12-03 08:40:39','2018-12-03 08:40:39','deactivate-similar-products',NULL),(638,'2018-12-03 08:40:39','2018-12-03 08:40:39','fix-serialized-data',NULL),(700,'2018-12-03 08:40:39','2018-12-03 08:40:39','remove-filter-values',NULL),(701,'2018-12-03 08:40:39','2018-12-03 08:40:39','remove-emotion-backend-options',NULL),(702,'2018-12-03 08:40:39','2018-12-03 08:40:39','add-emotion-element-css-class',NULL),(703,'2018-12-03 08:40:39','2018-12-03 08:40:39','activate-html-code-widget-by-default',NULL),(704,'2018-12-03 08:40:39','2018-12-03 08:40:39','remove-referercheck',NULL),(705,'2018-12-03 08:40:39','2018-12-03 08:40:39','rename-category-template-column',NULL),(706,'2018-12-03 08:40:39','2018-12-03 08:40:39','remove-debit-table',NULL),(707,'2018-12-03 08:40:39','2018-12-03 08:40:39','add-new-emotion-link-target-field',NULL),(708,'2018-12-03 08:40:39','2018-12-03 08:40:39','attribute-administration',NULL),(709,'2018-12-03 08:40:39','2018-12-03 08:40:40','add-user-addresses',NULL),(710,'2018-12-03 08:40:40','2018-12-03 08:40:40','remove-fax-field',NULL),(711,'2018-12-03 08:40:40','2018-12-03 08:40:40','create-address-migrate-table',NULL),(712,'2018-12-03 08:40:40','2018-12-03 08:40:40','migrate-user-billing',NULL),(713,'2018-12-03 08:40:40','2018-12-03 08:40:40','migrate-user-shipping',NULL),(714,'2018-12-03 08:40:40','2018-12-03 08:40:40','migrate-order-billing',NULL),(715,'2018-12-03 08:40:40','2018-12-03 08:40:40','migrate-order-shipping',NULL),(716,'2018-12-03 08:40:40','2018-12-03 08:40:40','copy-addresses-to-addressbook',NULL),(717,'2018-12-03 08:40:40','2018-12-03 08:40:40','set-default-billingaddresses',NULL),(718,'2018-12-03 08:40:40','2018-12-03 08:40:40','set-default-shippingaddresses',NULL),(719,'2018-12-03 08:40:40','2018-12-03 08:40:40','create-address-attribute-tables',NULL),(720,'2018-12-03 08:40:40','2018-12-03 08:40:40','migrate-order-billing-attributes',NULL),(721,'2018-12-03 08:40:40','2018-12-03 08:40:40','migrate-order-shipping-attributes',NULL),(722,'2018-12-03 08:40:40','2018-12-03 08:40:40','migrate-user-shipping-attributes',NULL),(723,'2018-12-03 08:40:40','2018-12-03 08:40:40','migrate-user-billing-attributes',NULL),(724,'2018-12-03 08:40:40','2018-12-03 08:40:40','cleanup-address-migration',NULL),(725,'2018-12-03 08:40:40','2018-12-03 08:40:40','remove-license-plugin-from-initial-db',NULL),(726,'2018-12-03 08:40:40','2018-12-03 08:40:40','remove-shipping-billing',NULL),(727,'2018-12-03 08:40:40','2018-12-03 08:40:40','core-license-config',NULL),(728,'2018-12-03 08:40:40','2018-12-03 08:40:40','create-s-user-columns',NULL),(729,'2018-12-03 08:40:40','2018-12-03 08:40:40','migrate-additional-userdata',NULL),(730,'2018-12-03 08:40:40','2018-12-03 08:40:40','drop-birthday-column',NULL),(731,'2018-12-03 08:40:40','2018-12-03 08:40:40','remove-emotion-grids',NULL),(732,'2018-12-03 08:40:40','2018-12-03 08:40:40','remove-landingpage-teaser',NULL),(733,'2018-12-03 08:40:40','2018-12-03 08:40:40','add-translatable-field-with-data',NULL),(734,'2018-12-03 08:40:40','2018-12-03 08:40:40','new-emotion-shop-association',NULL),(735,'2018-12-03 08:40:40','2018-12-03 08:40:40','migrate-old-emotion-relation',NULL),(736,'2018-12-03 08:40:40','2018-12-03 08:40:40','add-article-widget-categorie-selection',NULL),(737,'2018-12-03 08:40:40','2018-12-03 08:40:40','add-emotion-element-viewport',NULL),(738,'2018-12-03 08:40:40','2018-12-03 08:40:40','fixed-iframe-widget-xtype',NULL),(739,'2018-12-03 08:40:40','2018-12-03 08:40:40','migrate-emotion-widget-settings',NULL),(740,'2018-12-03 08:40:40','2018-12-03 08:40:40','new-border-setting-for-emotion-widgets',NULL),(741,'2018-12-03 08:40:40','2018-12-03 08:40:40','migrate-salutation-mails',NULL),(742,'2018-12-03 08:40:40','2018-12-03 08:40:40','add-title-user-billing',NULL),(743,'2018-12-03 08:40:40','2018-12-03 08:40:40','add-title-order-billing',NULL),(744,'2018-12-03 08:40:40','2018-12-03 08:40:40','add-title-order-shipping',NULL),(745,'2018-12-03 08:40:40','2018-12-03 08:40:40','add-title-user-shipping',NULL),(746,'2018-12-03 08:40:40','2018-12-03 08:40:40','migrate-shipping',NULL),(747,'2018-12-03 08:40:40','2018-12-03 08:40:40','ekw-mode-migration',NULL),(748,'2018-12-03 08:40:40','2018-12-03 08:40:40','remove-unused-fields',NULL),(749,'2018-12-03 08:40:40','2018-12-03 08:40:41','make-ustid-nullable',NULL),(750,'2018-12-03 08:40:41','2018-12-03 08:40:41','migrate-article-details-base-price',NULL),(751,'2018-12-03 08:40:41','2018-12-03 08:40:41','drop-unused-menu-fields',NULL),(752,'2018-12-03 08:40:41','2018-12-03 08:40:41','delete-payment-plugin',NULL),(753,'2018-12-03 08:40:41','2018-12-03 08:40:41','add-s-user-customer-number',NULL),(754,'2018-12-03 08:40:41','2018-12-03 08:40:41','update-order-billing-customer-number',NULL),(755,'2018-12-03 08:40:41','2018-12-03 08:40:41','migrate-customer-number',NULL),(756,'2018-12-03 08:40:41','2018-12-03 08:40:41','drop-customer-number',NULL),(757,'2018-12-03 08:40:41','2018-12-03 08:40:41','add-array-store-field',NULL),(758,'2018-12-03 08:40:41','2018-12-03 08:40:41','remove-attributes-read-acl',NULL),(759,'2018-12-03 08:40:41','2018-12-03 08:40:41','remove-noviewselect',NULL),(760,'2018-12-03 08:40:41','2018-12-03 08:40:41','change-plugin-unique-key',NULL),(761,'2018-12-03 08:40:41','2018-12-03 08:40:41','change-performance-menu',NULL),(762,'2018-12-03 08:40:41','2018-12-03 08:40:41','increase-img-character-size',NULL),(763,'2018-12-03 08:40:41','2018-12-03 08:40:41','add-attributes-read-acl',NULL),(764,'2018-12-03 08:40:41','2018-12-03 08:40:41','fixing-ordernumber-schema-addon-premiums',NULL),(765,'2018-12-03 08:40:41','2018-12-03 08:40:41','fixing-ordernumber-schema-article-configurator-templates',NULL),(766,'2018-12-03 08:40:41','2018-12-03 08:40:41','fixing-ordernumber-schema-article-details',NULL),(767,'2018-12-03 08:40:41','2018-12-03 08:40:41','fixing-ordernumber-schema-campaigns-articles',NULL),(768,'2018-12-03 08:40:41','2018-12-03 08:40:41','fixing-ordernumber-schema-order',NULL),(769,'2018-12-03 08:40:41','2018-12-03 08:40:41','fixing-ordernumber-schema-order-basket',NULL),(770,'2018-12-03 08:40:41','2018-12-03 08:40:42','fixing-ordernumber-schema-order-details',NULL),(771,'2018-12-03 08:40:42','2018-12-03 08:40:42','fixing-ordernumber-schema-order-notes',NULL),(772,'2018-12-03 08:40:42','2018-12-03 08:40:42','allow-label-nullable',NULL),(773,'2018-12-03 08:40:42','2018-12-03 08:40:42','add-library-component-fields',NULL),(774,'2018-12-03 08:40:42','2018-12-03 08:40:42','add-extra-config-elements',NULL),(775,'2018-12-03 08:40:42','2018-12-03 08:40:42','add-asset-version-config-element',NULL),(776,'2018-12-03 08:40:42','2018-12-03 08:40:42','fix-alter-ignore-migrations',NULL),(777,'2018-12-03 08:40:42','2018-12-03 08:40:42','fix-invalid-birthdays',NULL),(778,'2018-12-03 08:40:42','2018-12-03 08:40:42','add-attribtue-default-value',NULL),(779,'2018-12-03 08:40:42','2018-12-03 08:40:42','fixing-bot-detection-ios',NULL),(780,'2018-12-03 08:40:42','2018-12-03 08:40:42','fix-debit-payment',NULL),(781,'2018-12-03 08:40:42','2018-12-03 08:40:42','update-forum-link',NULL),(782,'2018-12-03 08:40:42','2018-12-03 08:40:42','add-partner-idcode-index',NULL),(783,'2018-12-03 08:40:42','2018-12-03 08:40:42','increase-media-path-columns',NULL),(784,'2018-12-03 08:40:42','2018-12-03 08:40:42','add-paging-to-notfoundfield',NULL),(785,'2018-12-03 08:40:42','2018-12-03 08:40:42','add-connect-default-menu',NULL),(786,'2018-12-03 08:40:42','2018-12-03 08:40:42','extend-api-cache-invalidation',NULL),(787,'2018-12-03 08:40:42','2018-12-03 08:40:42','add-missing-translation-basicsettings-login-and-registration',NULL),(788,'2018-12-03 08:40:42','2018-12-03 08:40:42','change-Seo-Router-description',NULL),(789,'2018-12-03 08:40:42','2018-12-03 08:40:42','add-crontab-disableonerror',NULL),(790,'2018-12-03 08:40:42','2018-12-03 08:40:42','clarify-basic-settings-label',NULL),(791,'2018-12-03 08:40:42','2018-12-03 08:40:42','increase-password-hash-size',NULL),(792,'2018-12-03 08:40:42','2018-12-03 08:40:42','add-send-registration-email-confirmation-config',NULL),(793,'2018-12-03 08:40:42','2018-12-03 08:40:42','add-attribute-table-for-search',NULL),(794,'2018-12-03 08:40:42','2018-12-03 08:40:42','fix-shop-page-limiting',NULL),(795,'2018-12-03 08:40:42','2018-12-03 08:40:42','remove-salutation-snippets',NULL),(796,'2018-12-03 08:40:42','2018-12-03 08:40:42','add-uniqueid-config-element',NULL),(797,'2018-12-03 08:40:42','2018-12-03 08:40:42','remove-salutation-snippets',NULL),(798,'2018-12-03 08:40:42','2018-12-03 08:40:42','add-sytem-log-acl',NULL),(799,'2018-12-03 08:40:42','2018-12-03 08:40:42','attribute-translation-fix-1-of-10',NULL),(800,'2018-12-03 08:40:42','2018-12-03 08:40:42','attribute-translation-fix-2-of-10',NULL),(801,'2018-12-03 08:40:42','2018-12-03 08:40:42','attribute-translation-fix-3-of-10',NULL),(802,'2018-12-03 08:40:42','2018-12-03 08:40:42','attribute-translation-fix-4-of-10',NULL),(803,'2018-12-03 08:40:42','2018-12-03 08:40:42','attribute-translation-fix-5-of-10',NULL),(804,'2018-12-03 08:40:42','2018-12-03 08:40:42','attribute-translation-fix-6-of-10',NULL),(805,'2018-12-03 08:40:42','2018-12-03 08:40:42','attribute-translation-fix-7-of-10',NULL),(806,'2018-12-03 08:40:42','2018-12-03 08:40:42','attribute-translation-fix-8-of-10',NULL),(807,'2018-12-03 08:40:42','2018-12-03 08:40:42','attribute-translation-fix-9-of-10',NULL),(808,'2018-12-03 08:40:42','2018-12-03 08:40:42','attribute-translation-fix-10-of-10',NULL),(809,'2018-12-03 08:40:42','2018-12-03 08:40:42','change-session-tables',NULL),(810,'2018-12-03 08:40:42','2018-12-03 08:40:42','change-description-of-article-cover-setting',NULL),(811,'2018-12-03 08:40:42','2018-12-03 08:40:42','add-attributes-partner',NULL),(812,'2018-12-03 08:40:42','2018-12-03 08:40:42','add-max-limit-config',NULL),(813,'2018-12-03 08:40:42','2018-12-03 08:40:42','session-expiry',NULL),(814,'2018-12-03 08:40:42','2018-12-03 08:40:42','create-configurator-options-attribute-table',NULL),(815,'2018-12-03 08:40:42','2018-12-03 08:40:42','add-strip-tags-configuration-option',NULL),(816,'2018-12-03 08:40:42','2018-12-03 08:40:42','short-cut-menu-plugin-manager',NULL),(817,'2018-12-03 08:40:42','2018-12-03 08:40:42','add-plugin-translations',NULL),(818,'2018-12-03 08:40:42','2018-12-03 08:40:42','make-some-fields-in-order-table-nullable',NULL),(819,'2018-12-03 08:40:42','2018-12-03 08:40:42','shortcut-help-menu',NULL),(820,'2018-12-03 08:40:42','2018-12-03 08:40:42','plugin-safe-mode',NULL),(900,'2018-12-03 08:40:42','2018-12-03 08:40:42','add-last-articles-config-elements',NULL),(901,'2018-12-03 08:40:42','2018-12-03 08:40:43','add-vote-shop-id',NULL),(902,'2018-12-03 08:40:43','2018-12-03 08:40:43','remove-import-export-legacy-module',NULL),(903,'2018-12-03 08:40:43','2018-12-03 08:40:43','add-menu-import-export-advanced',NULL),(904,'2018-12-03 08:40:43','2018-12-03 08:40:43','add-captcha-selection',NULL),(905,'2018-12-03 08:40:43','2018-12-03 08:40:43','add-backend-listing-index',NULL),(906,'2018-12-03 08:40:43','2018-12-03 08:40:43','remove-countryshipping-registration-config-option',NULL),(907,'2018-12-03 08:40:43','2018-12-03 08:40:43','add-signed-basket',NULL),(908,'2018-12-03 08:40:43','2018-12-03 08:40:46','change-varchar-attributes',NULL),(909,'2018-12-03 08:40:46','2018-12-03 08:40:46','add-buy-button-config',NULL),(910,'2018-12-03 08:40:46','2018-12-03 08:40:46','add-cookie-permissions',NULL),(911,'2018-12-03 08:40:46','2018-12-03 08:40:46','add-facet-behavior-switch',NULL),(912,'2018-12-03 08:40:46','2018-12-03 08:40:46','add-mail-template',NULL),(913,'2018-12-03 08:40:46','2018-12-03 08:40:46','force-category-selection-for-category-teaser',NULL),(914,'2018-12-03 08:40:46','2018-12-03 08:40:46','add-preview-id-for-emotions',NULL),(916,'2018-12-03 08:40:46','2018-12-03 08:40:46','add-capcha-to-register-page',NULL),(917,'2018-12-03 08:40:46','2018-12-03 08:40:46','add-sorting-module',NULL),(918,'2018-12-03 08:40:46','2018-12-03 08:40:46','add-facet-module',NULL),(919,'2018-12-03 08:40:46','2018-12-03 08:40:46','change-article-emotion-elements',NULL),(920,'2018-12-03 08:40:46','2018-12-03 08:40:46','add-description-to-linear-meter',NULL),(921,'2018-12-03 08:40:46','2018-12-03 08:40:46','remove-shipping-free-flag',NULL),(922,'2018-12-03 08:40:46','2018-12-03 08:40:46','change-instock',NULL),(923,'2018-12-03 08:40:46','2018-12-03 08:40:46','add-customer-streams',NULL),(924,'2018-12-03 08:40:46','2018-12-03 08:40:46','add-cache-control',NULL),(925,'2018-12-03 08:40:46','2018-12-03 08:40:46','add-user-config',NULL),(926,'2018-12-03 08:40:46','2018-12-03 08:40:46','add-emotion-presets',NULL),(928,'2018-12-03 08:40:46','2018-12-03 08:40:46','add-captcha-to-newsletter-page',NULL),(929,'2018-12-03 08:40:46','2018-12-03 08:40:46','add-stream-rules',NULL),(930,'2018-12-03 08:40:46','2018-12-03 08:40:46','fix-variant-weight',NULL),(931,'2018-12-03 08:40:46','2018-12-03 08:40:46','add-slt-config',NULL),(932,'2018-12-03 08:40:46','2018-12-03 08:40:46','add-http-cache-route',NULL),(933,'2018-12-03 08:40:46','2018-12-03 08:40:46','add-customer-stream-menu',NULL),(934,'2018-12-03 08:40:46','2018-12-03 08:40:46','add-stream-attributes',NULL),(935,'2018-12-03 08:40:46','2018-12-03 08:40:46','add-listing-layout-config',NULL),(936,'2018-12-03 08:40:46','2018-12-03 08:40:46','remove-stream-index',NULL),(937,'2018-12-03 08:40:46','2018-12-03 08:40:46','add-type-field',NULL),(938,'2018-12-03 08:40:46','2018-12-03 08:40:46','add-preset-emotion-translations',NULL),(939,'2018-12-03 08:40:46','2018-12-03 08:40:46','add-translations-for-facets',NULL),(940,'2018-12-03 08:40:46','2018-12-03 08:40:46','fix-import-export-menu-entry',NULL),(941,'2018-12-03 08:40:46','2018-12-03 08:40:47','replace-default-document-logo',NULL),(942,'2018-12-03 08:40:47','2018-12-03 08:40:47','add-shipping-acl',NULL),(943,'2018-12-03 08:40:47','2018-12-03 08:40:47','add-new-colum-search-fields',NULL),(944,'2018-12-03 08:40:47','2018-12-03 08:40:47','update-german-translations',NULL),(945,'2018-12-03 08:40:47','2018-12-03 08:40:47','add-category-column-external-target',NULL),(946,'2018-12-03 08:40:47','2018-12-03 08:40:47','change-customer-stream-type',NULL),(947,'2018-12-03 08:40:47','2018-12-03 08:40:47','change-ordercode-field-length-in_s_marketing_vouchers',NULL),(948,'2018-12-03 08:40:47','2018-12-03 08:40:47','update-customer-stream-conditions',NULL),(949,'2018-12-03 08:40:47','2018-12-03 08:40:47','add-deprecation-hint-to-maxpages-form',NULL),(951,'2018-12-03 08:40:47','2018-12-03 08:40:47','add-shipping-phone',NULL),(952,'2018-12-03 08:40:47','2018-12-03 08:40:47','implement-backend-menu-configuration',NULL),(953,'2018-12-03 08:40:47','2018-12-03 08:40:47','implement-growl-message-configuration',NULL),(954,'2018-12-03 08:40:47','2018-12-03 08:40:47','edit-company-register-config',NULL),(955,'2018-12-03 08:40:47','2018-12-03 08:40:47','rename-payment-order-state',NULL),(956,'2018-12-03 08:40:47','2018-12-03 08:40:47','seperate-logmail-address',NULL),(957,'2018-12-03 08:40:47','2018-12-03 08:40:47','site-active-status',NULL),(958,'2018-12-03 08:40:47','2018-12-03 08:40:47','add-http-cache-events-for-site',NULL),(959,'2018-12-03 08:40:47','2018-12-03 08:40:47','fix-emotion-default-value',NULL),(960,'2018-12-03 08:40:47','2018-12-03 08:40:47','add-article-shippingtime-translation',NULL),(961,'2018-12-03 08:40:47','2018-12-03 08:40:47','update-email-templates',NULL),(962,'2018-12-03 08:40:47','2018-12-03 08:40:47','add-ordernumber-form-field',NULL),(963,'2018-12-03 08:40:47','2018-12-03 08:40:47','update-emotion-url-template',NULL),(964,'2018-12-03 08:40:47','2018-12-03 08:40:47','translate-slt-setting',NULL),(965,'2018-12-03 08:40:47','2018-12-03 08:40:47','add-album-garbage-collect-option',NULL),(1200,'2018-12-03 08:40:47','2018-12-03 08:40:47','add-productbox-for-manufacturer',NULL),(1201,'2018-12-03 08:40:47','2018-12-03 08:40:47','remove-secure-shop-config',NULL),(1202,'2018-12-03 08:40:47','2018-12-03 08:40:47','remove-maxpages-formelement',NULL),(1203,'2018-12-03 08:40:47','2018-12-03 08:40:47','remove-blog-indexpage-configuration',NULL),(1204,'2018-12-03 08:40:47','2018-12-03 08:40:47','add-variant-filter',NULL),(1205,'2018-12-03 08:40:47','2018-12-03 08:40:47','remove-canonical-http-setting',NULL),(1206,'2018-12-03 08:40:47','2018-12-03 08:40:47','add-laststock-field-to-variants',NULL),(1207,'2018-12-03 08:40:47','2018-12-03 08:40:47','add-new-seo-alias-for-variants',NULL),(1208,'2018-12-03 08:40:47','2018-12-03 08:40:47','add-checkout-seo-routes',NULL),(1209,'2018-12-03 08:40:47','2018-12-03 08:40:47','add-error-mail-log-level-config-option',NULL),(1210,'2018-12-03 08:40:47','2018-12-03 08:40:47','fix-config-table-index',NULL),(1211,'2018-12-03 08:40:47','2018-12-03 08:40:47','change-description-of-article-cover-setting',NULL),(1212,'2018-12-03 08:40:47','2018-12-03 08:40:47','correct-typo-in-newsletter-backend-config',NULL),(1213,'2018-12-03 08:40:47','2018-12-03 08:40:47','add-laststock-on-variant-template-generation',NULL),(1214,'2018-12-03 08:40:47','2018-12-03 08:40:47','improve-email-header-field',NULL),(1215,'2018-12-03 08:40:47','2018-12-03 08:40:47','form-active-status',NULL),(1216,'2018-12-03 08:40:47','2018-12-03 08:40:47','remove-shopware-connect-menu',NULL),(1217,'2018-12-03 08:40:47','2018-12-03 08:40:47','change-smtp-password-fieldtype',NULL),(1218,'2018-12-03 08:40:47','2018-12-03 08:40:47','change-privacy-options',NULL),(1219,'2018-12-03 08:40:47','2018-12-03 08:40:47','add-cron-for-personal-data-cleanup',NULL),(1221,'2018-12-03 08:40:47','2018-12-03 08:40:47','add-double-opt-in-dates',NULL),(1222,'2018-12-03 08:40:47','2018-12-03 08:40:47','privacy-checkbox-note',NULL),(1223,'2018-12-03 08:40:47','2018-12-03 08:40:47','add-ip-anonymization',NULL),(1224,'2018-12-03 08:40:47','2018-12-03 08:40:47','cleanup-optin-table',NULL),(1225,'2018-12-03 08:40:47','2018-12-03 08:40:47','add-double-opt-in-register',NULL),(1226,'2018-12-03 08:40:47','2018-12-03 08:40:47','add-blog-comment-mailtemplate',NULL),(1227,'2018-12-03 08:40:47','2018-12-03 08:40:47','change-minimum-order-surcharge',NULL),(1228,'2018-12-03 08:40:47','2018-12-03 08:40:47','soptinregister-english-on-update',NULL),(1229,'2018-12-03 08:40:47','2018-12-03 08:40:47','accountless-optin-switch',NULL),(1230,'2018-12-03 08:40:47','2018-12-03 08:40:47','add-cookie-removal',NULL),(1231,'2018-12-03 08:40:47','2018-12-03 08:40:47','add-description-to-hideNoInStock-config-element',NULL),(1400,'2018-12-03 08:40:47','2018-12-03 08:40:47','add-benchmark-config-table',NULL),(1401,'2018-12-03 08:40:47','2018-12-03 08:40:47','add-benchmark-menu',NULL),(1402,'2018-12-03 08:40:47','2018-12-03 08:40:47','add-benchmark-teaser-config',NULL),(1403,'2018-12-03 08:40:47','2018-12-03 08:40:48','implement-document-type-key',NULL),(1404,'2018-12-03 08:40:48','2018-12-03 08:40:48','remove-language-distinction-from-shop-pages',NULL),(1405,'2018-12-03 08:40:48','2018-12-03 08:40:48','add-es-backend-backlog',NULL),(1406,'2018-12-03 08:40:48','2018-12-03 08:40:48','add-changed-timestamp-columns',NULL),(1407,'2018-12-03 08:40:48','2018-12-03 08:40:48','add-english-translations',NULL),(1408,'2018-12-03 08:40:48','2018-12-03 08:40:48','proportional-tax-calculation',NULL),(1409,'2018-12-03 08:40:48','2018-12-03 08:40:48','add-shipping-tax-column',NULL),(1410,'2018-12-03 08:40:48','2018-12-03 08:40:48','add-sqli-privilege',NULL),(1411,'2018-12-03 08:40:48','2018-12-03 08:40:48','change-order-documents-key',NULL),(1413,'2018-12-03 08:40:48','2018-12-03 08:40:48','href-lang-configuration',NULL),(1414,'2018-12-03 08:40:48','2018-12-03 08:40:48','add-statistics-acl-role',NULL),(1415,'2018-12-03 08:40:48','2018-12-03 08:40:48','add-necessary-columns-to-bi',NULL),(1416,'2018-12-03 08:40:48','2018-12-03 08:40:48','add-article-detail-id-to-s-order-details',NULL),(1418,'2018-12-03 08:40:48','2018-12-03 08:40:48','add-sitemap-configuration',NULL),(1419,'2018-12-03 08:40:48','2018-12-03 08:40:48','add-cron-for-personal-data-cleanup',NULL),(1421,'2018-12-03 08:40:48','2018-12-03 08:40:48','add-double-opt-in-dates',NULL),(1422,'2018-12-03 08:40:48','2018-12-03 08:40:48','privacy-checkbox-note',NULL),(1423,'2018-12-03 08:40:48','2018-12-03 08:40:48','add-ip-anonymization',NULL),(1424,'2018-12-03 08:40:48','2018-12-03 08:40:48','cleanup-optin-table',NULL),(1425,'2018-12-03 08:40:48','2018-12-03 08:40:48','add-double-opt-in-register',NULL),(1426,'2018-12-03 08:40:48','2018-12-03 08:40:48','add-blog-comment-mailtemplate',NULL),(1427,'2018-12-03 08:40:48','2018-12-03 08:40:48','change-minimum-order-surcharge',NULL),(1428,'2018-12-03 08:40:48','2018-12-03 08:40:48','soptinregister-english-on-update',NULL),(1429,'2018-12-03 08:40:48','2018-12-03 08:40:48','accountless-optin-switch',NULL),(1430,'2018-12-03 08:40:48','2018-12-03 08:40:48','add-cookie-removal',NULL),(1431,'2018-12-03 08:40:48','2018-12-03 08:40:48','add-description-to-hideNoInStock-config-element',NULL),(1432,'2018-12-03 08:40:48','2018-12-03 08:40:48','improve-plugin-manager',NULL),(1433,'2018-12-03 08:40:48','2018-12-03 08:40:48','add-analytics-last-id',NULL),(1434,'2018-12-03 08:40:48','2018-12-03 08:40:48','add-href-default-selection',NULL),(1435,'2018-12-03 08:40:48','2018-12-03 08:40:48','update-esd-helptext',NULL),(1436,'2018-12-03 08:40:48','2018-12-03 08:40:48','document-type-mail-templates',NULL),(1437,'2018-12-03 08:40:48','2018-12-03 08:40:48','add-bi-last-update-date-column',NULL),(1438,'2018-12-03 08:40:48','2018-12-03 08:40:48','add-bi-widgets',NULL),(1439,'2018-12-03 08:40:48','2018-12-03 08:40:48','change-back-document-id-to-tmp',NULL),(1440,'2018-12-03 08:40:48','2018-12-03 08:40:48','change-document-id-to-lowercase',NULL),(1441,'2018-12-03 08:40:48','2018-12-03 08:40:48','update-subshop-vote-description',NULL),(1442,'2018-12-03 08:40:48','2018-12-03 08:40:48','add-meta-description-config',NULL),(1443,'2018-12-03 08:40:48','2018-12-03 08:40:48','add-shipping-country-flag',NULL),(1444,'2018-12-03 08:40:48','2018-12-03 08:40:48','userfriendly-mail-options',NULL),(1445,'2018-12-03 08:40:48','2018-12-03 08:40:48','add-delete-document-right',NULL),(1446,'2018-12-03 08:40:48','2018-12-03 08:40:48','adjust-tracking-code-column-type',NULL),(1447,'2018-12-03 08:40:48','2018-12-03 08:40:48','add-notification-attributes',NULL),(1448,'2018-12-03 08:40:48','2018-12-03 08:40:48','set-default-country-allow-shipping-true',NULL),(1449,'2019-06-03 13:20:58','2019-06-03 13:20:58','add-shop-attributes-table',NULL),(1450,'2019-06-03 13:20:58','2019-06-03 13:20:58','add-missing-countries',NULL),(1451,'2019-06-03 13:20:58','2019-06-03 13:20:58','change-wiki-link',NULL),(1452,'2019-06-03 13:20:58','2019-06-03 13:20:58','change-laststock-filter',NULL),(1453,'2019-06-03 13:20:59','2019-06-03 13:20:59','fix-extended-editor',NULL),(1454,'2019-06-03 13:20:59','2019-06-03 13:20:59','add-category-shop-association',NULL),(1455,'2019-06-03 13:20:59','2019-06-03 13:20:59','add-customer-group-key-exemption-option',NULL),(1456,'2019-06-03 13:20:59','2019-06-03 13:20:59','change-docid-column-type',NULL),(1457,'2019-06-03 13:20:59','2019-06-03 13:20:59','add-minsearch-index-length',NULL),(1458,'2019-06-03 13:20:59','2019-06-03 13:20:59','add-essential-features-config',NULL),(1459,'2019-06-03 13:21:00','2019-06-03 13:21:00','change-shipping-costs-configs',NULL),(1460,'2019-06-03 13:21:00','2019-06-03 13:21:00','add-shipping-costs-configs-for-off-canvas',NULL),(1461,'2019-06-03 13:21:00','2019-06-03 13:21:00','change-no-customer-account-configs',NULL),(1462,'2019-07-15 14:11:02','2019-07-15 14:11:02','add-i-am-select-field-options',NULL),(1463,'2019-07-15 14:11:02','2019-07-15 14:11:02','invalidate-http-cache-on-entity-removal-subscriber',NULL),(1464,'2019-07-15 14:11:03','2019-07-15 14:11:03','fix-translation',NULL);

--
-- Table structure for table `s_search_custom_facet`
--

CREATE TABLE `s_search_custom_facet` (
  `id` int(11) unsigned NOT NULL AUTO_INCREMENT,
  `active` int(1) unsigned NOT NULL,
  `unique_key` varchar(100) COLLATE utf8_unicode_ci DEFAULT NULL,
  `display_in_categories` int(1) unsigned NOT NULL,
  `deletable` int(1) unsigned NOT NULL,
  `position` int(11) NOT NULL,
  `name` varchar(255) COLLATE utf8_unicode_ci NOT NULL,
  `facet` longtext COLLATE utf8_unicode_ci NOT NULL,
  PRIMARY KEY (`id`),
  UNIQUE KEY `unique_identifier` (`unique_key`),
  KEY `sorting` (`display_in_categories`,`position`)
) ENGINE=InnoDB AUTO_INCREMENT=13 DEFAULT CHARSET=utf8 COLLATE=utf8_unicode_ci;

--
-- Dumping data for table `s_search_custom_facet`
--

INSERT INTO `s_search_custom_facet` VALUES (1,1,'CategoryFacet',0,0,1,'Kategorien','{\"Shopware\\\\Bundle\\\\SearchBundle\\\\Facet\\\\CategoryFacet\":{\"label\":\"Kategorien\", \"depth\": \"2\"}}'),(2,0,'ImmediateDeliveryFacet',1,0,2,'Sofort lieferbar','{\"Shopware\\\\Bundle\\\\SearchBundle\\\\Facet\\\\ImmediateDeliveryFacet\":{\"label\":\"Sofort lieferbar\"}}'),(3,1,'ManufacturerFacet',1,0,3,'Hersteller','{\"Shopware\\\\Bundle\\\\SearchBundle\\\\Facet\\\\ManufacturerFacet\":{\"label\":\"Hersteller\"}}'),(4,0,'PriceFacet',1,0,4,'Preis','{\"Shopware\\\\Bundle\\\\SearchBundle\\\\Facet\\\\PriceFacet\":{\"label\":\"Preis\"}}'),(5,1,'PropertyFacet',1,0,5,'Eigenschaften','{\"Shopware\\\\Bundle\\\\SearchBundle\\\\Facet\\\\PropertyFacet\":[]}'),(6,0,'ShippingFreeFacet',1,0,6,'Versandkostenfrei','{\"Shopware\\\\Bundle\\\\SearchBundle\\\\Facet\\\\ShippingFreeFacet\":{\"label\":\"Versandkostenfrei\"}}'),(7,0,'VoteAverageFacet',1,0,7,'Bewertungen','{\"Shopware\\\\Bundle\\\\SearchBundle\\\\Facet\\\\VoteAverageFacet\":{\"label\":\"Bewertung\"}}'),(8,0,'WeightFacet',1,0,8,'Gewicht','{\"Shopware\\\\Bundle\\\\SearchBundle\\\\Facet\\\\WeightFacet\":{\"label\":\"Gewicht\",\"suffix\":\"kg\",\"digits\":2}}'),(9,0,'WidthFacet',1,0,9,'Breite','{\"Shopware\\\\Bundle\\\\SearchBundle\\\\Facet\\\\WidthFacet\":{\"label\":\"Breite\",\"suffix\":\"cm\",\"digits\":2}}'),(10,0,'HeightFacet',1,0,10,'Höhe','{\"Shopware\\\\Bundle\\\\SearchBundle\\\\Facet\\\\HeightFacet\":{\"label\":\"Höhe\",\"suffix\":\"cm\",\"digits\":2}}'),(11,0,'LengthFacet',1,0,11,'Länge','{\"Shopware\\\\Bundle\\\\SearchBundle\\\\Facet\\\\LengthFacet\":{\"label\":\"Länge\",\"suffix\":\"cm\",\"digits\":2}}'),(12,0,'VariantFacet',1,0,11,'Varianten','{\"Shopware\\\\Bundle\\\\SearchBundle\\\\Facet\\\\VariantFacet\":{\"groupIds\":\"\", \"expandGroupIds\":\"\"}}');

--
-- Table structure for table `s_search_custom_sorting`
--

CREATE TABLE `s_search_custom_sorting` (
  `id` int(11) unsigned NOT NULL AUTO_INCREMENT,
  `label` varchar(255) COLLATE utf8_unicode_ci NOT NULL,
  `active` int(1) unsigned NOT NULL,
  `display_in_categories` int(1) unsigned NOT NULL,
  `position` int(11) NOT NULL,
  `sortings` longtext COLLATE utf8_unicode_ci NOT NULL,
  PRIMARY KEY (`id`),
  KEY `sorting` (`display_in_categories`,`position`)
) ENGINE=InnoDB AUTO_INCREMENT=8 DEFAULT CHARSET=utf8 COLLATE=utf8_unicode_ci;

--
-- Dumping data for table `s_search_custom_sorting`
--

INSERT INTO `s_search_custom_sorting` VALUES (1,'Erscheinungsdatum',1,1,-10,'{\"Shopware\\\\Bundle\\\\SearchBundle\\\\Sorting\\\\ReleaseDateSorting\":{\"direction\":\"DESC\"}}'),(2,'Beliebtheit',1,1,1,'{\"Shopware\\\\Bundle\\\\SearchBundle\\\\Sorting\\\\PopularitySorting\":{\"direction\":\"DESC\"}}'),(3,'Niedrigster Preis',0,1,2,'{\"Shopware\\\\Bundle\\\\SearchBundle\\\\Sorting\\\\PriceSorting\":{\"direction\":\"ASC\"}}'),(4,'Höchster Preis',0,1,3,'{\"Shopware\\\\Bundle\\\\SearchBundle\\\\Sorting\\\\PriceSorting\":{\"direction\":\"DESC\"}}'),(5,'Artikelbezeichnung',1,1,4,'{\"Shopware\\\\Bundle\\\\SearchBundle\\\\Sorting\\\\ProductNameSorting\":{\"direction\":\"ASC\"}}'),(7,'Beste Ergebnisse',1,0,6,'{\"Shopware\\\\Bundle\\\\SearchBundle\\\\Sorting\\\\SearchRankingSorting\":{\"direction\":\"DESC\"}}');

--
-- Table structure for table `s_search_fields`
--

CREATE TABLE `s_search_fields` (
  `id` int(11) unsigned NOT NULL AUTO_INCREMENT,
  `name` varchar(255) COLLATE utf8_unicode_ci NOT NULL,
  `relevance` int(11) NOT NULL,
  `field` varchar(255) COLLATE utf8_unicode_ci NOT NULL,
  `tableID` int(11) NOT NULL,
  `do_not_split` tinyint(1) NOT NULL,
  PRIMARY KEY (`id`),
  UNIQUE KEY `field` (`field`,`tableID`),
  KEY `tableID` (`tableID`)
) ENGINE=InnoDB AUTO_INCREMENT=9 DEFAULT CHARSET=utf8 COLLATE=utf8_unicode_ci;

--
-- Dumping data for table `s_search_fields`
--

INSERT INTO `s_search_fields` VALUES (1,'Kategorie-Keywords',10,'metakeywords',2,0),(2,'Kategorie-Überschrift',70,'description',2,0),(3,'Artikel-Name',400,'name',1,0),(4,'Artikel-Keywords',10,'keywords',1,0),(5,'Artikel-Bestellnummer',50,'ordernumber',4,0),(6,'Hersteller-Name',45,'name',3,0),(7,'Artikel-Name Übersetzung',50,'name',5,0),(8,'Artikel-Keywords Übersetzung',10,'keywords',5,0);

--
-- Table structure for table `s_search_index`
--

CREATE TABLE `s_search_index` (
  `keywordID` int(11) NOT NULL,
  `fieldID` int(11) NOT NULL,
  `elementID` int(11) NOT NULL,
  PRIMARY KEY (`keywordID`,`fieldID`,`elementID`),
  KEY `clean_up_index` (`keywordID`,`fieldID`)
) ENGINE=InnoDB DEFAULT CHARSET=utf8 COLLATE=utf8_unicode_ci;

--
-- Dumping data for table `s_search_index`
--

INSERT INTO `s_search_index` VALUES (4943,3,23),(4943,3,28),(4944,3,23),(4944,6,39),(4944,7,23),(4945,3,23),(4945,7,23),(4946,3,23),(4946,3,27),(4946,7,23),(4946,7,27),(4948,2,1),(4949,2,3),(5227,3,24),(5227,3,25),(5227,3,26),(5227,3,29),(5227,3,30),(5227,3,32),(5227,3,57),(5227,3,73),(5227,6,16),(5227,6,17),(5227,6,18),(5227,6,19),(5227,7,24),(5227,7,25),(5227,7,26),(5227,7,29),(5227,7,30),(5227,7,32),(5227,7,57),(5227,7,73),(5228,3,24),(5228,3,25),(5228,3,26),(5228,3,29),(5228,3,30),(5228,3,73),(5228,6,19),(5228,7,24),(5228,7,25),(5228,7,26),(5228,7,29),(5228,7,30),(5228,7,73),(5232,3,24),(5232,3,29),(5232,3,30),(5232,7,24),(5232,7,29),(5232,7,30),(5244,5,23),(5490,3,24),(5490,3,25),(5490,3,26),(5496,3,25),(5496,3,26),(5496,7,25),(5496,7,26),(5518,5,25),(5578,2,99),(5579,2,97),(5579,2,110),(5579,3,23),(5579,3,28),(5579,7,23),(5579,7,28),(5579,7,51),(5579,7,52),(5579,7,68),(5579,7,69),(5581,2,97),(5581,2,105),(5582,2,96),(5583,2,11),(5584,2,106),(5585,2,105),(5586,2,104),(5588,2,103),(5590,2,102),(5591,2,101),(5591,2,114),(5751,2,108),(5752,2,108),(5752,2,120),(5752,2,128),(5753,2,112),(5753,7,70),(5754,2,109),(5754,2,117),(5757,2,110),(5757,2,118),(5760,2,118),(5760,7,45),(5760,7,46),(5760,7,59),(5761,2,117),(5764,2,116),(5765,2,116),(5766,2,115),(5777,2,95),(5777,2,107),(5777,2,124),(5803,3,31),(5803,3,42),(5803,3,54),(5803,3,55),(5803,3,61),(5803,3,79),(5803,6,2),(5803,7,31),(5803,7,42),(5803,7,54),(5803,7,55),(5803,7,61),(5803,7,79),(5804,3,31),(5804,3,42),(5804,3,54),(5804,3,55),(5804,3,61),(5804,3,79),(5804,6,2),(5804,7,31),(5804,7,42),(5804,7,54),(5804,7,55),(5804,7,61),(5804,7,79),(5805,6,3),(5806,6,4),(5807,6,4),(5808,3,56),(5808,6,5),(5808,7,56),(5810,3,27),(5810,3,36),(5810,3,37),(5810,3,38),(5810,3,50),(5810,3,65),(5810,3,76),(5810,6,6),(5810,6,23),(5810,7,27),(5810,7,36),(5810,7,37),(5810,7,38),(5810,7,50),(5810,7,65),(5810,7,76),(5811,6,8),(5811,6,23),(5812,6,9),(5813,3,44),(5813,3,51),(5813,3,69),(5813,6,10),(5813,7,44),(5813,7,51),(5813,7,69),(5814,6,11),(5815,3,63),(5815,6,12),(5815,7,63),(5816,3,35),(5816,6,13),(5816,7,35),(5817,6,14),(5818,3,47),(5818,6,15),(5818,7,47),(5819,3,32),(5819,3,57),(5819,6,16),(5819,7,32),(5819,7,57),(5821,6,18),(5821,6,32),(5822,3,70),(5822,6,20),(5822,7,70),(5823,3,46),(5823,3,59),(5823,3,68),(5823,6,21),(5823,6,22),(5823,7,46),(5823,7,59),(5823,7,68),(5824,3,41),(5824,3,58),(5824,3,71),(5824,6,22),(5824,6,31),(5824,7,41),(5824,7,58),(5824,7,71),(5825,6,24),(5826,6,26),(5827,6,26),(5828,3,78),(5828,6,27),(5828,7,78),(5829,6,28),(5830,6,29),(5831,6,29),(5832,3,52),(5832,6,30),(5832,7,52),(5833,3,41),(5833,3,58),(5833,3,71),(5833,6,31),(5833,7,41),(5833,7,58),(5833,7,71),(5834,6,33),(5835,3,45),(5835,3,77),(5835,3,80),(5835,6,34),(5835,7,45),(5835,7,77),(5835,7,80),(5836,3,39),(5836,3,40),(5836,3,53),(5836,6,35),(5836,6,36),(5836,7,39),(5836,7,40),(5836,7,53),(5837,6,35),(5838,3,39),(5838,3,40),(5838,3,53),(5838,6,36),(5838,7,39),(5838,7,40),(5838,7,53),(5839,3,28),(5839,6,37),(5839,7,28),(5840,6,38),(5841,6,40),(6441,2,104),(8655,2,95),(8656,2,103),(8658,2,112),(8659,2,116),(8659,7,32),(8660,2,119),(8737,5,24),(8738,5,26),(8744,7,23),(8744,7,28),(8744,7,46),(8744,7,51),(8744,7,52),(8744,7,59),(8744,7,68),(8744,7,69),(8745,7,23),(8745,7,28),(8745,7,35),(8745,7,46),(8745,7,51),(8745,7,52),(8745,7,59),(8745,7,68),(8745,7,69),(8745,7,70),(9378,2,120),(10934,3,27),(10934,3,36),(10934,3,37),(10934,3,38),(10934,3,43),(10934,3,50),(10934,3,65),(10934,3,76),(10934,6,6),(10934,6,7),(10934,6,8),(10934,6,9),(10934,7,27),(10934,7,36),(10934,7,37),(10934,7,38),(10934,7,43),(10934,7,50),(10934,7,65),(10934,7,76),(10936,3,27),(10936,3,36),(10936,3,50),(10936,7,27),(10936,7,36),(10936,7,50),(10937,3,27),(10937,3,36),(10937,3,37),(10937,3,38),(10937,3,43),(10937,3,50),(10937,3,65),(10937,3,76),(10994,6,17),(10994,6,18),(10994,6,25),(10994,6,32),(11036,5,27),(11046,3,28),(11046,7,28),(11048,3,29),(11048,3,30),(11048,7,29),(11048,7,30),(11051,3,29),(11051,3,30),(11051,3,31),(11051,3,79),(11155,5,28),(11156,5,29),(11797,2,121),(11798,2,121),(11799,2,122),(11801,2,123),(11802,2,124),(11803,2,125),(11805,2,126),(11807,2,127),(11808,2,128),(12994,2,122),(12995,2,126),(13313,6,1),(13497,7,24),(13497,7,25),(13497,7,26),(13498,7,27),(13498,7,36),(13498,7,37),(13498,7,38),(13498,7,43),(13498,7,50),(13498,7,65),(13498,7,76),(13499,7,29),(13499,7,30),(13499,7,79),(16190,2,129),(16191,2,130),(16192,2,130),(16192,2,132),(16192,2,134),(16343,2,97),(16343,2,105),(16344,2,109),(16344,7,48),(16345,2,110),(16345,2,118),(16347,2,131),(16348,2,132),(16499,2,133),(16500,2,133),(16501,2,134),(17587,3,31),(17587,3,79),(17587,7,31),(17587,7,79),(17588,3,31),(17588,7,31),(17589,3,31),(17589,3,54),(17589,3,61),(17589,3,79),(17589,7,31),(17589,7,54),(17589,7,61),(17589,7,79),(17590,3,31),(17590,3,79),(17590,7,31),(17590,7,79),(17592,3,33),(17592,3,34),(17592,7,33),(17592,7,34),(17593,3,33),(17593,3,34),(17593,7,33),(17593,7,34),(17595,3,33),(17595,3,34),(17595,3,35),(17595,7,33),(17595,7,34),(17595,7,35),(17598,3,33),(17598,3,34),(17599,3,35),(17599,7,35),(17605,3,37),(17605,7,37),(17606,3,38),(17606,7,38),(17607,3,39),(17607,3,40),(17608,3,41),(17608,7,41),(17611,3,42),(17611,7,42),(17612,3,42),(17612,7,42),(17613,3,42),(17613,7,42),(17614,3,42),(17614,7,42),(17615,3,42),(17615,7,42),(17616,3,43),(17616,7,43),(17619,3,44),(17619,7,44),(17620,3,44),(17620,3,70),(17621,3,45),(17622,3,45),(17622,7,45),(17623,3,45),(17626,3,46),(17626,7,46),(17627,3,47),(17627,7,47),(17629,3,47),(17629,7,47),(17630,3,47),(17633,3,48),(17633,7,48),(17634,3,48),(17635,3,49),(17635,7,49),(17636,3,49),(17636,7,49),(17637,3,49),(17638,3,49),(17638,3,55),(17638,3,62),(17638,7,49),(17638,7,55),(17638,7,62),(17639,3,51),(17639,7,51),(17640,3,52),(17640,7,52),(17642,3,53),(17642,7,53),(17643,3,53),(17644,3,54),(17644,3,61),(17644,7,54),(17644,7,61),(17645,3,54),(17645,7,54),(17646,3,54),(17646,3,61),(17646,7,54),(17646,7,61),(17647,3,54),(17647,3,61),(17647,7,54),(17647,7,61),(17788,5,30),(17789,5,31),(17790,5,32),(17791,5,33),(17792,5,34),(17793,5,35),(17794,5,36),(17795,5,37),(17796,5,38),(17797,5,39),(17798,5,40),(17799,5,41),(17800,5,42),(17801,5,43),(17802,5,44),(17803,5,45),(17804,5,46),(17805,5,47),(17806,5,48),(17807,5,49),(17808,5,50),(17809,5,51),(17810,5,52),(17811,5,53),(17812,5,54),(17820,7,33),(17820,7,34),(17823,7,39),(17823,7,40),(17824,7,39),(17824,7,40),(17825,7,41),(17825,7,57),(17825,7,58),(17825,7,71),(17825,7,73),(17826,7,44),(17826,7,70),(17827,7,44),(17827,7,78),(17828,7,31),(17828,7,45),(17829,7,45),(17830,7,47),(17831,7,48),(17832,7,49),(17833,7,53),(17834,7,53),(17927,3,55),(18130,5,55),(18163,7,55),(34838,2,128),(54973,3,56),(54973,7,56),(54974,3,56),(54975,3,57),(54975,7,57),(54976,3,57),(54976,7,57),(54979,3,59),(54979,7,59),(54984,3,61),(54984,7,61),(54985,3,62),(54985,7,62),(54987,3,63),(54987,7,63),(54990,3,63),(54990,7,63),(54992,3,63),(54994,3,64),(54994,7,64),(54995,3,64),(54995,3,77),(54995,3,80),(54997,3,65),(54997,7,65),(54998,3,76),(54998,7,76),(55000,3,68),(55000,7,68),(55002,3,69),(55002,7,69),(55003,3,70),(55003,7,70),(55005,3,73),(55005,7,73),(55006,3,73),(55006,7,73),(55011,3,77),(55011,3,80),(55011,7,77),(55011,7,80),(55220,5,56),(55221,5,57),(55222,5,58),(55223,5,59),(55225,5,61),(55226,5,62),(55227,5,63),(55228,5,64),(55229,5,65),(55232,5,68),(55233,5,69),(55234,5,70),(55235,5,71),(55237,5,73),(55240,5,76),(55241,5,77),(55275,7,56),(55276,7,63),(55277,7,63),(55278,7,64),(55278,7,77),(55278,7,80),(55889,3,78),(55889,7,78),(55890,3,78),(56129,5,78),(56179,7,78),(59848,3,79),(59848,7,79),(59991,2,131),(60090,5,79),(75353,3,41),(75353,3,57),(75353,3,58),(75353,3,71),(75353,3,73),(75354,3,46),(75354,3,59),(75355,3,51),(75355,3,52),(75355,3,68),(75355,3,69),(86516,7,31),(87467,5,80),(110386,3,32),(110387,3,35),(110388,3,35),(110389,3,35),(110644,7,35),(110645,7,35),(110646,7,35),(110647,7,35);

--
-- Table structure for table `s_search_keywords`
--

CREATE TABLE `s_search_keywords` (
  `id` int(11) unsigned NOT NULL AUTO_INCREMENT,
  `keyword` varchar(255) COLLATE utf8_unicode_ci NOT NULL,
  `soundex` varchar(255) COLLATE utf8_unicode_ci DEFAULT NULL,
  PRIMARY KEY (`id`),
  UNIQUE KEY `keyword` (`keyword`),
  KEY `soundex` (`soundex`)
) ENGINE=InnoDB AUTO_INCREMENT=110648 DEFAULT CHARSET=utf8 COLLATE=utf8_unicode_ci;

--
-- Dumping data for table `s_search_keywords`
--

INSERT INTO `s_search_keywords` VALUES (4943,'verpackungsmaschine',NULL),(4944,'verpaco',NULL),(4945,'vps',NULL),(4946,'120',NULL),(4948,'root',NULL),(4949,'deutsch',NULL),(5227,'gea',NULL),(5228,'westfalia',NULL),(5232,'076',NULL),(5244,'a100012',NULL),(5490,'klarifikator',NULL),(5496,'msb',NULL),(5518,'a100017',NULL),(5578,'abfuellanlagen',NULL),(5579,'butter',NULL),(5581,'verpackung',NULL),(5582,'filtrationsanlagen',NULL),(5583,'englisch',NULL),(5584,'homogenisatoren',NULL),(5585,'kaese',NULL),(5586,'komplette',NULL),(5588,'pasteurisierer',NULL),(5590,'separatoren',NULL),(5591,'tanks',NULL),(5751,'used',NULL),(5752,'machinery',NULL),(5753,'filling',NULL),(5754,'lines',NULL),(5757,'packing',NULL),(5760,'cheese',NULL),(5761,'complete',NULL),(5764,'heat',NULL),(5765,'exchanger',NULL),(5766,'separators',NULL),(5777,'maschinen',NULL),(5803,'alfa',NULL),(5804,'laval',NULL),(5805,'alpma',NULL),(5806,'ampack',NULL),(5807,'amman',NULL),(5808,'anhydro',NULL),(5810,'gaulin',NULL),(5811,'manton',NULL),(5812,'rannie',NULL),(5813,'benhil',NULL),(5814,'choteborske',NULL),(5815,'dietzel',NULL),(5816,'dima',NULL),(5817,'fasa',NULL),(5818,'flottweg',NULL),(5819,'ahlborn',NULL),(5821,'soavi',NULL),(5822,'hamba',NULL),(5823,'kustner',NULL),(5824,'freres',NULL),(5825,'nagema',NULL),(5826,'paasch',NULL),(5827,'silkeborg',NULL),(5828,'risco',NULL),(5829,'scheffers',NULL),(5830,'schmidt',NULL),(5831,'sigma',NULL),(5832,'sig',NULL),(5833,'simon',NULL),(5834,'sposmasz',NULL),(5835,'stephan',NULL),(5836,'tetra',NULL),(5837,'alex',NULL),(5838,'pak',NULL),(5839,'trepko',NULL),(5840,'tuchenhagen',NULL),(5841,'waldner',NULL),(6441,'linien',NULL),(8655,'gebrauchte',NULL),(8656,'waermetauscher',NULL),(8658,'machines',NULL),(8659,'pasteuriser',NULL),(8660,'homogenizers',NULL),(8737,'a100015',NULL),(8738,'a100018',NULL),(8744,'packaging',NULL),(8745,'machine',NULL),(9378,'new',NULL),(10934,'apv',NULL),(10936,'3tps',NULL),(10937,'homogenisator',NULL),(10994,'niro',NULL),(11036,'a100028',NULL),(11046,'xpg',NULL),(11048,'msd',NULL),(11051,'entrahmer',NULL),(11155,'a100101',NULL),(11156,'a100140',NULL),(11797,'ueber',NULL),(11798,'uns',NULL),(11799,'demontage',NULL),(11801,'kontakt',NULL),(11802,'ankauf',NULL),(11803,'about',NULL),(11805,'dismantling',NULL),(11807,'contact',NULL),(11808,'sell',NULL),(12994,'ueberholung',NULL),(12995,'overhauling',NULL),(13313,'angegeben',NULL),(13497,'clarifyer',NULL),(13498,'homogeniser',NULL),(13499,'skimmer',NULL),(16190,'trocknung',NULL),(16191,'drying',NULL),(16192,'equipment',NULL),(16343,'herst',NULL),(16344,'filtration',NULL),(16345,'mfg',NULL),(16347,'ausruestung',NULL),(16348,'other',NULL),(16499,'ueberholte',NULL),(16500,'ware',NULL),(16501,'overhauled',NULL),(17587,'hmrpx',NULL),(17588,'610',NULL),(17589,'hgv',NULL),(17590,'74c',NULL),(17592,'schroeder',NULL),(17593,'utk',NULL),(17595,'200',NULL),(17598,'kombinator',NULL),(17599,'compact',NULL),(17605,'5tps',NULL),(17606,'5tpsx',NULL),(17607,'kartonierer',NULL),(17608,'contimab',NULL),(17611,'qmrkx',NULL),(17612,'517',NULL),(17613,'sgv',NULL),(17614,'34c',NULL),(17615,'quarkseparator',NULL),(17616,'lab',NULL),(17619,'8204',NULL),(17620,'becherfueller',NULL),(17621,'frischkaese',NULL),(17622,'quark',NULL),(17623,'mischer',NULL),(17626,'tringular',NULL),(17627,'z42',NULL),(17629,'401',NULL),(17630,'dekanter',NULL),(17633,'ultra',NULL),(17634,'filtrationsanlage',NULL),(17635,'abab',NULL),(17636,'st6',NULL),(17637,'aseptischer',NULL),(17638,'tank',NULL),(17639,'8206',NULL),(17640,'f140',NULL),(17642,'cip',NULL),(17643,'reinigungseinheit',NULL),(17644,'bmrpx',NULL),(17645,'714',NULL),(17646,'14c',NULL),(17647,'bactofuge',NULL),(17788,'a100141',NULL),(17789,'a100162',NULL),(17790,'a100187',NULL),(17791,'a100193',NULL),(17792,'a100194',NULL),(17793,'a100200',NULL),(17794,'a100235',NULL),(17795,'a100236',NULL),(17796,'a100240',NULL),(17797,'a100244',NULL),(17798,'a100245',NULL),(17799,'a100254',NULL),(17800,'a100256',NULL),(17801,'a100264',NULL),(17802,'a100272',NULL),(17803,'a100275',NULL),(17804,'a100281',NULL),(17805,'a100282',NULL),(17806,'a100284',NULL),(17807,'a100290',NULL),(17808,'a100296',NULL),(17809,'a100299',NULL),(17810,'a100300',NULL),(17811,'a100302',NULL),(17812,'a100303',NULL),(17820,'combiner',NULL),(17823,'cardon',NULL),(17824,'packer',NULL),(17825,'cbm',NULL),(17826,'cup',NULL),(17827,'filler',NULL),(17828,'cream',NULL),(17829,'mixer',NULL),(17830,'decanter',NULL),(17831,'line',NULL),(17832,'aseptic',NULL),(17833,'cleaning',NULL),(17834,'unit',NULL),(17927,'aspetischer',NULL),(18130,'a100210',NULL),(18163,'aspetic',NULL),(34838,'your',NULL),(54973,'250',NULL),(54974,'atomisierer',NULL),(54975,'311',NULL),(54976,'2000',NULL),(54979,'square',NULL),(54984,'618',NULL),(54985,'landteknikk',NULL),(54987,'t15',NULL),(54990,'1400',NULL),(54992,'walzentrockner',NULL),(54994,'160',NULL),(54995,'kutter',NULL),(54997,'tbs',NULL),(54998,'tps',NULL),(55000,'micropac',NULL),(55002,'8219',NULL),(55003,'6000',NULL),(55005,'buc',NULL),(55006,'1500',NULL),(55011,'umm',NULL),(55220,'a100313',NULL),(55221,'a100319',NULL),(55222,'a100331',NULL),(55223,'a100343',NULL),(55225,'a100354',NULL),(55226,'a100357',NULL),(55227,'a100359',NULL),(55228,'a100363',NULL),(55229,'a100369',NULL),(55232,'a100379',NULL),(55233,'a100380',NULL),(55234,'a100381',NULL),(55235,'a100382',NULL),(55237,'a100386',NULL),(55240,'a100413',NULL),(55241,'a100414',NULL),(55275,'atomizer',NULL),(55276,'drum',NULL),(55277,'dryer',NULL),(55278,'cutter',NULL),(55889,'305',NULL),(55890,'vakuumfueller',NULL),(56129,'a100423',NULL),(56179,'vacuum',NULL),(59848,'614',NULL),(59991,'sontige',NULL),(60090,'a100185',NULL),(75353,'buttermaschine',NULL),(75354,'kaeseverpackungsmaschine',NULL),(75355,'butterverpackungsmaschine',NULL),(86516,'separator',NULL),(87467,'a100441',NULL),(110386,'plattenwaermetauscher',NULL),(110387,'koch',NULL),(110388,'knet',NULL),(110389,'formmaschine',NULL),(110644,'cook',NULL),(110645,'kneading',NULL),(110646,'and',NULL),(110647,'molding',NULL);

--
-- Table structure for table `s_search_tables`
--

CREATE TABLE `s_search_tables` (
  `id` int(11) NOT NULL AUTO_INCREMENT,
  `table` varchar(255) COLLATE utf8_unicode_ci NOT NULL,
  `referenz_table` varchar(255) COLLATE utf8_unicode_ci DEFAULT NULL,
  `foreign_key` varchar(255) COLLATE utf8_unicode_ci DEFAULT NULL,
  `where` varchar(255) COLLATE utf8_unicode_ci DEFAULT NULL,
  PRIMARY KEY (`id`)
) ENGINE=InnoDB AUTO_INCREMENT=7 DEFAULT CHARSET=utf8 COLLATE=utf8_unicode_ci;

--
-- Dumping data for table `s_search_tables`
--

INSERT INTO `s_search_tables` VALUES (1,'s_articles',NULL,NULL,NULL),(2,'s_categories','s_articles_categories','categoryID',NULL),(3,'s_articles_supplier',NULL,'supplierID',NULL),(4,'s_articles_details','s_articles_details','id',NULL),(5,'s_articles_translations',NULL,NULL,NULL),(6,'s_articles_attributes',NULL,NULL,NULL);

--
-- Table structure for table `s_statistics_article_impression`
--

CREATE TABLE `s_statistics_article_impression` (
  `id` int(11) unsigned NOT NULL AUTO_INCREMENT,
  `articleId` int(11) unsigned NOT NULL,
  `shopId` int(11) unsigned NOT NULL,
  `date` date NOT NULL DEFAULT '0000-00-00',
  `impressions` int(11) NOT NULL,
  `deviceType` varchar(50) COLLATE utf8_unicode_ci NOT NULL DEFAULT 'desktop',
  PRIMARY KEY (`id`),
  UNIQUE KEY `articleId_2` (`articleId`,`shopId`,`date`,`deviceType`),
  KEY `articleId` (`articleId`)
) ENGINE=InnoDB AUTO_INCREMENT=2879 DEFAULT CHARSET=utf8 COLLATE=utf8_unicode_ci;

--
-- Dumping data for table `s_statistics_article_impression`
--

INSERT INTO `s_statistics_article_impression` VALUES (1,1,1,'2019-01-11',5,'desktop'),(2,1,1,'2019-01-14',4,'desktop'),(3,2,1,'2019-01-14',2,'desktop'),(4,1,1,'2019-01-15',2,'desktop'),(5,2,1,'2019-01-15',1,'desktop'),(6,2,1,'2019-01-17',1,'desktop'),(7,1,1,'2019-01-18',1,'desktop'),(8,2,1,'2019-01-21',1,'desktop'),(9,2,1,'2019-01-25',2,'desktop'),(10,1,1,'2019-01-25',1,'desktop'),(11,4,1,'2019-01-25',2,'desktop'),(12,4,1,'2019-01-28',1,'desktop'),(13,1,1,'2019-01-28',1,'desktop'),(14,4,1,'2019-01-29',1,'desktop'),(15,4,1,'2019-02-05',2,'desktop'),(16,4,1,'2019-02-06',9,'desktop'),(17,5,1,'2019-02-06',4,'desktop'),(18,2,1,'2019-02-06',2,'desktop'),(19,7,1,'2019-02-06',4,'desktop'),(20,1,1,'2019-02-06',1,'desktop'),(21,4,1,'2019-02-06',2,'mobile'),(22,2,1,'2019-02-06',1,'mobile'),(23,7,1,'2019-02-06',1,'mobile'),(24,4,1,'2019-02-07',1,'mobile'),(25,4,1,'2019-02-08',2,'desktop'),(26,4,1,'2019-02-09',4,'desktop'),(27,2,1,'2019-02-10',1,'mobile'),(28,4,1,'2019-02-10',1,'mobile'),(29,4,1,'2019-02-11',1,'desktop'),(30,2,1,'2019-02-12',3,'desktop'),(31,4,1,'2019-02-12',1,'desktop'),(32,7,1,'2019-02-12',1,'desktop'),(33,2,1,'2019-02-13',3,'desktop'),(34,4,1,'2019-02-13',2,'desktop'),(35,13,1,'2019-02-13',1,'desktop'),(36,11,1,'2019-02-13',1,'desktop'),(37,10,1,'2019-02-13',1,'mobile'),(38,10,1,'2019-02-14',1,'desktop'),(39,10,1,'2019-02-14',1,'mobile'),(40,10,1,'2019-02-17',1,'mobile'),(41,15,1,'2019-02-25',1,'desktop'),(42,15,1,'2019-02-26',1,'desktop'),(43,27,3,'2019-02-27',1,'desktop'),(44,24,3,'2019-03-01',1,'mobile'),(45,26,3,'2019-03-01',1,'mobile'),(46,26,1,'2019-03-01',1,'mobile'),(47,26,3,'2019-03-01',4,'desktop'),(48,24,3,'2019-03-01',5,'desktop'),(49,23,1,'2019-03-01',4,'mobile'),(50,24,1,'2019-03-01',4,'desktop'),(51,28,3,'2019-03-01',1,'desktop'),(52,23,3,'2019-03-01',4,'desktop'),(53,23,3,'2019-03-01',3,'mobile'),(54,25,1,'2019-03-01',1,'desktop'),(55,26,1,'2019-03-01',1,'desktop'),(56,29,3,'2019-03-02',1,'mobile'),(57,28,3,'2019-03-02',1,'mobile'),(58,27,1,'2019-03-02',2,'tablet'),(59,27,3,'2019-03-02',1,'tablet'),(60,23,1,'2019-03-02',1,'mobile'),(61,24,1,'2019-03-03',9,'desktop'),(62,24,1,'2019-03-03',2,'mobile'),(63,24,3,'2019-03-03',2,'tablet'),(64,27,1,'2019-03-03',1,'mobile'),(65,28,1,'2019-03-03',1,'desktop'),(66,54,1,'2019-03-03',1,'desktop'),(67,48,3,'2019-03-03',1,'tablet'),(68,27,3,'2019-03-03',1,'tablet'),(69,55,1,'2019-03-03',1,'desktop'),(70,55,3,'2019-03-03',1,'desktop'),(71,28,1,'2019-03-03',1,'mobile'),(72,28,3,'2019-03-04',1,'desktop'),(73,28,1,'2019-03-04',3,'desktop'),(74,23,1,'2019-03-04',4,'desktop'),(75,43,3,'2019-03-04',1,'desktop'),(76,28,1,'2019-03-04',5,'tablet'),(77,52,1,'2019-03-04',4,'desktop'),(78,25,1,'2019-03-04',1,'desktop'),(79,53,1,'2019-03-04',1,'desktop'),(80,51,1,'2019-03-04',1,'desktop'),(81,41,3,'2019-03-04',1,'desktop'),(82,23,3,'2019-03-04',1,'desktop'),(83,36,1,'2019-03-04',1,'desktop'),(84,36,3,'2019-03-04',1,'desktop'),(85,52,1,'2019-03-05',4,'desktop'),(86,26,1,'2019-03-05',4,'desktop'),(87,28,1,'2019-03-05',4,'desktop'),(88,28,1,'2019-03-05',3,'tablet'),(89,52,3,'2019-03-05',1,'desktop'),(90,32,3,'2019-03-05',1,'desktop'),(91,32,3,'2019-03-05',1,'tablet'),(92,43,3,'2019-03-05',1,'desktop'),(93,53,1,'2019-03-05',2,'desktop'),(94,51,1,'2019-03-05',2,'desktop'),(95,36,1,'2019-03-05',1,'desktop'),(96,55,1,'2019-03-05',1,'desktop'),(97,27,1,'2019-03-05',2,'desktop'),(98,43,1,'2019-03-05',1,'desktop'),(99,33,1,'2019-03-05',1,'desktop'),(100,25,1,'2019-03-05',1,'desktop'),(101,25,1,'2019-03-06',1,'desktop'),(102,53,1,'2019-03-06',2,'desktop'),(103,52,1,'2019-03-06',3,'desktop'),(104,28,1,'2019-03-06',1,'desktop'),(105,23,1,'2019-03-06',1,'desktop'),(106,24,1,'2019-03-06',2,'desktop'),(107,54,1,'2019-03-06',1,'desktop'),(108,46,1,'2019-03-06',1,'desktop'),(109,44,1,'2019-03-06',1,'mobile'),(110,23,1,'2019-03-07',1,'tablet'),(111,49,1,'2019-03-07',1,'desktop'),(112,48,1,'2019-03-09',1,'desktop'),(113,42,1,'2019-03-09',2,'desktop'),(114,47,1,'2019-03-09',1,'desktop'),(115,29,1,'2019-03-09',1,'desktop'),(116,54,1,'2019-03-12',1,'desktop'),(117,42,1,'2019-03-14',1,'desktop'),(118,54,1,'2019-03-15',1,'tablet'),(119,52,1,'2019-03-15',1,'tablet'),(120,52,1,'2019-03-18',1,'desktop'),(121,52,1,'2019-03-22',1,'desktop'),(122,52,1,'2019-03-22',1,'tablet'),(123,54,1,'2019-03-22',1,'tablet'),(124,23,1,'2019-03-26',1,'desktop'),(125,52,1,'2019-03-27',2,'desktop'),(126,28,1,'2019-03-27',2,'desktop'),(127,55,1,'2019-03-27',2,'desktop'),(128,49,1,'2019-03-27',1,'desktop'),(129,36,1,'2019-03-27',1,'desktop'),(130,27,1,'2019-03-27',1,'desktop'),(131,26,1,'2019-03-27',5,'desktop'),(132,23,1,'2019-03-27',1,'desktop'),(133,41,1,'2019-03-27',3,'desktop'),(134,44,1,'2019-03-27',3,'desktop'),(135,54,1,'2019-03-27',3,'desktop'),(136,31,1,'2019-03-27',1,'desktop'),(137,29,1,'2019-03-27',1,'desktop'),(138,50,1,'2019-03-28',1,'desktop'),(139,50,3,'2019-03-28',1,'desktop'),(140,28,1,'2019-03-28',1,'desktop'),(141,54,1,'2019-03-28',2,'desktop'),(142,51,1,'2019-03-29',1,'desktop'),(143,36,1,'2019-03-29',1,'desktop'),(144,23,1,'2019-04-01',2,'desktop'),(145,28,1,'2019-04-01',2,'desktop'),(146,44,1,'2019-04-01',1,'desktop'),(147,54,1,'2019-04-02',1,'desktop'),(148,54,1,'2019-04-03',2,'desktop'),(149,23,1,'2019-04-04',12,'desktop'),(150,44,1,'2019-04-04',2,'desktop'),(151,54,1,'2019-04-04',1,'desktop'),(152,31,1,'2019-04-04',1,'desktop'),(153,26,1,'2019-04-04',1,'desktop'),(154,24,1,'2019-04-04',1,'desktop'),(155,41,1,'2019-04-04',5,'desktop'),(156,27,1,'2019-04-05',1,'desktop'),(157,54,1,'2019-04-05',1,'desktop'),(158,23,1,'2019-04-05',7,'desktop'),(159,23,1,'2019-04-08',1,'desktop'),(160,28,1,'2019-04-08',1,'desktop'),(161,54,1,'2019-04-10',15,'desktop'),(162,23,1,'2019-04-10',18,'desktop'),(163,53,1,'2019-04-10',3,'desktop'),(164,52,1,'2019-04-10',1,'desktop'),(165,54,3,'2019-04-10',1,'desktop'),(166,46,1,'2019-04-10',2,'desktop'),(167,23,1,'2019-04-11',2,'desktop'),(168,55,1,'2019-04-11',3,'desktop'),(169,24,1,'2019-04-11',3,'desktop'),(170,27,1,'2019-04-11',1,'desktop'),(171,54,1,'2019-04-11',2,'desktop'),(172,44,1,'2019-04-11',1,'desktop'),(173,41,1,'2019-04-11',2,'desktop'),(174,28,1,'2019-04-11',1,'desktop'),(175,29,1,'2019-04-11',1,'desktop'),(176,41,1,'2019-04-12',2,'desktop'),(177,49,1,'2019-04-12',2,'desktop'),(178,55,1,'2019-04-12',5,'desktop'),(179,23,1,'2019-04-12',2,'desktop'),(180,28,1,'2019-04-12',1,'desktop'),(181,31,1,'2019-04-12',2,'desktop'),(182,44,1,'2019-04-12',1,'desktop'),(183,54,1,'2019-04-12',2,'desktop'),(184,55,1,'2019-04-13',1,'desktop'),(185,46,1,'2019-04-13',1,'desktop'),(186,54,1,'2019-04-13',1,'desktop'),(187,42,1,'2019-04-13',1,'desktop'),(188,78,1,'2019-04-13',1,'desktop'),(189,73,1,'2019-04-13',1,'desktop'),(190,73,1,'2019-04-14',1,'desktop'),(191,71,1,'2019-04-14',1,'desktop'),(192,69,1,'2019-04-14',1,'desktop'),(193,68,1,'2019-04-14',1,'desktop'),(194,47,1,'2019-04-14',1,'desktop'),(195,53,1,'2019-04-14',2,'desktop'),(196,76,1,'2019-04-14',1,'desktop'),(197,55,1,'2019-04-14',1,'desktop'),(198,54,1,'2019-04-15',1,'desktop'),(199,23,1,'2019-04-15',1,'desktop'),(200,55,1,'2019-04-15',1,'desktop'),(201,49,1,'2019-04-15',1,'desktop'),(202,65,1,'2019-04-16',1,'desktop'),(203,73,1,'2019-04-16',1,'desktop'),(204,71,1,'2019-04-17',1,'desktop'),(205,70,1,'2019-04-17',3,'desktop'),(206,23,1,'2019-04-18',1,'desktop'),(207,24,1,'2019-04-18',1,'desktop'),(208,25,1,'2019-04-18',1,'desktop'),(209,77,1,'2019-04-29',1,'desktop'),(210,23,1,'2019-05-02',1,'desktop'),(211,23,3,'2019-05-02',1,'desktop'),(212,41,3,'2019-05-03',1,'desktop'),(213,41,1,'2019-05-03',1,'desktop'),(214,28,1,'2019-05-03',1,'desktop'),(215,53,1,'2019-05-07',1,'mobile'),(216,23,1,'2019-05-09',1,'desktop'),(217,46,1,'2019-05-12',5,'mobile'),(218,78,1,'2019-05-13',1,'desktop'),(219,35,1,'2019-05-14',1,'desktop'),(220,53,1,'2019-05-15',2,'desktop'),(221,23,1,'2019-05-22',3,'desktop'),(222,73,1,'2019-05-22',1,'desktop'),(223,30,1,'2019-05-22',3,'desktop'),(224,35,1,'2019-05-22',1,'desktop'),(225,31,1,'2019-05-22',1,'desktop'),(226,25,1,'2019-05-22',1,'desktop'),(227,55,1,'2019-05-22',1,'desktop'),(228,28,1,'2019-05-22',3,'desktop'),(229,54,1,'2019-05-22',3,'desktop'),(230,53,1,'2019-05-22',1,'desktop'),(231,41,1,'2019-05-22',1,'desktop'),(232,63,1,'2019-05-22',1,'desktop'),(233,47,1,'2019-05-22',1,'desktop'),(234,48,1,'2019-05-22',1,'desktop'),(235,69,1,'2019-05-24',1,'desktop'),(236,23,1,'2019-05-24',1,'desktop'),(237,78,1,'2019-06-01',1,'desktop'),(238,54,1,'2019-06-01',1,'desktop'),(239,78,3,'2019-06-01',3,'desktop'),(240,23,3,'2019-06-01',1,'desktop'),(241,73,3,'2019-06-01',1,'desktop'),(242,71,3,'2019-06-01',1,'desktop'),(243,70,3,'2019-06-01',1,'desktop'),(244,71,1,'2019-06-03',1,'desktop'),(245,70,1,'2019-06-04',3,'desktop'),(246,73,1,'2019-06-04',1,'desktop'),(247,27,1,'2019-06-06',7,'desktop'),(248,24,1,'2019-06-06',2,'desktop'),(249,38,1,'2019-06-06',1,'desktop'),(250,55,1,'2019-06-08',1,'desktop'),(251,54,1,'2019-06-08',1,'desktop'),(252,59,1,'2019-06-08',1,'desktop'),(253,76,1,'2019-06-08',1,'desktop'),(254,42,1,'2019-06-08',1,'desktop'),(255,73,1,'2019-06-08',1,'desktop'),(256,78,1,'2019-06-08',1,'desktop'),(257,28,1,'2019-06-11',1,'desktop'),(258,31,1,'2019-06-11',2,'desktop'),(259,54,1,'2019-06-11',1,'desktop'),(260,23,1,'2019-06-14',2,'desktop'),(261,78,1,'2019-06-14',2,'desktop'),(262,26,1,'2019-06-17',2,'desktop'),(263,80,1,'2019-06-17',5,'desktop'),(264,78,1,'2019-06-17',1,'desktop'),(265,80,3,'2019-06-17',8,'desktop'),(266,80,1,'2019-06-18',1,'desktop'),(267,24,1,'2019-06-19',9,'desktop'),(268,24,3,'2019-06-19',4,'desktop'),(269,30,3,'2019-06-19',4,'desktop'),(270,73,3,'2019-06-19',2,'desktop'),(271,23,3,'2019-06-19',5,'desktop'),(272,54,3,'2019-06-19',1,'desktop'),(273,29,3,'2019-06-19',2,'desktop'),(274,28,3,'2019-06-19',1,'desktop'),(275,27,3,'2019-06-19',1,'desktop'),(276,26,3,'2019-06-19',2,'desktop'),(277,80,3,'2019-06-19',4,'desktop'),(278,78,3,'2019-06-19',1,'desktop'),(279,77,3,'2019-06-19',1,'desktop'),(280,76,3,'2019-06-19',1,'desktop'),(281,71,3,'2019-06-19',1,'desktop'),(282,70,3,'2019-06-19',1,'desktop'),(283,80,1,'2019-06-19',6,'desktop'),(284,78,1,'2019-06-19',1,'desktop'),(285,80,1,'2019-06-19',1,'mobile'),(286,54,1,'2019-06-19',3,'desktop'),(287,29,1,'2019-06-19',1,'desktop'),(288,70,1,'2019-06-19',2,'desktop'),(289,55,1,'2019-06-19',3,'desktop'),(290,55,3,'2019-06-19',1,'desktop'),(291,54,1,'2019-06-20',1,'desktop'),(292,28,1,'2019-06-20',2,'desktop'),(293,80,1,'2019-06-20',1,'desktop'),(294,23,1,'2019-06-20',2,'desktop'),(295,73,1,'2019-06-20',1,'desktop'),(296,28,1,'2019-06-21',1,'desktop'),(297,23,1,'2019-06-21',1,'mobile'),(298,24,1,'2019-06-21',1,'tablet'),(299,73,1,'2019-06-21',1,'tablet'),(300,68,1,'2019-06-21',1,'tablet'),(301,29,1,'2019-06-21',1,'mobile'),(302,28,1,'2019-06-21',1,'mobile'),(303,26,1,'2019-06-21',1,'mobile'),(304,63,1,'2019-06-23',1,'tablet'),(305,27,1,'2019-06-23',1,'tablet'),(306,47,1,'2019-06-23',1,'desktop'),(307,71,1,'2019-06-23',1,'desktop'),(308,78,1,'2019-06-23',1,'desktop'),(309,26,1,'2019-06-25',1,'desktop'),(310,32,1,'2019-06-25',1,'desktop'),(311,31,1,'2019-06-25',1,'desktop'),(312,24,1,'2019-06-25',2,'desktop'),(313,28,3,'2019-06-25',1,'desktop'),(314,28,1,'2019-06-25',3,'desktop'),(315,28,1,'2019-06-27',1,'desktop'),(316,35,1,'2019-06-27',1,'desktop'),(317,42,1,'2019-07-03',1,'desktop'),(318,23,1,'2019-07-12',1,'desktop'),(319,31,1,'2019-07-12',1,'desktop'),(320,80,1,'2019-07-12',1,'mobile'),(321,44,1,'2019-07-12',1,'desktop'),(322,80,3,'2019-07-15',2,'desktop'),(323,29,1,'2019-07-16',2,'desktop'),(324,80,1,'2019-07-16',3,'desktop'),(325,80,3,'2019-07-16',2,'desktop'),(326,78,3,'2019-07-16',1,'desktop'),(327,55,3,'2019-07-16',1,'desktop'),(328,80,3,'2019-07-17',5,'desktop'),(329,55,3,'2019-07-17',1,'desktop'),(330,28,3,'2019-07-17',7,'desktop'),(331,28,1,'2019-07-17',8,'desktop'),(332,73,3,'2019-07-17',1,'desktop'),(333,71,3,'2019-07-17',1,'desktop'),(334,42,3,'2019-07-17',1,'desktop'),(335,28,3,'2019-07-18',1,'desktop'),(336,28,1,'2019-07-18',1,'desktop'),(337,73,1,'2019-07-19',1,'desktop'),(338,28,1,'2019-07-23',3,'desktop'),(339,43,1,'2019-07-23',1,'desktop'),(340,43,3,'2019-07-23',3,'desktop'),(341,28,3,'2019-07-23',3,'desktop'),(342,73,3,'2019-07-23',1,'desktop'),(343,42,3,'2019-07-23',1,'desktop'),(344,29,1,'2019-07-24',1,'desktop'),(345,28,1,'2019-07-25',1,'desktop'),(346,73,1,'2019-07-25',1,'desktop'),(347,42,1,'2019-07-25',1,'desktop'),(348,48,1,'2019-07-25',1,'desktop'),(349,47,1,'2019-07-25',3,'desktop'),(350,47,3,'2019-07-25',1,'desktop'),(351,28,3,'2019-07-30',1,'desktop'),(352,73,3,'2019-07-30',1,'desktop'),(353,55,1,'2019-08-05',1,'desktop'),(354,59,3,'2019-08-06',1,'desktop'),(355,57,1,'2019-08-07',2,'desktop'),(356,52,1,'2019-08-07',2,'desktop'),(357,59,3,'2019-08-07',1,'desktop'),(358,73,1,'2019-08-12',1,'desktop'),(359,57,1,'2019-08-12',1,'desktop'),(360,57,3,'2019-08-12',1,'desktop'),(361,59,3,'2019-08-12',1,'desktop'),(362,76,3,'2019-08-12',1,'desktop'),(363,80,3,'2019-08-12',4,'desktop'),(364,26,3,'2019-08-12',1,'desktop'),(365,48,1,'2019-08-12',1,'desktop'),(366,80,3,'2019-08-23',7,'desktop'),(367,80,1,'2019-08-23',8,'desktop'),(368,59,3,'2019-08-23',1,'desktop'),(369,35,3,'2019-08-23',1,'desktop'),(370,57,1,'2019-08-23',2,'desktop'),(371,26,1,'2019-08-23',2,'desktop'),(372,30,1,'2019-08-23',1,'desktop'),(373,71,1,'2019-08-23',2,'desktop'),(374,71,1,'2019-08-26',1,'desktop'),(375,71,1,'2019-08-27',2,'desktop'),(376,80,1,'2019-08-29',1,'desktop'),(377,80,3,'2019-08-29',1,'desktop'),(378,71,1,'2019-08-30',1,'desktop'),(379,80,1,'2019-08-30',2,'desktop'),(380,80,3,'2019-08-30',1,'desktop'),(381,81,1,'2019-08-30',1,'desktop'),(382,59,1,'2019-09-02',1,'desktop'),(383,42,3,'2019-09-03',1,'desktop'),(384,65,3,'2019-09-04',2,'desktop'),(385,65,1,'2019-09-04',1,'desktop'),(386,50,3,'2019-09-04',1,'desktop'),(387,50,1,'2019-09-04',1,'desktop'),(388,36,1,'2019-09-04',1,'desktop'),(389,80,1,'2019-09-04',2,'desktop'),(390,80,3,'2019-09-04',2,'desktop'),(391,64,3,'2019-09-04',1,'desktop'),(392,77,3,'2019-09-04',3,'desktop'),(393,73,1,'2019-09-05',3,'desktop'),(394,65,1,'2019-09-05',1,'desktop'),(395,36,1,'2019-09-05',1,'desktop'),(396,23,1,'2019-09-05',3,'desktop'),(397,41,1,'2019-09-05',1,'desktop'),(398,71,1,'2019-09-05',1,'desktop'),(399,47,1,'2019-09-06',1,'desktop'),(400,80,1,'2019-09-08',3,'mobile'),(401,44,3,'2019-09-08',3,'desktop'),(402,44,3,'2019-09-08',3,'tablet'),(403,44,1,'2019-09-08',1,'desktop'),(404,42,3,'2019-09-08',1,'desktop'),(405,31,3,'2019-09-08',1,'desktop'),(406,24,3,'2019-09-08',2,'desktop'),(407,79,3,'2019-09-08',1,'desktop'),(408,70,3,'2019-09-08',2,'tablet'),(409,55,3,'2019-09-08',2,'tablet'),(410,62,3,'2019-09-08',2,'tablet'),(411,49,3,'2019-09-08',2,'tablet'),(412,47,3,'2019-09-08',2,'tablet'),(413,42,3,'2019-09-08',4,'tablet'),(414,31,3,'2019-09-08',4,'tablet'),(415,24,3,'2019-09-08',2,'tablet'),(416,44,1,'2019-09-08',2,'tablet'),(417,79,3,'2019-09-08',2,'tablet'),(418,70,1,'2019-09-08',2,'tablet'),(419,30,3,'2019-09-08',2,'tablet'),(420,55,1,'2019-09-08',2,'tablet'),(421,29,3,'2019-09-08',2,'tablet'),(422,62,1,'2019-09-08',2,'tablet'),(423,49,1,'2019-09-08',2,'tablet'),(424,26,3,'2019-09-08',2,'tablet'),(425,47,1,'2019-09-08',2,'tablet'),(426,61,3,'2019-09-08',2,'tablet'),(427,42,1,'2019-09-08',4,'tablet'),(428,54,3,'2019-09-08',4,'tablet'),(429,31,1,'2019-09-08',4,'tablet'),(430,32,3,'2019-09-08',2,'tablet'),(431,24,1,'2019-09-08',2,'tablet'),(432,79,1,'2019-09-08',2,'tablet'),(433,80,3,'2019-09-08',2,'tablet'),(434,30,1,'2019-09-08',2,'tablet'),(435,59,3,'2019-09-08',2,'tablet'),(436,29,1,'2019-09-08',2,'tablet'),(437,45,3,'2019-09-08',2,'tablet'),(438,26,1,'2019-09-08',2,'tablet'),(439,35,3,'2019-09-08',2,'tablet'),(440,61,1,'2019-09-08',2,'tablet'),(441,54,1,'2019-09-08',4,'tablet'),(442,77,3,'2019-09-08',2,'tablet'),(443,32,1,'2019-09-08',2,'tablet'),(444,64,3,'2019-09-08',2,'tablet'),(445,80,1,'2019-09-08',2,'tablet'),(446,46,3,'2019-09-08',4,'tablet'),(447,59,1,'2019-09-08',2,'tablet'),(448,78,3,'2019-09-08',2,'tablet'),(449,45,1,'2019-09-08',2,'tablet'),(450,50,3,'2019-09-08',2,'tablet'),(451,35,1,'2019-09-08',2,'tablet'),(452,76,3,'2019-09-08',2,'tablet'),(453,77,1,'2019-09-08',2,'tablet'),(454,65,3,'2019-09-08',2,'tablet'),(455,64,1,'2019-09-08',2,'tablet'),(456,43,3,'2019-09-08',2,'tablet'),(457,46,1,'2019-09-08',4,'tablet'),(458,78,1,'2019-09-08',2,'tablet'),(459,38,3,'2019-09-08',2,'tablet'),(460,50,1,'2019-09-08',2,'tablet'),(461,37,3,'2019-09-08',2,'tablet'),(462,76,1,'2019-09-08',2,'tablet'),(463,36,3,'2019-09-08',2,'tablet'),(464,65,1,'2019-09-08',2,'tablet'),(465,27,3,'2019-09-08',2,'tablet'),(466,43,1,'2019-09-08',2,'tablet'),(467,48,3,'2019-09-08',2,'tablet'),(468,38,1,'2019-09-08',2,'tablet'),(469,73,3,'2019-09-08',2,'tablet'),(470,37,1,'2019-09-08',2,'tablet'),(471,71,3,'2019-09-08',2,'tablet'),(472,36,1,'2019-09-08',2,'tablet'),(473,57,3,'2019-09-08',2,'tablet'),(474,27,1,'2019-09-08',2,'tablet'),(475,52,3,'2019-09-08',2,'tablet'),(476,48,1,'2019-09-08',2,'tablet'),(477,51,3,'2019-09-08',2,'tablet'),(478,73,1,'2019-09-08',2,'tablet'),(479,28,3,'2019-09-08',4,'tablet'),(480,71,1,'2019-09-08',2,'tablet'),(481,57,1,'2019-09-08',2,'tablet'),(482,69,3,'2019-09-08',2,'tablet'),(483,68,3,'2019-09-08',2,'tablet'),(484,52,1,'2019-09-08',2,'tablet'),(485,51,1,'2019-09-08',2,'tablet'),(486,58,3,'2019-09-08',2,'tablet'),(487,28,1,'2019-09-08',4,'tablet'),(488,23,3,'2019-09-08',4,'tablet'),(489,69,1,'2019-09-08',2,'tablet'),(490,41,3,'2019-09-08',4,'tablet'),(491,68,1,'2019-09-08',2,'tablet'),(492,63,3,'2019-09-08',2,'tablet'),(493,58,1,'2019-09-08',2,'tablet'),(494,56,3,'2019-09-08',2,'tablet'),(495,23,1,'2019-09-08',4,'tablet'),(496,53,3,'2019-09-08',2,'tablet'),(497,41,1,'2019-09-08',4,'tablet'),(498,34,3,'2019-09-08',2,'tablet'),(499,63,1,'2019-09-08',2,'tablet'),(500,33,3,'2019-09-08',2,'tablet'),(501,56,1,'2019-09-08',2,'tablet'),(502,40,3,'2019-09-08',2,'tablet'),(503,53,1,'2019-09-08',2,'tablet'),(504,39,3,'2019-09-08',2,'tablet'),(505,34,1,'2019-09-08',2,'tablet'),(506,33,1,'2019-09-08',2,'tablet'),(507,40,1,'2019-09-08',2,'tablet'),(508,39,1,'2019-09-08',2,'tablet'),(509,62,3,'2019-09-08',1,'desktop'),(510,49,3,'2019-09-08',1,'desktop'),(511,44,3,'2019-09-09',2,'tablet'),(512,70,3,'2019-09-09',2,'tablet'),(513,55,3,'2019-09-09',2,'tablet'),(514,62,3,'2019-09-09',2,'tablet'),(515,49,3,'2019-09-09',2,'tablet'),(516,47,3,'2019-09-09',2,'tablet'),(517,42,3,'2019-09-09',4,'tablet'),(518,31,3,'2019-09-09',4,'tablet'),(519,24,3,'2019-09-09',2,'tablet'),(520,79,3,'2019-09-09',2,'tablet'),(521,30,3,'2019-09-09',2,'tablet'),(522,29,3,'2019-09-09',2,'tablet'),(523,26,3,'2019-09-09',2,'tablet'),(524,61,3,'2019-09-09',2,'tablet'),(525,54,3,'2019-09-09',4,'tablet'),(526,32,3,'2019-09-09',2,'tablet'),(527,80,3,'2019-09-09',2,'tablet'),(528,59,3,'2019-09-09',2,'tablet'),(529,45,3,'2019-09-09',2,'tablet'),(530,35,3,'2019-09-09',2,'tablet'),(531,77,3,'2019-09-09',2,'tablet'),(532,64,3,'2019-09-09',2,'tablet'),(533,46,3,'2019-09-09',4,'tablet'),(534,78,3,'2019-09-09',2,'tablet'),(535,50,3,'2019-09-09',2,'tablet'),(536,76,3,'2019-09-09',2,'tablet'),(537,65,3,'2019-09-09',2,'tablet'),(538,43,3,'2019-09-09',2,'tablet'),(539,38,3,'2019-09-09',2,'tablet'),(540,37,3,'2019-09-09',2,'tablet'),(541,36,3,'2019-09-09',2,'tablet'),(542,27,3,'2019-09-09',2,'tablet'),(543,48,3,'2019-09-09',2,'tablet'),(544,73,3,'2019-09-09',2,'tablet'),(545,71,3,'2019-09-09',2,'tablet'),(546,57,3,'2019-09-09',2,'tablet'),(547,52,3,'2019-09-09',2,'tablet'),(548,51,3,'2019-09-09',2,'tablet'),(549,28,3,'2019-09-09',4,'tablet'),(550,69,3,'2019-09-09',2,'tablet'),(551,68,3,'2019-09-09',2,'tablet'),(552,58,3,'2019-09-09',2,'tablet'),(553,23,3,'2019-09-09',4,'tablet'),(554,41,3,'2019-09-09',4,'tablet'),(555,63,3,'2019-09-09',2,'tablet'),(556,56,3,'2019-09-09',2,'tablet'),(557,53,3,'2019-09-09',2,'tablet'),(558,34,3,'2019-09-09',2,'tablet'),(559,33,3,'2019-09-09',2,'tablet'),(560,40,3,'2019-09-09',2,'tablet'),(561,39,3,'2019-09-09',2,'tablet'),(562,44,1,'2019-09-09',2,'tablet'),(563,70,1,'2019-09-09',2,'tablet'),(564,55,1,'2019-09-09',2,'tablet'),(565,62,1,'2019-09-09',2,'tablet'),(566,49,1,'2019-09-09',2,'tablet'),(567,47,1,'2019-09-09',2,'tablet'),(568,42,1,'2019-09-09',4,'tablet'),(569,31,1,'2019-09-09',4,'tablet'),(570,24,1,'2019-09-09',2,'tablet'),(571,79,1,'2019-09-09',2,'tablet'),(572,30,1,'2019-09-09',2,'tablet'),(573,29,1,'2019-09-09',2,'tablet'),(574,26,1,'2019-09-09',2,'tablet'),(575,61,1,'2019-09-09',2,'tablet'),(576,54,1,'2019-09-09',4,'tablet'),(577,32,1,'2019-09-09',2,'tablet'),(578,80,1,'2019-09-09',2,'tablet'),(579,59,1,'2019-09-09',2,'tablet'),(580,45,1,'2019-09-09',2,'tablet'),(581,35,1,'2019-09-09',2,'tablet'),(582,77,1,'2019-09-09',2,'tablet'),(583,64,1,'2019-09-09',2,'tablet'),(584,46,1,'2019-09-09',4,'tablet'),(585,78,1,'2019-09-09',2,'tablet'),(586,50,1,'2019-09-09',2,'tablet'),(587,76,1,'2019-09-09',2,'tablet'),(588,65,1,'2019-09-09',2,'tablet'),(589,43,1,'2019-09-09',2,'tablet'),(590,38,1,'2019-09-09',2,'tablet'),(591,37,1,'2019-09-09',2,'tablet'),(592,36,1,'2019-09-09',2,'tablet'),(593,27,1,'2019-09-09',2,'tablet'),(594,48,1,'2019-09-09',2,'tablet'),(595,73,1,'2019-09-09',2,'tablet'),(596,71,1,'2019-09-09',2,'tablet'),(597,57,1,'2019-09-09',2,'tablet'),(598,52,1,'2019-09-09',2,'tablet'),(599,51,1,'2019-09-09',2,'tablet'),(600,28,1,'2019-09-09',4,'tablet'),(601,69,1,'2019-09-09',2,'tablet'),(602,68,1,'2019-09-09',2,'tablet'),(603,58,1,'2019-09-09',2,'tablet'),(604,23,1,'2019-09-09',4,'tablet'),(605,41,1,'2019-09-09',4,'tablet'),(606,63,1,'2019-09-09',2,'tablet'),(607,56,1,'2019-09-09',2,'tablet'),(608,53,1,'2019-09-09',2,'tablet'),(609,34,1,'2019-09-09',2,'tablet'),(610,33,1,'2019-09-09',2,'tablet'),(611,40,1,'2019-09-09',2,'tablet'),(612,39,1,'2019-09-09',2,'tablet'),(613,39,1,'2019-09-09',1,'desktop'),(614,23,1,'2019-09-09',1,'desktop'),(615,59,1,'2019-09-11',1,'desktop'),(616,46,1,'2019-09-11',1,'desktop'),(617,61,1,'2019-09-11',1,'desktop'),(618,54,1,'2019-09-11',1,'desktop'),(619,79,1,'2019-09-11',1,'desktop'),(620,29,1,'2019-09-11',1,'desktop'),(621,80,3,'2019-09-11',1,'desktop'),(622,73,1,'2019-09-11',4,'desktop'),(623,80,1,'2019-09-11',1,'desktop'),(624,73,3,'2019-09-11',3,'desktop'),(625,57,3,'2019-09-11',1,'desktop'),(626,42,1,'2019-09-12',2,'desktop'),(627,23,1,'2019-09-12',1,'desktop'),(628,70,1,'2019-09-12',2,'desktop'),(629,44,3,'2019-09-12',3,'tablet'),(630,70,3,'2019-09-12',3,'tablet'),(631,55,3,'2019-09-12',3,'tablet'),(632,62,3,'2019-09-12',3,'tablet'),(633,49,3,'2019-09-12',3,'tablet'),(634,47,3,'2019-09-12',3,'tablet'),(635,42,3,'2019-09-12',6,'tablet'),(636,31,3,'2019-09-12',6,'tablet'),(637,24,3,'2019-09-12',3,'tablet'),(638,79,3,'2019-09-12',3,'tablet'),(639,30,3,'2019-09-12',3,'tablet'),(640,29,3,'2019-09-12',3,'tablet'),(641,26,3,'2019-09-12',3,'tablet'),(642,61,3,'2019-09-12',3,'tablet'),(643,54,3,'2019-09-12',6,'tablet'),(644,32,3,'2019-09-12',3,'tablet'),(645,80,3,'2019-09-12',3,'tablet'),(646,59,3,'2019-09-12',3,'tablet'),(647,45,3,'2019-09-12',3,'tablet'),(648,35,3,'2019-09-12',3,'tablet'),(649,77,3,'2019-09-12',3,'tablet'),(650,64,3,'2019-09-12',3,'tablet'),(651,46,3,'2019-09-12',6,'tablet'),(652,78,3,'2019-09-12',3,'tablet'),(653,50,3,'2019-09-12',3,'tablet'),(654,76,3,'2019-09-12',3,'tablet'),(655,65,3,'2019-09-12',3,'tablet'),(656,43,3,'2019-09-12',3,'tablet'),(657,38,3,'2019-09-12',3,'tablet'),(658,37,3,'2019-09-12',3,'tablet'),(659,36,3,'2019-09-12',3,'tablet'),(660,27,3,'2019-09-12',3,'tablet'),(661,48,3,'2019-09-12',3,'tablet'),(662,73,3,'2019-09-12',3,'tablet'),(663,71,3,'2019-09-12',3,'tablet'),(664,57,3,'2019-09-12',3,'tablet'),(665,52,3,'2019-09-12',3,'tablet'),(666,51,3,'2019-09-12',3,'tablet'),(667,28,3,'2019-09-12',6,'tablet'),(668,69,3,'2019-09-12',3,'tablet'),(669,68,3,'2019-09-12',3,'tablet'),(670,58,3,'2019-09-12',3,'tablet'),(671,23,3,'2019-09-12',6,'tablet'),(672,41,3,'2019-09-12',6,'tablet'),(673,63,3,'2019-09-12',3,'tablet'),(674,56,3,'2019-09-12',3,'tablet'),(675,53,3,'2019-09-12',3,'tablet'),(676,34,3,'2019-09-12',3,'tablet'),(677,33,3,'2019-09-12',3,'tablet'),(678,40,3,'2019-09-12',3,'tablet'),(679,39,3,'2019-09-12',3,'tablet'),(680,44,1,'2019-09-12',1,'tablet'),(681,44,1,'2019-09-12',1,'desktop'),(682,55,1,'2019-09-12',1,'desktop'),(683,62,1,'2019-09-12',1,'desktop'),(684,44,3,'2019-09-13',2,'tablet'),(685,70,3,'2019-09-13',2,'tablet'),(686,44,1,'2019-09-13',2,'tablet'),(687,55,3,'2019-09-13',2,'tablet'),(688,70,1,'2019-09-13',2,'tablet'),(689,62,3,'2019-09-13',2,'tablet'),(690,55,1,'2019-09-13',2,'tablet'),(691,49,3,'2019-09-13',2,'tablet'),(692,62,1,'2019-09-13',2,'tablet'),(693,47,3,'2019-09-13',2,'tablet'),(694,49,1,'2019-09-13',2,'tablet'),(695,42,3,'2019-09-13',4,'tablet'),(696,47,1,'2019-09-13',2,'tablet'),(697,31,3,'2019-09-13',4,'tablet'),(698,42,1,'2019-09-13',4,'tablet'),(699,31,1,'2019-09-13',4,'tablet'),(700,24,3,'2019-09-13',2,'tablet'),(701,24,1,'2019-09-13',2,'tablet'),(702,79,3,'2019-09-13',2,'tablet'),(703,30,3,'2019-09-13',2,'tablet'),(704,79,1,'2019-09-13',2,'tablet'),(705,30,1,'2019-09-13',2,'tablet'),(706,29,3,'2019-09-13',2,'tablet'),(707,26,3,'2019-09-13',2,'tablet'),(708,29,1,'2019-09-13',2,'tablet'),(709,61,3,'2019-09-13',2,'tablet'),(710,26,1,'2019-09-13',2,'tablet'),(711,54,3,'2019-09-13',4,'tablet'),(712,61,1,'2019-09-13',2,'tablet'),(713,54,1,'2019-09-13',4,'tablet'),(714,32,3,'2019-09-13',2,'tablet'),(715,32,1,'2019-09-13',2,'tablet'),(716,80,3,'2019-09-13',2,'tablet'),(717,80,1,'2019-09-13',2,'tablet'),(718,59,3,'2019-09-13',2,'tablet'),(719,59,1,'2019-09-13',2,'tablet'),(720,45,3,'2019-09-13',2,'tablet'),(721,45,1,'2019-09-13',2,'tablet'),(722,35,3,'2019-09-13',2,'tablet'),(723,35,1,'2019-09-13',2,'tablet'),(724,77,3,'2019-09-13',2,'tablet'),(725,77,1,'2019-09-13',2,'tablet'),(726,64,3,'2019-09-13',2,'tablet'),(727,64,1,'2019-09-13',2,'tablet'),(728,46,1,'2019-09-13',4,'tablet'),(729,46,3,'2019-09-13',4,'tablet'),(730,78,1,'2019-09-13',2,'tablet'),(731,78,3,'2019-09-13',2,'tablet'),(732,50,3,'2019-09-13',2,'tablet'),(733,50,1,'2019-09-13',2,'tablet'),(734,76,1,'2019-09-13',2,'tablet'),(735,76,3,'2019-09-13',2,'tablet'),(736,65,1,'2019-09-13',2,'tablet'),(737,65,3,'2019-09-13',2,'tablet'),(738,43,1,'2019-09-13',2,'tablet'),(739,43,3,'2019-09-13',2,'tablet'),(740,38,1,'2019-09-13',2,'tablet'),(741,38,3,'2019-09-13',2,'tablet'),(742,37,3,'2019-09-13',2,'tablet'),(743,37,1,'2019-09-13',2,'tablet'),(744,36,3,'2019-09-13',2,'tablet'),(745,36,1,'2019-09-13',2,'tablet'),(746,27,3,'2019-09-13',2,'tablet'),(747,27,1,'2019-09-13',2,'tablet'),(748,48,3,'2019-09-13',2,'tablet'),(749,48,1,'2019-09-13',2,'tablet'),(750,73,3,'2019-09-13',2,'tablet'),(751,73,1,'2019-09-13',2,'tablet'),(752,71,3,'2019-09-13',2,'tablet'),(753,71,1,'2019-09-13',2,'tablet'),(754,57,3,'2019-09-13',2,'tablet'),(755,57,1,'2019-09-13',2,'tablet'),(756,52,3,'2019-09-13',2,'tablet'),(757,52,1,'2019-09-13',2,'tablet'),(758,51,3,'2019-09-13',2,'tablet'),(759,51,1,'2019-09-13',2,'tablet'),(760,28,3,'2019-09-13',4,'tablet'),(761,28,1,'2019-09-13',4,'tablet'),(762,69,3,'2019-09-13',2,'tablet'),(763,69,1,'2019-09-13',2,'tablet'),(764,68,3,'2019-09-13',2,'tablet'),(765,68,1,'2019-09-13',2,'tablet'),(766,58,3,'2019-09-13',2,'tablet'),(767,58,1,'2019-09-13',2,'tablet'),(768,23,3,'2019-09-13',4,'tablet'),(769,41,3,'2019-09-13',4,'tablet'),(770,23,1,'2019-09-13',4,'tablet'),(771,63,3,'2019-09-13',2,'tablet'),(772,41,1,'2019-09-13',4,'tablet'),(773,63,1,'2019-09-13',2,'tablet'),(774,56,3,'2019-09-13',2,'tablet'),(775,53,3,'2019-09-13',2,'tablet'),(776,56,1,'2019-09-13',2,'tablet'),(777,34,3,'2019-09-13',2,'tablet'),(778,53,1,'2019-09-13',2,'tablet'),(779,34,1,'2019-09-13',2,'tablet'),(780,33,3,'2019-09-13',2,'tablet'),(781,33,1,'2019-09-13',2,'tablet'),(782,40,3,'2019-09-13',2,'tablet'),(783,39,3,'2019-09-13',2,'tablet'),(784,40,1,'2019-09-13',2,'tablet'),(785,39,1,'2019-09-13',2,'tablet'),(786,33,1,'2019-09-13',2,'desktop'),(787,30,1,'2019-09-13',1,'mobile'),(788,63,1,'2019-09-13',1,'desktop'),(789,57,1,'2019-09-13',1,'mobile'),(790,44,3,'2019-09-14',2,'tablet'),(791,70,3,'2019-09-14',2,'tablet'),(792,55,3,'2019-09-14',2,'tablet'),(793,62,3,'2019-09-14',2,'tablet'),(794,49,3,'2019-09-14',2,'tablet'),(795,47,3,'2019-09-14',2,'tablet'),(796,42,3,'2019-09-14',3,'tablet'),(797,31,3,'2019-09-14',3,'tablet'),(798,24,3,'2019-09-14',2,'tablet'),(799,79,3,'2019-09-14',2,'tablet'),(800,30,3,'2019-09-14',2,'tablet'),(801,29,3,'2019-09-14',1,'tablet'),(802,26,3,'2019-09-14',1,'tablet'),(803,61,3,'2019-09-14',1,'tablet'),(804,54,3,'2019-09-14',2,'tablet'),(805,32,3,'2019-09-14',1,'tablet'),(806,80,3,'2019-09-14',1,'tablet'),(807,59,3,'2019-09-14',1,'tablet'),(808,45,3,'2019-09-14',1,'tablet'),(809,35,3,'2019-09-14',1,'tablet'),(810,77,3,'2019-09-14',1,'tablet'),(811,64,3,'2019-09-14',1,'tablet'),(812,46,3,'2019-09-14',2,'tablet'),(813,78,3,'2019-09-14',1,'tablet'),(814,50,3,'2019-09-14',1,'tablet'),(815,76,3,'2019-09-14',1,'tablet'),(816,65,3,'2019-09-14',1,'tablet'),(817,43,3,'2019-09-14',1,'tablet'),(818,38,3,'2019-09-14',1,'tablet'),(819,37,3,'2019-09-14',1,'tablet'),(820,36,3,'2019-09-14',1,'tablet'),(821,27,3,'2019-09-14',1,'tablet'),(822,48,3,'2019-09-14',1,'tablet'),(823,73,3,'2019-09-14',1,'tablet'),(824,71,3,'2019-09-14',1,'tablet'),(825,57,3,'2019-09-14',1,'tablet'),(826,52,3,'2019-09-14',1,'tablet'),(827,51,3,'2019-09-14',1,'tablet'),(828,28,3,'2019-09-14',2,'tablet'),(829,69,3,'2019-09-14',1,'tablet'),(830,68,3,'2019-09-14',1,'tablet'),(831,58,3,'2019-09-14',1,'tablet'),(832,23,3,'2019-09-14',2,'tablet'),(833,41,3,'2019-09-14',2,'tablet'),(834,63,3,'2019-09-14',1,'tablet'),(835,56,3,'2019-09-14',1,'tablet'),(836,53,3,'2019-09-14',1,'tablet'),(837,34,3,'2019-09-14',1,'tablet'),(838,33,3,'2019-09-14',1,'tablet'),(839,40,3,'2019-09-14',1,'tablet'),(840,39,3,'2019-09-14',1,'tablet'),(841,44,1,'2019-09-14',1,'tablet'),(842,70,1,'2019-09-14',1,'tablet'),(843,55,1,'2019-09-14',1,'tablet'),(844,62,1,'2019-09-14',1,'tablet'),(845,49,1,'2019-09-14',1,'tablet'),(846,47,1,'2019-09-14',1,'tablet'),(847,42,1,'2019-09-14',2,'tablet'),(848,31,1,'2019-09-14',2,'tablet'),(849,24,1,'2019-09-14',1,'tablet'),(850,79,1,'2019-09-14',1,'tablet'),(851,30,1,'2019-09-14',1,'tablet'),(852,29,1,'2019-09-14',1,'tablet'),(853,26,1,'2019-09-14',1,'tablet'),(854,61,1,'2019-09-14',1,'tablet'),(855,54,1,'2019-09-14',2,'tablet'),(856,32,1,'2019-09-14',1,'tablet'),(857,80,1,'2019-09-14',1,'tablet'),(858,59,1,'2019-09-14',1,'tablet'),(859,45,1,'2019-09-14',1,'tablet'),(860,35,1,'2019-09-14',1,'tablet'),(861,77,1,'2019-09-14',1,'tablet'),(862,64,1,'2019-09-14',1,'tablet'),(863,46,1,'2019-09-14',2,'tablet'),(864,78,1,'2019-09-14',1,'tablet'),(865,50,1,'2019-09-14',1,'tablet'),(866,76,1,'2019-09-14',1,'tablet'),(867,65,1,'2019-09-14',1,'tablet'),(868,43,1,'2019-09-14',1,'tablet'),(869,38,1,'2019-09-14',1,'tablet'),(870,37,1,'2019-09-14',1,'tablet'),(871,36,1,'2019-09-14',1,'tablet'),(872,27,1,'2019-09-14',1,'tablet'),(873,48,1,'2019-09-14',1,'tablet'),(874,73,1,'2019-09-14',1,'tablet'),(875,71,1,'2019-09-14',1,'tablet'),(876,57,1,'2019-09-14',1,'tablet'),(877,52,1,'2019-09-14',1,'tablet'),(878,51,1,'2019-09-14',1,'tablet'),(879,28,1,'2019-09-14',2,'tablet'),(880,69,1,'2019-09-14',1,'tablet'),(881,68,1,'2019-09-14',1,'tablet'),(882,58,1,'2019-09-14',1,'tablet'),(883,23,1,'2019-09-14',2,'tablet'),(884,41,1,'2019-09-14',2,'tablet'),(885,63,1,'2019-09-14',1,'tablet'),(886,56,1,'2019-09-14',1,'tablet'),(887,53,1,'2019-09-14',1,'tablet'),(888,34,1,'2019-09-14',1,'tablet'),(889,33,1,'2019-09-14',1,'tablet'),(890,40,1,'2019-09-14',1,'tablet'),(891,39,1,'2019-09-14',1,'tablet'),(892,41,1,'2019-09-15',1,'mobile'),(893,44,1,'2019-09-15',1,'tablet'),(894,70,1,'2019-09-15',1,'tablet'),(895,55,1,'2019-09-15',1,'tablet'),(896,44,3,'2019-09-15',1,'tablet'),(897,62,1,'2019-09-15',1,'tablet'),(898,70,3,'2019-09-15',1,'tablet'),(899,49,1,'2019-09-15',1,'tablet'),(900,55,3,'2019-09-15',1,'tablet'),(901,47,1,'2019-09-15',1,'tablet'),(902,62,3,'2019-09-15',1,'tablet'),(903,49,3,'2019-09-15',1,'tablet'),(904,42,1,'2019-09-15',2,'tablet'),(905,31,1,'2019-09-15',2,'tablet'),(906,47,3,'2019-09-15',1,'tablet'),(907,24,1,'2019-09-15',1,'tablet'),(908,42,3,'2019-09-15',2,'tablet'),(909,79,1,'2019-09-15',1,'tablet'),(910,31,3,'2019-09-15',2,'tablet'),(911,24,3,'2019-09-15',1,'tablet'),(912,30,1,'2019-09-15',1,'tablet'),(913,79,3,'2019-09-15',1,'tablet'),(914,29,1,'2019-09-15',1,'tablet'),(915,30,3,'2019-09-15',1,'tablet'),(916,26,1,'2019-09-15',1,'tablet'),(917,29,3,'2019-09-15',1,'tablet'),(918,61,1,'2019-09-15',1,'tablet'),(919,26,3,'2019-09-15',1,'tablet'),(920,54,1,'2019-09-15',2,'tablet'),(921,61,3,'2019-09-15',1,'tablet'),(922,32,1,'2019-09-15',1,'tablet'),(923,54,3,'2019-09-15',2,'tablet'),(924,80,1,'2019-09-15',1,'tablet'),(925,32,3,'2019-09-15',1,'tablet'),(926,59,1,'2019-09-15',1,'tablet'),(927,80,3,'2019-09-15',1,'tablet'),(928,45,1,'2019-09-15',1,'tablet'),(929,59,3,'2019-09-15',1,'tablet'),(930,35,1,'2019-09-15',1,'tablet'),(931,45,3,'2019-09-15',1,'tablet'),(932,77,1,'2019-09-15',1,'tablet'),(933,35,3,'2019-09-15',1,'tablet'),(934,64,1,'2019-09-15',1,'tablet'),(935,77,3,'2019-09-15',1,'tablet'),(936,46,1,'2019-09-15',2,'tablet'),(937,64,3,'2019-09-15',1,'tablet'),(938,78,1,'2019-09-15',1,'tablet'),(939,46,3,'2019-09-15',2,'tablet'),(940,50,1,'2019-09-15',1,'tablet'),(941,78,3,'2019-09-15',1,'tablet'),(942,50,3,'2019-09-15',1,'tablet'),(943,76,1,'2019-09-15',1,'tablet'),(944,76,3,'2019-09-15',1,'tablet'),(945,65,1,'2019-09-15',1,'tablet'),(946,65,3,'2019-09-15',1,'tablet'),(947,43,1,'2019-09-15',1,'tablet'),(948,43,3,'2019-09-15',1,'tablet'),(949,38,1,'2019-09-15',1,'tablet'),(950,37,1,'2019-09-15',1,'tablet'),(951,38,3,'2019-09-15',1,'tablet'),(952,36,1,'2019-09-15',1,'tablet'),(953,37,3,'2019-09-15',1,'tablet'),(954,36,3,'2019-09-15',1,'tablet'),(955,27,1,'2019-09-15',1,'tablet'),(956,27,3,'2019-09-15',1,'tablet'),(957,48,1,'2019-09-15',1,'tablet'),(958,48,3,'2019-09-15',1,'tablet'),(959,73,1,'2019-09-15',1,'tablet'),(960,73,3,'2019-09-15',1,'tablet'),(961,71,1,'2019-09-15',1,'tablet'),(962,71,3,'2019-09-15',1,'tablet'),(963,57,1,'2019-09-15',1,'tablet'),(964,57,3,'2019-09-15',1,'tablet'),(965,52,1,'2019-09-15',1,'tablet'),(966,51,1,'2019-09-15',1,'tablet'),(967,52,3,'2019-09-15',1,'tablet'),(968,51,3,'2019-09-15',1,'tablet'),(969,28,1,'2019-09-15',2,'tablet'),(970,69,1,'2019-09-15',1,'tablet'),(971,28,3,'2019-09-15',2,'tablet'),(972,68,1,'2019-09-15',1,'tablet'),(973,69,3,'2019-09-15',1,'tablet'),(974,68,3,'2019-09-15',1,'tablet'),(975,58,1,'2019-09-15',1,'tablet'),(976,23,1,'2019-09-15',2,'tablet'),(977,58,3,'2019-09-15',1,'tablet'),(978,41,1,'2019-09-15',2,'tablet'),(979,23,3,'2019-09-15',2,'tablet'),(980,41,3,'2019-09-15',2,'tablet'),(981,63,1,'2019-09-15',1,'tablet'),(982,63,3,'2019-09-15',1,'tablet'),(983,56,1,'2019-09-15',1,'tablet'),(984,56,3,'2019-09-15',1,'tablet'),(985,53,1,'2019-09-15',1,'tablet'),(986,53,3,'2019-09-15',1,'tablet'),(987,34,1,'2019-09-15',1,'tablet'),(988,34,3,'2019-09-15',1,'tablet'),(989,33,1,'2019-09-15',1,'tablet'),(990,40,1,'2019-09-15',1,'tablet'),(991,33,3,'2019-09-15',1,'tablet'),(992,40,3,'2019-09-15',1,'tablet'),(993,39,1,'2019-09-15',1,'tablet'),(994,39,3,'2019-09-15',1,'tablet'),(995,32,1,'2019-09-17',2,'desktop'),(996,35,1,'2019-09-18',1,'mobile'),(997,47,1,'2019-09-18',2,'desktop'),(998,80,1,'2019-09-18',1,'desktop'),(999,42,3,'2019-09-18',1,'desktop'),(1000,73,1,'2019-09-19',1,'mobile'),(1001,42,1,'2019-09-19',1,'mobile'),(1002,32,3,'2019-09-19',1,'mobile'),(1003,59,3,'2019-09-19',1,'mobile'),(1004,45,3,'2019-09-19',1,'mobile'),(1005,80,1,'2019-09-19',1,'desktop'),(1006,70,1,'2019-09-19',1,'desktop'),(1007,80,1,'2019-09-19',1,'tablet'),(1008,29,1,'2019-09-20',1,'desktop'),(1009,73,1,'2019-09-20',1,'desktop'),(1010,48,3,'2019-09-20',1,'desktop'),(1011,44,3,'2019-09-21',1,'tablet'),(1012,70,3,'2019-09-21',1,'tablet'),(1013,55,3,'2019-09-21',1,'tablet'),(1014,62,3,'2019-09-21',1,'tablet'),(1015,49,3,'2019-09-21',1,'tablet'),(1016,47,3,'2019-09-21',1,'tablet'),(1017,42,3,'2019-09-21',2,'tablet'),(1018,31,3,'2019-09-21',2,'tablet'),(1019,24,3,'2019-09-21',1,'tablet'),(1020,79,3,'2019-09-21',1,'tablet'),(1021,30,3,'2019-09-21',1,'tablet'),(1022,29,3,'2019-09-21',1,'tablet'),(1023,26,3,'2019-09-21',1,'tablet'),(1024,61,3,'2019-09-21',1,'tablet'),(1025,54,3,'2019-09-21',2,'tablet'),(1026,32,3,'2019-09-21',1,'tablet'),(1027,80,3,'2019-09-21',1,'tablet'),(1028,59,3,'2019-09-21',1,'tablet'),(1029,45,3,'2019-09-21',1,'tablet'),(1030,35,3,'2019-09-21',1,'tablet'),(1031,77,3,'2019-09-21',1,'tablet'),(1032,64,3,'2019-09-21',1,'tablet'),(1033,46,3,'2019-09-21',2,'tablet'),(1034,78,3,'2019-09-21',1,'tablet'),(1035,50,3,'2019-09-21',1,'tablet'),(1036,76,3,'2019-09-21',1,'tablet'),(1037,65,3,'2019-09-21',1,'tablet'),(1038,43,3,'2019-09-21',1,'tablet'),(1039,38,3,'2019-09-21',1,'tablet'),(1040,37,3,'2019-09-21',1,'tablet'),(1041,36,3,'2019-09-21',1,'tablet'),(1042,27,3,'2019-09-21',1,'tablet'),(1043,48,3,'2019-09-21',1,'tablet'),(1044,73,3,'2019-09-21',1,'tablet'),(1045,71,3,'2019-09-21',1,'tablet'),(1046,57,3,'2019-09-21',1,'tablet'),(1047,52,3,'2019-09-21',1,'tablet'),(1048,51,3,'2019-09-21',1,'tablet'),(1049,28,3,'2019-09-21',2,'tablet'),(1050,69,3,'2019-09-21',1,'tablet'),(1051,68,3,'2019-09-21',1,'tablet'),(1052,58,3,'2019-09-21',1,'tablet'),(1053,23,3,'2019-09-21',2,'tablet'),(1054,41,3,'2019-09-21',2,'tablet'),(1055,63,3,'2019-09-21',1,'tablet'),(1056,56,3,'2019-09-21',1,'tablet'),(1057,53,3,'2019-09-21',1,'tablet'),(1058,34,3,'2019-09-21',1,'tablet'),(1059,33,3,'2019-09-21',1,'tablet'),(1060,40,3,'2019-09-21',1,'tablet'),(1061,39,3,'2019-09-21',1,'tablet'),(1062,44,1,'2019-09-21',1,'tablet'),(1063,70,1,'2019-09-21',1,'tablet'),(1064,55,1,'2019-09-21',1,'tablet'),(1065,62,1,'2019-09-21',1,'tablet'),(1066,49,1,'2019-09-21',1,'tablet'),(1067,47,1,'2019-09-21',1,'tablet'),(1068,42,1,'2019-09-21',2,'tablet'),(1069,31,1,'2019-09-21',2,'tablet'),(1070,24,1,'2019-09-21',1,'tablet'),(1071,79,1,'2019-09-21',1,'tablet'),(1072,30,1,'2019-09-21',1,'tablet'),(1073,29,1,'2019-09-21',1,'tablet'),(1074,26,1,'2019-09-21',1,'tablet'),(1075,61,1,'2019-09-21',1,'tablet'),(1076,54,1,'2019-09-21',2,'tablet'),(1077,32,1,'2019-09-21',1,'tablet'),(1078,80,1,'2019-09-21',1,'tablet'),(1079,59,1,'2019-09-21',1,'tablet'),(1080,45,1,'2019-09-21',1,'tablet'),(1081,35,1,'2019-09-21',1,'tablet'),(1082,77,1,'2019-09-21',1,'tablet'),(1083,64,1,'2019-09-21',1,'tablet'),(1084,46,1,'2019-09-21',2,'tablet'),(1085,78,1,'2019-09-21',1,'tablet'),(1086,50,1,'2019-09-21',1,'tablet'),(1087,76,1,'2019-09-21',1,'tablet'),(1088,65,1,'2019-09-21',1,'tablet'),(1089,43,1,'2019-09-21',1,'tablet'),(1090,38,1,'2019-09-21',1,'tablet'),(1091,37,1,'2019-09-21',1,'tablet'),(1092,36,1,'2019-09-21',1,'tablet'),(1093,27,1,'2019-09-21',1,'tablet'),(1094,48,1,'2019-09-21',1,'tablet'),(1095,73,1,'2019-09-21',1,'tablet'),(1096,71,1,'2019-09-21',1,'tablet'),(1097,57,1,'2019-09-21',1,'tablet'),(1098,52,1,'2019-09-21',1,'tablet'),(1099,51,1,'2019-09-21',1,'tablet'),(1100,28,1,'2019-09-21',2,'tablet'),(1101,69,1,'2019-09-21',1,'tablet'),(1102,68,1,'2019-09-21',1,'tablet'),(1103,58,1,'2019-09-21',1,'tablet'),(1104,23,1,'2019-09-21',2,'tablet'),(1105,41,1,'2019-09-21',2,'tablet'),(1106,63,1,'2019-09-21',1,'tablet'),(1107,56,1,'2019-09-21',1,'tablet'),(1108,53,1,'2019-09-21',1,'tablet'),(1109,34,1,'2019-09-21',1,'tablet'),(1110,33,1,'2019-09-21',1,'tablet'),(1111,40,1,'2019-09-21',1,'tablet'),(1112,39,1,'2019-09-21',1,'tablet'),(1113,25,1,'2019-09-21',1,'desktop'),(1114,25,1,'2019-09-22',1,'desktop'),(1115,53,3,'2019-09-23',1,'desktop'),(1116,34,3,'2019-09-23',1,'desktop'),(1117,80,3,'2019-09-24',1,'desktop'),(1118,80,1,'2019-09-24',3,'desktop'),(1119,34,3,'2019-09-24',1,'desktop'),(1120,78,1,'2019-09-24',1,'tablet'),(1121,46,3,'2019-09-24',1,'desktop'),(1122,53,1,'2019-09-24',1,'desktop'),(1123,53,1,'2019-09-24',1,'mobile'),(1124,80,3,'2019-09-25',3,'desktop'),(1125,59,3,'2019-09-25',2,'desktop'),(1126,48,1,'2019-09-25',1,'desktop'),(1127,42,3,'2019-09-25',1,'desktop'),(1128,79,3,'2019-09-25',1,'desktop'),(1129,49,3,'2019-09-25',1,'desktop'),(1130,55,3,'2019-09-25',1,'desktop'),(1131,59,3,'2019-09-26',1,'desktop'),(1132,80,1,'2019-09-27',1,'mobile'),(1133,46,1,'2019-09-28',1,'desktop'),(1134,44,1,'2019-09-28',1,'tablet'),(1135,70,1,'2019-09-28',1,'tablet'),(1136,55,1,'2019-09-28',1,'tablet'),(1137,62,1,'2019-09-28',1,'tablet'),(1138,49,1,'2019-09-28',1,'tablet'),(1139,47,1,'2019-09-28',1,'tablet'),(1140,42,1,'2019-09-28',2,'tablet'),(1141,31,1,'2019-09-28',2,'tablet'),(1142,24,1,'2019-09-28',1,'tablet'),(1143,79,1,'2019-09-28',1,'tablet'),(1144,30,1,'2019-09-28',1,'tablet'),(1145,29,1,'2019-09-28',1,'tablet'),(1146,26,1,'2019-09-28',1,'tablet'),(1147,61,1,'2019-09-28',1,'tablet'),(1148,54,1,'2019-09-28',2,'tablet'),(1149,32,1,'2019-09-28',1,'tablet'),(1150,80,1,'2019-09-28',1,'tablet'),(1151,59,1,'2019-09-28',1,'tablet'),(1152,45,1,'2019-09-28',1,'tablet'),(1153,35,1,'2019-09-28',1,'tablet'),(1154,77,1,'2019-09-28',1,'tablet'),(1155,64,1,'2019-09-28',1,'tablet'),(1156,46,1,'2019-09-28',2,'tablet'),(1157,78,1,'2019-09-28',1,'tablet'),(1158,50,1,'2019-09-28',1,'tablet'),(1159,76,1,'2019-09-28',1,'tablet'),(1160,65,1,'2019-09-28',1,'tablet'),(1161,43,1,'2019-09-28',1,'tablet'),(1162,38,1,'2019-09-28',1,'tablet'),(1163,37,1,'2019-09-28',1,'tablet'),(1164,36,1,'2019-09-28',1,'tablet'),(1165,27,1,'2019-09-28',1,'tablet'),(1166,48,1,'2019-09-28',1,'tablet'),(1167,73,1,'2019-09-28',1,'tablet'),(1168,71,1,'2019-09-28',1,'tablet'),(1169,57,1,'2019-09-28',1,'tablet'),(1170,52,1,'2019-09-28',1,'tablet'),(1171,51,1,'2019-09-28',1,'tablet'),(1172,28,1,'2019-09-28',2,'tablet'),(1173,69,1,'2019-09-28',1,'tablet'),(1174,68,1,'2019-09-28',1,'tablet'),(1175,58,1,'2019-09-28',1,'tablet'),(1176,23,1,'2019-09-28',2,'tablet'),(1177,41,1,'2019-09-28',2,'tablet'),(1178,63,1,'2019-09-28',1,'tablet'),(1179,56,1,'2019-09-28',1,'tablet'),(1180,53,1,'2019-09-28',1,'tablet'),(1181,34,1,'2019-09-28',1,'tablet'),(1182,33,1,'2019-09-28',1,'tablet'),(1183,40,1,'2019-09-28',1,'tablet'),(1184,39,1,'2019-09-28',1,'tablet'),(1185,44,3,'2019-09-28',1,'tablet'),(1186,70,3,'2019-09-28',1,'tablet'),(1187,55,3,'2019-09-28',1,'tablet'),(1188,62,3,'2019-09-28',1,'tablet'),(1189,49,3,'2019-09-28',1,'tablet'),(1190,47,3,'2019-09-28',1,'tablet'),(1191,42,3,'2019-09-28',2,'tablet'),(1192,31,3,'2019-09-28',2,'tablet'),(1193,24,3,'2019-09-28',1,'tablet'),(1194,79,3,'2019-09-28',1,'tablet'),(1195,30,3,'2019-09-28',1,'tablet'),(1196,29,3,'2019-09-28',1,'tablet'),(1197,26,3,'2019-09-28',1,'tablet'),(1198,61,3,'2019-09-28',1,'tablet'),(1199,54,3,'2019-09-28',2,'tablet'),(1200,32,3,'2019-09-28',1,'tablet'),(1201,80,3,'2019-09-28',1,'tablet'),(1202,59,3,'2019-09-28',1,'tablet'),(1203,45,3,'2019-09-28',1,'tablet'),(1204,35,3,'2019-09-28',1,'tablet'),(1205,77,3,'2019-09-28',1,'tablet'),(1206,64,3,'2019-09-28',1,'tablet'),(1207,46,3,'2019-09-28',2,'tablet'),(1208,78,3,'2019-09-28',1,'tablet'),(1209,50,3,'2019-09-28',1,'tablet'),(1210,76,3,'2019-09-28',1,'tablet'),(1211,65,3,'2019-09-28',1,'tablet'),(1212,43,3,'2019-09-28',1,'tablet'),(1213,38,3,'2019-09-28',1,'tablet'),(1214,37,3,'2019-09-28',1,'tablet'),(1215,36,3,'2019-09-28',1,'tablet'),(1216,27,3,'2019-09-28',1,'tablet'),(1217,48,3,'2019-09-28',1,'tablet'),(1218,73,3,'2019-09-28',1,'tablet'),(1219,71,3,'2019-09-28',1,'tablet'),(1220,57,3,'2019-09-28',1,'tablet'),(1221,52,3,'2019-09-28',1,'tablet'),(1222,51,3,'2019-09-28',1,'tablet'),(1223,28,3,'2019-09-28',2,'tablet'),(1224,69,3,'2019-09-28',1,'tablet'),(1225,68,3,'2019-09-28',1,'tablet'),(1226,58,3,'2019-09-28',1,'tablet'),(1227,23,3,'2019-09-28',2,'tablet'),(1228,41,3,'2019-09-28',2,'tablet'),(1229,63,3,'2019-09-28',1,'tablet'),(1230,56,3,'2019-09-28',1,'tablet'),(1231,53,3,'2019-09-28',1,'tablet'),(1232,34,3,'2019-09-28',1,'tablet'),(1233,33,3,'2019-09-28',1,'tablet'),(1234,40,3,'2019-09-28',1,'tablet'),(1235,39,3,'2019-09-28',1,'tablet'),(1236,50,3,'2019-09-30',1,'tablet'),(1237,76,3,'2019-09-30',1,'tablet'),(1238,43,3,'2019-09-30',1,'tablet'),(1239,38,3,'2019-09-30',2,'tablet'),(1240,37,3,'2019-09-30',3,'tablet'),(1241,36,3,'2019-09-30',1,'tablet'),(1242,27,3,'2019-09-30',1,'tablet'),(1243,45,3,'2019-09-30',1,'tablet'),(1244,80,3,'2019-09-30',1,'tablet'),(1245,77,3,'2019-09-30',1,'tablet'),(1246,76,1,'2019-10-01',2,'desktop'),(1247,36,1,'2019-10-01',1,'desktop'),(1248,80,1,'2019-10-01',1,'mobile'),(1249,57,1,'2019-10-02',1,'desktop'),(1250,80,1,'2019-10-04',3,'desktop'),(1251,59,1,'2019-10-04',2,'desktop'),(1252,45,1,'2019-10-04',1,'desktop'),(1253,35,1,'2019-10-04',1,'desktop'),(1254,61,1,'2019-10-05',1,'desktop'),(1255,44,1,'2019-10-05',1,'tablet'),(1256,70,1,'2019-10-05',1,'tablet'),(1257,55,1,'2019-10-05',1,'tablet'),(1258,62,1,'2019-10-05',1,'tablet'),(1259,49,1,'2019-10-05',1,'tablet'),(1260,47,1,'2019-10-05',1,'tablet'),(1261,42,1,'2019-10-05',2,'tablet'),(1262,31,1,'2019-10-05',2,'tablet'),(1263,24,1,'2019-10-05',1,'tablet'),(1264,79,1,'2019-10-05',1,'tablet'),(1265,30,1,'2019-10-05',1,'tablet'),(1266,29,1,'2019-10-05',1,'tablet'),(1267,26,1,'2019-10-05',1,'tablet'),(1268,61,1,'2019-10-05',1,'tablet'),(1269,54,1,'2019-10-05',2,'tablet'),(1270,32,1,'2019-10-05',1,'tablet'),(1271,80,1,'2019-10-05',1,'tablet'),(1272,59,1,'2019-10-05',1,'tablet'),(1273,45,1,'2019-10-05',1,'tablet'),(1274,35,1,'2019-10-05',1,'tablet'),(1275,77,1,'2019-10-05',1,'tablet'),(1276,64,1,'2019-10-05',1,'tablet'),(1277,46,1,'2019-10-05',2,'tablet'),(1278,78,1,'2019-10-05',1,'tablet'),(1279,50,1,'2019-10-05',1,'tablet'),(1280,76,1,'2019-10-05',1,'tablet'),(1281,65,1,'2019-10-05',1,'tablet'),(1282,43,1,'2019-10-05',1,'tablet'),(1283,38,1,'2019-10-05',1,'tablet'),(1284,37,1,'2019-10-05',1,'tablet'),(1285,36,1,'2019-10-05',1,'tablet'),(1286,27,1,'2019-10-05',1,'tablet'),(1287,48,1,'2019-10-05',1,'tablet'),(1288,73,1,'2019-10-05',1,'tablet'),(1289,71,1,'2019-10-05',1,'tablet'),(1290,57,1,'2019-10-05',1,'tablet'),(1291,52,1,'2019-10-05',1,'tablet'),(1292,51,1,'2019-10-05',1,'tablet'),(1293,28,1,'2019-10-05',2,'tablet'),(1294,69,1,'2019-10-05',1,'tablet'),(1295,68,1,'2019-10-05',1,'tablet'),(1296,58,1,'2019-10-05',1,'tablet'),(1297,23,1,'2019-10-05',2,'tablet'),(1298,41,1,'2019-10-05',2,'tablet'),(1299,63,1,'2019-10-05',1,'tablet'),(1300,56,1,'2019-10-05',1,'tablet'),(1301,53,1,'2019-10-05',1,'tablet'),(1302,34,1,'2019-10-05',1,'tablet'),(1303,33,1,'2019-10-05',1,'tablet'),(1304,40,1,'2019-10-05',1,'tablet'),(1305,39,1,'2019-10-05',1,'tablet'),(1306,44,3,'2019-10-05',1,'tablet'),(1307,70,3,'2019-10-05',1,'tablet'),(1308,55,3,'2019-10-05',1,'tablet'),(1309,62,3,'2019-10-05',1,'tablet'),(1310,49,3,'2019-10-05',1,'tablet'),(1311,47,3,'2019-10-05',1,'tablet'),(1312,42,3,'2019-10-05',2,'tablet'),(1313,31,3,'2019-10-05',2,'tablet'),(1314,24,3,'2019-10-05',1,'tablet'),(1315,79,3,'2019-10-05',1,'tablet'),(1316,30,3,'2019-10-05',1,'tablet'),(1317,29,3,'2019-10-05',1,'tablet'),(1318,26,3,'2019-10-05',1,'tablet'),(1319,61,3,'2019-10-05',1,'tablet'),(1320,54,3,'2019-10-05',2,'tablet'),(1321,32,3,'2019-10-05',1,'tablet'),(1322,80,3,'2019-10-05',1,'tablet'),(1323,59,3,'2019-10-05',1,'tablet'),(1324,45,3,'2019-10-05',1,'tablet'),(1325,35,3,'2019-10-05',1,'tablet'),(1326,77,3,'2019-10-05',1,'tablet'),(1327,64,3,'2019-10-05',1,'tablet'),(1328,46,3,'2019-10-05',2,'tablet'),(1329,78,3,'2019-10-05',1,'tablet'),(1330,50,3,'2019-10-05',1,'tablet'),(1331,76,3,'2019-10-05',1,'tablet'),(1332,65,3,'2019-10-05',1,'tablet'),(1333,43,3,'2019-10-05',1,'tablet'),(1334,38,3,'2019-10-05',1,'tablet'),(1335,37,3,'2019-10-05',1,'tablet'),(1336,36,3,'2019-10-05',1,'tablet'),(1337,27,3,'2019-10-05',1,'tablet'),(1338,48,3,'2019-10-05',1,'tablet'),(1339,73,3,'2019-10-05',1,'tablet'),(1340,71,3,'2019-10-05',1,'tablet'),(1341,57,3,'2019-10-05',1,'tablet'),(1342,52,3,'2019-10-05',1,'tablet'),(1343,51,3,'2019-10-05',1,'tablet'),(1344,28,3,'2019-10-05',2,'tablet'),(1345,69,3,'2019-10-05',1,'tablet'),(1346,68,3,'2019-10-05',1,'tablet'),(1347,58,3,'2019-10-05',1,'tablet'),(1348,23,3,'2019-10-05',2,'tablet'),(1349,41,3,'2019-10-05',2,'tablet'),(1350,63,3,'2019-10-05',1,'tablet'),(1351,56,3,'2019-10-05',1,'tablet'),(1352,53,3,'2019-10-05',1,'tablet'),(1353,34,3,'2019-10-05',1,'tablet'),(1354,33,3,'2019-10-05',1,'tablet'),(1355,40,3,'2019-10-05',1,'tablet'),(1356,39,3,'2019-10-05',1,'tablet'),(1357,70,1,'2019-10-06',3,'mobile'),(1358,80,3,'2019-10-07',2,'desktop'),(1359,70,3,'2019-10-07',2,'desktop'),(1360,70,3,'2019-10-08',1,'desktop'),(1361,42,1,'2019-10-08',1,'mobile'),(1362,42,1,'2019-10-08',1,'tablet'),(1363,50,1,'2019-10-08',7,'desktop'),(1364,36,1,'2019-10-08',3,'desktop'),(1365,76,1,'2019-10-08',4,'desktop'),(1366,54,1,'2019-10-08',1,'desktop'),(1367,28,1,'2019-10-09',1,'mobile'),(1368,46,3,'2019-10-09',1,'mobile'),(1369,70,3,'2019-10-09',1,'desktop'),(1370,70,3,'2019-10-10',1,'desktop'),(1371,31,1,'2019-10-11',1,'desktop'),(1372,29,1,'2019-10-11',1,'desktop'),(1373,44,3,'2019-10-11',1,'desktop'),(1374,80,1,'2019-10-11',1,'desktop'),(1375,44,1,'2019-10-12',1,'tablet'),(1376,70,1,'2019-10-12',1,'tablet'),(1377,55,1,'2019-10-12',1,'tablet'),(1378,62,1,'2019-10-12',1,'tablet'),(1379,49,1,'2019-10-12',1,'tablet'),(1380,47,1,'2019-10-12',1,'tablet'),(1381,42,1,'2019-10-12',2,'tablet'),(1382,24,1,'2019-10-12',1,'tablet'),(1383,79,1,'2019-10-12',1,'tablet'),(1384,30,1,'2019-10-12',1,'tablet'),(1385,29,1,'2019-10-12',1,'tablet'),(1386,26,1,'2019-10-12',1,'tablet'),(1387,61,1,'2019-10-12',1,'tablet'),(1388,54,1,'2019-10-12',2,'tablet'),(1389,32,1,'2019-10-12',1,'tablet'),(1390,80,1,'2019-10-12',1,'tablet'),(1391,59,1,'2019-10-12',1,'tablet'),(1392,45,1,'2019-10-12',1,'tablet'),(1393,77,1,'2019-10-12',1,'tablet'),(1394,64,1,'2019-10-12',1,'tablet'),(1395,46,1,'2019-10-12',2,'tablet'),(1396,78,1,'2019-10-12',1,'tablet'),(1397,50,1,'2019-10-12',1,'tablet'),(1398,76,1,'2019-10-12',1,'tablet'),(1399,65,1,'2019-10-12',1,'tablet'),(1400,43,1,'2019-10-12',1,'tablet'),(1401,38,1,'2019-10-12',1,'tablet'),(1402,37,1,'2019-10-12',1,'tablet'),(1403,36,1,'2019-10-12',1,'tablet'),(1404,27,1,'2019-10-12',1,'tablet'),(1405,48,1,'2019-10-12',1,'tablet'),(1406,71,1,'2019-10-12',1,'tablet'),(1407,57,1,'2019-10-12',1,'tablet'),(1408,52,1,'2019-10-12',1,'tablet'),(1409,51,1,'2019-10-12',1,'tablet'),(1410,28,1,'2019-10-12',2,'tablet'),(1411,69,1,'2019-10-12',1,'tablet'),(1412,68,1,'2019-10-12',1,'tablet'),(1413,58,1,'2019-10-12',1,'tablet'),(1414,41,1,'2019-10-12',2,'tablet'),(1415,63,1,'2019-10-12',1,'tablet'),(1416,56,1,'2019-10-12',1,'tablet'),(1417,53,1,'2019-10-12',1,'tablet'),(1418,34,1,'2019-10-12',1,'tablet'),(1419,33,1,'2019-10-12',1,'tablet'),(1420,40,1,'2019-10-12',1,'tablet'),(1421,39,1,'2019-10-12',1,'tablet'),(1422,44,3,'2019-10-12',1,'tablet'),(1423,70,3,'2019-10-12',1,'tablet'),(1424,55,3,'2019-10-12',1,'tablet'),(1425,62,3,'2019-10-12',1,'tablet'),(1426,49,3,'2019-10-12',1,'tablet'),(1427,47,3,'2019-10-12',1,'tablet'),(1428,42,3,'2019-10-12',2,'tablet'),(1429,24,3,'2019-10-12',1,'tablet'),(1430,79,3,'2019-10-12',1,'tablet'),(1431,30,3,'2019-10-12',1,'tablet'),(1432,29,3,'2019-10-12',1,'tablet'),(1433,26,3,'2019-10-12',1,'tablet'),(1434,61,3,'2019-10-12',1,'tablet'),(1435,54,3,'2019-10-12',2,'tablet'),(1436,32,3,'2019-10-12',1,'tablet'),(1437,80,3,'2019-10-12',1,'tablet'),(1438,59,3,'2019-10-12',1,'tablet'),(1439,45,3,'2019-10-12',1,'tablet'),(1440,77,3,'2019-10-12',1,'tablet'),(1441,64,3,'2019-10-12',1,'tablet'),(1442,46,3,'2019-10-12',2,'tablet'),(1443,78,3,'2019-10-12',1,'tablet'),(1444,50,3,'2019-10-12',1,'tablet'),(1445,76,3,'2019-10-12',1,'tablet'),(1446,65,3,'2019-10-12',1,'tablet'),(1447,43,3,'2019-10-12',1,'tablet'),(1448,38,3,'2019-10-12',1,'tablet'),(1449,37,3,'2019-10-12',1,'tablet'),(1450,36,3,'2019-10-12',1,'tablet'),(1451,27,3,'2019-10-12',1,'tablet'),(1452,48,3,'2019-10-12',1,'tablet'),(1453,71,3,'2019-10-12',1,'tablet'),(1454,57,3,'2019-10-12',1,'tablet'),(1455,52,3,'2019-10-12',1,'tablet'),(1456,51,3,'2019-10-12',1,'tablet'),(1457,28,3,'2019-10-12',2,'tablet'),(1458,69,3,'2019-10-12',1,'tablet'),(1459,68,3,'2019-10-12',1,'tablet'),(1460,58,3,'2019-10-12',1,'tablet'),(1461,41,3,'2019-10-12',2,'tablet'),(1462,63,3,'2019-10-12',1,'tablet'),(1463,56,3,'2019-10-12',1,'tablet'),(1464,53,3,'2019-10-12',1,'tablet'),(1465,34,3,'2019-10-12',1,'tablet'),(1466,33,3,'2019-10-12',1,'tablet'),(1467,40,3,'2019-10-12',1,'tablet'),(1468,39,3,'2019-10-12',1,'tablet'),(1469,70,3,'2019-10-14',2,'desktop'),(1470,44,1,'2019-10-14',1,'desktop'),(1471,44,3,'2019-10-14',1,'desktop'),(1472,26,1,'2019-10-14',1,'tablet'),(1473,70,3,'2019-10-15',2,'desktop'),(1474,47,3,'2019-10-15',1,'desktop'),(1475,70,1,'2019-10-15',3,'mobile'),(1476,70,3,'2019-10-17',1,'desktop'),(1477,61,1,'2019-10-17',1,'mobile'),(1478,30,1,'2019-10-17',2,'mobile'),(1479,53,1,'2019-10-17',1,'mobile'),(1480,27,1,'2019-10-18',2,'desktop'),(1481,45,1,'2019-10-19',4,'mobile'),(1482,46,1,'2019-10-19',2,'mobile'),(1483,61,1,'2019-10-19',2,'tablet'),(1484,55,1,'2019-10-19',2,'tablet'),(1485,44,1,'2019-10-19',1,'tablet'),(1486,70,1,'2019-10-19',1,'tablet'),(1487,62,1,'2019-10-19',1,'tablet'),(1488,49,1,'2019-10-19',1,'tablet'),(1489,47,1,'2019-10-19',1,'tablet'),(1490,42,1,'2019-10-19',2,'tablet'),(1491,24,1,'2019-10-19',1,'tablet'),(1492,79,1,'2019-10-19',1,'tablet'),(1493,30,1,'2019-10-19',1,'tablet'),(1494,29,1,'2019-10-19',1,'tablet'),(1495,26,1,'2019-10-19',1,'tablet'),(1496,54,1,'2019-10-19',2,'tablet'),(1497,32,1,'2019-10-19',1,'tablet'),(1498,80,1,'2019-10-19',1,'tablet'),(1499,59,1,'2019-10-19',1,'tablet'),(1500,45,1,'2019-10-19',1,'tablet'),(1501,77,1,'2019-10-19',1,'tablet'),(1502,64,1,'2019-10-19',1,'tablet'),(1503,46,1,'2019-10-19',2,'tablet'),(1504,78,1,'2019-10-19',1,'tablet'),(1505,50,1,'2019-10-19',1,'tablet'),(1506,76,1,'2019-10-19',1,'tablet'),(1507,65,1,'2019-10-19',1,'tablet'),(1508,43,1,'2019-10-19',1,'tablet'),(1509,38,1,'2019-10-19',1,'tablet'),(1510,37,1,'2019-10-19',1,'tablet'),(1511,36,1,'2019-10-19',1,'tablet'),(1512,27,1,'2019-10-19',1,'tablet'),(1513,48,1,'2019-10-19',1,'tablet'),(1514,71,1,'2019-10-19',1,'tablet'),(1515,57,1,'2019-10-19',1,'tablet'),(1516,52,1,'2019-10-19',1,'tablet'),(1517,51,1,'2019-10-19',1,'tablet'),(1518,28,1,'2019-10-19',2,'tablet'),(1519,69,1,'2019-10-19',1,'tablet'),(1520,68,1,'2019-10-19',1,'tablet'),(1521,58,1,'2019-10-19',1,'tablet'),(1522,41,1,'2019-10-19',2,'tablet'),(1523,63,1,'2019-10-19',1,'tablet'),(1524,56,1,'2019-10-19',1,'tablet'),(1525,53,1,'2019-10-19',1,'tablet'),(1526,34,1,'2019-10-19',1,'tablet'),(1527,33,1,'2019-10-19',1,'tablet'),(1528,40,1,'2019-10-19',1,'tablet'),(1529,39,1,'2019-10-19',1,'tablet'),(1530,44,3,'2019-10-19',1,'tablet'),(1531,70,3,'2019-10-19',1,'tablet'),(1532,55,3,'2019-10-19',1,'tablet'),(1533,62,3,'2019-10-19',1,'tablet'),(1534,49,3,'2019-10-19',1,'tablet'),(1535,47,3,'2019-10-19',1,'tablet'),(1536,42,3,'2019-10-19',2,'tablet'),(1537,24,3,'2019-10-19',1,'tablet'),(1538,79,3,'2019-10-19',1,'tablet'),(1539,30,3,'2019-10-19',1,'tablet'),(1540,29,3,'2019-10-19',1,'tablet'),(1541,26,3,'2019-10-19',1,'tablet'),(1542,61,3,'2019-10-19',1,'tablet'),(1543,54,3,'2019-10-19',2,'tablet'),(1544,32,3,'2019-10-19',1,'tablet'),(1545,80,3,'2019-10-19',1,'tablet'),(1546,59,3,'2019-10-19',1,'tablet'),(1547,45,3,'2019-10-19',1,'tablet'),(1548,77,3,'2019-10-19',1,'tablet'),(1549,64,3,'2019-10-19',1,'tablet'),(1550,46,3,'2019-10-19',2,'tablet'),(1551,78,3,'2019-10-19',1,'tablet'),(1552,50,3,'2019-10-19',1,'tablet'),(1553,76,3,'2019-10-19',1,'tablet'),(1554,65,3,'2019-10-19',1,'tablet'),(1555,43,3,'2019-10-19',1,'tablet'),(1556,38,3,'2019-10-19',1,'tablet'),(1557,37,3,'2019-10-19',1,'tablet'),(1558,36,3,'2019-10-19',1,'tablet'),(1559,27,3,'2019-10-19',1,'tablet'),(1560,48,3,'2019-10-19',1,'tablet'),(1561,71,3,'2019-10-19',1,'tablet'),(1562,57,3,'2019-10-19',1,'tablet'),(1563,52,3,'2019-10-19',1,'tablet'),(1564,51,3,'2019-10-19',1,'tablet'),(1565,28,3,'2019-10-19',2,'tablet'),(1566,69,3,'2019-10-19',1,'tablet'),(1567,68,3,'2019-10-19',1,'tablet'),(1568,58,3,'2019-10-19',1,'tablet'),(1569,41,3,'2019-10-19',2,'tablet'),(1570,63,3,'2019-10-19',1,'tablet'),(1571,56,3,'2019-10-19',1,'tablet'),(1572,53,3,'2019-10-19',1,'tablet'),(1573,34,3,'2019-10-19',1,'tablet'),(1574,33,3,'2019-10-19',1,'tablet'),(1575,40,3,'2019-10-19',1,'tablet'),(1576,39,3,'2019-10-19',1,'tablet'),(1577,29,3,'2019-10-21',1,'desktop'),(1578,24,1,'2019-10-21',1,'desktop'),(1579,47,1,'2019-10-21',1,'desktop'),(1580,26,1,'2019-10-21',1,'desktop'),(1581,29,1,'2019-10-21',1,'desktop'),(1582,30,1,'2019-10-21',1,'desktop'),(1583,79,1,'2019-10-21',1,'desktop'),(1584,42,1,'2019-10-21',1,'desktop'),(1585,29,3,'2019-10-22',1,'desktop'),(1586,57,3,'2019-10-23',1,'desktop'),(1587,57,3,'2019-10-23',1,'tablet'),(1588,79,3,'2019-10-23',1,'desktop'),(1589,79,1,'2019-10-23',1,'desktop'),(1590,47,1,'2019-10-23',1,'tablet'),(1591,25,1,'2019-10-23',1,'desktop'),(1592,57,1,'2019-10-24',1,'mobile'),(1593,41,3,'2019-10-24',1,'tablet'),(1594,39,3,'2019-10-24',1,'tablet'),(1595,40,3,'2019-10-24',1,'tablet'),(1596,64,3,'2019-10-24',1,'tablet'),(1597,77,3,'2019-10-24',1,'tablet'),(1598,80,3,'2019-10-24',1,'tablet'),(1599,29,3,'2019-10-24',1,'tablet'),(1600,30,3,'2019-10-24',1,'tablet'),(1601,47,1,'2019-10-24',1,'tablet'),(1602,41,3,'2019-10-25',1,'tablet'),(1603,39,3,'2019-10-25',1,'tablet'),(1604,40,3,'2019-10-25',1,'tablet'),(1605,64,3,'2019-10-25',1,'tablet'),(1606,77,3,'2019-10-25',1,'tablet'),(1607,80,3,'2019-10-25',1,'tablet'),(1608,41,3,'2019-10-26',3,'tablet'),(1609,39,3,'2019-10-26',2,'tablet'),(1610,40,3,'2019-10-26',2,'tablet'),(1611,64,3,'2019-10-26',2,'tablet'),(1612,77,3,'2019-10-26',2,'tablet'),(1613,80,3,'2019-10-26',2,'tablet'),(1614,80,1,'2019-10-26',1,'mobile'),(1615,44,3,'2019-10-26',1,'tablet'),(1616,70,3,'2019-10-26',1,'tablet'),(1617,55,3,'2019-10-26',1,'tablet'),(1618,62,3,'2019-10-26',1,'tablet'),(1619,49,3,'2019-10-26',1,'tablet'),(1620,47,3,'2019-10-26',1,'tablet'),(1621,42,3,'2019-10-26',2,'tablet'),(1622,24,3,'2019-10-26',1,'tablet'),(1623,79,3,'2019-10-26',1,'tablet'),(1624,30,3,'2019-10-26',1,'tablet'),(1625,29,3,'2019-10-26',1,'tablet'),(1626,26,3,'2019-10-26',1,'tablet'),(1627,61,3,'2019-10-26',1,'tablet'),(1628,54,3,'2019-10-26',2,'tablet'),(1629,32,3,'2019-10-26',1,'tablet'),(1630,59,3,'2019-10-26',1,'tablet'),(1631,45,3,'2019-10-26',1,'tablet'),(1632,46,3,'2019-10-26',2,'tablet'),(1633,78,3,'2019-10-26',1,'tablet'),(1634,50,3,'2019-10-26',1,'tablet'),(1635,76,3,'2019-10-26',1,'tablet'),(1636,65,3,'2019-10-26',1,'tablet'),(1637,43,3,'2019-10-26',1,'tablet'),(1638,38,3,'2019-10-26',1,'tablet'),(1639,37,3,'2019-10-26',1,'tablet'),(1640,36,3,'2019-10-26',1,'tablet'),(1641,27,3,'2019-10-26',1,'tablet'),(1642,48,3,'2019-10-26',1,'tablet'),(1643,71,3,'2019-10-26',1,'tablet'),(1644,57,3,'2019-10-26',1,'tablet'),(1645,52,3,'2019-10-26',1,'tablet'),(1646,51,3,'2019-10-26',1,'tablet'),(1647,28,3,'2019-10-26',2,'tablet'),(1648,69,3,'2019-10-26',1,'tablet'),(1649,68,3,'2019-10-26',1,'tablet'),(1650,58,3,'2019-10-26',1,'tablet'),(1651,63,3,'2019-10-26',1,'tablet'),(1652,56,3,'2019-10-26',1,'tablet'),(1653,53,3,'2019-10-26',1,'tablet'),(1654,34,3,'2019-10-26',1,'tablet'),(1655,33,3,'2019-10-26',1,'tablet'),(1656,44,1,'2019-10-26',1,'tablet'),(1657,70,1,'2019-10-26',1,'tablet'),(1658,55,1,'2019-10-26',1,'tablet'),(1659,62,1,'2019-10-26',1,'tablet'),(1660,49,1,'2019-10-26',1,'tablet'),(1661,47,1,'2019-10-26',1,'tablet'),(1662,42,1,'2019-10-26',2,'tablet'),(1663,24,1,'2019-10-26',1,'tablet'),(1664,79,1,'2019-10-26',1,'tablet'),(1665,30,1,'2019-10-26',1,'tablet'),(1666,29,1,'2019-10-26',1,'tablet'),(1667,26,1,'2019-10-26',1,'tablet'),(1668,61,1,'2019-10-26',1,'tablet'),(1669,54,1,'2019-10-26',2,'tablet'),(1670,32,1,'2019-10-26',1,'tablet'),(1671,80,1,'2019-10-26',1,'tablet'),(1672,59,1,'2019-10-26',1,'tablet'),(1673,45,1,'2019-10-26',1,'tablet'),(1674,77,1,'2019-10-26',1,'tablet'),(1675,64,1,'2019-10-26',1,'tablet'),(1676,46,1,'2019-10-26',2,'tablet'),(1677,78,1,'2019-10-26',1,'tablet'),(1678,50,1,'2019-10-26',1,'tablet'),(1679,76,1,'2019-10-26',1,'tablet'),(1680,65,1,'2019-10-26',1,'tablet'),(1681,43,1,'2019-10-26',1,'tablet'),(1682,38,1,'2019-10-26',1,'tablet'),(1683,37,1,'2019-10-26',1,'tablet'),(1684,36,1,'2019-10-26',1,'tablet'),(1685,27,1,'2019-10-26',1,'tablet'),(1686,48,1,'2019-10-26',1,'tablet'),(1687,71,1,'2019-10-26',1,'tablet'),(1688,57,1,'2019-10-26',1,'tablet'),(1689,52,1,'2019-10-26',1,'tablet'),(1690,51,1,'2019-10-26',1,'tablet'),(1691,28,1,'2019-10-26',2,'tablet'),(1692,69,1,'2019-10-26',1,'tablet'),(1693,68,1,'2019-10-26',1,'tablet'),(1694,58,1,'2019-10-26',1,'tablet'),(1695,41,1,'2019-10-26',2,'tablet'),(1696,63,1,'2019-10-26',1,'tablet'),(1697,56,1,'2019-10-26',1,'tablet'),(1698,53,1,'2019-10-26',1,'tablet'),(1699,34,1,'2019-10-26',1,'tablet'),(1700,33,1,'2019-10-26',1,'tablet'),(1701,40,1,'2019-10-26',1,'tablet'),(1702,39,1,'2019-10-26',1,'tablet'),(1703,41,3,'2019-10-27',1,'tablet'),(1704,39,3,'2019-10-27',1,'tablet'),(1705,40,3,'2019-10-27',1,'tablet'),(1706,64,3,'2019-10-27',1,'tablet'),(1707,77,3,'2019-10-27',1,'tablet'),(1708,80,3,'2019-10-27',1,'tablet'),(1709,41,3,'2019-10-28',1,'tablet'),(1710,39,3,'2019-10-28',1,'tablet'),(1711,40,3,'2019-10-28',1,'tablet'),(1712,64,3,'2019-10-28',1,'tablet'),(1713,77,3,'2019-10-28',1,'tablet'),(1714,80,3,'2019-10-28',1,'tablet'),(1715,79,1,'2019-10-28',1,'desktop'),(1716,57,3,'2019-10-28',1,'mobile'),(1717,48,3,'2019-10-28',1,'desktop'),(1718,26,1,'2019-10-28',1,'desktop'),(1719,30,1,'2019-10-28',1,'desktop'),(1720,29,1,'2019-10-28',1,'desktop'),(1721,24,1,'2019-10-28',1,'desktop'),(1722,25,1,'2019-10-28',1,'desktop'),(1723,41,3,'2019-10-29',1,'tablet'),(1724,39,3,'2019-10-29',1,'tablet'),(1725,40,3,'2019-10-29',1,'tablet'),(1726,64,3,'2019-10-29',1,'tablet'),(1727,77,3,'2019-10-29',1,'tablet'),(1728,80,3,'2019-10-29',1,'tablet'),(1729,57,3,'2019-10-30',1,'desktop'),(1730,59,1,'2019-10-30',1,'desktop'),(1731,45,1,'2019-10-30',1,'desktop'),(1732,46,1,'2019-10-30',1,'desktop'),(1733,70,1,'2019-10-31',1,'mobile'),(1734,44,3,'2019-11-02',1,'tablet'),(1735,70,3,'2019-11-02',1,'tablet'),(1736,55,3,'2019-11-02',1,'tablet'),(1737,62,3,'2019-11-02',1,'tablet'),(1738,44,1,'2019-11-02',1,'tablet'),(1739,49,3,'2019-11-02',1,'tablet'),(1740,70,1,'2019-11-02',1,'tablet'),(1741,47,3,'2019-11-02',1,'tablet'),(1742,55,1,'2019-11-02',1,'tablet'),(1743,62,1,'2019-11-02',1,'tablet'),(1744,42,3,'2019-11-02',2,'tablet'),(1745,24,3,'2019-11-02',1,'tablet'),(1746,49,1,'2019-11-02',1,'tablet'),(1747,79,3,'2019-11-02',1,'tablet'),(1748,47,1,'2019-11-02',1,'tablet'),(1749,30,3,'2019-11-02',1,'tablet'),(1750,42,1,'2019-11-02',2,'tablet'),(1751,29,3,'2019-11-02',1,'tablet'),(1752,24,1,'2019-11-02',1,'tablet'),(1753,79,1,'2019-11-02',1,'tablet'),(1754,26,3,'2019-11-02',1,'tablet'),(1755,61,3,'2019-11-02',1,'tablet'),(1756,30,1,'2019-11-02',1,'tablet'),(1757,29,1,'2019-11-02',1,'tablet'),(1758,54,3,'2019-11-02',2,'tablet'),(1759,32,3,'2019-11-02',1,'tablet'),(1760,26,1,'2019-11-02',1,'tablet'),(1761,80,3,'2019-11-02',1,'tablet'),(1762,61,1,'2019-11-02',1,'tablet'),(1763,54,1,'2019-11-02',2,'tablet'),(1764,59,3,'2019-11-02',1,'tablet'),(1765,32,1,'2019-11-02',1,'tablet'),(1766,45,3,'2019-11-02',1,'tablet'),(1767,80,1,'2019-11-02',1,'tablet'),(1768,77,3,'2019-11-02',1,'tablet'),(1769,59,1,'2019-11-02',1,'tablet'),(1770,64,3,'2019-11-02',1,'tablet'),(1771,45,1,'2019-11-02',1,'tablet'),(1772,46,3,'2019-11-02',2,'tablet'),(1773,77,1,'2019-11-02',1,'tablet'),(1774,78,3,'2019-11-02',1,'tablet'),(1775,64,1,'2019-11-02',1,'tablet'),(1776,50,3,'2019-11-02',1,'tablet'),(1777,46,1,'2019-11-02',2,'tablet'),(1778,76,3,'2019-11-02',1,'tablet'),(1779,78,1,'2019-11-02',1,'tablet'),(1780,65,3,'2019-11-02',1,'tablet'),(1781,50,1,'2019-11-02',1,'tablet'),(1782,43,3,'2019-11-02',1,'tablet'),(1783,76,1,'2019-11-02',1,'tablet'),(1784,38,3,'2019-11-02',1,'tablet'),(1785,65,1,'2019-11-02',1,'tablet'),(1786,37,3,'2019-11-02',1,'tablet'),(1787,43,1,'2019-11-02',1,'tablet'),(1788,36,3,'2019-11-02',1,'tablet'),(1789,27,3,'2019-11-02',1,'tablet'),(1790,38,1,'2019-11-02',1,'tablet'),(1791,37,1,'2019-11-02',1,'tablet'),(1792,48,3,'2019-11-02',1,'tablet'),(1793,36,1,'2019-11-02',1,'tablet'),(1794,71,3,'2019-11-02',1,'tablet'),(1795,27,1,'2019-11-02',1,'tablet'),(1796,57,3,'2019-11-02',1,'tablet'),(1797,48,1,'2019-11-02',1,'tablet'),(1798,52,3,'2019-11-02',1,'tablet'),(1799,51,3,'2019-11-02',1,'tablet'),(1800,71,1,'2019-11-02',1,'tablet'),(1801,57,1,'2019-11-02',1,'tablet'),(1802,28,3,'2019-11-02',2,'tablet'),(1803,52,1,'2019-11-02',1,'tablet'),(1804,69,3,'2019-11-02',1,'tablet'),(1805,51,1,'2019-11-02',1,'tablet'),(1806,68,3,'2019-11-02',1,'tablet'),(1807,28,1,'2019-11-02',2,'tablet'),(1808,58,3,'2019-11-02',1,'tablet'),(1809,69,1,'2019-11-02',1,'tablet'),(1810,41,3,'2019-11-02',2,'tablet'),(1811,68,1,'2019-11-02',1,'tablet'),(1812,58,1,'2019-11-02',1,'tablet'),(1813,63,3,'2019-11-02',1,'tablet'),(1814,41,1,'2019-11-02',2,'tablet'),(1815,56,3,'2019-11-02',1,'tablet'),(1816,63,1,'2019-11-02',1,'tablet'),(1817,53,3,'2019-11-02',1,'tablet'),(1818,56,1,'2019-11-02',1,'tablet'),(1819,34,3,'2019-11-02',1,'tablet'),(1820,53,1,'2019-11-02',1,'tablet'),(1821,33,3,'2019-11-02',1,'tablet'),(1822,34,1,'2019-11-02',1,'tablet'),(1823,40,3,'2019-11-02',1,'tablet'),(1824,33,1,'2019-11-02',1,'tablet'),(1825,39,3,'2019-11-02',1,'tablet'),(1826,40,1,'2019-11-02',1,'tablet'),(1827,39,1,'2019-11-02',1,'tablet'),(1828,44,1,'2019-11-02',1,'desktop'),(1829,32,1,'2019-11-04',1,'desktop'),(1830,28,1,'2019-11-05',1,'desktop'),(1831,63,1,'2019-11-06',1,'mobile'),(1832,44,1,'2019-11-06',1,'desktop'),(1833,68,1,'2019-11-07',1,'desktop'),(1834,48,3,'2019-11-07',1,'desktop'),(1835,32,1,'2019-11-07',1,'desktop'),(1836,44,3,'2019-11-09',1,'tablet'),(1837,70,3,'2019-11-09',1,'tablet'),(1838,55,3,'2019-11-09',1,'tablet'),(1839,62,3,'2019-11-09',1,'tablet'),(1840,49,3,'2019-11-09',1,'tablet'),(1841,47,3,'2019-11-09',1,'tablet'),(1842,42,3,'2019-11-09',2,'tablet'),(1843,24,3,'2019-11-09',1,'tablet'),(1844,79,3,'2019-11-09',1,'tablet'),(1845,30,3,'2019-11-09',1,'tablet'),(1846,29,3,'2019-11-09',1,'tablet'),(1847,26,3,'2019-11-09',1,'tablet'),(1848,61,3,'2019-11-09',1,'tablet'),(1849,54,3,'2019-11-09',2,'tablet'),(1850,32,3,'2019-11-09',1,'tablet'),(1851,80,3,'2019-11-09',1,'tablet'),(1852,59,3,'2019-11-09',1,'tablet'),(1853,45,3,'2019-11-09',1,'tablet'),(1854,77,3,'2019-11-09',1,'tablet'),(1855,64,3,'2019-11-09',1,'tablet'),(1856,46,3,'2019-11-09',2,'tablet'),(1857,78,3,'2019-11-09',1,'tablet'),(1858,50,3,'2019-11-09',1,'tablet'),(1859,76,3,'2019-11-09',1,'tablet'),(1860,65,3,'2019-11-09',1,'tablet'),(1861,43,3,'2019-11-09',1,'tablet'),(1862,38,3,'2019-11-09',1,'tablet'),(1863,37,3,'2019-11-09',1,'tablet'),(1864,36,3,'2019-11-09',1,'tablet'),(1865,27,3,'2019-11-09',1,'tablet'),(1866,48,3,'2019-11-09',1,'tablet'),(1867,71,3,'2019-11-09',1,'tablet'),(1868,57,3,'2019-11-09',1,'tablet'),(1869,52,3,'2019-11-09',1,'tablet'),(1870,51,3,'2019-11-09',1,'tablet'),(1871,28,3,'2019-11-09',2,'tablet'),(1872,69,3,'2019-11-09',1,'tablet'),(1873,68,3,'2019-11-09',1,'tablet'),(1874,58,3,'2019-11-09',1,'tablet'),(1875,41,3,'2019-11-09',2,'tablet'),(1876,63,3,'2019-11-09',1,'tablet'),(1877,56,3,'2019-11-09',1,'tablet'),(1878,53,3,'2019-11-09',1,'tablet'),(1879,34,3,'2019-11-09',1,'tablet'),(1880,33,3,'2019-11-09',1,'tablet'),(1881,40,3,'2019-11-09',1,'tablet'),(1882,39,3,'2019-11-09',1,'tablet'),(1883,44,1,'2019-11-09',1,'tablet'),(1884,70,1,'2019-11-09',1,'tablet'),(1885,55,1,'2019-11-09',1,'tablet'),(1886,62,1,'2019-11-09',1,'tablet'),(1887,49,1,'2019-11-09',1,'tablet'),(1888,47,1,'2019-11-09',1,'tablet'),(1889,42,1,'2019-11-09',2,'tablet'),(1890,24,1,'2019-11-09',1,'tablet'),(1891,79,1,'2019-11-09',1,'tablet'),(1892,30,1,'2019-11-09',1,'tablet'),(1893,29,1,'2019-11-09',1,'tablet'),(1894,26,1,'2019-11-09',1,'tablet'),(1895,61,1,'2019-11-09',1,'tablet'),(1896,54,1,'2019-11-09',2,'tablet'),(1897,32,1,'2019-11-09',1,'tablet'),(1898,80,1,'2019-11-09',1,'tablet'),(1899,59,1,'2019-11-09',1,'tablet'),(1900,45,1,'2019-11-09',1,'tablet'),(1901,77,1,'2019-11-09',1,'tablet'),(1902,64,1,'2019-11-09',1,'tablet'),(1903,46,1,'2019-11-09',2,'tablet'),(1904,78,1,'2019-11-09',1,'tablet'),(1905,50,1,'2019-11-09',1,'tablet'),(1906,76,1,'2019-11-09',1,'tablet'),(1907,65,1,'2019-11-09',1,'tablet'),(1908,43,1,'2019-11-09',1,'tablet'),(1909,38,1,'2019-11-09',1,'tablet'),(1910,37,1,'2019-11-09',1,'tablet'),(1911,36,1,'2019-11-09',1,'tablet'),(1912,27,1,'2019-11-09',1,'tablet'),(1913,48,1,'2019-11-09',1,'tablet'),(1914,71,1,'2019-11-09',1,'tablet'),(1915,57,1,'2019-11-09',1,'tablet'),(1916,52,1,'2019-11-09',1,'tablet'),(1917,51,1,'2019-11-09',1,'tablet'),(1918,28,1,'2019-11-09',2,'tablet'),(1919,69,1,'2019-11-09',1,'tablet'),(1920,68,1,'2019-11-09',1,'tablet'),(1921,58,1,'2019-11-09',1,'tablet'),(1922,41,1,'2019-11-09',2,'tablet'),(1923,63,1,'2019-11-09',1,'tablet'),(1924,56,1,'2019-11-09',1,'tablet'),(1925,53,1,'2019-11-09',1,'tablet'),(1926,34,1,'2019-11-09',1,'tablet'),(1927,33,1,'2019-11-09',1,'tablet'),(1928,40,1,'2019-11-09',1,'tablet'),(1929,39,1,'2019-11-09',1,'tablet'),(1930,77,1,'2019-11-11',1,'desktop'),(1931,32,1,'2019-11-12',1,'desktop'),(1932,30,1,'2019-11-12',1,'desktop'),(1933,29,1,'2019-11-12',1,'desktop'),(1934,63,1,'2019-11-13',1,'desktop'),(1935,65,1,'2019-11-13',1,'desktop'),(1936,32,1,'2019-11-13',1,'desktop'),(1937,61,1,'2019-11-13',1,'desktop'),(1938,32,3,'2019-11-13',1,'tablet'),(1939,26,3,'2019-11-13',2,'tablet'),(1940,54,3,'2019-11-13',1,'tablet'),(1941,37,3,'2019-11-13',1,'tablet'),(1942,38,3,'2019-11-13',1,'tablet'),(1943,28,3,'2019-11-13',1,'tablet'),(1944,71,3,'2019-11-13',1,'tablet'),(1945,57,3,'2019-11-13',1,'tablet'),(1946,61,1,'2019-11-14',1,'desktop'),(1947,37,1,'2019-11-14',1,'desktop'),(1948,42,1,'2019-11-14',1,'desktop'),(1949,26,1,'2019-11-14',1,'mobile'),(1950,41,1,'2019-11-14',2,'desktop'),(1951,29,1,'2019-11-15',1,'mobile'),(1952,69,1,'2019-11-15',1,'desktop'),(1953,26,1,'2019-11-16',1,'desktop'),(1954,44,3,'2019-11-16',1,'tablet'),(1955,70,3,'2019-11-16',1,'tablet'),(1956,55,3,'2019-11-16',1,'tablet'),(1957,62,3,'2019-11-16',1,'tablet'),(1958,49,3,'2019-11-16',1,'tablet'),(1959,47,3,'2019-11-16',1,'tablet'),(1960,42,3,'2019-11-16',2,'tablet'),(1961,24,3,'2019-11-16',1,'tablet'),(1962,79,3,'2019-11-16',1,'tablet'),(1963,30,3,'2019-11-16',1,'tablet'),(1964,29,3,'2019-11-16',1,'tablet'),(1965,26,3,'2019-11-16',1,'tablet'),(1966,61,3,'2019-11-16',1,'tablet'),(1967,54,3,'2019-11-16',2,'tablet'),(1968,32,3,'2019-11-16',1,'tablet'),(1969,80,3,'2019-11-16',1,'tablet'),(1970,59,3,'2019-11-16',1,'tablet'),(1971,45,3,'2019-11-16',1,'tablet'),(1972,77,3,'2019-11-16',1,'tablet'),(1973,64,3,'2019-11-16',1,'tablet'),(1974,46,3,'2019-11-16',2,'tablet'),(1975,78,3,'2019-11-16',1,'tablet'),(1976,50,3,'2019-11-16',1,'tablet'),(1977,76,3,'2019-11-16',1,'tablet'),(1978,65,3,'2019-11-16',1,'tablet'),(1979,43,3,'2019-11-16',1,'tablet'),(1980,38,3,'2019-11-16',1,'tablet'),(1981,37,3,'2019-11-16',1,'tablet'),(1982,36,3,'2019-11-16',1,'tablet'),(1983,27,3,'2019-11-16',1,'tablet'),(1984,48,3,'2019-11-16',1,'tablet'),(1985,71,3,'2019-11-16',1,'tablet'),(1986,57,3,'2019-11-16',1,'tablet'),(1987,52,3,'2019-11-16',1,'tablet'),(1988,51,3,'2019-11-16',1,'tablet'),(1989,28,3,'2019-11-16',2,'tablet'),(1990,69,3,'2019-11-16',1,'tablet'),(1991,68,3,'2019-11-16',1,'tablet'),(1992,58,3,'2019-11-16',1,'tablet'),(1993,41,3,'2019-11-16',2,'tablet'),(1994,63,3,'2019-11-16',1,'tablet'),(1995,56,3,'2019-11-16',1,'tablet'),(1996,53,3,'2019-11-16',1,'tablet'),(1997,34,3,'2019-11-16',1,'tablet'),(1998,33,3,'2019-11-16',1,'tablet'),(1999,40,3,'2019-11-16',1,'tablet'),(2000,39,3,'2019-11-16',1,'tablet'),(2001,44,1,'2019-11-16',1,'tablet'),(2002,70,1,'2019-11-16',1,'tablet'),(2003,55,1,'2019-11-16',1,'tablet'),(2004,62,1,'2019-11-16',1,'tablet'),(2005,49,1,'2019-11-16',1,'tablet'),(2006,47,1,'2019-11-16',1,'tablet'),(2007,42,1,'2019-11-16',2,'tablet'),(2008,24,1,'2019-11-16',1,'tablet'),(2009,79,1,'2019-11-16',1,'tablet'),(2010,30,1,'2019-11-16',1,'tablet'),(2011,29,1,'2019-11-16',1,'tablet'),(2012,26,1,'2019-11-16',1,'tablet'),(2013,61,1,'2019-11-16',1,'tablet'),(2014,54,1,'2019-11-16',2,'tablet'),(2015,32,1,'2019-11-16',1,'tablet'),(2016,80,1,'2019-11-16',1,'tablet'),(2017,59,1,'2019-11-16',1,'tablet'),(2018,45,1,'2019-11-16',1,'tablet'),(2019,77,1,'2019-11-16',1,'tablet'),(2020,64,1,'2019-11-16',1,'tablet'),(2021,46,1,'2019-11-16',2,'tablet'),(2022,78,1,'2019-11-16',1,'tablet'),(2023,50,1,'2019-11-16',1,'tablet'),(2024,76,1,'2019-11-16',1,'tablet'),(2025,65,1,'2019-11-16',1,'tablet'),(2026,43,1,'2019-11-16',1,'tablet'),(2027,38,1,'2019-11-16',1,'tablet'),(2028,37,1,'2019-11-16',1,'tablet'),(2029,36,1,'2019-11-16',1,'tablet'),(2030,27,1,'2019-11-16',1,'tablet'),(2031,48,1,'2019-11-16',1,'tablet'),(2032,71,1,'2019-11-16',1,'tablet'),(2033,57,1,'2019-11-16',1,'tablet'),(2034,52,1,'2019-11-16',1,'tablet'),(2035,51,1,'2019-11-16',1,'tablet'),(2036,28,1,'2019-11-16',2,'tablet'),(2037,69,1,'2019-11-16',1,'tablet'),(2038,68,1,'2019-11-16',1,'tablet'),(2039,58,1,'2019-11-16',1,'tablet'),(2040,41,1,'2019-11-16',2,'tablet'),(2041,63,1,'2019-11-16',1,'tablet'),(2042,56,1,'2019-11-16',1,'tablet'),(2043,53,1,'2019-11-16',1,'tablet'),(2044,34,1,'2019-11-16',1,'tablet'),(2045,33,1,'2019-11-16',1,'tablet'),(2046,40,1,'2019-11-16',1,'tablet'),(2047,39,1,'2019-11-16',1,'tablet'),(2048,25,1,'2019-11-17',1,'desktop'),(2049,80,3,'2019-11-18',1,'desktop'),(2050,64,3,'2019-11-18',1,'desktop'),(2051,52,1,'2019-11-19',2,'mobile'),(2052,59,1,'2019-11-19',1,'desktop'),(2053,29,1,'2019-11-20',1,'desktop'),(2054,76,1,'2019-11-20',1,'desktop'),(2055,44,1,'2019-11-21',1,'desktop'),(2056,69,1,'2019-11-21',1,'desktop'),(2057,76,1,'2019-11-21',1,'desktop'),(2058,54,1,'2019-11-21',1,'mobile'),(2059,32,1,'2019-11-22',2,'mobile'),(2060,61,1,'2019-11-22',1,'mobile'),(2061,54,1,'2019-11-22',1,'mobile'),(2062,76,1,'2019-11-22',1,'desktop'),(2063,29,1,'2019-11-22',1,'desktop'),(2064,50,1,'2019-11-22',1,'desktop'),(2065,44,3,'2019-11-23',1,'tablet'),(2066,70,3,'2019-11-23',1,'tablet'),(2067,55,3,'2019-11-23',1,'tablet'),(2068,62,3,'2019-11-23',1,'tablet'),(2069,49,3,'2019-11-23',1,'tablet'),(2070,47,3,'2019-11-23',1,'tablet'),(2071,42,3,'2019-11-23',2,'tablet'),(2072,24,3,'2019-11-23',1,'tablet'),(2073,79,3,'2019-11-23',1,'tablet'),(2074,30,3,'2019-11-23',1,'tablet'),(2075,29,3,'2019-11-23',1,'tablet'),(2076,26,3,'2019-11-23',1,'tablet'),(2077,61,3,'2019-11-23',1,'tablet'),(2078,54,3,'2019-11-23',2,'tablet'),(2079,32,3,'2019-11-23',1,'tablet'),(2080,80,3,'2019-11-23',1,'tablet'),(2081,59,3,'2019-11-23',1,'tablet'),(2082,45,3,'2019-11-23',1,'tablet'),(2083,77,3,'2019-11-23',1,'tablet'),(2084,64,3,'2019-11-23',1,'tablet'),(2085,46,3,'2019-11-23',2,'tablet'),(2086,78,3,'2019-11-23',1,'tablet'),(2087,50,3,'2019-11-23',1,'tablet'),(2088,76,3,'2019-11-23',1,'tablet'),(2089,65,3,'2019-11-23',1,'tablet'),(2090,43,3,'2019-11-23',1,'tablet'),(2091,38,3,'2019-11-23',1,'tablet'),(2092,37,3,'2019-11-23',1,'tablet'),(2093,36,3,'2019-11-23',1,'tablet'),(2094,27,3,'2019-11-23',1,'tablet'),(2095,48,3,'2019-11-23',1,'tablet'),(2096,71,3,'2019-11-23',1,'tablet'),(2097,57,3,'2019-11-23',1,'tablet'),(2098,52,3,'2019-11-23',1,'tablet'),(2099,51,3,'2019-11-23',1,'tablet'),(2100,28,3,'2019-11-23',2,'tablet'),(2101,69,3,'2019-11-23',1,'tablet'),(2102,68,3,'2019-11-23',1,'tablet'),(2103,58,3,'2019-11-23',1,'tablet'),(2104,41,3,'2019-11-23',2,'tablet'),(2105,63,3,'2019-11-23',1,'tablet'),(2106,56,3,'2019-11-23',1,'tablet'),(2107,53,3,'2019-11-23',1,'tablet'),(2108,34,3,'2019-11-23',1,'tablet'),(2109,33,3,'2019-11-23',1,'tablet'),(2110,40,3,'2019-11-23',1,'tablet'),(2111,39,3,'2019-11-23',1,'tablet'),(2112,44,1,'2019-11-23',1,'tablet'),(2113,70,1,'2019-11-23',1,'tablet'),(2114,55,1,'2019-11-23',1,'tablet'),(2115,62,1,'2019-11-23',1,'tablet'),(2116,49,1,'2019-11-23',1,'tablet'),(2117,47,1,'2019-11-23',1,'tablet'),(2118,42,1,'2019-11-23',2,'tablet'),(2119,24,1,'2019-11-23',1,'tablet'),(2120,79,1,'2019-11-23',1,'tablet'),(2121,30,1,'2019-11-23',1,'tablet'),(2122,29,1,'2019-11-23',1,'tablet'),(2123,26,1,'2019-11-23',1,'tablet'),(2124,61,1,'2019-11-23',1,'tablet'),(2125,54,1,'2019-11-23',2,'tablet'),(2126,32,1,'2019-11-23',1,'tablet'),(2127,80,1,'2019-11-23',1,'tablet'),(2128,59,1,'2019-11-23',1,'tablet'),(2129,45,1,'2019-11-23',1,'tablet'),(2130,77,1,'2019-11-23',1,'tablet'),(2131,64,1,'2019-11-23',1,'tablet'),(2132,46,1,'2019-11-23',2,'tablet'),(2133,78,1,'2019-11-23',1,'tablet'),(2134,50,1,'2019-11-23',1,'tablet'),(2135,76,1,'2019-11-23',1,'tablet'),(2136,65,1,'2019-11-23',1,'tablet'),(2137,43,1,'2019-11-23',1,'tablet'),(2138,38,1,'2019-11-23',1,'tablet'),(2139,37,1,'2019-11-23',1,'tablet'),(2140,36,1,'2019-11-23',1,'tablet'),(2141,27,1,'2019-11-23',1,'tablet'),(2142,48,1,'2019-11-23',1,'tablet'),(2143,71,1,'2019-11-23',1,'tablet'),(2144,57,1,'2019-11-23',1,'tablet'),(2145,52,1,'2019-11-23',1,'tablet'),(2146,51,1,'2019-11-23',1,'tablet'),(2147,28,1,'2019-11-23',2,'tablet'),(2148,69,1,'2019-11-23',1,'tablet'),(2149,68,1,'2019-11-23',1,'tablet'),(2150,58,1,'2019-11-23',1,'tablet'),(2151,41,1,'2019-11-23',2,'tablet'),(2152,63,1,'2019-11-23',1,'tablet'),(2153,56,1,'2019-11-23',1,'tablet'),(2154,53,1,'2019-11-23',1,'tablet'),(2155,34,1,'2019-11-23',1,'tablet'),(2156,33,1,'2019-11-23',1,'tablet'),(2157,40,1,'2019-11-23',1,'tablet'),(2158,39,1,'2019-11-23',1,'tablet'),(2159,59,1,'2019-11-25',1,'mobile'),(2160,68,1,'2019-11-25',1,'desktop'),(2161,40,1,'2019-11-25',1,'desktop'),(2162,63,1,'2019-11-25',2,'desktop'),(2163,51,1,'2019-11-26',1,'desktop'),(2164,77,1,'2019-11-26',1,'desktop'),(2165,46,1,'2019-11-26',3,'desktop'),(2166,59,1,'2019-11-26',2,'desktop'),(2167,54,1,'2019-11-27',1,'desktop'),(2168,68,1,'2019-11-27',1,'desktop'),(2169,51,1,'2019-11-27',1,'desktop'),(2170,51,3,'2019-11-28',1,'desktop'),(2171,52,3,'2019-11-28',1,'desktop'),(2172,28,3,'2019-11-28',1,'desktop'),(2173,68,3,'2019-11-28',1,'desktop'),(2174,45,1,'2019-11-28',1,'desktop'),(2175,69,1,'2019-11-29',1,'desktop'),(2176,44,3,'2019-11-30',1,'tablet'),(2177,70,3,'2019-11-30',1,'tablet'),(2178,55,3,'2019-11-30',1,'tablet'),(2179,62,3,'2019-11-30',1,'tablet'),(2180,49,3,'2019-11-30',1,'tablet'),(2181,47,3,'2019-11-30',1,'tablet'),(2182,42,3,'2019-11-30',2,'tablet'),(2183,24,3,'2019-11-30',1,'tablet'),(2184,79,3,'2019-11-30',1,'tablet'),(2185,30,3,'2019-11-30',1,'tablet'),(2186,29,3,'2019-11-30',1,'tablet'),(2187,26,3,'2019-11-30',1,'tablet'),(2188,61,3,'2019-11-30',1,'tablet'),(2189,54,3,'2019-11-30',2,'tablet'),(2190,32,3,'2019-11-30',1,'tablet'),(2191,80,3,'2019-11-30',1,'tablet'),(2192,59,3,'2019-11-30',1,'tablet'),(2193,45,3,'2019-11-30',1,'tablet'),(2194,77,3,'2019-11-30',1,'tablet'),(2195,64,3,'2019-11-30',1,'tablet'),(2196,46,3,'2019-11-30',2,'tablet'),(2197,78,3,'2019-11-30',1,'tablet'),(2198,50,3,'2019-11-30',1,'tablet'),(2199,76,3,'2019-11-30',1,'tablet'),(2200,65,3,'2019-11-30',1,'tablet'),(2201,43,3,'2019-11-30',1,'tablet'),(2202,38,3,'2019-11-30',1,'tablet'),(2203,37,3,'2019-11-30',1,'tablet'),(2204,36,3,'2019-11-30',1,'tablet'),(2205,27,3,'2019-11-30',1,'tablet'),(2206,48,3,'2019-11-30',1,'tablet'),(2207,71,3,'2019-11-30',1,'tablet'),(2208,57,3,'2019-11-30',1,'tablet'),(2209,52,3,'2019-11-30',1,'tablet'),(2210,51,3,'2019-11-30',1,'tablet'),(2211,28,3,'2019-11-30',2,'tablet'),(2212,69,3,'2019-11-30',1,'tablet'),(2213,68,3,'2019-11-30',1,'tablet'),(2214,58,3,'2019-11-30',1,'tablet'),(2215,41,3,'2019-11-30',2,'tablet'),(2216,63,3,'2019-11-30',1,'tablet'),(2217,56,3,'2019-11-30',1,'tablet'),(2218,53,3,'2019-11-30',1,'tablet'),(2219,34,3,'2019-11-30',1,'tablet'),(2220,33,3,'2019-11-30',1,'tablet'),(2221,40,3,'2019-11-30',1,'tablet'),(2222,39,3,'2019-11-30',1,'tablet'),(2223,44,1,'2019-11-30',1,'tablet'),(2224,70,1,'2019-11-30',1,'tablet'),(2225,55,1,'2019-11-30',1,'tablet'),(2226,62,1,'2019-11-30',1,'tablet'),(2227,49,1,'2019-11-30',1,'tablet'),(2228,47,1,'2019-11-30',1,'tablet'),(2229,42,1,'2019-11-30',2,'tablet'),(2230,24,1,'2019-11-30',1,'tablet'),(2231,79,1,'2019-11-30',1,'tablet'),(2232,30,1,'2019-11-30',1,'tablet'),(2233,29,1,'2019-11-30',1,'tablet'),(2234,26,1,'2019-11-30',1,'tablet'),(2235,61,1,'2019-11-30',1,'tablet'),(2236,54,1,'2019-11-30',2,'tablet'),(2237,32,1,'2019-11-30',1,'tablet'),(2238,80,1,'2019-11-30',1,'tablet'),(2239,59,1,'2019-11-30',1,'tablet'),(2240,45,1,'2019-11-30',1,'tablet'),(2241,77,1,'2019-11-30',1,'tablet'),(2242,64,1,'2019-11-30',1,'tablet'),(2243,46,1,'2019-11-30',2,'tablet'),(2244,78,1,'2019-11-30',1,'tablet'),(2245,50,1,'2019-11-30',1,'tablet'),(2246,76,1,'2019-11-30',1,'tablet'),(2247,65,1,'2019-11-30',1,'tablet'),(2248,43,1,'2019-11-30',1,'tablet'),(2249,38,1,'2019-11-30',1,'tablet'),(2250,37,1,'2019-11-30',1,'tablet'),(2251,36,1,'2019-11-30',1,'tablet'),(2252,27,1,'2019-11-30',1,'tablet'),(2253,48,1,'2019-11-30',1,'tablet'),(2254,71,1,'2019-11-30',1,'tablet'),(2255,57,1,'2019-11-30',1,'tablet'),(2256,52,1,'2019-11-30',1,'tablet'),(2257,51,1,'2019-11-30',1,'tablet'),(2258,28,1,'2019-11-30',2,'tablet'),(2259,69,1,'2019-11-30',1,'tablet'),(2260,68,1,'2019-11-30',1,'tablet'),(2261,58,1,'2019-11-30',1,'tablet'),(2262,41,1,'2019-11-30',2,'tablet'),(2263,63,1,'2019-11-30',1,'tablet'),(2264,56,1,'2019-11-30',1,'tablet'),(2265,53,1,'2019-11-30',1,'tablet'),(2266,34,1,'2019-11-30',1,'tablet'),(2267,33,1,'2019-11-30',1,'tablet'),(2268,40,1,'2019-11-30',1,'tablet'),(2269,39,1,'2019-11-30',1,'tablet'),(2270,61,1,'2019-12-03',1,'desktop'),(2271,54,1,'2019-12-03',1,'desktop'),(2272,33,1,'2019-12-04',1,'desktop'),(2273,57,1,'2019-12-05',1,'mobile'),(2274,32,1,'2019-12-05',1,'mobile'),(2275,53,3,'2019-12-06',1,'desktop'),(2276,28,3,'2019-12-06',1,'desktop'),(2277,52,3,'2019-12-06',1,'desktop'),(2278,68,3,'2019-12-06',1,'desktop'),(2279,61,3,'2019-12-06',2,'desktop'),(2280,54,3,'2019-12-06',1,'desktop'),(2281,63,1,'2019-12-06',1,'desktop'),(2282,44,3,'2019-12-07',1,'tablet'),(2283,70,3,'2019-12-07',1,'tablet'),(2284,55,3,'2019-12-07',1,'tablet'),(2285,62,3,'2019-12-07',1,'tablet'),(2286,49,3,'2019-12-07',1,'tablet'),(2287,47,3,'2019-12-07',1,'tablet'),(2288,42,3,'2019-12-07',2,'tablet'),(2289,24,3,'2019-12-07',1,'tablet'),(2290,79,3,'2019-12-07',1,'tablet'),(2291,30,3,'2019-12-07',1,'tablet'),(2292,29,3,'2019-12-07',1,'tablet'),(2293,26,3,'2019-12-07',1,'tablet'),(2294,61,3,'2019-12-07',1,'tablet'),(2295,54,3,'2019-12-07',2,'tablet'),(2296,32,3,'2019-12-07',1,'tablet'),(2297,80,3,'2019-12-07',1,'tablet'),(2298,59,3,'2019-12-07',1,'tablet'),(2299,45,3,'2019-12-07',1,'tablet'),(2300,77,3,'2019-12-07',1,'tablet'),(2301,64,3,'2019-12-07',1,'tablet'),(2302,46,3,'2019-12-07',2,'tablet'),(2303,78,3,'2019-12-07',1,'tablet'),(2304,50,3,'2019-12-07',1,'tablet'),(2305,76,3,'2019-12-07',1,'tablet'),(2306,65,3,'2019-12-07',1,'tablet'),(2307,43,3,'2019-12-07',1,'tablet'),(2308,38,3,'2019-12-07',1,'tablet'),(2309,37,3,'2019-12-07',1,'tablet'),(2310,36,3,'2019-12-07',1,'tablet'),(2311,27,3,'2019-12-07',1,'tablet'),(2312,48,3,'2019-12-07',1,'tablet'),(2313,71,3,'2019-12-07',1,'tablet'),(2314,57,3,'2019-12-07',1,'tablet'),(2315,52,3,'2019-12-07',1,'tablet'),(2316,51,3,'2019-12-07',1,'tablet'),(2317,28,3,'2019-12-07',2,'tablet'),(2318,69,3,'2019-12-07',1,'tablet'),(2319,68,3,'2019-12-07',1,'tablet'),(2320,58,3,'2019-12-07',1,'tablet'),(2321,41,3,'2019-12-07',2,'tablet'),(2322,63,3,'2019-12-07',1,'tablet'),(2323,56,3,'2019-12-07',1,'tablet'),(2324,53,3,'2019-12-07',1,'tablet'),(2325,34,3,'2019-12-07',1,'tablet'),(2326,33,3,'2019-12-07',1,'tablet'),(2327,40,3,'2019-12-07',1,'tablet'),(2328,39,3,'2019-12-07',1,'tablet'),(2329,44,1,'2019-12-07',1,'tablet'),(2330,70,1,'2019-12-07',1,'tablet'),(2331,55,1,'2019-12-07',1,'tablet'),(2332,62,1,'2019-12-07',1,'tablet'),(2333,49,1,'2019-12-07',1,'tablet'),(2334,47,1,'2019-12-07',1,'tablet'),(2335,42,1,'2019-12-07',2,'tablet'),(2336,24,1,'2019-12-07',1,'tablet'),(2337,79,1,'2019-12-07',1,'tablet'),(2338,30,1,'2019-12-07',1,'tablet'),(2339,29,1,'2019-12-07',1,'tablet'),(2340,26,1,'2019-12-07',1,'tablet'),(2341,61,1,'2019-12-07',1,'tablet'),(2342,54,1,'2019-12-07',2,'tablet'),(2343,32,1,'2019-12-07',1,'tablet'),(2344,80,1,'2019-12-07',1,'tablet'),(2345,59,1,'2019-12-07',1,'tablet'),(2346,45,1,'2019-12-07',1,'tablet'),(2347,77,1,'2019-12-07',1,'tablet'),(2348,64,1,'2019-12-07',1,'tablet'),(2349,46,1,'2019-12-07',2,'tablet'),(2350,78,1,'2019-12-07',1,'tablet'),(2351,50,1,'2019-12-07',1,'tablet'),(2352,76,1,'2019-12-07',1,'tablet'),(2353,65,1,'2019-12-07',1,'tablet'),(2354,43,1,'2019-12-07',1,'tablet'),(2355,38,1,'2019-12-07',1,'tablet'),(2356,37,1,'2019-12-07',1,'tablet'),(2357,36,1,'2019-12-07',1,'tablet'),(2358,27,1,'2019-12-07',1,'tablet'),(2359,48,1,'2019-12-07',1,'tablet'),(2360,71,1,'2019-12-07',1,'tablet'),(2361,57,1,'2019-12-07',1,'tablet'),(2362,52,1,'2019-12-07',1,'tablet'),(2363,51,1,'2019-12-07',1,'tablet'),(2364,28,1,'2019-12-07',2,'tablet'),(2365,69,1,'2019-12-07',1,'tablet'),(2366,68,1,'2019-12-07',1,'tablet'),(2367,58,1,'2019-12-07',1,'tablet'),(2368,41,1,'2019-12-07',2,'tablet'),(2369,63,1,'2019-12-07',1,'tablet'),(2370,56,1,'2019-12-07',1,'tablet'),(2371,53,1,'2019-12-07',1,'tablet'),(2372,34,1,'2019-12-07',1,'tablet'),(2373,33,1,'2019-12-07',1,'tablet'),(2374,40,1,'2019-12-07',1,'tablet'),(2375,39,1,'2019-12-07',1,'tablet'),(2376,61,1,'2019-12-09',1,'desktop'),(2377,61,1,'2019-12-10',1,'desktop'),(2378,59,1,'2019-12-10',1,'desktop'),(2379,27,1,'2019-12-10',1,'desktop'),(2380,37,1,'2019-12-10',1,'desktop'),(2381,32,1,'2019-12-10',1,'desktop'),(2382,32,3,'2019-12-10',1,'desktop'),(2383,28,3,'2019-12-10',1,'desktop'),(2384,51,3,'2019-12-10',1,'desktop'),(2385,52,3,'2019-12-10',1,'desktop'),(2386,68,3,'2019-12-10',1,'desktop'),(2387,59,3,'2019-12-11',1,'mobile'),(2388,28,3,'2019-12-11',1,'mobile'),(2389,80,1,'2019-12-11',1,'desktop'),(2390,61,1,'2019-12-11',1,'desktop'),(2391,57,1,'2019-12-14',1,'desktop'),(2392,41,1,'2019-12-14',2,'desktop'),(2393,44,3,'2019-12-14',1,'tablet'),(2394,70,3,'2019-12-14',1,'tablet'),(2395,55,3,'2019-12-14',1,'tablet'),(2396,62,3,'2019-12-14',1,'tablet'),(2397,49,3,'2019-12-14',1,'tablet'),(2398,47,3,'2019-12-14',1,'tablet'),(2399,42,3,'2019-12-14',2,'tablet'),(2400,24,3,'2019-12-14',1,'tablet'),(2401,79,3,'2019-12-14',1,'tablet'),(2402,30,3,'2019-12-14',1,'tablet'),(2403,29,3,'2019-12-14',1,'tablet'),(2404,26,3,'2019-12-14',1,'tablet'),(2405,61,3,'2019-12-14',1,'tablet'),(2406,54,3,'2019-12-14',2,'tablet'),(2407,32,3,'2019-12-14',1,'tablet'),(2408,80,3,'2019-12-14',1,'tablet'),(2409,59,3,'2019-12-14',1,'tablet'),(2410,45,3,'2019-12-14',1,'tablet'),(2411,77,3,'2019-12-14',1,'tablet'),(2412,64,3,'2019-12-14',1,'tablet'),(2413,46,3,'2019-12-14',2,'tablet'),(2414,78,3,'2019-12-14',1,'tablet'),(2415,50,3,'2019-12-14',1,'tablet'),(2416,76,3,'2019-12-14',1,'tablet'),(2417,65,3,'2019-12-14',1,'tablet'),(2418,43,3,'2019-12-14',1,'tablet'),(2419,38,3,'2019-12-14',1,'tablet'),(2420,37,3,'2019-12-14',1,'tablet'),(2421,36,3,'2019-12-14',1,'tablet'),(2422,27,3,'2019-12-14',1,'tablet'),(2423,48,3,'2019-12-14',1,'tablet'),(2424,71,3,'2019-12-14',1,'tablet'),(2425,57,3,'2019-12-14',1,'tablet'),(2426,52,3,'2019-12-14',1,'tablet'),(2427,51,3,'2019-12-14',1,'tablet'),(2428,28,3,'2019-12-14',2,'tablet'),(2429,69,3,'2019-12-14',1,'tablet'),(2430,68,3,'2019-12-14',1,'tablet'),(2431,58,3,'2019-12-14',1,'tablet'),(2432,41,3,'2019-12-14',2,'tablet'),(2433,63,3,'2019-12-14',1,'tablet'),(2434,56,3,'2019-12-14',1,'tablet'),(2435,53,3,'2019-12-14',1,'tablet'),(2436,34,3,'2019-12-14',1,'tablet'),(2437,33,3,'2019-12-14',1,'tablet'),(2438,40,3,'2019-12-14',1,'tablet'),(2439,39,3,'2019-12-14',1,'tablet'),(2440,44,1,'2019-12-14',1,'tablet'),(2441,70,1,'2019-12-14',1,'tablet'),(2442,55,1,'2019-12-14',1,'tablet'),(2443,62,1,'2019-12-14',1,'tablet'),(2444,49,1,'2019-12-14',1,'tablet'),(2445,47,1,'2019-12-14',1,'tablet'),(2446,42,1,'2019-12-14',2,'tablet'),(2447,24,1,'2019-12-14',1,'tablet'),(2448,79,1,'2019-12-14',1,'tablet'),(2449,30,1,'2019-12-14',1,'tablet'),(2450,29,1,'2019-12-14',1,'tablet'),(2451,26,1,'2019-12-14',1,'tablet'),(2452,61,1,'2019-12-14',1,'tablet'),(2453,54,1,'2019-12-14',2,'tablet'),(2454,32,1,'2019-12-14',1,'tablet'),(2455,80,1,'2019-12-14',1,'tablet'),(2456,59,1,'2019-12-14',1,'tablet'),(2457,45,1,'2019-12-14',1,'tablet'),(2458,77,1,'2019-12-14',1,'tablet'),(2459,64,1,'2019-12-14',1,'tablet'),(2460,46,1,'2019-12-14',2,'tablet'),(2461,78,1,'2019-12-14',1,'tablet'),(2462,50,1,'2019-12-14',1,'tablet'),(2463,76,1,'2019-12-14',1,'tablet'),(2464,65,1,'2019-12-14',1,'tablet'),(2465,43,1,'2019-12-14',1,'tablet'),(2466,38,1,'2019-12-14',1,'tablet'),(2467,37,1,'2019-12-14',1,'tablet'),(2468,36,1,'2019-12-14',1,'tablet'),(2469,27,1,'2019-12-14',1,'tablet'),(2470,48,1,'2019-12-14',1,'tablet'),(2471,71,1,'2019-12-14',1,'tablet'),(2472,57,1,'2019-12-14',1,'tablet'),(2473,52,1,'2019-12-14',1,'tablet'),(2474,51,1,'2019-12-14',1,'tablet'),(2475,28,1,'2019-12-14',2,'tablet'),(2476,69,1,'2019-12-14',1,'tablet'),(2477,68,1,'2019-12-14',1,'tablet'),(2478,58,1,'2019-12-14',1,'tablet'),(2479,41,1,'2019-12-14',2,'tablet'),(2480,63,1,'2019-12-14',1,'tablet'),(2481,56,1,'2019-12-14',1,'tablet'),(2482,53,1,'2019-12-14',1,'tablet'),(2483,34,1,'2019-12-14',1,'tablet'),(2484,33,1,'2019-12-14',1,'tablet'),(2485,40,1,'2019-12-14',1,'tablet'),(2486,39,1,'2019-12-14',1,'tablet'),(2487,53,1,'2019-12-15',2,'tablet'),(2488,41,1,'2019-12-16',1,'desktop'),(2489,51,1,'2019-12-16',1,'desktop'),(2490,42,1,'2019-12-16',1,'desktop'),(2491,65,1,'2019-12-18',2,'tablet'),(2492,53,1,'2019-12-18',2,'tablet'),(2493,44,1,'2019-12-21',1,'tablet'),(2494,70,1,'2019-12-21',1,'tablet'),(2495,55,1,'2019-12-21',1,'tablet'),(2496,62,1,'2019-12-21',1,'tablet'),(2497,49,1,'2019-12-21',1,'tablet'),(2498,47,1,'2019-12-21',1,'tablet'),(2499,42,1,'2019-12-21',2,'tablet'),(2500,24,1,'2019-12-21',1,'tablet'),(2501,79,1,'2019-12-21',1,'tablet'),(2502,30,1,'2019-12-21',1,'tablet'),(2503,29,1,'2019-12-21',1,'tablet'),(2504,26,1,'2019-12-21',1,'tablet'),(2505,61,1,'2019-12-21',1,'tablet'),(2506,54,1,'2019-12-21',2,'tablet'),(2507,32,1,'2019-12-21',1,'tablet'),(2508,80,1,'2019-12-21',1,'tablet'),(2509,59,1,'2019-12-21',1,'tablet'),(2510,45,1,'2019-12-21',1,'tablet'),(2511,77,1,'2019-12-21',1,'tablet'),(2512,64,1,'2019-12-21',1,'tablet'),(2513,46,1,'2019-12-21',2,'tablet'),(2514,78,1,'2019-12-21',1,'tablet'),(2515,50,1,'2019-12-21',1,'tablet'),(2516,76,1,'2019-12-21',1,'tablet'),(2517,65,1,'2019-12-21',1,'tablet'),(2518,43,1,'2019-12-21',1,'tablet'),(2519,38,1,'2019-12-21',1,'tablet'),(2520,37,1,'2019-12-21',1,'tablet'),(2521,36,1,'2019-12-21',1,'tablet'),(2522,27,1,'2019-12-21',1,'tablet'),(2523,48,1,'2019-12-21',1,'tablet'),(2524,71,1,'2019-12-21',1,'tablet'),(2525,57,1,'2019-12-21',1,'tablet'),(2526,52,1,'2019-12-21',1,'tablet'),(2527,51,1,'2019-12-21',1,'tablet'),(2528,28,1,'2019-12-21',2,'tablet'),(2529,69,1,'2019-12-21',1,'tablet'),(2530,68,1,'2019-12-21',1,'tablet'),(2531,58,1,'2019-12-21',1,'tablet'),(2532,41,1,'2019-12-21',2,'tablet'),(2533,63,1,'2019-12-21',1,'tablet'),(2534,56,1,'2019-12-21',1,'tablet'),(2535,53,1,'2019-12-21',1,'tablet'),(2536,34,1,'2019-12-21',1,'tablet'),(2537,33,1,'2019-12-21',1,'tablet'),(2538,40,1,'2019-12-21',1,'tablet'),(2539,39,1,'2019-12-21',1,'tablet'),(2540,44,3,'2019-12-21',1,'tablet'),(2541,70,3,'2019-12-21',1,'tablet'),(2542,55,3,'2019-12-21',1,'tablet'),(2543,62,3,'2019-12-21',1,'tablet'),(2544,49,3,'2019-12-21',1,'tablet'),(2545,47,3,'2019-12-21',1,'tablet'),(2546,42,3,'2019-12-21',2,'tablet'),(2547,24,3,'2019-12-21',1,'tablet'),(2548,79,3,'2019-12-21',1,'tablet'),(2549,30,3,'2019-12-21',1,'tablet'),(2550,29,3,'2019-12-21',1,'tablet'),(2551,26,3,'2019-12-21',1,'tablet'),(2552,61,3,'2019-12-21',1,'tablet'),(2553,54,3,'2019-12-21',2,'tablet'),(2554,32,3,'2019-12-21',1,'tablet'),(2555,80,3,'2019-12-21',1,'tablet'),(2556,59,3,'2019-12-21',1,'tablet'),(2557,45,3,'2019-12-21',1,'tablet'),(2558,77,3,'2019-12-21',1,'tablet'),(2559,64,3,'2019-12-21',1,'tablet'),(2560,46,3,'2019-12-21',2,'tablet'),(2561,78,3,'2019-12-21',1,'tablet'),(2562,50,3,'2019-12-21',1,'tablet'),(2563,76,3,'2019-12-21',1,'tablet'),(2564,65,3,'2019-12-21',1,'tablet'),(2565,43,3,'2019-12-21',1,'tablet'),(2566,38,3,'2019-12-21',1,'tablet'),(2567,37,3,'2019-12-21',1,'tablet'),(2568,36,3,'2019-12-21',1,'tablet'),(2569,27,3,'2019-12-21',1,'tablet'),(2570,48,3,'2019-12-21',1,'tablet'),(2571,71,3,'2019-12-21',1,'tablet'),(2572,57,3,'2019-12-21',1,'tablet'),(2573,52,3,'2019-12-21',1,'tablet'),(2574,51,3,'2019-12-21',1,'tablet'),(2575,28,3,'2019-12-21',2,'tablet'),(2576,69,3,'2019-12-21',1,'tablet'),(2577,68,3,'2019-12-21',1,'tablet'),(2578,58,3,'2019-12-21',1,'tablet'),(2579,41,3,'2019-12-21',2,'tablet'),(2580,63,3,'2019-12-21',1,'tablet'),(2581,56,3,'2019-12-21',1,'tablet'),(2582,53,3,'2019-12-21',1,'tablet'),(2583,34,3,'2019-12-21',1,'tablet'),(2584,33,3,'2019-12-21',1,'tablet'),(2585,40,3,'2019-12-21',1,'tablet'),(2586,39,3,'2019-12-21',1,'tablet'),(2587,80,1,'2019-12-23',1,'mobile'),(2588,29,1,'2019-12-23',1,'mobile'),(2589,69,1,'2019-12-23',2,'mobile'),(2590,46,3,'2019-12-23',1,'mobile'),(2591,44,1,'2019-12-28',1,'tablet'),(2592,70,1,'2019-12-28',1,'tablet'),(2593,55,1,'2019-12-28',1,'tablet'),(2594,62,1,'2019-12-28',1,'tablet'),(2595,49,1,'2019-12-28',1,'tablet'),(2596,47,1,'2019-12-28',1,'tablet'),(2597,42,1,'2019-12-28',2,'tablet'),(2598,24,1,'2019-12-28',1,'tablet'),(2599,79,1,'2019-12-28',1,'tablet'),(2600,30,1,'2019-12-28',1,'tablet'),(2601,29,1,'2019-12-28',1,'tablet'),(2602,26,1,'2019-12-28',1,'tablet'),(2603,61,1,'2019-12-28',1,'tablet'),(2604,54,1,'2019-12-28',2,'tablet'),(2605,32,1,'2019-12-28',1,'tablet'),(2606,80,1,'2019-12-28',1,'tablet'),(2607,59,1,'2019-12-28',1,'tablet'),(2608,45,1,'2019-12-28',1,'tablet'),(2609,77,1,'2019-12-28',1,'tablet'),(2610,64,1,'2019-12-28',1,'tablet'),(2611,46,1,'2019-12-28',2,'tablet'),(2612,78,1,'2019-12-28',1,'tablet'),(2613,50,1,'2019-12-28',1,'tablet'),(2614,76,1,'2019-12-28',1,'tablet'),(2615,65,1,'2019-12-28',1,'tablet'),(2616,43,1,'2019-12-28',1,'tablet'),(2617,38,1,'2019-12-28',1,'tablet'),(2618,37,1,'2019-12-28',1,'tablet'),(2619,36,1,'2019-12-28',1,'tablet'),(2620,27,1,'2019-12-28',1,'tablet'),(2621,48,1,'2019-12-28',1,'tablet'),(2622,44,3,'2019-12-28',1,'tablet'),(2623,71,1,'2019-12-28',1,'tablet'),(2624,70,3,'2019-12-28',1,'tablet'),(2625,57,1,'2019-12-28',1,'tablet'),(2626,55,3,'2019-12-28',1,'tablet'),(2627,52,1,'2019-12-28',1,'tablet'),(2628,62,3,'2019-12-28',1,'tablet'),(2629,51,1,'2019-12-28',1,'tablet'),(2630,49,3,'2019-12-28',1,'tablet'),(2631,28,1,'2019-12-28',2,'tablet'),(2632,47,3,'2019-12-28',1,'tablet'),(2633,69,1,'2019-12-28',1,'tablet'),(2634,68,1,'2019-12-28',1,'tablet'),(2635,42,3,'2019-12-28',2,'tablet'),(2636,58,1,'2019-12-28',1,'tablet'),(2637,24,3,'2019-12-28',1,'tablet'),(2638,41,1,'2019-12-28',2,'tablet'),(2639,79,3,'2019-12-28',1,'tablet'),(2640,63,1,'2019-12-28',1,'tablet'),(2641,56,1,'2019-12-28',1,'tablet'),(2642,30,3,'2019-12-28',1,'tablet'),(2643,29,3,'2019-12-28',1,'tablet'),(2644,53,1,'2019-12-28',1,'tablet'),(2645,34,1,'2019-12-28',1,'tablet'),(2646,26,3,'2019-12-28',1,'tablet'),(2647,33,1,'2019-12-28',1,'tablet'),(2648,61,3,'2019-12-28',1,'tablet'),(2649,40,1,'2019-12-28',1,'tablet'),(2650,54,3,'2019-12-28',2,'tablet'),(2651,39,1,'2019-12-28',1,'tablet'),(2652,32,3,'2019-12-28',1,'tablet'),(2653,80,3,'2019-12-28',1,'tablet'),(2654,59,3,'2019-12-28',1,'tablet'),(2655,45,3,'2019-12-28',1,'tablet'),(2656,77,3,'2019-12-28',1,'tablet'),(2657,64,3,'2019-12-28',1,'tablet'),(2658,46,3,'2019-12-28',2,'tablet'),(2659,78,3,'2019-12-28',1,'tablet'),(2660,50,3,'2019-12-28',1,'tablet'),(2661,76,3,'2019-12-28',1,'tablet'),(2662,65,3,'2019-12-28',1,'tablet'),(2663,43,3,'2019-12-28',1,'tablet'),(2664,38,3,'2019-12-28',1,'tablet'),(2665,37,3,'2019-12-28',1,'tablet'),(2666,36,3,'2019-12-28',1,'tablet'),(2667,27,3,'2019-12-28',1,'tablet'),(2668,48,3,'2019-12-28',1,'tablet'),(2669,71,3,'2019-12-28',1,'tablet'),(2670,57,3,'2019-12-28',1,'tablet'),(2671,52,3,'2019-12-28',1,'tablet'),(2672,51,3,'2019-12-28',1,'tablet'),(2673,28,3,'2019-12-28',2,'tablet'),(2674,69,3,'2019-12-28',1,'tablet'),(2675,68,3,'2019-12-28',1,'tablet'),(2676,58,3,'2019-12-28',1,'tablet'),(2677,41,3,'2019-12-28',2,'tablet'),(2678,63,3,'2019-12-28',1,'tablet'),(2679,56,3,'2019-12-28',1,'tablet'),(2680,53,3,'2019-12-28',1,'tablet'),(2681,34,3,'2019-12-28',1,'tablet'),(2682,33,3,'2019-12-28',1,'tablet'),(2683,40,3,'2019-12-28',1,'tablet'),(2684,39,3,'2019-12-28',1,'tablet'),(2685,24,1,'2019-12-28',1,'mobile'),(2686,52,3,'2019-12-30',1,'desktop'),(2687,41,1,'2020-01-02',1,'desktop'),(2688,44,1,'2020-01-04',1,'tablet'),(2689,70,1,'2020-01-04',1,'tablet'),(2690,55,1,'2020-01-04',1,'tablet'),(2691,62,1,'2020-01-04',1,'tablet'),(2692,49,1,'2020-01-04',1,'tablet'),(2693,47,1,'2020-01-04',1,'tablet'),(2694,42,1,'2020-01-04',2,'tablet'),(2695,24,1,'2020-01-04',1,'tablet'),(2696,79,1,'2020-01-04',1,'tablet'),(2697,30,1,'2020-01-04',1,'tablet'),(2698,29,1,'2020-01-04',1,'tablet'),(2699,26,1,'2020-01-04',1,'tablet'),(2700,61,1,'2020-01-04',1,'tablet'),(2701,54,1,'2020-01-04',2,'tablet'),(2702,32,1,'2020-01-04',1,'tablet'),(2703,80,1,'2020-01-04',1,'tablet'),(2704,59,1,'2020-01-04',1,'tablet'),(2705,45,1,'2020-01-04',1,'tablet'),(2706,77,1,'2020-01-04',1,'tablet'),(2707,64,1,'2020-01-04',1,'tablet'),(2708,46,1,'2020-01-04',2,'tablet'),(2709,78,1,'2020-01-04',1,'tablet'),(2710,50,1,'2020-01-04',1,'tablet'),(2711,76,1,'2020-01-04',1,'tablet'),(2712,65,1,'2020-01-04',1,'tablet'),(2713,43,1,'2020-01-04',1,'tablet'),(2714,38,1,'2020-01-04',1,'tablet'),(2715,37,1,'2020-01-04',1,'tablet'),(2716,36,1,'2020-01-04',1,'tablet'),(2717,27,1,'2020-01-04',1,'tablet'),(2718,48,1,'2020-01-04',1,'tablet'),(2719,71,1,'2020-01-04',1,'tablet'),(2720,57,1,'2020-01-04',1,'tablet'),(2721,52,1,'2020-01-04',1,'tablet'),(2722,51,1,'2020-01-04',1,'tablet'),(2723,28,1,'2020-01-04',2,'tablet'),(2724,69,1,'2020-01-04',1,'tablet'),(2725,68,1,'2020-01-04',1,'tablet'),(2726,58,1,'2020-01-04',1,'tablet'),(2727,41,1,'2020-01-04',2,'tablet'),(2728,63,1,'2020-01-04',1,'tablet'),(2729,56,1,'2020-01-04',1,'tablet'),(2730,53,1,'2020-01-04',1,'tablet'),(2731,34,1,'2020-01-04',1,'tablet'),(2732,33,1,'2020-01-04',1,'tablet'),(2733,40,1,'2020-01-04',1,'tablet'),(2734,39,1,'2020-01-04',1,'tablet'),(2735,44,3,'2020-01-04',1,'tablet'),(2736,70,3,'2020-01-04',1,'tablet'),(2737,55,3,'2020-01-04',1,'tablet'),(2738,62,3,'2020-01-04',1,'tablet'),(2739,49,3,'2020-01-04',1,'tablet'),(2740,47,3,'2020-01-04',1,'tablet'),(2741,42,3,'2020-01-04',2,'tablet'),(2742,24,3,'2020-01-04',1,'tablet'),(2743,79,3,'2020-01-04',1,'tablet'),(2744,30,3,'2020-01-04',1,'tablet'),(2745,29,3,'2020-01-04',1,'tablet'),(2746,26,3,'2020-01-04',1,'tablet'),(2747,61,3,'2020-01-04',1,'tablet'),(2748,54,3,'2020-01-04',2,'tablet'),(2749,32,3,'2020-01-04',1,'tablet'),(2750,80,3,'2020-01-04',1,'tablet'),(2751,59,3,'2020-01-04',1,'tablet'),(2752,45,3,'2020-01-04',1,'tablet'),(2753,77,3,'2020-01-04',1,'tablet'),(2754,64,3,'2020-01-04',1,'tablet'),(2755,46,3,'2020-01-04',2,'tablet'),(2756,78,3,'2020-01-04',1,'tablet'),(2757,50,3,'2020-01-04',1,'tablet'),(2758,76,3,'2020-01-04',1,'tablet'),(2759,65,3,'2020-01-04',1,'tablet'),(2760,43,3,'2020-01-04',1,'tablet'),(2761,38,3,'2020-01-04',1,'tablet'),(2762,37,3,'2020-01-04',1,'tablet'),(2763,36,3,'2020-01-04',1,'tablet'),(2764,27,3,'2020-01-04',1,'tablet'),(2765,48,3,'2020-01-04',1,'tablet'),(2766,71,3,'2020-01-04',1,'tablet'),(2767,57,3,'2020-01-04',1,'tablet'),(2768,52,3,'2020-01-04',1,'tablet'),(2769,51,3,'2020-01-04',1,'tablet'),(2770,28,3,'2020-01-04',2,'tablet'),(2771,69,3,'2020-01-04',1,'tablet'),(2772,68,3,'2020-01-04',1,'tablet'),(2773,58,3,'2020-01-04',1,'tablet'),(2774,41,3,'2020-01-04',2,'tablet'),(2775,63,3,'2020-01-04',1,'tablet'),(2776,56,3,'2020-01-04',1,'tablet'),(2777,53,3,'2020-01-04',1,'tablet'),(2778,34,3,'2020-01-04',1,'tablet'),(2779,33,3,'2020-01-04',1,'tablet'),(2780,40,3,'2020-01-04',1,'tablet'),(2781,39,3,'2020-01-04',1,'tablet'),(2782,79,1,'2020-01-06',1,'tablet'),(2783,56,3,'2020-01-06',1,'desktop'),(2784,56,1,'2020-01-08',1,'desktop'),(2785,44,1,'2020-01-11',1,'tablet'),(2786,70,1,'2020-01-11',1,'tablet'),(2787,55,1,'2020-01-11',1,'tablet'),(2788,62,1,'2020-01-11',1,'tablet'),(2789,49,1,'2020-01-11',1,'tablet'),(2790,47,1,'2020-01-11',1,'tablet'),(2791,42,1,'2020-01-11',2,'tablet'),(2792,24,1,'2020-01-11',1,'tablet'),(2793,79,1,'2020-01-11',1,'tablet'),(2794,30,1,'2020-01-11',1,'tablet'),(2795,29,1,'2020-01-11',1,'tablet'),(2796,26,1,'2020-01-11',1,'tablet'),(2797,61,1,'2020-01-11',1,'tablet'),(2798,54,1,'2020-01-11',2,'tablet'),(2799,32,1,'2020-01-11',1,'tablet'),(2800,80,1,'2020-01-11',1,'tablet'),(2801,59,1,'2020-01-11',1,'tablet'),(2802,45,1,'2020-01-11',1,'tablet'),(2803,77,1,'2020-01-11',1,'tablet'),(2804,64,1,'2020-01-11',1,'tablet'),(2805,46,1,'2020-01-11',2,'tablet'),(2806,78,1,'2020-01-11',1,'tablet'),(2807,50,1,'2020-01-11',1,'tablet'),(2808,76,1,'2020-01-11',1,'tablet'),(2809,65,1,'2020-01-11',1,'tablet'),(2810,43,1,'2020-01-11',1,'tablet'),(2811,38,1,'2020-01-11',1,'tablet'),(2812,37,1,'2020-01-11',1,'tablet'),(2813,36,1,'2020-01-11',1,'tablet'),(2814,27,1,'2020-01-11',1,'tablet'),(2815,48,1,'2020-01-11',1,'tablet'),(2816,71,1,'2020-01-11',1,'tablet'),(2817,57,1,'2020-01-11',1,'tablet'),(2818,52,1,'2020-01-11',1,'tablet'),(2819,51,1,'2020-01-11',1,'tablet'),(2820,28,1,'2020-01-11',2,'tablet'),(2821,69,1,'2020-01-11',1,'tablet'),(2822,68,1,'2020-01-11',1,'tablet'),(2823,58,1,'2020-01-11',1,'tablet'),(2824,41,1,'2020-01-11',2,'tablet'),(2825,63,1,'2020-01-11',1,'tablet'),(2826,56,1,'2020-01-11',1,'tablet'),(2827,53,1,'2020-01-11',1,'tablet'),(2828,34,1,'2020-01-11',1,'tablet'),(2829,33,1,'2020-01-11',1,'tablet'),(2830,40,1,'2020-01-11',1,'tablet'),(2831,39,1,'2020-01-11',1,'tablet'),(2832,44,3,'2020-01-11',1,'tablet'),(2833,70,3,'2020-01-11',1,'tablet'),(2834,55,3,'2020-01-11',1,'tablet'),(2835,62,3,'2020-01-11',1,'tablet'),(2836,49,3,'2020-01-11',1,'tablet'),(2837,47,3,'2020-01-11',1,'tablet'),(2838,42,3,'2020-01-11',2,'tablet'),(2839,24,3,'2020-01-11',1,'tablet'),(2840,79,3,'2020-01-11',1,'tablet'),(2841,30,3,'2020-01-11',1,'tablet'),(2842,29,3,'2020-01-11',1,'tablet'),(2843,26,3,'2020-01-11',1,'tablet'),(2844,61,3,'2020-01-11',1,'tablet'),(2845,54,3,'2020-01-11',2,'tablet'),(2846,32,3,'2020-01-11',1,'tablet'),(2847,80,3,'2020-01-11',1,'tablet'),(2848,59,3,'2020-01-11',1,'tablet'),(2849,45,3,'2020-01-11',1,'tablet'),(2850,77,3,'2020-01-11',1,'tablet'),(2851,64,3,'2020-01-11',1,'tablet'),(2852,46,3,'2020-01-11',2,'tablet'),(2853,78,3,'2020-01-11',1,'tablet'),(2854,50,3,'2020-01-11',1,'tablet'),(2855,76,3,'2020-01-11',1,'tablet'),(2856,65,3,'2020-01-11',1,'tablet'),(2857,43,3,'2020-01-11',1,'tablet'),(2858,38,3,'2020-01-11',1,'tablet'),(2859,37,3,'2020-01-11',1,'tablet'),(2860,36,3,'2020-01-11',1,'tablet'),(2861,27,3,'2020-01-11',1,'tablet'),(2862,48,3,'2020-01-11',1,'tablet'),(2863,71,3,'2020-01-11',1,'tablet'),(2864,57,3,'2020-01-11',1,'tablet'),(2865,52,3,'2020-01-11',1,'tablet'),(2866,51,3,'2020-01-11',1,'tablet'),(2867,28,3,'2020-01-11',2,'tablet'),(2868,69,3,'2020-01-11',1,'tablet'),(2869,68,3,'2020-01-11',1,'tablet'),(2870,58,3,'2020-01-11',1,'tablet'),(2871,41,3,'2020-01-11',2,'tablet'),(2872,63,3,'2020-01-11',1,'tablet'),(2873,56,3,'2020-01-11',1,'tablet'),(2874,53,3,'2020-01-11',1,'tablet'),(2875,34,3,'2020-01-11',1,'tablet'),(2876,33,3,'2020-01-11',1,'tablet'),(2877,40,3,'2020-01-11',1,'tablet'),(2878,39,3,'2020-01-11',1,'tablet');

--
-- Table structure for table `s_statistics_currentusers`
--

CREATE TABLE `s_statistics_currentusers` (
  `id` int(11) NOT NULL AUTO_INCREMENT,
  `remoteaddr` varchar(255) COLLATE utf8_unicode_ci NOT NULL,
  `page` varchar(70) COLLATE utf8_unicode_ci NOT NULL,
  `time` datetime DEFAULT NULL,
  `userID` int(11) NOT NULL DEFAULT '0',
  `deviceType` varchar(50) COLLATE utf8_unicode_ci NOT NULL DEFAULT 'desktop',
  PRIMARY KEY (`id`)
) ENGINE=InnoDB AUTO_INCREMENT=11905 DEFAULT CHARSET=utf8 COLLATE=utf8_unicode_ci;

--
-- Dumping data for table `s_statistics_currentusers`
--

INSERT INTO `s_statistics_currentusers` VALUES (11883,'41.140.0.0','/','2020-01-11 15:41:25',0,'mobile'),(11884,'41.140.0.0','/','2020-01-11 15:41:43',0,'mobile'),(11885,'41.140.0.0','/','2020-01-11 15:42:05',0,'mobile'),(11886,'41.140.0.0','/','2020-01-11 15:42:05',0,'mobile'),(11887,'41.140.0.0','/','2020-01-11 15:42:47',0,'mobile'),(11888,'41.140.0.0','/','2020-01-11 15:42:47',0,'mobile'),(11889,'41.140.0.0','/','2020-01-11 15:42:49',0,'mobile'),(11890,'41.140.0.0','/','2020-01-11 15:42:49',0,'mobile'),(11891,'108.183.0.0','/','2020-01-11 17:35:46',0,'mobile'),(11892,'3.15.0.0','/','2020-01-11 18:49:23',0,'desktop'),(11893,'3.15.0.0','/address/index/sidebar/','2020-01-11 18:49:32',0,'desktop'),(11894,'3.15.0.0','/','2020-01-11 18:49:34',0,'desktop'),(11895,'3.15.0.0','/account','2020-01-11 18:49:41',0,'desktop'),(11896,'3.15.0.0','/account/profile','2020-01-11 18:49:44',0,'desktop'),(11897,'3.15.0.0','/account/downloads','2020-01-11 18:49:47',0,'desktop'),(11898,'3.15.0.0','/wie-koennen-wir-ihnen-helfen','2020-01-11 18:49:50',0,'desktop'),(11899,'66.249.0.0','/','2020-01-11 22:01:43',0,'mobile'),(11900,'66.249.0.0','/','2020-01-11 22:02:06',0,'mobile'),(11901,'138.197.0.0','/','2020-01-12 01:26:37',0,'desktop'),(11902,'66.102.0.0','/','2020-01-12 06:47:12',0,'desktop'),(11903,'80.151.0.0','/','2020-01-13 09:05:04',0,'desktop'),(11904,'80.151.0.0','/','2020-01-13 09:36:01',0,'desktop');

--
-- Table structure for table `s_statistics_pool`
--

CREATE TABLE `s_statistics_pool` (
  `id` int(11) NOT NULL AUTO_INCREMENT,
  `remoteaddr` varchar(255) COLLATE utf8_unicode_ci NOT NULL,
  `datum` date NOT NULL DEFAULT '0000-00-00',
  PRIMARY KEY (`id`)
) ENGINE=InnoDB AUTO_INCREMENT=1436 DEFAULT CHARSET=utf8 COLLATE=utf8_unicode_ci;

--
-- Dumping data for table `s_statistics_pool`
--

INSERT INTO `s_statistics_pool` VALUES (1422,'c2c2b8aa87e7c8c8b1c7f6fcf97df27f','2020-01-11'),(1423,'f700a95571b563b8415ddaab9db782c9','2020-01-11'),(1424,'3432118eb81937b13afb5026c4ddc2b0','2020-01-11'),(1425,'c2acdce03e539bf6de0fbd21169454df','2020-01-11'),(1426,'f26e1aae591ade0a5887c55394684278','2020-01-11'),(1427,'96ebd291dcb6cac65be91ca0c9878ea5','2020-01-11'),(1428,'b94ada72192c1c44d58477efe4c385e3','2020-01-11'),(1429,'98343ad0bccd2a7ddd9faa35303f5e75','2020-01-11'),(1430,'32915f1fdf7da6777818dc93fe231ea1','2020-01-11'),(1431,'bc879e825139cd6f6de0dbbbcf9b5736','2020-01-11'),(1432,'b1d1374a1936322469962a6d8933b083','2020-01-11'),(1433,'d33255862530ec5c851b408abbe6a15e','2020-01-12'),(1434,'aff7c9d7a14686b6bc8099b6df3c6fc8','2020-01-12'),(1435,'cf8b3c1faf92b60d180f0f8bb25472c8','2020-01-13');

--
-- Table structure for table `s_statistics_referer`
--

CREATE TABLE `s_statistics_referer` (
  `id` int(11) NOT NULL AUTO_INCREMENT,
  `datum` date NOT NULL DEFAULT '0000-00-00',
  `referer` mediumtext COLLATE utf8_unicode_ci NOT NULL,
  PRIMARY KEY (`id`)
) ENGINE=InnoDB AUTO_INCREMENT=459 DEFAULT CHARSET=utf8 COLLATE=utf8_unicode_ci;

--
-- Dumping data for table `s_statistics_referer`
--

INSERT INTO `s_statistics_referer` VALUES (1,'2019-01-15','http://www.bing.com/search?q=amazon'),(2,'2019-01-15','http://www.bing.com/search?q=amazon'),(3,'2019-01-17','http://www.bing.com/search?q=amazon'),(4,'2019-01-18','http://www.bing.com/search?q=amazon'),(5,'2019-01-19','http://www.bing.com/search?q=amazon'),(6,'2019-01-19','http://www.bing.com/search?q=amazon'),(7,'2019-01-20','http://www.bing.com/search?q=amazon'),(8,'2019-01-20','http://www.bing.com/search?q=amazon'),(9,'2019-01-20','http://www.bing.com/search?q=amazon'),(10,'2019-04-04','https://www.google.com/'),(11,'2019-04-04','https://www.google.com/'),(12,'2019-04-04','https://www.google.com/'),(13,'2019-04-04','https://www.google.com/'),(14,'2019-04-04','https://www.google.com/'),(15,'2019-04-05','https://www.google.de/'),(16,'2019-04-11','https://www.google.ch/'),(17,'2019-04-14','http://www.bing.com/search?q=amazon'),(18,'2019-05-03','https://www.google.com/'),(19,'2019-05-12','https://www.google.com/'),(20,'2019-05-12','https://www.google.com/'),(21,'2019-05-12','https://www.google.com/'),(22,'2019-05-12','https://www.google.com/'),(23,'2019-05-14','https://www.google.com/'),(24,'2019-05-21','https://www.google.com/'),(25,'2019-05-22','https://www.google.com/'),(26,'2019-06-11','https://www.google.com/'),(27,'2019-06-21','https://www.google.de/'),(28,'2019-07-03','https://www.google.de/'),(29,'2019-09-02','http://217.160.29.35/gebrauchte-maschinen/butter-herst.-verpackung/'),(30,'2019-09-02','https://www.google.com/'),(31,'2019-09-03','https://www.google.com/'),(32,'2019-09-04','http://217.160.29.35/'),(33,'2019-09-04','http://217.160.29.35/'),(34,'2019-09-04','http://217.160.29.35/'),(35,'2019-09-04','https://www.google.com/'),(36,'2019-09-06','https://www.google.com/'),(37,'2019-09-06','https://www.google.com/'),(38,'2019-09-09','https://www.google.com/'),(39,'2019-09-09','https://www.google.com/'),(40,'2019-09-10','https://www.google.com/'),(41,'2019-09-11','https://www.google.com/'),(42,'2019-09-11','https://www.google.com/'),(43,'2019-09-11','https://www.google.de/'),(44,'2019-09-11','https://www.google.de/'),(45,'2019-09-11','https://www.google.de/'),(46,'2019-09-11','https://www.google.com/'),(47,'2019-09-12','https://www.google.com/'),(48,'2019-09-12','https://www.google.com/'),(49,'2019-09-12','https://www.google.nl/'),(50,'2019-09-13','https://www.google.com/'),(51,'2019-09-13','https://www.google.de/'),(52,'2019-09-13','https://www.google.de/'),(53,'2019-09-13','https://www.google.com/'),(54,'2019-09-13','http://217.160.29.35/ueber-uns/'),(55,'2019-09-13','https://www.google.com/'),(56,'2019-09-13','https://www.google.at/'),(57,'2019-09-13','https://www.google.com/'),(58,'2019-09-13','http://217.160.29.35/ueber-uns/'),(59,'2019-09-13','https://www.google.com/'),(60,'2019-09-13','http://www.baidu.com/'),(61,'2019-09-13','http://www.baidu.com/'),(62,'2019-09-13','http://www.baidu.com/'),(63,'2019-09-13','http://www.baidu.com/'),(64,'2019-09-13','http://www.baidu.com/'),(65,'2019-09-15','https://www.google.pl/'),(66,'2019-09-15','https://www.google.com/'),(67,'2019-09-16','https://www.google.com/'),(68,'2019-09-16','https://www.google.com/'),(69,'2019-09-17','https://www.google.com/'),(70,'2019-09-18','https://www.google.com/'),(71,'2019-09-18','https://www.google.com/'),(72,'2019-09-18','https://www.google.com/'),(73,'2019-09-19','https://www.google.com/'),(74,'2019-09-19','https://www.google.com/'),(75,'2019-09-19','https://www.google.com/'),(76,'2019-09-19','https://www.google.com/'),(77,'2019-09-19','https://www.google.com/'),(78,'2019-09-19','https://www.google.com/'),(79,'2019-09-19','https://www.google.com/'),(80,'2019-09-19','https://www.google.com/'),(81,'2019-09-19','https://www.google.com/'),(82,'2019-09-19','https://www.google.com/'),(83,'2019-09-19','https://www.google.com/'),(84,'2019-09-19','https://www.google.com/'),(85,'2019-09-20','https://www.google.com/'),(86,'2019-09-20','https://www.google.com/'),(87,'2019-09-20','https://www.google.com/'),(88,'2019-09-21','https://www.google.com/'),(89,'2019-09-21','https://www.google.com/'),(90,'2019-09-23','https://www.google.com/'),(91,'2019-09-23','https://www.google.com/'),(92,'2019-09-24','https://www.facebook.com/'),(93,'2019-09-24','https://www.google.com/'),(94,'2019-09-24','http://freevpn.express/'),(95,'2019-09-25','https://www.google.de/'),(96,'2019-09-25','https://www.google.com/'),(97,'2019-09-25','https://www.google.com/'),(98,'2019-09-25','https://www.google.com/'),(99,'2019-09-26','https://www.google.com/'),(100,'2019-09-26','https://www.google.com/'),(101,'2019-09-26','https://www.google.com/'),(102,'2019-09-26','https://www.google.com/'),(103,'2019-09-26','https://www.google.es/'),(104,'2019-09-27','https://www.google.com/'),(105,'2019-09-27','https://www.google.com/'),(106,'2019-09-30','https://www.google.com/'),(107,'2019-09-30','https://duckduckgo.com/'),(108,'2019-10-01','https://www.google.com/'),(109,'2019-10-01','https://www.google.com/'),(110,'2019-10-01','https://www.google.com/'),(111,'2019-10-01','https://www.google.de/'),(112,'2019-10-01','https://www.google.de/'),(113,'2019-10-02','https://www.google.ch/'),(114,'2019-10-02','https://www.google.com/'),(115,'2019-10-03','https://www.google.co.uk/'),(116,'2019-10-04','https://www.google.com/'),(117,'2019-10-05','https://www.google.com/'),(118,'2019-10-06','https://www.google.com/'),(119,'2019-10-06','https://www.google.com/'),(120,'2019-10-06','https://www.google.com/'),(121,'2019-10-07','https://www.google.com/'),(122,'2019-10-08','https://www.google.de/'),(123,'2019-10-08','https://www.google.de/'),(124,'2019-10-08','https://www.google.com/'),(125,'2019-10-08','https://www.google.com/'),(126,'2019-10-08','http://m.facebook.com'),(127,'2019-10-08','https://www.google.com/'),(128,'2019-10-08','https://www.google.com/'),(129,'2019-10-08','https://www.google.com/'),(130,'2019-10-08','https://www.google.com/'),(131,'2019-10-08','https://www.google.com/'),(132,'2019-10-08','https://www.google.com/'),(133,'2019-10-08','https://www.google.com/'),(134,'2019-10-08','https://www.google.com/'),(135,'2019-10-09','https://lm.facebook.com/'),(136,'2019-10-09','https://lm.facebook.com/'),(137,'2019-10-09','https://www.google.com/'),(138,'2019-10-09','https://www.google.com/'),(139,'2019-10-09','http://www.baidu.com/'),(140,'2019-10-09','http://www.baidu.com/'),(141,'2019-10-09','http://www.baidu.com/'),(142,'2019-10-10','https://www.google.com/'),(143,'2019-10-10','https://www.google.de/'),(144,'2019-10-10','http://217.160.29.35/shopware.php?sViewport=forms&sFid=30'),(145,'2019-10-11','http://www.bing.com/search?q=amazon'),(146,'2019-10-11','https://www.google.com/'),(147,'2019-10-11','https://www.google.com/'),(148,'2019-10-11','https://www.google.com/'),(149,'2019-10-11','https://www.google.com/'),(150,'2019-10-11','https://www.google.com/'),(151,'2019-10-14','https://www.google.de/'),(152,'2019-10-15','https://www.google.de/'),(153,'2019-10-15','https://www.google.com/'),(154,'2019-10-15','https://www.google.com/'),(155,'2019-10-15','http://www.google.com/'),(156,'2019-10-15','http://www.google.com/'),(157,'2019-10-15','http://www.google.com/'),(158,'2019-10-16','https://www.google.de/'),(159,'2019-10-16','https://www.google.com/'),(160,'2019-10-17','https://www.google.com/'),(161,'2019-10-17','https://www.google.com/'),(162,'2019-10-17','https://www.google.de/'),(163,'2019-10-18','https://www.google.com/'),(164,'2019-10-18','https://www.google.com/'),(165,'2019-10-18','https://www.google.com/'),(166,'2019-10-18','https://www.google.com/'),(167,'2019-10-19','http://housekeeping.tradeindia.com/housekeeping/common/display_profile.html?profile_id=8673573'),(168,'2019-10-19','https://www.google.com/'),(169,'2019-10-20','https://www.google.com/'),(170,'2019-10-21','https://www.google.com/'),(171,'2019-10-21','https://www.google.de/'),(172,'2019-10-22','https://www.google.com/'),(173,'2019-10-22','https://www.google.com/'),(174,'2019-10-22','https://www.google.com/'),(175,'2019-10-23','https://www.google.com/'),(176,'2019-10-23','https://www.google.com/'),(177,'2019-10-23','https://www.google.com/'),(178,'2019-10-23','https://www.google.com/'),(179,'2019-10-23','https://www.google.de/'),(180,'2019-10-23','https://www.google.com/'),(181,'2019-10-23','https://www.google.com/'),(182,'2019-10-23','https://www.google.com/'),(183,'2019-10-23','https://www.google.com/'),(184,'2019-10-24','https://www.google.kz/'),(185,'2019-10-24','https://www.google.com/'),(186,'2019-10-24','https://www.facebook.com/'),(187,'2019-10-24','https://www.google.com/'),(188,'2019-10-24','https://www.google.de/'),(189,'2019-10-24','https://www.google.com/'),(190,'2019-10-24','https://www.google.de/'),(191,'2019-10-25','https://www.google.com/'),(192,'2019-10-25','https://www.google.com/'),(193,'2019-10-25','https://www.google.com/'),(194,'2019-10-26','https://www.google.com/'),(195,'2019-10-27','http://www.bing.com/search?q=amazon'),(196,'2019-10-28','https://www.google.com/'),(197,'2019-10-28','https://www.google.com/'),(198,'2019-10-28','https://www.google.com/'),(199,'2019-10-28','https://www.google.de/'),(200,'2019-10-28','https://www.google.com/'),(201,'2019-10-28','https://www.google.com/'),(202,'2019-10-30','https://www.google.com/'),(203,'2019-10-30','https://www.google.com/'),(204,'2019-10-30','https://www.google.de/'),(205,'2019-10-31','https://www.google.com/'),(206,'2019-10-31','https://www.google.com/'),(207,'2019-10-31','https://www.google.com/'),(208,'2019-10-31','https://www.google.com/'),(209,'2019-10-31','https://www.google.com/'),(210,'2019-10-31','https://www.google.com/'),(211,'2019-10-31','https://www.google.com/'),(212,'2019-10-31','http://www.google.com/'),(213,'2019-11-01','https://www.google.com/'),(214,'2019-11-01','https://www.google.com/'),(215,'2019-11-01','https://www.google.com/'),(216,'2019-11-01','https://www.google.com/'),(217,'2019-11-02','https://www.google.com/'),(218,'2019-11-03','https://www.google.com/'),(219,'2019-11-03','https://www.google.com/'),(220,'2019-11-03','https://www.google.com/'),(221,'2019-11-03','https://www.google.com/'),(222,'2019-11-03','https://www.google.com/'),(223,'2019-11-03','https://www.google.com/'),(224,'2019-11-03','https://www.google.com/'),(225,'2019-11-04','https://trademachines.my.salesforce.com/'),(226,'2019-11-04','https://trademachines.my.salesforce.com/'),(227,'2019-11-04','https://trademachines.my.salesforce.com/'),(228,'2019-11-04','https://www.google.ch/'),(229,'2019-11-06','https://www.google.com/'),(230,'2019-11-06','https://www.google.com/'),(231,'2019-11-06','https://www.google.com/'),(232,'2019-11-07','https://www.google.de/'),(233,'2019-11-08','https://www.facebook.com/'),(234,'2019-11-08','http://www.google.com/'),(235,'2019-11-08','http://www.google.com/'),(236,'2019-11-08','http://www.google.com/'),(237,'2019-11-08','http://www.google.com/'),(238,'2019-11-08','http://www.google.com/'),(239,'2019-11-10','https://www.google.com/'),(240,'2019-11-10','https://www.google.de/'),(241,'2019-11-11','https://www.google.com/'),(242,'2019-11-12','https://www.google.com/'),(243,'2019-11-12','https://www.google.com/'),(244,'2019-11-12','https://www.google.de/'),(245,'2019-11-12','https://www.google.com/'),(246,'2019-11-12','https://www.google.com/'),(247,'2019-11-12','https://www.google.com/'),(248,'2019-11-13','https://www.google.com/'),(249,'2019-11-13','https://www.google.com/'),(250,'2019-11-13','https://www.google.com/'),(251,'2019-11-14','https://www.google.com/'),(252,'2019-11-14','https://www.google.com/'),(253,'2019-11-14','https://www.google.com/'),(254,'2019-11-14','https://lm.facebook.com/'),(255,'2019-11-14','http://www.google.com/'),(256,'2019-11-14','http://www.google.com/'),(257,'2019-11-14','http://www.google.com/'),(258,'2019-11-14','https://www.google.com/'),(259,'2019-11-14','https://www.google.com/'),(260,'2019-11-14','https://www.google.com/'),(261,'2019-11-14','https://www.google.com/'),(262,'2019-11-14','https://www.google.com/'),(263,'2019-11-14','https://www.google.com/'),(264,'2019-11-15','https://www.google.com/'),(265,'2019-11-15','https://www.google.de/'),(266,'2019-11-15','https://www.google.com/'),(267,'2019-11-15','https://www.google.de/'),(268,'2019-11-17','https://www.google.pl/'),(269,'2019-11-17','https://www.google.pl/'),(270,'2019-11-17','https://www.google.de/'),(271,'2019-11-17','https://www.google.de/'),(272,'2019-11-17','https://www.google.de/'),(273,'2019-11-18','https://www.google.de/'),(274,'2019-11-18','https://www.google.com/'),(275,'2019-11-18','https://www.google.com/'),(276,'2019-11-18','http://www.google.com/'),(277,'2019-11-18','http://www.google.com/'),(278,'2019-11-18','https://www.google.com/'),(279,'2019-11-18','https://www.google.com/'),(280,'2019-11-19','https://www.google.de/'),(281,'2019-11-19','https://www.google.de/'),(282,'2019-11-19','https://www.google.com/'),(283,'2019-11-19','https://www.google.com/'),(284,'2019-11-19','https://www.google.de/'),(285,'2019-11-19','https://www.google.de/'),(286,'2019-11-19','https://www.google.de/'),(287,'2019-11-19','https://www.google.com/'),(288,'2019-11-20','https://www.google.de/'),(289,'2019-11-20','https://www.google.com/'),(290,'2019-11-20','https://www.google.com/'),(291,'2019-11-20','https://www.google.com/'),(292,'2019-11-20','https://www.google.com/'),(293,'2019-11-20','https://www.google.com/'),(294,'2019-11-20','https://www.google.de/'),(295,'2019-11-21','https://www.google.at/'),(296,'2019-11-21','https://www.google.com/'),(297,'2019-11-21','https://www.google.de/'),(298,'2019-11-22','https://www.google.de/'),(299,'2019-11-22','https://www.google.de/'),(300,'2019-11-22','https://www.google.com/'),(301,'2019-11-25','https://www.google.com/'),(302,'2019-11-25','https://www.google.com/'),(303,'2019-11-25','https://www.google.com/'),(304,'2019-11-25','https://www.google.com/'),(305,'2019-11-25','https://www.google.com/'),(306,'2019-11-25','https://www.google.com/'),(307,'2019-11-25','https://www.google.com/'),(308,'2019-11-25','https://www.google.com/'),(309,'2019-11-25','https://www.google.com/'),(310,'2019-11-26','https://www.google.com/'),(311,'2019-11-26','https://www.google.de/'),(312,'2019-11-26','https://www.google.at/'),(313,'2019-11-26','https://www.google.com/'),(314,'2019-11-26','https://www.google.com/'),(315,'2019-11-26','https://www.google.com/'),(316,'2019-11-26','https://www.google.com/'),(317,'2019-11-26','https://www.google.com/'),(318,'2019-11-26','https://www.google.com/'),(319,'2019-11-27','https://www.google.com/'),(320,'2019-11-27','https://www.google.com/'),(321,'2019-11-27','https://www.google.de/'),(322,'2019-11-27','https://www.google.com/'),(323,'2019-11-27','https://www.google.com/'),(324,'2019-11-27','https://www.google.com/'),(325,'2019-11-27','https://www.google.com/'),(326,'2019-11-28','https://www.google.lu/'),(327,'2019-11-29','https://www.google.de/'),(328,'2019-11-29','https://www.google.de/'),(329,'2019-12-01','https://www.google.com/'),(330,'2019-12-01','https://www.google.com/'),(331,'2019-12-02','https://www.google.com/'),(332,'2019-12-02','https://www.google.com/'),(333,'2019-12-02','https://www.google.com/'),(334,'2019-12-02','https://www.google.com/'),(335,'2019-12-02','https://www.google.com/'),(336,'2019-12-02','https://www.google.com/'),(337,'2019-12-02','https://www.google.com/'),(338,'2019-12-02','https://www.google.de/'),(339,'2019-12-03','https://www.google.com/'),(340,'2019-12-03','https://www.google.com/'),(341,'2019-12-03','https://www.google.com/'),(342,'2019-12-03','https://www.google.com/'),(343,'2019-12-03','https://www.google.com/'),(344,'2019-12-04','https://www.google.de/'),(345,'2019-12-04','https://www.google.com/'),(346,'2019-12-04','https://www.google.bg/'),(347,'2019-12-05','https://www.google.com/'),(348,'2019-12-05','https://www.google.com.br/'),(349,'2019-12-06','https://www.google.com/'),(350,'2019-12-06','https://www.google.com/'),(351,'2019-12-08','https://www.facebook.com/'),(352,'2019-12-08','https://www.facebook.com/'),(353,'2019-12-09','https://www.google.com/'),(354,'2019-12-09','https://www.google.com.tr/'),(355,'2019-12-09','https://www.google.com.tr/'),(356,'2019-12-09','https://www.google.com/'),(357,'2019-12-10','https://www.google.com/'),(358,'2019-12-10','https://www.google.com/'),(359,'2019-12-10','https://www.google.com/'),(360,'2019-12-10','https://www.google.com/'),(361,'2019-12-10','https://www.google.com/'),(362,'2019-12-11','https://www.google.com/'),(363,'2019-12-11','https://www.google.com/'),(364,'2019-12-11','https://www.google.com/'),(365,'2019-12-11','https://www.google.com/'),(366,'2019-12-11','https://www.google.com/'),(367,'2019-12-11','https://www.google.com/'),(368,'2019-12-12','https://www.google.com/'),(369,'2019-12-13','https://www.google.com/'),(370,'2019-12-13','https://www.google.de/'),(371,'2019-12-14','http://www.bing.com/search?q=amazon'),(372,'2019-12-15','https://www.google.com/'),(373,'2019-12-15','https://www.google.com/'),(374,'2019-12-15','https://www.google.com/'),(375,'2019-12-15','https://www.google.com/'),(376,'2019-12-15','https://www.google.com/'),(377,'2019-12-17','https://www.google.com/'),(378,'2019-12-17','https://www.google.com/'),(379,'2019-12-18','https://www.google.com/'),(380,'2019-12-18','https://www.google.com/'),(381,'2019-12-18','https://www.google.com/'),(382,'2019-12-18','https://www.google.com/'),(383,'2019-12-18','https://www.google.com/'),(384,'2019-12-18','https://www.google.com/'),(385,'2019-12-18','https://www.google.com/'),(386,'2019-12-19','https://www.google.co.in/'),(387,'2019-12-22','https://www.google.com/'),(388,'2019-12-23','https://www.google.com/'),(389,'2019-12-23','https://www.google.com/'),(390,'2019-12-23','https://www.google.com/'),(391,'2019-12-25','https://www.google.de/'),(392,'2019-12-26','https://www.google.com/'),(393,'2019-12-26','https://www.google.com/'),(394,'2019-12-28','https://www.google.com/'),(395,'2019-12-28','https://www.google.com/'),(396,'2019-12-28','https://www.google.com/'),(397,'2019-12-28','https://www.google.com/'),(398,'2019-12-29','https://www.google.com/'),(399,'2019-12-29','https://www.google.com/'),(400,'2019-12-30','https://www.google.com/'),(401,'2019-12-30','https://www.google.com/'),(402,'2019-12-30','http://www.google.com/'),(403,'2019-12-31','https://www.google.com/'),(404,'2020-01-01','https://www.google.de/'),(405,'2020-01-02','http://www.google.com/'),(406,'2020-01-02','https://www.google.com/'),(407,'2020-01-02','https://www.google.de/'),(408,'2020-01-02','https://www.google.com/'),(409,'2020-01-02','https://www.google.ch/'),(410,'2020-01-02','http://www.google.com/'),(411,'2020-01-02','http://www.google.com/'),(412,'2020-01-02','http://www.google.com/'),(413,'2020-01-03','http://217.160.29.35/shopware.php?sViewport=forms&sFid=30'),(414,'2020-01-03','https://www.google.com/'),(415,'2020-01-04','https://www.google.com/'),(416,'2020-01-05','https://www.google.com/'),(417,'2020-01-05','https://www.google.de/'),(418,'2020-01-06','https://www.google.com/'),(419,'2020-01-06','https://www.google.com/'),(420,'2020-01-06','https://www.google.com/'),(421,'2020-01-06','http://lkapp01/Synergy/docs/CRMAccountCard.aspx?ID=%7b39c8ea83-5b24-42e9-b3f8-5af8db65cc55%7d'),(422,'2020-01-06','http://lkapp01/Synergy/docs/CRMAccountCard.aspx?ID=%7b39c8ea83-5b24-42e9-b3f8-5af8db65cc55%7d'),(423,'2020-01-06','https://www.google.com/'),(424,'2020-01-06','https://www.google.com/'),(425,'2020-01-06','https://www.google.com/'),(426,'2020-01-06','http://lkapp01/Synergy/docs/CRMAccountCard.aspx?RedirectDataSource=1&ID=%7b39c8ea83-5b24-42e9-b3f8-5af8db65cc55%7d&Action=0&GP=0&AccName=Merx-Handel+%26+Industrie+GmbH&SysClose=1'),(427,'2020-01-06','http://lkapp01/Synergy/docs/CRMAccountCard.aspx?RedirectDataSource=1&ID=%7b39c8ea83-5b24-42e9-b3f8-5af8db65cc55%7d&Action=0&GP=0&AccName=Merx-Handel+%26+Industrie+GmbH&SysClose=1'),(428,'2020-01-06','https://www.google.com/'),(429,'2020-01-06','https://www.google.com/'),(430,'2020-01-06','https://www.google.com/'),(431,'2020-01-06','https://www.google.com/'),(432,'2020-01-06','https://www.google.com/'),(433,'2020-01-06','https://www.google.com/'),(434,'2020-01-06','https://www.google.com/'),(435,'2020-01-06','https://www.google.com/'),(436,'2020-01-06','https://www.google.de/'),(437,'2020-01-07','https://www.google.com/'),(438,'2020-01-07','https://www.google.com/'),(439,'2020-01-08','https://www.google.com/'),(440,'2020-01-08','https://www.google.com/'),(441,'2020-01-08','https://www.google.com/'),(442,'2020-01-08','https://www.google.com/'),(443,'2020-01-08','https://www.google.com/'),(444,'2020-01-08','https://www.google.com/'),(445,'2020-01-08','https://www.google.com/'),(446,'2020-01-08','https://www.google.com/'),(447,'2020-01-08','https://www.google.de/'),(448,'2020-01-08','https://www.google.de/'),(449,'2020-01-08','https://www.google.de/'),(450,'2020-01-09','https://www.google.de/'),(451,'2020-01-09','https://www.google.com/'),(452,'2020-01-10','https://www.google.de/'),(453,'2020-01-10','https://www.google.com/'),(454,'2020-01-10','https://www.google.de/'),(455,'2020-01-10','https://www.google.com/'),(456,'2020-01-11','https://www.google.com/'),(457,'2020-01-11','https://www.google.com/'),(458,'2020-01-11','https://www.google.com/');

--
-- Table structure for table `s_statistics_search`
--

CREATE TABLE `s_statistics_search` (
  `id` int(11) NOT NULL AUTO_INCREMENT,
  `datum` datetime NOT NULL,
  `searchterm` varchar(255) CHARACTER SET utf8 COLLATE utf8_unicode_ci NOT NULL,
  `results` int(11) NOT NULL,
  `shop_id` int(11) DEFAULT NULL,
  PRIMARY KEY (`id`),
  KEY `searchterm` (`searchterm`)
) ENGINE=InnoDB AUTO_INCREMENT=65 DEFAULT CHARSET=utf8;

--
-- Dumping data for table `s_statistics_search`
--

INSERT INTO `s_statistics_search` VALUES (1,'2019-03-26 17:14:47','100012',1,1),(2,'2019-03-26 17:25:47','100012',1,1),(3,'2019-04-05 11:19:30','100012',1,1),(4,'2019-04-11 09:01:05','100015',1,1),(5,'2019-04-11 09:01:29','100210',1,1),(6,'2019-04-12 07:46:26','100210',1,1),(7,'2019-04-12 10:35:24','100210',1,1),(8,'2019-04-12 10:46:22','100210',1,1),(9,'2019-04-13 18:23:43','100210',1,1),(10,'2019-04-14 10:46:23','100162',1,1),(11,'2019-04-14 18:39:49','100210',1,1),(12,'2019-04-15 08:47:51','100012',1,1),(13,'2019-04-15 09:02:24','100210',1,1),(14,'2019-04-15 09:10:59','100292',0,1),(15,'2019-04-15 09:11:10','100290',1,1),(16,'2019-04-17 15:19:09','100442',0,1),(17,'2019-05-12 12:03:12','kustner',3,1),(18,'2019-05-12 12:04:07','triangle',0,1),(19,'2019-05-12 12:04:11','kustner',3,1),(20,'2019-06-17 12:35:17','100018',1,1),(21,'2019-06-17 14:12:13','100441',0,1),(22,'2019-06-17 14:52:02','100441',0,1),(23,'2019-06-17 14:55:48','Stephan',2,1),(24,'2019-06-19 12:00:41','100141',1,3),(25,'2019-06-27 13:09:33','100200',1,1),(26,'2019-07-23 10:14:02','100101',1,3),(27,'2019-07-25 10:41:37','100284',1,1),(28,'2019-07-25 10:47:17','100282',1,1),(29,'2019-08-23 10:04:45','100441',1,1),(30,'2019-09-04 19:49:15','stephan',3,3),(31,'2019-09-05 20:42:32','stephan',3,3),(32,'2019-09-20 18:32:30','evaporator',0,3),(33,'2019-09-20 18:32:41','bucher',1,3),(34,'2019-09-23 12:12:07','Tetra Pak AL CIP 20',3,3),(35,'2019-09-23 22:28:56','westfalia',6,3),(36,'2019-09-25 11:23:03','100441',1,3),(37,'2019-09-26 08:44:16','spare parts',0,3),(38,'2019-10-01 11:29:44','100385',0,1),(39,'2019-10-11 12:15:22','msd 50',2,1),(40,'2019-10-21 12:27:16','msd 50',2,3),(41,'2019-10-22 13:50:12','msd 50',2,3),(42,'2019-10-30 14:15:43','Kustner',3,1),(43,'2019-11-01 23:50:37','Stéphan',3,1),(44,'2019-11-04 14:10:16','100400',0,1),(45,'2019-11-06 11:55:44','alfa laval',5,1),(46,'2019-11-06 11:56:01','GTPX',0,1),(47,'2019-11-12 09:51:53','GEA Ahlborn VT 40',7,1),(48,'2019-11-14 09:57:44','100303',1,1),(49,'2019-11-14 10:06:10','100236',1,1),(50,'2019-11-14 11:47:47','nagema',0,1),(51,'2019-11-14 14:03:21','100018',1,1),(52,'2019-11-14 14:03:29','100018',1,1),(53,'2019-11-14 14:03:39','100018',1,1),(54,'2019-11-14 14:05:40','100018',1,1),(55,'2019-11-14 14:05:52','100475',0,1),(56,'2019-11-17 17:57:23','kejwan',0,3),(57,'2019-11-18 11:58:26','mc 7',0,1),(58,'2019-11-19 15:33:19','mc 7',0,1),(59,'2019-11-20 15:42:48','100413',1,1),(60,'2019-11-22 12:53:29','msd 50',2,1),(61,'2019-12-01 15:02:14','separator',9,1),(62,'2019-12-03 13:43:35','cnb',0,1),(63,'2019-12-03 13:43:42','gea westfalia',7,1),(64,'2019-12-16 13:59:04','100330',0,1);

--
-- Table structure for table `s_statistics_visitors`
--

CREATE TABLE `s_statistics_visitors` (
  `id` int(11) NOT NULL AUTO_INCREMENT,
  `shopID` int(11) NOT NULL,
  `datum` date NOT NULL DEFAULT '0000-00-00',
  `pageimpressions` int(11) NOT NULL DEFAULT '0',
  `uniquevisits` int(11) NOT NULL DEFAULT '0',
  `deviceType` varchar(50) COLLATE utf8_unicode_ci NOT NULL DEFAULT 'desktop',
  PRIMARY KEY (`id`),
  KEY `datum` (`datum`)
) ENGINE=InnoDB AUTO_INCREMENT=687 DEFAULT CHARSET=utf8 COLLATE=utf8_unicode_ci;

--
-- Dumping data for table `s_statistics_visitors`
--

INSERT INTO `s_statistics_visitors` VALUES (1,1,'2019-01-11',34,3,'desktop'),(2,1,'2019-01-13',1,1,'desktop'),(3,1,'2019-01-14',68,1,'desktop'),(4,1,'2019-01-15',2,2,'tablet'),(5,1,'2019-01-15',13,2,'desktop'),(6,1,'2019-01-17',1,1,'tablet'),(7,1,'2019-01-17',4,2,'desktop'),(8,1,'2019-01-18',1,1,'tablet'),(9,1,'2019-01-18',4,1,'desktop'),(10,1,'2019-01-19',2,1,'tablet'),(11,1,'2019-01-20',3,1,'tablet'),(12,1,'2019-01-21',5,1,'desktop'),(13,1,'2019-01-23',7,1,'desktop'),(14,1,'2019-01-25',19,1,'desktop'),(15,1,'2019-01-28',14,2,'desktop'),(16,1,'2019-01-28',2,1,'mobile'),(17,1,'2019-01-29',5,1,'desktop'),(18,1,'2019-01-30',1,1,'desktop'),(19,1,'2019-02-05',2,1,'desktop'),(20,1,'2019-02-06',149,2,'desktop'),(21,1,'2019-02-06',20,1,'mobile'),(22,1,'2019-02-07',87,2,'desktop'),(23,1,'2019-02-07',34,2,'mobile'),(24,1,'2019-02-08',6,1,'desktop'),(25,1,'2019-02-08',1,1,'mobile'),(26,1,'2019-02-09',57,1,'desktop'),(27,1,'2019-02-09',21,2,'mobile'),(28,1,'2019-02-10',65,1,'mobile'),(29,1,'2019-02-10',22,1,'desktop'),(30,1,'2019-02-11',9,3,'desktop'),(31,1,'2019-02-12',43,2,'desktop'),(32,1,'2019-02-12',4,2,'mobile'),(33,1,'2019-02-13',2,1,'tablet'),(34,1,'2019-02-13',47,2,'desktop'),(35,1,'2019-02-13',15,1,'mobile'),(36,1,'2019-02-14',43,2,'desktop'),(37,1,'2019-02-14',21,1,'mobile'),(38,1,'2019-02-15',7,2,'desktop'),(39,1,'2019-02-17',1,1,'desktop'),(40,1,'2019-02-17',9,1,'mobile'),(41,1,'2019-02-18',1,1,'desktop'),(42,1,'2019-02-22',2,2,'desktop'),(43,1,'2019-02-23',3,1,'mobile'),(44,1,'2019-02-25',18,2,'desktop'),(45,1,'2019-02-26',4,1,'desktop'),(46,1,'2019-02-27',14,2,'desktop'),(47,1,'2019-02-27',6,1,'mobile'),(48,3,'2019-02-27',23,1,'desktop'),(49,3,'2019-02-27',2,1,'mobile'),(50,1,'2019-02-28',29,1,'desktop'),(51,3,'2019-02-28',27,1,'desktop'),(52,1,'2019-02-28',10,1,'mobile'),(53,3,'2019-02-28',9,1,'mobile'),(54,1,'2019-03-01',102,1,'desktop'),(55,1,'2019-03-01',43,1,'mobile'),(56,3,'2019-03-01',19,1,'mobile'),(57,3,'2019-03-01',110,1,'desktop'),(58,1,'2019-03-01',2,1,'tablet'),(59,1,'2019-03-02',77,1,'mobile'),(60,3,'2019-03-02',61,1,'mobile'),(61,1,'2019-03-02',21,1,'tablet'),(62,3,'2019-03-02',14,1,'tablet'),(63,1,'2019-03-02',237,1,'desktop'),(64,3,'2019-03-02',29,1,'desktop'),(65,3,'2019-03-03',8,1,'desktop'),(66,1,'2019-03-03',42,2,'desktop'),(67,3,'2019-03-03',12,1,'tablet'),(68,1,'2019-03-03',23,1,'mobile'),(69,3,'2019-03-03',5,1,'mobile'),(70,3,'2019-03-04',42,1,'desktop'),(71,1,'2019-03-04',208,2,'desktop'),(72,1,'2019-03-04',25,1,'mobile'),(73,3,'2019-03-04',8,1,'mobile'),(74,1,'2019-03-04',14,1,'tablet'),(75,3,'2019-03-05',2,1,'tablet'),(76,1,'2019-03-05',17,1,'tablet'),(77,1,'2019-03-05',75,2,'desktop'),(78,1,'2019-03-05',5,1,'mobile'),(79,3,'2019-03-05',22,1,'desktop'),(80,1,'2019-03-06',109,5,'desktop'),(81,1,'2019-03-06',18,1,'tablet'),(82,3,'2019-03-06',11,1,'desktop'),(83,1,'2019-03-06',18,1,'mobile'),(84,1,'2019-03-07',17,1,'tablet'),(85,1,'2019-03-07',126,2,'desktop'),(86,1,'2019-03-07',4,1,'mobile'),(87,3,'2019-03-07',2,1,'desktop'),(88,1,'2019-03-08',117,3,'desktop'),(89,1,'2019-03-08',19,2,'tablet'),(90,1,'2019-03-08',33,1,'mobile'),(91,3,'2019-03-08',2,1,'mobile'),(92,1,'2019-03-09',90,2,'desktop'),(93,1,'2019-03-09',8,1,'mobile'),(94,3,'2019-03-09',38,2,'desktop'),(95,1,'2019-03-10',10,1,'desktop'),(96,3,'2019-03-10',9,1,'desktop'),(97,1,'2019-03-10',3,1,'mobile'),(98,1,'2019-03-11',13,1,'desktop'),(99,3,'2019-03-11',2,1,'desktop'),(100,1,'2019-03-12',10,2,'desktop'),(101,1,'2019-03-12',6,1,'tablet'),(102,1,'2019-03-13',2,1,'desktop'),(103,1,'2019-03-14',8,2,'desktop'),(104,1,'2019-03-15',9,1,'desktop'),(105,1,'2019-03-15',6,1,'tablet'),(106,3,'2019-03-15',3,1,'tablet'),(107,1,'2019-03-18',8,1,'desktop'),(108,1,'2019-03-20',2,1,'desktop'),(109,1,'2019-03-21',4,1,'desktop'),(110,1,'2019-03-21',3,1,'mobile'),(111,3,'2019-03-21',2,1,'mobile'),(112,1,'2019-03-22',1,1,'desktop'),(113,1,'2019-03-22',7,1,'tablet'),(114,3,'2019-03-22',2,1,'tablet'),(115,1,'2019-03-23',1,1,'desktop'),(116,1,'2019-03-25',1,1,'desktop'),(117,1,'2019-03-26',2,1,'tablet'),(118,1,'2019-03-26',12,2,'desktop'),(119,1,'2019-03-27',52,3,'desktop'),(120,1,'2019-03-28',8,3,'desktop'),(121,3,'2019-03-28',6,1,'desktop'),(122,1,'2019-03-29',1,1,'mobile'),(123,1,'2019-03-29',5,2,'desktop'),(124,1,'2019-04-01',6,1,'desktop'),(125,1,'2019-04-02',1,1,'desktop'),(126,1,'2019-04-03',3,1,'desktop'),(127,1,'2019-04-04',81,3,'desktop'),(128,1,'2019-04-05',32,5,'desktop'),(129,1,'2019-04-08',14,2,'desktop'),(130,1,'2019-04-10',66,4,'desktop'),(131,3,'2019-04-10',2,1,'desktop'),(132,1,'2019-04-11',30,3,'desktop'),(133,1,'2019-04-12',28,3,'desktop'),(134,1,'2019-04-13',22,1,'desktop'),(135,1,'2019-04-14',32,2,'desktop'),(136,1,'2019-04-14',1,1,'tablet'),(137,1,'2019-04-15',14,2,'desktop'),(138,1,'2019-04-16',4,1,'desktop'),(139,1,'2019-04-17',5,1,'desktop'),(140,1,'2019-04-18',11,3,'desktop'),(141,1,'2019-04-20',3,2,'desktop'),(142,1,'2019-04-23',1,1,'desktop'),(143,1,'2019-04-24',6,1,'desktop'),(144,1,'2019-04-26',2,1,'desktop'),(145,1,'2019-04-27',1,1,'desktop'),(146,1,'2019-04-29',3,2,'desktop'),(147,1,'2019-05-02',3,1,'desktop'),(148,3,'2019-05-02',2,1,'desktop'),(149,3,'2019-05-03',1,1,'desktop'),(150,1,'2019-05-03',13,3,'desktop'),(151,1,'2019-05-04',1,1,'desktop'),(152,1,'2019-05-06',3,1,'desktop'),(153,1,'2019-05-07',1,1,'desktop'),(154,1,'2019-05-07',1,1,'mobile'),(155,1,'2019-05-08',1,1,'desktop'),(156,1,'2019-05-09',3,1,'desktop'),(157,1,'2019-05-10',1,1,'desktop'),(158,1,'2019-05-12',9,1,'mobile'),(159,1,'2019-05-12',1,1,'desktop'),(160,1,'2019-05-13',6,1,'desktop'),(161,1,'2019-05-14',1,1,'desktop'),(162,1,'2019-05-15',2,1,'desktop'),(163,1,'2019-05-18',1,1,'desktop'),(164,1,'2019-05-20',1,1,'desktop'),(165,1,'2019-05-21',1,1,'desktop'),(166,1,'2019-05-22',35,3,'desktop'),(167,1,'2019-05-24',10,3,'desktop'),(168,1,'2019-05-28',2,1,'desktop'),(169,1,'2019-05-29',1,1,'tablet'),(170,1,'2019-06-01',24,1,'desktop'),(171,3,'2019-06-01',9,1,'desktop'),(172,1,'2019-06-03',27,1,'desktop'),(173,1,'2019-06-04',23,1,'desktop'),(174,1,'2019-06-05',6,1,'desktop'),(175,3,'2019-06-05',2,1,'desktop'),(176,1,'2019-06-06',18,1,'desktop'),(177,1,'2019-06-08',17,1,'desktop'),(178,1,'2019-06-10',1,1,'desktop'),(179,1,'2019-06-11',8,1,'desktop'),(180,1,'2019-06-14',7,1,'desktop'),(181,1,'2019-06-17',25,1,'desktop'),(182,3,'2019-06-17',11,1,'desktop'),(183,1,'2019-06-18',2,1,'desktop'),(184,1,'2019-06-19',127,1,'desktop'),(185,3,'2019-06-19',82,1,'desktop'),(186,1,'2019-06-19',3,1,'mobile'),(187,1,'2019-06-20',64,1,'desktop'),(188,1,'2019-06-21',66,1,'desktop'),(189,1,'2019-06-21',56,2,'mobile'),(190,1,'2019-06-21',49,1,'tablet'),(191,3,'2019-06-21',3,1,'tablet'),(192,1,'2019-06-22',57,1,'desktop'),(193,1,'2019-06-23',17,1,'desktop'),(194,1,'2019-06-23',13,1,'tablet'),(195,1,'2019-06-24',51,1,'desktop'),(196,1,'2019-06-24',4,1,'mobile'),(197,3,'2019-06-24',4,1,'desktop'),(198,1,'2019-06-25',21,1,'desktop'),(199,3,'2019-06-25',5,1,'desktop'),(200,1,'2019-06-27',10,1,'desktop'),(201,1,'2019-07-03',2,1,'desktop'),(202,1,'2019-07-04',2,1,'desktop'),(203,1,'2019-07-08',1,1,'desktop'),(204,1,'2019-07-12',22,1,'desktop'),(205,1,'2019-07-12',2,1,'mobile'),(206,1,'2019-07-15',6,1,'desktop'),(207,3,'2019-07-15',9,1,'desktop'),(208,1,'2019-07-16',8,1,'desktop'),(209,3,'2019-07-16',7,1,'desktop'),(210,3,'2019-07-17',26,1,'desktop'),(211,1,'2019-07-17',9,1,'desktop'),(212,3,'2019-07-18',1,1,'desktop'),(213,1,'2019-07-18',2,1,'desktop'),(214,1,'2019-07-19',1,1,'desktop'),(215,1,'2019-07-22',1,1,'desktop'),(216,1,'2019-07-23',24,1,'desktop'),(217,3,'2019-07-23',15,1,'desktop'),(218,1,'2019-07-23',5,1,'mobile'),(219,3,'2019-07-23',5,1,'mobile'),(220,1,'2019-07-24',18,1,'desktop'),(221,1,'2019-07-25',37,1,'desktop'),(222,1,'2019-07-25',3,1,'mobile'),(223,3,'2019-07-25',28,1,'desktop'),(224,3,'2019-07-25',28,1,'desktop'),(225,3,'2019-07-26',1,1,'desktop'),(226,3,'2019-07-30',5,1,'desktop'),(227,3,'2019-07-31',5,1,'desktop'),(228,1,'2019-07-31',7,1,'desktop'),(229,1,'2019-08-01',1,1,'desktop'),(230,1,'2019-08-05',7,1,'desktop'),(231,1,'2019-08-06',12,3,'desktop'),(232,3,'2019-08-06',3,1,'desktop'),(233,1,'2019-08-07',14,1,'desktop'),(234,3,'2019-08-07',1,1,'mobile'),(235,3,'2019-08-07',4,1,'desktop'),(236,1,'2019-08-08',3,2,'desktop'),(237,1,'2019-08-12',24,1,'desktop'),(238,3,'2019-08-12',35,1,'desktop'),(239,3,'2019-08-13',4,1,'desktop'),(240,1,'2019-08-13',6,1,'desktop'),(241,1,'2019-08-19',11,2,'desktop'),(242,3,'2019-08-19',39,1,'desktop'),(243,3,'2019-08-20',13,1,'desktop'),(244,3,'2019-08-21',9,1,'desktop'),(245,1,'2019-08-21',8,1,'desktop'),(246,3,'2019-08-22',7,1,'desktop'),(247,1,'2019-08-22',4,1,'desktop'),(248,1,'2019-08-23',30,2,'desktop'),(249,3,'2019-08-23',15,1,'desktop'),(250,1,'2019-08-26',1,1,'desktop'),(251,1,'2019-08-27',2,1,'desktop'),(252,1,'2019-08-29',51,1,'desktop'),(253,3,'2019-08-29',63,1,'desktop'),(254,3,'2019-08-29',4,1,'tablet'),(255,1,'2019-08-30',1,1,'mobile'),(256,1,'2019-08-30',10,1,'desktop'),(257,3,'2019-08-30',6,1,'desktop'),(258,1,'2019-09-02',29,2,'desktop'),(259,3,'2019-09-02',2,1,'desktop'),(260,3,'2019-09-03',19,1,'desktop'),(261,1,'2019-09-03',5,1,'desktop'),(262,3,'2019-09-04',47,1,'desktop'),(263,1,'2019-09-04',29,5,'desktop'),(264,1,'2019-09-04',15,4,'mobile'),(265,3,'2019-09-04',2,1,'mobile'),(266,1,'2019-09-05',49,6,'desktop'),(267,3,'2019-09-05',9,2,'desktop'),(268,1,'2019-09-05',1,1,'mobile'),(269,1,'2019-09-05',1,1,'tablet'),(270,1,'2019-09-06',13,6,'desktop'),(271,3,'2019-09-06',4,1,'desktop'),(272,3,'2019-09-06',3,1,'mobile'),(273,1,'2019-09-06',1,1,'mobile'),(274,1,'2019-09-07',2,2,'desktop'),(275,1,'2019-09-07',1,1,'mobile'),(276,1,'2019-09-08',8,2,'mobile'),(277,1,'2019-09-08',15,3,'desktop'),(278,3,'2019-09-08',36,1,'desktop'),(279,3,'2019-09-08',160,1,'tablet'),(280,1,'2019-09-08',143,1,'tablet'),(281,3,'2019-09-09',142,2,'tablet'),(282,1,'2019-09-09',150,9,'tablet'),(283,1,'2019-09-09',19,11,'desktop'),(284,3,'2019-09-09',11,1,'desktop'),(285,3,'2019-09-09',3,1,'mobile'),(286,1,'2019-09-10',7,4,'desktop'),(287,3,'2019-09-10',15,1,'desktop'),(288,1,'2019-09-10',1,1,'mobile'),(289,1,'2019-09-10',16,13,'tablet'),(290,1,'2019-09-11',51,9,'desktop'),(291,3,'2019-09-11',19,1,'desktop'),(292,1,'2019-09-12',60,7,'desktop'),(293,1,'2019-09-12',16,2,'tablet'),(294,3,'2019-09-12',8,1,'desktop'),(295,3,'2019-09-12',217,1,'tablet'),(296,1,'2019-09-12',5,1,'mobile'),(297,3,'2019-09-13',142,1,'tablet'),(298,1,'2019-09-13',143,2,'tablet'),(299,1,'2019-09-13',6,3,'mobile'),(300,1,'2019-09-13',14,14,'desktop'),(301,3,'2019-09-13',5,1,'desktop'),(302,3,'2019-09-14',95,2,'tablet'),(303,1,'2019-09-14',2,2,'desktop'),(304,1,'2019-09-14',71,1,'tablet'),(305,1,'2019-09-14',1,1,'mobile'),(306,1,'2019-09-15',3,3,'desktop'),(307,1,'2019-09-15',1,1,'mobile'),(308,1,'2019-09-15',71,1,'tablet'),(309,3,'2019-09-15',72,1,'tablet'),(310,1,'2019-09-16',17,16,'tablet'),(311,1,'2019-09-16',9,8,'desktop'),(312,3,'2019-09-16',12,2,'desktop'),(313,1,'2019-09-17',4,4,'tablet'),(314,1,'2019-09-17',27,14,'desktop'),(315,3,'2019-09-17',2,1,'desktop'),(316,1,'2019-09-18',1,1,'mobile'),(317,1,'2019-09-18',17,4,'desktop'),(318,3,'2019-09-18',1,1,'desktop'),(319,1,'2019-09-18',3,3,'tablet'),(320,1,'2019-09-19',13,2,'mobile'),(321,3,'2019-09-19',26,1,'mobile'),(322,1,'2019-09-19',7,6,'desktop'),(323,1,'2019-09-19',4,2,'tablet'),(324,1,'2019-09-20',12,4,'desktop'),(325,1,'2019-09-20',5,2,'mobile'),(326,3,'2019-09-20',13,1,'desktop'),(327,1,'2019-09-20',8,7,'tablet'),(328,1,'2019-09-21',8,2,'mobile'),(329,1,'2019-09-21',8,7,'desktop'),(330,3,'2019-09-21',71,1,'tablet'),(331,1,'2019-09-21',73,3,'tablet'),(332,1,'2019-09-22',5,5,'desktop'),(333,1,'2019-09-22',1,1,'tablet'),(334,1,'2019-09-23',12,8,'desktop'),(335,3,'2019-09-23',7,1,'desktop'),(336,1,'2019-09-23',7,6,'tablet'),(337,1,'2019-09-24',6,4,'tablet'),(338,1,'2019-09-24',32,2,'desktop'),(339,3,'2019-09-24',5,2,'desktop'),(340,1,'2019-09-24',2,2,'mobile'),(341,3,'2019-09-24',5,3,'mobile'),(342,1,'2019-09-25',15,11,'desktop'),(343,1,'2019-09-25',2,1,'tablet'),(344,3,'2019-09-25',17,1,'desktop'),(345,1,'2019-09-25',12,2,'mobile'),(346,1,'2019-09-26',33,8,'desktop'),(347,3,'2019-09-26',11,2,'desktop'),(348,1,'2019-09-26',1,1,'mobile'),(349,1,'2019-09-27',18,9,'desktop'),(350,1,'2019-09-27',10,9,'tablet'),(351,1,'2019-09-27',1,1,'mobile'),(352,1,'2019-09-28',4,2,'desktop'),(353,3,'2019-09-28',2,1,'desktop'),(354,1,'2019-09-28',71,1,'tablet'),(355,3,'2019-09-28',71,1,'tablet'),(356,1,'2019-09-28',1,1,'mobile'),(357,1,'2019-09-29',1,1,'desktop'),(358,1,'2019-09-29',2,1,'mobile'),(359,1,'2019-09-29',1,1,'tablet'),(360,1,'2019-09-30',28,7,'desktop'),(361,1,'2019-09-30',2,1,'tablet'),(362,3,'2019-09-30',24,1,'tablet'),(363,1,'2019-10-01',14,12,'tablet'),(364,1,'2019-10-01',4,2,'mobile'),(365,1,'2019-10-01',34,8,'desktop'),(366,3,'2019-10-01',6,1,'desktop'),(367,1,'2019-10-02',8,5,'desktop'),(368,1,'2019-10-02',17,15,'tablet'),(369,3,'2019-10-02',2,1,'desktop'),(370,1,'2019-10-03',3,3,'desktop'),(371,3,'2019-10-03',2,1,'desktop'),(372,1,'2019-10-03',3,3,'tablet'),(373,1,'2019-10-03',2,1,'mobile'),(374,1,'2019-10-04',14,4,'desktop'),(375,1,'2019-10-04',1,1,'mobile'),(376,1,'2019-10-04',2,2,'tablet'),(377,1,'2019-10-05',7,2,'desktop'),(378,1,'2019-10-05',71,1,'tablet'),(379,3,'2019-10-05',71,1,'tablet'),(380,1,'2019-10-06',2,2,'desktop'),(381,1,'2019-10-06',3,1,'mobile'),(382,1,'2019-10-06',8,7,'tablet'),(383,1,'2019-10-07',5,5,'desktop'),(384,3,'2019-10-07',4,1,'desktop'),(385,3,'2019-10-08',1,1,'desktop'),(386,1,'2019-10-08',39,6,'desktop'),(387,1,'2019-10-08',5,3,'mobile'),(388,1,'2019-10-08',1,1,'tablet'),(389,3,'2019-10-08',17,3,'mobile'),(390,1,'2019-10-09',4,1,'mobile'),(391,1,'2019-10-09',16,10,'desktop'),(392,3,'2019-10-09',3,1,'desktop'),(393,1,'2019-10-10',13,4,'desktop'),(394,3,'2019-10-10',3,1,'desktop'),(395,1,'2019-10-11',27,10,'desktop'),(396,1,'2019-10-11',10,8,'tablet'),(397,3,'2019-10-11',3,1,'desktop'),(398,1,'2019-10-12',2,2,'desktop'),(399,1,'2019-10-12',66,2,'tablet'),(400,3,'2019-10-12',66,1,'tablet'),(401,1,'2019-10-13',1,1,'desktop'),(402,1,'2019-10-14',6,3,'desktop'),(403,3,'2019-10-14',4,1,'desktop'),(404,1,'2019-10-14',5,5,'tablet'),(405,1,'2019-10-15',6,2,'mobile'),(406,3,'2019-10-15',4,1,'mobile'),(407,3,'2019-10-15',5,1,'desktop'),(408,1,'2019-10-15',7,6,'desktop'),(409,1,'2019-10-16',16,13,'tablet'),(410,1,'2019-10-16',8,6,'desktop'),(411,3,'2019-10-16',4,1,'desktop'),(412,1,'2019-10-17',2,1,'tablet'),(413,1,'2019-10-17',21,7,'desktop'),(414,3,'2019-10-17',3,1,'desktop'),(415,1,'2019-10-17',13,3,'mobile'),(416,1,'2019-10-18',41,9,'desktop'),(417,3,'2019-10-18',25,1,'desktop'),(418,1,'2019-10-18',1,1,'tablet'),(419,1,'2019-10-18',9,3,'mobile'),(420,1,'2019-10-19',78,13,'tablet'),(421,1,'2019-10-19',4,4,'desktop'),(422,3,'2019-10-19',65,1,'tablet'),(423,3,'2019-10-19',3,1,'desktop'),(424,1,'2019-10-20',2,2,'desktop'),(425,3,'2019-10-20',3,1,'desktop'),(426,1,'2019-10-21',3,2,'mobile'),(427,1,'2019-10-21',29,8,'desktop'),(428,3,'2019-10-21',18,2,'desktop'),(429,3,'2019-10-21',2,1,'mobile'),(430,1,'2019-10-22',12,5,'desktop'),(431,3,'2019-10-22',13,2,'desktop'),(432,1,'2019-10-23',20,11,'desktop'),(433,3,'2019-10-23',11,2,'desktop'),(434,3,'2019-10-23',2,1,'tablet'),(435,1,'2019-10-23',2,2,'tablet'),(436,1,'2019-10-23',1,1,'mobile'),(437,1,'2019-10-24',22,14,'tablet'),(438,1,'2019-10-24',7,5,'desktop'),(439,3,'2019-10-24',4,1,'desktop'),(440,1,'2019-10-24',6,4,'mobile'),(441,3,'2019-10-24',2,1,'mobile'),(442,3,'2019-10-24',34,1,'tablet'),(443,1,'2019-10-25',7,1,'tablet'),(444,3,'2019-10-25',18,1,'tablet'),(445,1,'2019-10-25',6,3,'desktop'),(446,3,'2019-10-25',4,1,'desktop'),(447,1,'2019-10-25',1,1,'mobile'),(448,1,'2019-10-26',80,5,'tablet'),(449,3,'2019-10-26',91,2,'tablet'),(450,1,'2019-10-26',6,2,'mobile'),(451,1,'2019-10-27',8,2,'tablet'),(452,3,'2019-10-27',17,1,'tablet'),(453,1,'2019-10-27',13,7,'desktop'),(454,1,'2019-10-27',1,1,'mobile'),(455,1,'2019-10-28',7,1,'tablet'),(456,3,'2019-10-28',20,1,'tablet'),(457,1,'2019-10-28',6,2,'mobile'),(458,3,'2019-10-28',6,3,'mobile'),(459,1,'2019-10-28',43,19,'desktop'),(460,3,'2019-10-28',14,1,'desktop'),(461,1,'2019-10-29',14,8,'tablet'),(462,3,'2019-10-29',28,1,'tablet'),(463,1,'2019-10-29',4,4,'desktop'),(464,3,'2019-10-29',21,3,'desktop'),(465,1,'2019-10-29',1,1,'mobile'),(466,1,'2019-10-30',1,1,'mobile'),(467,1,'2019-10-30',11,3,'desktop'),(468,3,'2019-10-30',13,2,'desktop'),(469,3,'2019-10-30',2,1,'mobile'),(470,1,'2019-10-31',13,10,'tablet'),(471,1,'2019-10-31',10,5,'desktop'),(472,1,'2019-10-31',1,1,'mobile'),(473,3,'2019-10-31',7,1,'desktop'),(474,1,'2019-11-01',6,6,'desktop'),(475,3,'2019-11-01',2,1,'desktop'),(476,1,'2019-11-01',3,1,'mobile'),(477,1,'2019-11-02',5,4,'desktop'),(478,3,'2019-11-02',65,1,'tablet'),(479,1,'2019-11-02',66,1,'tablet'),(480,1,'2019-11-03',7,2,'mobile'),(481,1,'2019-11-03',3,3,'desktop'),(482,3,'2019-11-04',1,1,'desktop'),(483,1,'2019-11-04',10,6,'desktop'),(484,1,'2019-11-04',2,1,'mobile'),(485,1,'2019-11-05',8,3,'desktop'),(486,1,'2019-11-05',2,1,'mobile'),(487,1,'2019-11-06',12,6,'desktop'),(488,3,'2019-11-06',6,1,'desktop'),(489,1,'2019-11-06',1,1,'mobile'),(490,1,'2019-11-07',21,6,'desktop'),(491,3,'2019-11-07',33,1,'desktop'),(492,1,'2019-11-07',1,1,'mobile'),(493,1,'2019-11-08',7,2,'desktop'),(494,1,'2019-11-08',11,8,'tablet'),(495,1,'2019-11-08',4,1,'mobile'),(496,1,'2019-11-09',4,3,'mobile'),(497,1,'2019-11-09',2,2,'desktop'),(498,3,'2019-11-09',65,1,'tablet'),(499,1,'2019-11-09',65,1,'tablet'),(500,1,'2019-11-10',5,2,'mobile'),(501,1,'2019-11-11',1,1,'mobile'),(502,1,'2019-11-11',16,7,'desktop'),(503,1,'2019-11-12',15,4,'desktop'),(504,1,'2019-11-12',5,3,'mobile'),(505,1,'2019-11-12',5,5,'tablet'),(506,3,'2019-11-12',2,1,'mobile'),(507,1,'2019-11-13',16,10,'desktop'),(508,1,'2019-11-13',3,2,'mobile'),(509,3,'2019-11-13',10,1,'desktop'),(510,1,'2019-11-13',2,1,'tablet'),(511,3,'2019-11-13',24,1,'tablet'),(512,1,'2019-11-14',44,8,'desktop'),(513,3,'2019-11-14',8,2,'desktop'),(514,1,'2019-11-14',21,4,'mobile'),(515,3,'2019-11-14',9,1,'mobile'),(516,1,'2019-11-15',18,8,'desktop'),(517,1,'2019-11-15',4,2,'mobile'),(518,1,'2019-11-15',2,2,'tablet'),(519,1,'2019-11-16',6,3,'desktop'),(520,3,'2019-11-16',65,1,'tablet'),(521,1,'2019-11-16',65,1,'tablet'),(522,1,'2019-11-17',6,4,'desktop'),(523,1,'2019-11-17',4,4,'mobile'),(524,3,'2019-11-17',4,1,'mobile'),(525,1,'2019-11-18',19,7,'desktop'),(526,3,'2019-11-18',13,1,'desktop'),(527,1,'2019-11-18',2,1,'mobile'),(528,1,'2019-11-19',9,7,'mobile'),(529,3,'2019-11-19',2,1,'mobile'),(530,1,'2019-11-19',8,5,'desktop'),(531,1,'2019-11-20',10,9,'tablet'),(532,1,'2019-11-20',1,1,'mobile'),(533,1,'2019-11-20',19,7,'desktop'),(534,3,'2019-11-20',2,1,'tablet'),(535,1,'2019-11-21',8,7,'desktop'),(536,1,'2019-11-21',2,2,'mobile'),(537,1,'2019-11-22',6,1,'mobile'),(538,1,'2019-11-22',9,4,'desktop'),(539,1,'2019-11-22',12,10,'tablet'),(540,3,'2019-11-23',65,1,'tablet'),(541,1,'2019-11-23',66,1,'tablet'),(542,1,'2019-11-24',1,1,'mobile'),(543,1,'2019-11-24',2,1,'tablet'),(544,1,'2019-11-24',1,1,'desktop'),(545,3,'2019-11-24',2,1,'desktop'),(546,3,'2019-11-25',16,1,'desktop'),(547,1,'2019-11-25',1,1,'mobile'),(548,1,'2019-11-25',29,6,'desktop'),(549,1,'2019-11-25',6,2,'tablet'),(550,1,'2019-11-26',26,8,'desktop'),(551,1,'2019-11-26',10,8,'tablet'),(552,1,'2019-11-27',24,7,'desktop'),(553,1,'2019-11-27',4,2,'mobile'),(554,1,'2019-11-28',10,6,'desktop'),(555,3,'2019-11-28',7,1,'desktop'),(556,1,'2019-11-28',1,1,'mobile'),(557,1,'2019-11-29',4,3,'desktop'),(558,3,'2019-11-29',2,1,'desktop'),(559,1,'2019-11-29',3,3,'mobile'),(560,1,'2019-11-29',5,5,'tablet'),(561,3,'2019-11-30',65,1,'tablet'),(562,1,'2019-11-30',68,4,'tablet'),(563,1,'2019-12-01',3,3,'desktop'),(564,1,'2019-12-01',3,2,'mobile'),(565,1,'2019-12-02',4,4,'mobile'),(566,1,'2019-12-02',15,6,'desktop'),(567,3,'2019-12-02',6,1,'desktop'),(568,1,'2019-12-03',1,1,'mobile'),(569,1,'2019-12-03',18,6,'desktop'),(570,1,'2019-12-04',5,5,'tablet'),(571,1,'2019-12-04',4,4,'desktop'),(572,3,'2019-12-04',3,1,'desktop'),(573,1,'2019-12-05',8,4,'mobile'),(574,1,'2019-12-05',3,2,'desktop'),(575,1,'2019-12-05',8,1,'tablet'),(576,1,'2019-12-06',6,5,'desktop'),(577,3,'2019-12-06',22,1,'desktop'),(578,1,'2019-12-07',4,4,'desktop'),(579,3,'2019-12-07',65,1,'tablet'),(580,1,'2019-12-07',75,10,'tablet'),(581,1,'2019-12-08',1,1,'mobile'),(582,1,'2019-12-08',2,2,'tablet'),(583,1,'2019-12-09',9,6,'desktop'),(584,1,'2019-12-10',4,3,'mobile'),(585,3,'2019-12-10',23,1,'mobile'),(586,1,'2019-12-10',11,4,'desktop'),(587,3,'2019-12-10',18,1,'desktop'),(588,1,'2019-12-11',21,6,'desktop'),(589,1,'2019-12-11',7,5,'mobile'),(590,1,'2019-12-12',6,5,'desktop'),(591,3,'2019-12-12',11,1,'desktop'),(592,1,'2019-12-12',2,1,'tablet'),(593,1,'2019-12-13',3,3,'desktop'),(594,1,'2019-12-13',2,2,'mobile'),(595,1,'2019-12-14',10,3,'desktop'),(596,1,'2019-12-14',68,3,'tablet'),(597,3,'2019-12-14',65,1,'tablet'),(598,1,'2019-12-15',6,2,'mobile'),(599,1,'2019-12-15',1,1,'desktop'),(600,1,'2019-12-15',3,2,'tablet'),(601,1,'2019-12-16',12,4,'desktop'),(602,1,'2019-12-17',4,4,'desktop'),(603,1,'2019-12-17',2,2,'mobile'),(604,3,'2019-12-17',7,1,'mobile'),(605,1,'2019-12-18',3,2,'mobile'),(606,1,'2019-12-18',40,17,'tablet'),(607,1,'2019-12-18',13,6,'desktop'),(608,3,'2019-12-18',13,1,'desktop'),(609,1,'2019-12-19',12,3,'mobile'),(610,1,'2019-12-19',1,1,'desktop'),(611,1,'2019-12-19',1,1,'tablet'),(612,1,'2019-12-20',8,2,'desktop'),(613,3,'2019-12-20',1,1,'desktop'),(614,1,'2019-12-20',1,1,'mobile'),(615,1,'2019-12-21',1,1,'desktop'),(616,1,'2019-12-21',65,1,'tablet'),(617,3,'2019-12-21',65,1,'tablet'),(618,1,'2019-12-22',2,2,'desktop'),(619,1,'2019-12-22',1,1,'mobile'),(620,1,'2019-12-23',12,3,'mobile'),(621,3,'2019-12-23',5,1,'mobile'),(622,3,'2019-12-23',3,1,'desktop'),(623,1,'2019-12-23',1,1,'desktop'),(624,1,'2019-12-25',1,1,'mobile'),(625,1,'2019-12-25',6,3,'desktop'),(626,3,'2019-12-25',3,1,'desktop'),(627,1,'2019-12-26',2,2,'desktop'),(628,1,'2019-12-26',1,1,'mobile'),(629,1,'2019-12-27',7,6,'tablet'),(630,1,'2019-12-27',2,2,'desktop'),(631,1,'2019-12-28',2,2,'desktop'),(632,3,'2019-12-28',5,1,'desktop'),(633,1,'2019-12-28',66,2,'tablet'),(634,3,'2019-12-28',65,1,'tablet'),(635,1,'2019-12-28',2,2,'mobile'),(636,1,'2019-12-29',3,2,'desktop'),(637,1,'2019-12-30',3,3,'mobile'),(638,1,'2019-12-30',7,2,'desktop'),(639,3,'2019-12-30',5,2,'desktop'),(640,1,'2019-12-31',1,1,'tablet'),(641,1,'2019-12-31',2,2,'desktop'),(642,1,'2020-01-01',3,2,'tablet'),(643,1,'2020-01-01',2,2,'desktop'),(644,1,'2020-01-01',4,2,'mobile'),(645,1,'2020-01-02',4,4,'desktop'),(646,1,'2020-01-02',8,4,'mobile'),(647,3,'2020-01-02',4,1,'desktop'),(648,1,'2020-01-02',1,1,'tablet'),(649,1,'2020-01-03',10,4,'desktop'),(650,3,'2020-01-03',3,1,'desktop'),(651,1,'2020-01-04',2,2,'desktop'),(652,3,'2020-01-04',2,1,'desktop'),(653,1,'2020-01-04',65,1,'tablet'),(654,3,'2020-01-04',65,1,'tablet'),(655,1,'2020-01-05',4,4,'desktop'),(656,1,'2020-01-05',2,2,'mobile'),(657,3,'2020-01-05',2,1,'desktop'),(658,1,'2020-01-05',1,1,'tablet'),(659,1,'2020-01-06',30,2,'desktop'),(660,3,'2020-01-06',2,2,'desktop'),(661,1,'2020-01-06',1,1,'tablet'),(662,1,'2020-01-07',6,5,'desktop'),(663,3,'2020-01-07',9,1,'desktop'),(664,1,'2020-01-07',3,2,'tablet'),(665,3,'2020-01-07',3,1,'tablet'),(666,3,'2020-01-08',34,1,'desktop'),(667,1,'2020-01-08',47,10,'desktop'),(668,1,'2020-01-08',7,2,'mobile'),(669,1,'2020-01-08',4,2,'tablet'),(670,3,'2020-01-09',10,2,'desktop'),(671,1,'2020-01-09',8,7,'desktop'),(672,1,'2020-01-09',3,1,'tablet'),(673,1,'2020-01-09',3,1,'mobile'),(674,1,'2020-01-09',3,1,'mobile'),(675,1,'2020-01-10',2,1,'tablet'),(676,1,'2020-01-10',21,6,'desktop'),(677,3,'2020-01-10',30,1,'desktop'),(678,1,'2020-01-10',10,3,'mobile'),(679,1,'2020-01-11',16,8,'mobile'),(680,1,'2020-01-11',65,1,'tablet'),(681,3,'2020-01-11',65,1,'tablet'),(682,3,'2020-01-11',8,1,'mobile'),(683,1,'2020-01-11',7,1,'desktop'),(684,1,'2020-01-12',2,2,'desktop'),(685,3,'2020-01-13',1,1,'desktop'),(686,1,'2020-01-13',2,1,'desktop');

--
-- Table structure for table `s_user`
--

CREATE TABLE `s_user` (
  `id` int(11) NOT NULL AUTO_INCREMENT,
  `password` varchar(1024) COLLATE utf8_unicode_ci NOT NULL,
  `encoder` varchar(255) COLLATE utf8_unicode_ci NOT NULL DEFAULT 'md5',
  `email` varchar(70) COLLATE utf8_unicode_ci NOT NULL,
  `active` int(1) NOT NULL DEFAULT '0',
  `accountmode` int(11) NOT NULL,
  `confirmationkey` varchar(100) COLLATE utf8_unicode_ci NOT NULL,
  `paymentID` int(11) NOT NULL DEFAULT '0',
  `doubleOptinRegister` tinyint(1) DEFAULT '0',
  `doubleOptinEmailSentDate` datetime DEFAULT NULL,
  `doubleOptinConfirmDate` datetime DEFAULT NULL,
  `firstlogin` date NOT NULL DEFAULT '0000-00-00',
  `lastlogin` datetime NOT NULL DEFAULT '0000-00-00 00:00:00',
  `sessionID` varchar(128) COLLATE utf8_unicode_ci DEFAULT NULL,
  `newsletter` int(1) NOT NULL DEFAULT '0',
  `validation` varchar(255) COLLATE utf8_unicode_ci NOT NULL DEFAULT '0',
  `affiliate` int(10) NOT NULL DEFAULT '0',
  `customergroup` varchar(15) COLLATE utf8_unicode_ci NOT NULL,
  `paymentpreset` int(11) NOT NULL,
  `language` varchar(10) COLLATE utf8_unicode_ci NOT NULL,
  `subshopID` int(11) NOT NULL,
  `referer` varchar(255) COLLATE utf8_unicode_ci NOT NULL,
  `pricegroupID` int(11) unsigned DEFAULT NULL,
  `internalcomment` mediumtext COLLATE utf8_unicode_ci NOT NULL,
  `failedlogins` int(11) NOT NULL,
  `lockeduntil` datetime DEFAULT NULL,
  `default_billing_address_id` int(11) DEFAULT NULL,
  `default_shipping_address_id` int(11) DEFAULT NULL,
  `title` varchar(100) COLLATE utf8_unicode_ci DEFAULT NULL,
  `salutation` varchar(30) COLLATE utf8_unicode_ci DEFAULT NULL,
  `firstname` varchar(255) COLLATE utf8_unicode_ci DEFAULT NULL,
  `lastname` varchar(255) COLLATE utf8_unicode_ci DEFAULT NULL,
  `birthday` date DEFAULT NULL,
  `customernumber` varchar(30) COLLATE utf8_unicode_ci DEFAULT NULL,
  `login_token` varchar(250) COLLATE utf8_unicode_ci DEFAULT NULL,
  `changed` datetime DEFAULT NULL,
  PRIMARY KEY (`id`),
  KEY `email` (`email`),
  KEY `sessionID` (`sessionID`),
  KEY `firstlogin` (`firstlogin`),
  KEY `lastlogin` (`lastlogin`),
  KEY `pricegroupID` (`pricegroupID`),
  KEY `customergroup` (`customergroup`),
  KEY `validation` (`validation`),
  KEY `default_billing_address_id` (`default_billing_address_id`),
  KEY `default_shipping_address_id` (`default_shipping_address_id`)
) ENGINE=InnoDB AUTO_INCREMENT=23 DEFAULT CHARSET=utf8 COLLATE=utf8_unicode_ci;

--
-- Dumping data for table `s_user`
--

INSERT INTO `s_user` VALUES (1,'$2y$10$06JUw.zWDQFSP3vAkB59Vu5DcAtMKH1DqgzmKRSg40Re063CN1TEa','bcrypt','christopher.stahl@dupp.de',1,1,'',5,NULL,NULL,NULL,'2019-03-06','2019-03-06 13:04:07','5a2f74dfa990d975fd90fbeb01a18d73',0,'',0,'EK',0,'1',1,'',NULL,'',0,NULL,1,1,'','mr','Christopher','Stahl',NULL,'20003','d917eb9f-d257-4a7f-9a6a-bd7d5299a68a.1','2019-03-06 14:04:07'),(2,'$2y$10$xCnwzr3Xkp6/ow3/HKVRDugY/6XlssVRR55WInqa1YFxDy/OzKhVm','bcrypt','bortey@merx-gmbh.com',1,1,'',5,NULL,NULL,NULL,'2019-04-11','2019-04-11 04:57:55','b39d959717435489679cfa7d1ace68d9',0,'',0,'EK',0,'1',1,'',NULL,'',0,NULL,2,2,'','mr','Maurice','Bortey',NULL,'20004','49ebd781-7898-4a79-add4-92880325add0.1','2019-04-11 06:57:55'),(3,'$2y$10$W3g9RxxOUaDQjGDUIwUxEuuG6i0ziDWNGwelSBAnxKTqiTjAvd7MK','bcrypt','info@merx-gmbh.com',1,1,'',5,NULL,NULL,NULL,'2019-05-13','2019-05-13 11:26:11','a47b1fdcd3998015f2f3671193768dba',0,'',0,'EK',0,'1',1,'',NULL,'',0,NULL,3,3,'','mr','Maurice','Bortey',NULL,'20005','2084750b-e832-408b-b418-d9e78ff147bd.1','2019-05-13 13:26:11'),(4,'$2y$10$lylcUTTtQNMWcUAj2M.6KefQrZb.DpVB7l.qrjFkQs709r5pCq8Dq','bcrypt','blabla@blupp.de',1,1,'',5,NULL,NULL,NULL,'2019-05-13','2019-05-13 11:48:28','a47b1fdcd3998015f2f3671193768dba',0,'',0,'EK',0,'1',1,'',NULL,'',0,NULL,4,4,'','mr','Peter','Klöppel',NULL,'20006','806832c8-ea39-438f-96c2-bd1b10a48e03.1','2019-05-13 13:48:28'),(5,'$2y$10$4qpGqBjwpJO7w.g9Kn8CmeiOs69PzyHBBFGdxyq6VTtra0.hqrj9O','bcrypt','info@merx-gmbh.com',1,1,'',5,NULL,NULL,NULL,'2019-06-03','2019-06-03 11:56:13','08cfb939fb50f4e5e5bc53d6b4c5c5e2',0,'',0,'EK',0,'1',1,'',NULL,'',0,NULL,5,5,'','mr','Maurice','Bortey',NULL,'20007','dad1c59b-b030-44d4-bb76-177ea2f9f893.1','2019-06-03 13:56:13'),(6,'$2y$10$lCZzn8x79sxTF2nu3Ciaje311U7YKWMq30IupL8IE9ftGK7Khd4K2','bcrypt','info@merx-gmbh.com',1,1,'',5,NULL,NULL,NULL,'2019-06-04','2019-06-04 07:01:30','08cfb939fb50f4e5e5bc53d6b4c5c5e2',0,'',0,'EK',0,'1',1,'',NULL,'',0,NULL,6,6,'','mr','Maurice','Bortey',NULL,'20008','60d601cd-e33d-47f1-bcfe-2b60667911bf.1','2019-06-04 09:01:30'),(7,'$2y$10$8c8N0cWrDU8noiGWLKa/f.rtqButcTbt33WGPqp0J2yyFCZvxLr.W','bcrypt','bortey@merx-gmbh.com',1,1,'',5,NULL,NULL,NULL,'2019-06-08','2019-06-08 09:07:31','c1530652952c4dd0126930bc710c0e4e',0,'',0,'EK',0,'1',1,'',NULL,'',0,NULL,7,7,'','mr','Maurice','Bortey',NULL,'20009','4e8ede4d-d6c4-4102-b110-133afabe9473.1','2019-06-08 11:07:31'),(8,'$2y$10$FH.aS.qwEXFQ3a2xC6YgF..LgW3NHyp22ZQmH.vpcU4TzbFvSZ3.q','bcrypt','decher@merx-gmbh.com',1,1,'',5,NULL,NULL,NULL,'2019-06-08','2019-06-08 09:09:34','c1530652952c4dd0126930bc710c0e4e',0,'',0,'EK',0,'1',1,'',NULL,'',0,NULL,8,8,'','mr','Oliver','Decher',NULL,'20010','4d935fab-05ab-4eaf-9830-07218f5e816b.1','2019-06-08 11:09:33'),(9,'$2y$10$OV8LOeoXPaYiy5Fim6nfNeWh2bjxLnVBr40WTv5EFzHaMu9szZ0KK','bcrypt','davani@dem.com',1,1,'',5,NULL,NULL,NULL,'2019-06-08','2019-06-08 09:15:07','c1530652952c4dd0126930bc710c0e4e',0,'',0,'EK',0,'1',1,'',NULL,'',0,NULL,9,9,'','mr','Keyvan','Davani',NULL,'20011','54bbc9c8-1605-408b-b70e-d7cc65187d97.1','2019-06-08 11:15:06'),(10,'$2y$10$igx0EN1G8uqcuFmfqy4LHuslIM.r1j6eLmJ1H5fmpGXrQPPXs6EaW','bcrypt','bortey@merx-gmbh.com',1,0,'',5,1,'2019-06-19 19:41:51','2019-06-19 19:42:20','2019-06-19','2019-07-12 07:19:05','199c29a9ce79ba85599a750b50365afb',0,'',0,'EK',0,'1',1,'',NULL,'',0,NULL,10,11,NULL,'mr','Maurice','Bortey',NULL,'20012','6db7969f-9f64-4494-8842-fbbb214ae93f.1','2019-06-19 19:42:20'),(16,'$2y$10$.cnVOHFRd367LEEn/DL1BuuQBONTUGlWXUJT7lOaQ5BTBpmuunSQK','bcrypt','decher@merx-gmbh.com',1,1,'',5,NULL,NULL,NULL,'2019-09-03','2019-09-03 09:28:22','752f336369ff805c5158178d67e5b59d',0,'',0,'EK',0,'1',1,'',NULL,'',0,NULL,12,12,'','mr','Oliver','Decher',NULL,'20013','e5e3d9b6-8b53-4be1-965b-400c772c2767.1','2019-09-03 11:28:22'),(17,'$2y$10$jPfZT0jC9bNjOJC1O8GdEensn0EqFHFIOM90wAtBhEZ8yaiVf64va','bcrypt','decher@merx-gmbh.com',1,1,'',5,NULL,NULL,NULL,'2019-09-04','2019-09-04 08:31:08','2cfc0970315d842a0e86e647a156e572',0,'',0,'EK',0,'1',1,'',NULL,'',0,NULL,13,13,'','mr','Oliver','Decher',NULL,'20014','72b09bdf-de2d-4061-a9d8-4b260691a4ea.1','2019-09-04 10:31:08'),(18,'$2y$10$nquNt0Miri3eT/gqe2UXoOeOBEtaSwkcdJtr9E.4f7wggDtOIgiRO','bcrypt','lukaperpar@yahoo.com',1,1,'',5,NULL,NULL,NULL,'2019-09-04','2019-09-04 17:18:22','3b81536146a2000c2e08a078957aee06',0,'',0,'EK',0,'1',1,'',NULL,'',0,NULL,14,14,'','mr','Luka','Perpar Samsa',NULL,'20015','45dcbe12-f0ff-4ff5-808f-45e588851602.1','2019-09-04 19:18:22'),(19,'$2y$10$To.XRdzDHdVeHfhfKxByxe4bfux16Z5VwuCMvHQltguTY2jF3HtPa','bcrypt','mark@drinksoma.co.za',1,1,'',5,NULL,NULL,NULL,'2019-11-18','2019-11-18 10:35:27','98a3807b4b4e5a0eac3e2c030c907b17',0,'',0,'EK',0,'1',1,'',NULL,'',0,NULL,15,15,'','mr','Mark','Naude',NULL,'20016','a3722568-f01f-4f18-b53f-27880b0333d1.1','2019-11-18 11:35:27'),(20,'$2y$10$634Kb.haFZdcOmTqH6iLw.X/hy6QAMdBOmQXrDmAH4abikMOJldwq','bcrypt','maxim.kuzlyakin@mols.kz',1,1,'',5,NULL,NULL,NULL,'2019-12-06','2019-12-06 10:53:48','ea3898e4764a001689a792ad2605dcb1',0,'',0,'EK',0,'1',1,'',NULL,'',0,NULL,16,16,'','mr','Maxim','Kuzlyakin',NULL,'20017','2839cad3-615e-4514-9ff7-8b8995389a05.1','2019-12-06 11:53:48'),(21,'$2y$10$vUnWmqjxEbR3Z1H0QXWX6OgtPZ/esSKBaPJfAZNBlri2Rj7i60yPC','bcrypt','maxim.kuzlyakin@mols.kz',1,1,'',5,NULL,NULL,NULL,'2019-12-06','2019-12-06 10:58:01','ea3898e4764a001689a792ad2605dcb1',0,'',0,'EK',0,'1',1,'',NULL,'',0,NULL,17,17,'','mr','Maxim','Kuzlyakin',NULL,'20018','7b79ec32-0f10-42b0-90cb-ccb5122f8006.1','2019-12-06 11:58:01'),(22,'$2y$10$hIaTSs6TgPywqf2qYy/XF.vMC.LYtewDl5siJv9SHvCQXKncw3Q3u','bcrypt','maxim.kuzlyakin@mols.kz',1,1,'',5,NULL,NULL,NULL,'2019-12-10','2019-12-10 11:01:59','52e6517e03410eac042b233aceccae55',0,'',0,'EK',0,'1',1,'',NULL,'',0,NULL,18,18,'','mr','Maxim','Kuzlyakin',NULL,'20019','e53cc4b8-7b6c-41fd-81d3-c7d7c97077c4.1','2019-12-10 12:01:59');

--
-- Table structure for table `s_user_addresses`
--

CREATE TABLE `s_user_addresses` (
  `id` int(11) NOT NULL AUTO_INCREMENT,
  `user_id` int(11) NOT NULL,
  `company` varchar(255) COLLATE utf8_unicode_ci DEFAULT NULL,
  `department` varchar(35) COLLATE utf8_unicode_ci DEFAULT NULL,
  `salutation` varchar(30) COLLATE utf8_unicode_ci NOT NULL,
  `title` varchar(100) COLLATE utf8_unicode_ci DEFAULT NULL,
  `firstname` varchar(50) COLLATE utf8_unicode_ci NOT NULL,
  `lastname` varchar(60) COLLATE utf8_unicode_ci NOT NULL,
  `street` varchar(255) COLLATE utf8_unicode_ci DEFAULT NULL,
  `zipcode` varchar(50) COLLATE utf8_unicode_ci NOT NULL,
  `city` varchar(70) COLLATE utf8_unicode_ci NOT NULL,
  `country_id` int(11) NOT NULL,
  `state_id` int(11) DEFAULT NULL,
  `ustid` varchar(50) COLLATE utf8_unicode_ci DEFAULT NULL,
  `phone` varchar(40) COLLATE utf8_unicode_ci DEFAULT NULL,
  `additional_address_line1` varchar(255) COLLATE utf8_unicode_ci DEFAULT NULL,
  `additional_address_line2` varchar(255) COLLATE utf8_unicode_ci DEFAULT NULL,
  PRIMARY KEY (`id`),
  KEY `user_id` (`user_id`),
  KEY `country_id` (`country_id`),
  KEY `state_id` (`state_id`),
  CONSTRAINT `s_user_addresses_ibfk_1` FOREIGN KEY (`country_id`) REFERENCES `s_core_countries` (`id`) ON UPDATE CASCADE,
  CONSTRAINT `s_user_addresses_ibfk_2` FOREIGN KEY (`state_id`) REFERENCES `s_core_countries_states` (`id`) ON DELETE SET NULL ON UPDATE CASCADE,
  CONSTRAINT `s_user_addresses_ibfk_3` FOREIGN KEY (`user_id`) REFERENCES `s_user` (`id`) ON DELETE CASCADE ON UPDATE CASCADE
) ENGINE=InnoDB AUTO_INCREMENT=19 DEFAULT CHARSET=utf8 COLLATE=utf8_unicode_ci;

--
-- Dumping data for table `s_user_addresses`
--

INSERT INTO `s_user_addresses` VALUES (1,1,NULL,NULL,'mr',NULL,'Christopher','Stahl',' ',' ',' ',2,NULL,NULL,'0277392090',NULL,NULL),(2,2,NULL,NULL,'mr',NULL,'Maurice','Bortey','Raboisen','20095','Hamburg',2,NULL,NULL,'040 469667883',NULL,NULL),(3,3,NULL,NULL,'mr',NULL,'Maurice','Bortey','Raboisen, 16','20095','Hamburg',2,NULL,NULL,'469667880',NULL,NULL),(4,4,NULL,NULL,'mr',NULL,'Peter','Klöppel','Knübbelstraße','11111','Deutsch',2,NULL,NULL,'',NULL,NULL),(5,5,NULL,NULL,'mr',NULL,'Maurice','Bortey','Raboisen, 16','20095','Hamburg',2,NULL,NULL,'469667880',NULL,NULL),(6,6,NULL,NULL,'mr',NULL,'Maurice','Bortey','Raboisen, 16','20095','Hamburg',2,NULL,NULL,'469667880',NULL,NULL),(7,7,NULL,NULL,'mr',NULL,'Maurice','Bortey','Raboisen 16','20095','Hamburg',2,NULL,NULL,'',NULL,NULL),(8,8,NULL,NULL,'mr',NULL,'Oliver','Decher','Musterstraße 14','22586','Hamburg',2,NULL,NULL,'',NULL,NULL),(9,9,NULL,NULL,'mr',NULL,'Keyvan','Davani','Moos Straße 35','13695','Berlin',2,NULL,NULL,'',NULL,NULL),(10,10,'Merx Handel & Industrie GmbH','Operation','mr',NULL,'Maurice','Bortey','Raboisen, 16','20095','Hamburg',2,NULL,NULL,NULL,NULL,NULL),(11,10,'Merx Handel & Industrie GmbH',NULL,'mr',NULL,'Maurice','Bortey','Soltauer Straße 36','27432','Visselhövede',2,NULL,NULL,NULL,NULL,NULL),(12,16,NULL,NULL,'mr',NULL,'Oliver','Decher','raboisen 16','20095','Hamburg',2,NULL,NULL,'0125421254142',NULL,NULL),(13,17,NULL,NULL,'mr',NULL,'Oliver','Decher','raboisen 16','20095','Hamburg',2,NULL,NULL,'017644559851',NULL,NULL),(14,18,NULL,NULL,'mr',NULL,'Luka','Perpar Samsa','Ljubljanska 18','1351','Brezovica',2,NULL,NULL,'',NULL,NULL),(15,19,NULL,NULL,'mr',NULL,'Mark','Naude','Unit 7 Waterstone, 61 Capricorn Drive, Capricorn Park','7945','Cape Town',2,NULL,NULL,'+27736464425',NULL,NULL),(16,20,NULL,NULL,'mr',NULL,'Maxim','Kuzlyakin','Akhremenko Street, 15','150010','Petropavlovsk',2,NULL,NULL,'+77057560600',NULL,NULL),(17,21,NULL,NULL,'mr',NULL,'Maxim','Kuzlyakin','Akhremenko Street, 15','150010','Petropavlovsk',2,NULL,NULL,'+77057560600',NULL,NULL),(18,22,NULL,NULL,'mr',NULL,'Maxim','Kuzlyakin','Akhremenko Street, 15','150010','Petropavlovsk',2,NULL,NULL,'+77057560600',NULL,NULL);

--
-- Table structure for table `s_user_addresses_attributes`
--

CREATE TABLE `s_user_addresses_attributes` (
  `id` int(11) NOT NULL AUTO_INCREMENT,
  `address_id` int(11) NOT NULL,
  `text1` text COLLATE utf8_unicode_ci,
  `text2` text COLLATE utf8_unicode_ci,
  `text3` text COLLATE utf8_unicode_ci,
  `text4` text COLLATE utf8_unicode_ci,
  `text5` text COLLATE utf8_unicode_ci,
  `text6` text COLLATE utf8_unicode_ci,
  PRIMARY KEY (`id`),
  UNIQUE KEY `address_id` (`address_id`),
  CONSTRAINT `s_user_addresses_attributes_ibfk_1` FOREIGN KEY (`address_id`) REFERENCES `s_user_addresses` (`id`) ON DELETE CASCADE ON UPDATE NO ACTION
) ENGINE=InnoDB AUTO_INCREMENT=19 DEFAULT CHARSET=utf8 COLLATE=utf8_unicode_ci;

--
-- Dumping data for table `s_user_addresses_attributes`
--

INSERT INTO `s_user_addresses_attributes` VALUES (1,1,NULL,NULL,NULL,NULL,NULL,NULL),(2,2,NULL,NULL,NULL,NULL,NULL,NULL),(3,3,NULL,NULL,NULL,NULL,NULL,NULL),(4,4,NULL,NULL,NULL,NULL,NULL,NULL),(5,5,NULL,NULL,NULL,NULL,NULL,NULL),(6,6,NULL,NULL,NULL,NULL,NULL,NULL),(7,7,NULL,NULL,NULL,NULL,NULL,NULL),(8,8,NULL,NULL,NULL,NULL,NULL,NULL),(9,9,NULL,NULL,NULL,NULL,NULL,NULL),(10,10,NULL,NULL,NULL,NULL,NULL,NULL),(11,11,NULL,NULL,NULL,NULL,NULL,NULL),(12,12,NULL,NULL,NULL,NULL,NULL,NULL),(13,13,NULL,NULL,NULL,NULL,NULL,NULL),(14,14,NULL,NULL,NULL,NULL,NULL,NULL),(15,15,NULL,NULL,NULL,NULL,NULL,NULL),(16,16,NULL,NULL,NULL,NULL,NULL,NULL),(17,17,NULL,NULL,NULL,NULL,NULL,NULL),(18,18,NULL,NULL,NULL,NULL,NULL,NULL);

--
-- Table structure for table `s_user_attributes`
--

CREATE TABLE `s_user_attributes` (
  `id` int(11) NOT NULL AUTO_INCREMENT,
  `userID` int(11) DEFAULT NULL,
  PRIMARY KEY (`id`),
  UNIQUE KEY `userID` (`userID`),
  CONSTRAINT `s_user_attributes_ibfk_1` FOREIGN KEY (`userID`) REFERENCES `s_user` (`id`) ON DELETE CASCADE ON UPDATE NO ACTION
) ENGINE=InnoDB AUTO_INCREMENT=2 DEFAULT CHARSET=utf8 COLLATE=utf8_unicode_ci;

--
-- Dumping data for table `s_user_attributes`
--

INSERT INTO `s_user_attributes` VALUES (1,10);

--
-- Table structure for table `s_user_billingaddress`
--

CREATE TABLE `s_user_billingaddress` (
  `id` int(11) NOT NULL AUTO_INCREMENT,
  `userID` int(11) NOT NULL DEFAULT '0',
  `company` varchar(255) COLLATE utf8_unicode_ci NOT NULL,
  `department` varchar(35) COLLATE utf8_unicode_ci NOT NULL,
  `salutation` varchar(30) COLLATE utf8_unicode_ci NOT NULL,
  `firstname` varchar(50) COLLATE utf8_unicode_ci NOT NULL,
  `lastname` varchar(60) COLLATE utf8_unicode_ci NOT NULL,
  `street` varchar(255) COLLATE utf8_unicode_ci DEFAULT NULL,
  `zipcode` varchar(50) COLLATE utf8_unicode_ci NOT NULL,
  `city` varchar(70) COLLATE utf8_unicode_ci NOT NULL,
  `phone` varchar(40) COLLATE utf8_unicode_ci NOT NULL,
  `countryID` int(11) NOT NULL DEFAULT '0',
  `stateID` int(11) DEFAULT NULL,
  `ustid` varchar(50) COLLATE utf8_unicode_ci DEFAULT NULL,
  `additional_address_line1` varchar(255) COLLATE utf8_unicode_ci DEFAULT NULL,
  `additional_address_line2` varchar(255) COLLATE utf8_unicode_ci DEFAULT NULL,
  `title` varchar(100) COLLATE utf8_unicode_ci DEFAULT NULL,
  PRIMARY KEY (`id`),
  UNIQUE KEY `userID` (`userID`)
) ENGINE=InnoDB DEFAULT CHARSET=utf8 COLLATE=utf8_unicode_ci;

--
-- Dumping data for table `s_user_billingaddress`
--


--
-- Table structure for table `s_user_billingaddress_attributes`
--

CREATE TABLE `s_user_billingaddress_attributes` (
  `id` int(11) NOT NULL AUTO_INCREMENT,
  `billingID` int(11) DEFAULT NULL,
  `text1` text COLLATE utf8_unicode_ci,
  `text2` text COLLATE utf8_unicode_ci,
  `text3` text COLLATE utf8_unicode_ci,
  `text4` text COLLATE utf8_unicode_ci,
  `text5` text COLLATE utf8_unicode_ci,
  `text6` text COLLATE utf8_unicode_ci,
  PRIMARY KEY (`id`),
  UNIQUE KEY `billingID` (`billingID`),
  CONSTRAINT `s_user_billingaddress_attributes_ibfk_1` FOREIGN KEY (`billingID`) REFERENCES `s_user_billingaddress` (`id`) ON DELETE CASCADE ON UPDATE NO ACTION
) ENGINE=InnoDB DEFAULT CHARSET=utf8 COLLATE=utf8_unicode_ci;

--
-- Dumping data for table `s_user_billingaddress_attributes`
--


--
-- Table structure for table `s_user_shippingaddress`
--

CREATE TABLE `s_user_shippingaddress` (
  `id` int(11) NOT NULL AUTO_INCREMENT,
  `userID` int(11) NOT NULL DEFAULT '0',
  `company` varchar(255) COLLATE utf8_unicode_ci NOT NULL,
  `department` varchar(35) COLLATE utf8_unicode_ci NOT NULL,
  `salutation` varchar(30) COLLATE utf8_unicode_ci NOT NULL,
  `firstname` varchar(50) COLLATE utf8_unicode_ci NOT NULL,
  `lastname` varchar(60) COLLATE utf8_unicode_ci NOT NULL,
  `street` varchar(255) COLLATE utf8_unicode_ci DEFAULT NULL,
  `zipcode` varchar(50) COLLATE utf8_unicode_ci NOT NULL,
  `city` varchar(70) COLLATE utf8_unicode_ci NOT NULL,
  `countryID` int(11) DEFAULT NULL,
  `stateID` int(11) DEFAULT NULL,
  `additional_address_line1` varchar(255) COLLATE utf8_unicode_ci DEFAULT NULL,
  `additional_address_line2` varchar(255) COLLATE utf8_unicode_ci DEFAULT NULL,
  `title` varchar(100) COLLATE utf8_unicode_ci DEFAULT NULL,
  PRIMARY KEY (`id`),
  UNIQUE KEY `userID` (`userID`)
) ENGINE=InnoDB DEFAULT CHARSET=utf8 COLLATE=utf8_unicode_ci;

--
-- Dumping data for table `s_user_shippingaddress`
--


--
-- Table structure for table `s_user_shippingaddress_attributes`
--

CREATE TABLE `s_user_shippingaddress_attributes` (
  `id` int(11) NOT NULL AUTO_INCREMENT,
  `shippingID` int(11) DEFAULT NULL,
  `text1` text COLLATE utf8_unicode_ci,
  `text2` text COLLATE utf8_unicode_ci,
  `text3` text COLLATE utf8_unicode_ci,
  `text4` text COLLATE utf8_unicode_ci,
  `text5` text COLLATE utf8_unicode_ci,
  `text6` text COLLATE utf8_unicode_ci,
  PRIMARY KEY (`id`),
  UNIQUE KEY `shippingID` (`shippingID`),
  CONSTRAINT `s_user_shippingaddress_attributes_ibfk_1` FOREIGN KEY (`shippingID`) REFERENCES `s_user_shippingaddress` (`id`) ON DELETE CASCADE ON UPDATE NO ACTION
) ENGINE=InnoDB DEFAULT CHARSET=utf8 COLLATE=utf8_unicode_ci;

--
-- Dumping data for table `s_user_shippingaddress_attributes`
--



