-- Table structure for table `s_order_basket_attributes`
--

CREATE TABLE `s_order_basket_attributes` (
  `id` int(11) NOT NULL AUTO_INCREMENT,
  `basketID` int(11) DEFAULT NULL,
  `attribute1` text COLLATE utf8_unicode_ci,
  `attribute2` text COLLATE utf8_unicode_ci,
  `attribute3` text COLLATE utf8_unicode_ci,
  `attribute4` text COLLATE utf8_unicode_ci,
  `attribute5` text COLLATE utf8_unicode_ci,
  `attribute6` text COLLATE utf8_unicode_ci,
  PRIMARY KEY (`id`),
  UNIQUE KEY `basketID` (`basketID`),
  CONSTRAINT `s_order_basket_attributes_ibfk_2` FOREIGN KEY (`basketID`) REFERENCES `s_order_basket` (`id`) ON DELETE CASCADE ON UPDATE NO ACTION
) ENGINE=InnoDB AUTO_INCREMENT=72 DEFAULT CHARSET=utf8 COLLATE=utf8_unicode_ci;

--
-- Dumping data for table `s_order_basket_attributes`
--

INSERT INTO `s_order_basket_attributes` VALUES (2,2,'',NULL,NULL,NULL,NULL,NULL),(3,3,'',NULL,NULL,NULL,NULL,NULL),(7,7,'',NULL,NULL,NULL,NULL,NULL),(8,8,'',NULL,NULL,NULL,NULL,NULL),(9,9,'',NULL,NULL,NULL,NULL,NULL),(10,10,'',NULL,NULL,NULL,NULL,NULL),(11,11,'',NULL,NULL,NULL,NULL,NULL),(12,12,'',NULL,NULL,NULL,NULL,NULL),(13,13,'',NULL,NULL,NULL,NULL,NULL),(14,14,'',NULL,NULL,NULL,NULL,NULL),(15,15,'',NULL,NULL,NULL,NULL,NULL),(16,16,'',NULL,NULL,NULL,NULL,NULL),(17,17,'',NULL,NULL,NULL,NULL,NULL),(18,18,'',NULL,NULL,NULL,NULL,NULL),(20,20,'',NULL,NULL,NULL,NULL,NULL),(22,22,'',NULL,NULL,NULL,NULL,NULL),(23,23,'',NULL,NULL,NULL,NULL,NULL),(24,24,'',NULL,NULL,NULL,NULL,NULL),(25,25,'',NULL,NULL,NULL,NULL,NULL),(26,26,'',NULL,NULL,NULL,NULL,NULL),(27,27,'',NULL,NULL,NULL,NULL,NULL),(31,31,'',NULL,NULL,NULL,NULL,NULL),(32,32,'',NULL,NULL,NULL,NULL,NULL),(44,44,'',NULL,NULL,NULL,NULL,NULL),(45,45,'',NULL,NULL,NULL,NULL,NULL),(46,46,'',NULL,NULL,NULL,NULL,NULL),(47,47,'',NULL,NULL,NULL,NULL,NULL),(48,48,'',NULL,NULL,NULL,NULL,NULL),(51,51,'',NULL,NULL,NULL,NULL,NULL),(52,52,'',NULL,NULL,NULL,NULL,NULL),(55,55,'',NULL,NULL,NULL,NULL,NULL),(56,56,'',NULL,NULL,NULL,NULL,NULL),(58,58,'',NULL,NULL,NULL,NULL,NULL),(59,59,'',NULL,NULL,NULL,NULL,NULL),(61,61,'',NULL,NULL,NULL,NULL,NULL),(62,62,'',NULL,NULL,NULL,NULL,NULL),(63,63,'',NULL,NULL,NULL,NULL,NULL),(65,65,'',NULL,NULL,NULL,NULL,NULL),(68,68,'',NULL,NULL,NULL,NULL,NULL),(69,69,'',NULL,NULL,NULL,NULL,NULL),(71,71,'',NULL,NULL,NULL,NULL,NULL);

--
-- Table structure for table `s_order_basket_signatures`
--

CREATE TABLE `s_order_basket_signatures` (
  `signature` varchar(200) COLLATE utf8_unicode_ci NOT NULL,
  `basket` longtext COLLATE utf8_unicode_ci NOT NULL,
  `created_at` date NOT NULL,
  PRIMARY KEY (`signature`),
  KEY `created_at` (`created_at`)
) ENGINE=InnoDB DEFAULT CHARSET=utf8 COLLATE=utf8_unicode_ci;

--
-- Dumping data for table `s_order_basket_signatures`
--


--
-- Table structure for table `s_order_billingaddress`
--

CREATE TABLE `s_order_billingaddress` (
  `id` int(11) NOT NULL AUTO_INCREMENT,
  `userID` int(11) DEFAULT NULL,
  `orderID` int(11) NOT NULL,
  `company` varchar(255) COLLATE utf8_unicode_ci NOT NULL,
  `department` varchar(35) COLLATE utf8_unicode_ci NOT NULL,
  `salutation` varchar(30) COLLATE utf8_unicode_ci NOT NULL,
  `customernumber` varchar(30) COLLATE utf8_unicode_ci DEFAULT NULL,
  `firstname` varchar(50) COLLATE utf8_unicode_ci NOT NULL,
  `lastname` varchar(60) COLLATE utf8_unicode_ci NOT NULL,
  `street` varchar(255) COLLATE utf8_unicode_ci DEFAULT NULL,
  `zipcode` varchar(50) COLLATE utf8_unicode_ci NOT NULL,
  `city` varchar(70) COLLATE utf8_unicode_ci NOT NULL,
  `phone` varchar(40) COLLATE utf8_unicode_ci NOT NULL,
  `countryID` int(11) NOT NULL DEFAULT '0',
  `stateID` int(11) DEFAULT NULL,
  `ustid` varchar(50) COLLATE utf8_unicode_ci DEFAULT NULL,
  `additional_address_line1` varchar(255) COLLATE utf8_unicode_ci DEFAULT NULL,
  `additional_address_line2` varchar(255) COLLATE utf8_unicode_ci DEFAULT NULL,
  `title` varchar(100) COLLATE utf8_unicode_ci DEFAULT NULL,
  PRIMARY KEY (`id`),
  UNIQUE KEY `orderID` (`orderID`),
  KEY `userid` (`userID`)
) ENGINE=InnoDB AUTO_INCREMENT=17 DEFAULT CHARSET=utf8 COLLATE=utf8_unicode_ci;

--
-- Dumping data for table `s_order_billingaddress`
--

INSERT INTO `s_order_billingaddress` VALUES (3,3,3,'Merx Handel & Industrie GmbH','','mr','20005','Maurice','Bortey','Raboisen, 16','20095','Hamburg','469667880',2,NULL,'',NULL,NULL,''),(4,4,4,'RTL','Arschfick','mr','20006','Peter','Klöppel','Knübbelstraße','11111','Deutsch','',2,NULL,'',NULL,NULL,''),(5,5,5,'Merx Handel & Industrie GmbH','','mr','20007','Maurice','Bortey','Raboisen, 16','20095','Hamburg','469667880',2,NULL,'',NULL,NULL,''),(6,6,6,'Mer','','mr','20008','Maurice','Bortey','Raboisen, 16','20095','Hamburg','469667880',2,NULL,'',NULL,NULL,''),(7,7,7,'Merx Handel & Industrie GmbH','','mr','20009','Maurice','Bortey','Raboisen 16','20095','Hamburg','',2,NULL,'',NULL,NULL,''),(8,8,8,'Decher Industries','','mr','20010','Oliver','Decher','Musterstraße 14','22586','Hamburg','',2,NULL,'',NULL,NULL,''),(9,9,9,'Davani Dairy Equipment and More Inc.','','mr','20011','Keyvan','Davani','Moos Straße 35','13695','Berlin','',2,NULL,'',NULL,NULL,''),(10,16,10,'Merx','Sales','mr','20013','Oliver','Decher','raboisen 16','20095','Hamburg','0125421254142',2,NULL,'',NULL,NULL,''),(11,17,11,'Merx','','mr','20014','Oliver','Decher','raboisen 16','20095','Hamburg','017644559851',2,NULL,'',NULL,NULL,''),(12,18,12,'Triveg d.o.o.','','mr','20015','Luka','Perpar Samsa','Ljubljanska 18','1351','Brezovica','',2,NULL,'',NULL,NULL,''),(13,19,13,'Soma Food Co. (Pty) Ltd','CEO','mr','20016','Mark','Naude','Unit 7 Waterstone, 61 Capricorn Drive, Capricorn Park','7945','Cape Town','+27736464425',2,NULL,'',NULL,NULL,''),(14,20,14,'TOO \"Molochniy Soyuz\"','Management','mr','20017','Maxim','Kuzlyakin','Akhremenko Street, 15','150010','Petropavlovsk','+77057560600',2,NULL,'',NULL,NULL,''),(15,21,15,'TOO \"Molochniy Soyuz\"','Management','mr','20018','Maxim','Kuzlyakin','Akhremenko Street, 15','150010','Petropavlovsk','+77057560600',2,NULL,'',NULL,NULL,''),(16,22,16,'TOO \"Molochniy Soyuz\"','','mr','20019','Maxim','Kuzlyakin','Akhremenko Street, 15','150010','Petropavlovsk','+77057560600',2,NULL,'',NULL,NULL,'');

--
-- Table structure for table `s_order_billingaddress_attributes`
--

CREATE TABLE `s_order_billingaddress_attributes` (
  `id` int(11) NOT NULL AUTO_INCREMENT,
  `billingID` int(11) DEFAULT NULL,
  `text1` text COLLATE utf8_unicode_ci,
  `text2` text COLLATE utf8_unicode_ci,
  `text3` text COLLATE utf8_unicode_ci,
  `text4` text COLLATE utf8_unicode_ci,
  `text5` text COLLATE utf8_unicode_ci,
  `text6` text COLLATE utf8_unicode_ci,
  PRIMARY KEY (`id`),
  UNIQUE KEY `billingID` (`billingID`),
  CONSTRAINT `s_order_billingaddress_attributes_ibfk_2` FOREIGN KEY (`billingID`) REFERENCES `s_order_billingaddress` (`id`) ON DELETE CASCADE ON UPDATE NO ACTION
) ENGINE=InnoDB AUTO_INCREMENT=17 DEFAULT CHARSET=utf8 COLLATE=utf8_unicode_ci;

--
-- Dumping data for table `s_order_billingaddress_attributes`
--

INSERT INTO `s_order_billingaddress_attributes` VALUES (3,3,NULL,NULL,NULL,NULL,NULL,NULL),(4,4,NULL,NULL,NULL,NULL,NULL,NULL),(5,5,NULL,NULL,NULL,NULL,NULL,NULL),(6,6,NULL,NULL,NULL,NULL,NULL,NULL),(7,7,NULL,NULL,NULL,NULL,NULL,NULL),(8,8,NULL,NULL,NULL,NULL,NULL,NULL),(9,9,NULL,NULL,NULL,NULL,NULL,NULL),(10,10,NULL,NULL,NULL,NULL,NULL,NULL),(11,11,NULL,NULL,NULL,NULL,NULL,NULL),(12,12,NULL,NULL,NULL,NULL,NULL,NULL),(13,13,NULL,NULL,NULL,NULL,NULL,NULL),(14,14,NULL,NULL,NULL,NULL,NULL,NULL),(15,15,NULL,NULL,NULL,NULL,NULL,NULL),(16,16,NULL,NULL,NULL,NULL,NULL,NULL);

--
-- Table structure for table `s_order_comparisons`
--

CREATE TABLE `s_order_comparisons` (
  `id` int(11) NOT NULL AUTO_INCREMENT,
  `sessionID` varchar(128) COLLATE utf8_unicode_ci DEFAULT NULL,
  `userID` int(11) NOT NULL DEFAULT '0',
  `articlename` varchar(255) COLLATE utf8_unicode_ci NOT NULL,
  `articleID` int(11) NOT NULL DEFAULT '0',
  `datum` datetime NOT NULL DEFAULT '0000-00-00 00:00:00',
  PRIMARY KEY (`id`),
  KEY `articleID` (`articleID`),
  KEY `sessionID` (`sessionID`),
  KEY `datum` (`datum`)
) ENGINE=InnoDB AUTO_INCREMENT=15 DEFAULT CHARSET=utf8 COLLATE=utf8_unicode_ci;

--
-- Dumping data for table `s_order_comparisons`
--

INSERT INTO `s_order_comparisons` VALUES (6,'7a8df0b13ba255406ef8ee8c1c84963f845130db014d7d69a9c854f910832078',0,'GEA Westfalia BUC 1500 - Buttermaschine',73,'2019-06-01 18:29:42'),(7,'7a8df0b13ba255406ef8ee8c1c84963f845130db014d7d69a9c854f910832078',0,'Simon Freres MB 5 - Buttermaschine',71,'2019-06-01 18:29:51'),(14,'2cfc0970315d842a0e86e647a156e572',0,'Stephan UMM/SK 40 E - Kutter',80,'2019-09-04 08:29:09');

--
-- Table structure for table `s_order_details`
--

CREATE TABLE `s_order_details` (
  `id` int(11) NOT NULL AUTO_INCREMENT,
  `orderID` int(11) NOT NULL DEFAULT '0',
  `ordernumber` varchar(255) COLLATE utf8_unicode_ci DEFAULT '',
  `articleID` int(11) NOT NULL DEFAULT '0',
  `articleordernumber` varchar(255) COLLATE utf8_unicode_ci NOT NULL,
  `price` double NOT NULL DEFAULT '0',
  `quantity` int(11) NOT NULL DEFAULT '0',
  `name` varchar(255) COLLATE utf8_unicode_ci NOT NULL,
  `status` int(1) NOT NULL DEFAULT '0',
  `shipped` int(11) NOT NULL DEFAULT '0',
  `shippedgroup` int(11) NOT NULL DEFAULT '0',
  `releasedate` date DEFAULT NULL,
  `modus` int(11) NOT NULL,
  `esdarticle` int(1) NOT NULL,
  `taxID` int(11) DEFAULT NULL,
  `tax_rate` double NOT NULL,
  `config` mediumtext COLLATE utf8_unicode_ci NOT NULL,
  `ean` varchar(255) COLLATE utf8_unicode_ci DEFAULT NULL,
  `unit` varchar(255) COLLATE utf8_unicode_ci DEFAULT NULL,
  `pack_unit` varchar(255) COLLATE utf8_unicode_ci DEFAULT NULL,
  `articleDetailID` int(11) unsigned DEFAULT NULL,
  PRIMARY KEY (`id`),
  KEY `orderID` (`orderID`),
  KEY `articleID` (`articleID`),
  KEY `ordernumber` (`ordernumber`),
  KEY `articleordernumber` (`articleordernumber`)
) ENGINE=InnoDB AUTO_INCREMENT=21 DEFAULT CHARSET=utf8 COLLATE=utf8_unicode_ci;

--
-- Dumping data for table `s_order_details`
--

INSERT INTO `s_order_details` VALUES (3,3,'20003',23,'A100012',60690,1,'Verpaco VPS 120 Butter Verpackungsmaschine',0,0,0,'0000-00-00',0,0,1,19,'','','','',23),(4,4,'20004',78,'A100423',7735,1,'Risco RS 305 - Vakuumfüller',0,0,0,'0000-00-00',0,0,1,19,'','','','',78),(5,5,'20005',71,'A100382',11900,1,'Simon Freres MB 5 - Buttermaschine',0,0,0,'0000-00-00',0,0,1,19,'','','','',71),(6,6,'20006',73,'A100386',23800,1,'GEA Westfalia BUC 1500 - Buttermaschine',0,0,0,'0000-00-00',0,0,1,19,'','','','',73),(7,7,'20007',55,'A100210',5355,1,'Alfa Laval - Aspetischer Tank',0,0,0,'0000-00-00',0,0,1,19,'','','','',55),(8,7,'20007',54,'A100303',35057.4,1,'Alfa Laval BMRPX 714 HGV-14C - Bactofuge',0,0,0,'0000-00-00',0,0,1,19,'','','','',54),(9,8,'20008',59,'A100343',7140,1,'Kustner YH Square - Käseverpackungsmaschine',0,0,0,'0000-00-00',0,0,1,19,'','','','',59),(10,8,'20008',76,'A100413',14280,1,'APV Gaulin MC 18-3 TPS - Homogenisator',0,0,0,'0000-00-00',0,0,1,19,'','','','',76),(11,9,'20009',42,'A100256',27370,1,'Alfa Laval QMRKX 517 SGV-34C-50 - Quarkseparator',0,0,0,'0000-00-00',0,0,1,19,'','','','',42),(12,9,'20009',73,'A100386',23800,1,'GEA Westfalia BUC 1500 - Buttermaschine',0,0,0,'0000-00-00',0,0,1,19,'','','','',73),(13,9,'20009',78,'A100423',7735,1,'Risco RS 305 - Vakuumfüller',0,0,0,'0000-00-00',0,0,1,19,'','','','',78),(14,10,'20010',42,'A100256',170000.32,1,'Alfa Laval QMRKX 517 SGV-34C-50 - Quarkseparator',0,0,0,'0000-00-00',0,0,0,19,'','','','',42),(15,11,'20011',80,'A100441',24500,1,'Stephan UMM/SK 40 E - Kutter',0,0,0,'0000-00-00',0,0,0,19,'','','','',80),(16,12,'20012',80,'A100441',24500,1,'Stephan UMM/SK 40 E - Cutter',0,0,0,'0000-00-00',0,0,0,19,'','','','',80),(17,13,'20013',80,'A100441',24500,1,'Stephan UMM/SK 40 E - Cutter',0,0,0,'0000-00-00',0,0,0,19,'','','','',80),(18,14,'20014',28,'A100101',46000,1,'Trepko XPG-40 Butter Packaging Machine',0,0,0,'0000-00-00',0,0,0,19,'','','','',28),(19,15,'20015',61,'A100354',40000,1,'Alfa Laval BMRPX 618 HGV-14C-50 - Bactofuge',0,0,0,'0000-00-00',0,0,0,19,'','','','',61),(20,16,'20016',32,'A100187',2767.5,1,'GEA Ahlborn VT 40 - Pasteuriser',0,0,0,'0000-00-00',0,0,0,19,'','','','',32);

--
-- Table structure for table `s_order_details_attributes`
--

CREATE TABLE `s_order_details_attributes` (
  `id` int(11) NOT NULL AUTO_INCREMENT,
  `detailID` int(11) DEFAULT NULL,
  `attribute1` text COLLATE utf8_unicode_ci,
  `attribute2` text COLLATE utf8_unicode_ci,
  `attribute3` text COLLATE utf8_unicode_ci,
  `attribute4` text COLLATE utf8_unicode_ci,
  `attribute5` text COLLATE utf8_unicode_ci,
  `attribute6` text COLLATE utf8_unicode_ci,
  PRIMARY KEY (`id`),
  UNIQUE KEY `detailID` (`detailID`),
  CONSTRAINT `s_order_details_attributes_ibfk_1` FOREIGN KEY (`detailID`) REFERENCES `s_order_details` (`id`) ON DELETE CASCADE ON UPDATE NO ACTION
) ENGINE=InnoDB AUTO_INCREMENT=21 DEFAULT CHARSET=utf8 COLLATE=utf8_unicode_ci;

--
-- Dumping data for table `s_order_details_attributes`
--

INSERT INTO `s_order_details_attributes` VALUES (3,3,'',NULL,NULL,NULL,NULL,NULL),(4,4,'',NULL,NULL,NULL,NULL,NULL),(5,5,'',NULL,NULL,NULL,NULL,NULL),(6,6,'',NULL,NULL,NULL,NULL,NULL),(7,7,'',NULL,NULL,NULL,NULL,NULL),(8,8,'',NULL,NULL,NULL,NULL,NULL),(9,9,'',NULL,NULL,NULL,NULL,NULL),(10,10,'',NULL,NULL,NULL,NULL,NULL),(11,11,'',NULL,NULL,NULL,NULL,NULL),(12,12,'',NULL,NULL,NULL,NULL,NULL),(13,13,'',NULL,NULL,NULL,NULL,NULL),(14,14,'',NULL,NULL,NULL,NULL,NULL),(15,15,'',NULL,NULL,NULL,NULL,NULL),(16,16,'',NULL,NULL,NULL,NULL,NULL),(17,17,'',NULL,NULL,NULL,NULL,NULL),(18,18,'',NULL,NULL,NULL,NULL,NULL),(19,19,'',NULL,NULL,NULL,NULL,NULL),(20,20,'',NULL,NULL,NULL,NULL,NULL);

--
-- Table structure for table `s_order_documents`
--

CREATE TABLE `s_order_documents` (
  `id` int(11) NOT NULL AUTO_INCREMENT,
  `date` date NOT NULL,
  `type` int(11) NOT NULL,
  `userID` int(11) NOT NULL,
  `orderID` int(11) unsigned NOT NULL,
  `amount` double NOT NULL,
  `docID` varchar(30) COLLATE utf8_unicode_ci NOT NULL,
  `hash` varchar(255) COLLATE utf8_unicode_ci NOT NULL,
  PRIMARY KEY (`id`),
  KEY `orderID` (`orderID`),
  KEY `userID` (`userID`)
) ENGINE=InnoDB DEFAULT CHARSET=utf8 COLLATE=utf8_unicode_ci;

--
-- Dumping data for table `s_order_documents`
--


--
-- Table structure for table `s_order_documents_attributes`
--

CREATE TABLE `s_order_documents_attributes` (
  `id` int(11) NOT NULL AUTO_INCREMENT,
  `documentID` int(11) DEFAULT NULL,
  PRIMARY KEY (`id`),
  UNIQUE KEY `documentID` (`documentID`),
  CONSTRAINT `s_order_documents_attributes_ibfk_1` FOREIGN KEY (`documentID`) REFERENCES `s_order_documents` (`id`) ON DELETE CASCADE ON UPDATE NO ACTION
) ENGINE=InnoDB DEFAULT CHARSET=utf8 COLLATE=utf8_unicode_ci;

--
-- Dumping data for table `s_order_documents_attributes`
--


--
-- Table structure for table `s_order_esd`
--

CREATE TABLE `s_order_esd` (
  `id` int(11) NOT NULL AUTO_INCREMENT,
  `serialID` int(255) NOT NULL DEFAULT '0',
  `esdID` int(11) NOT NULL DEFAULT '0',
  `userID` int(11) NOT NULL DEFAULT '0',
  `orderID` int(11) NOT NULL DEFAULT '0',
  `orderdetailsID` int(11) NOT NULL DEFAULT '0',
  `datum` datetime NOT NULL,
  PRIMARY KEY (`id`)
) ENGINE=InnoDB DEFAULT CHARSET=utf8 COLLATE=utf8_unicode_ci;

--
-- Dumping data for table `s_order_esd`
--


--
-- Table structure for table `s_order_history`
--

CREATE TABLE `s_order_history` (
  `id` int(11) NOT NULL AUTO_INCREMENT,
  `orderID` int(11) NOT NULL,
  `userID` int(11) DEFAULT NULL,
  `previous_order_status_id` int(11) DEFAULT NULL,
  `order_status_id` int(11) DEFAULT NULL,
  `previous_payment_status_id` int(11) DEFAULT NULL,
  `payment_status_id` int(11) DEFAULT NULL,
  `comment` text COLLATE utf8_unicode_ci NOT NULL,
  `change_date` datetime DEFAULT NULL,
  PRIMARY KEY (`id`),
  KEY `user` (`userID`),
  KEY `order` (`orderID`),
  KEY `current_payment_status` (`payment_status_id`),
  KEY `current_order_status` (`order_status_id`),
  KEY `previous_payment_status` (`previous_payment_status_id`),
  KEY `previous_order_status` (`previous_order_status_id`)
) ENGINE=InnoDB AUTO_INCREMENT=19 DEFAULT CHARSET=utf8 COLLATE=utf8_unicode_ci;

--
-- Dumping data for table `s_order_history`
--

INSERT INTO `s_order_history` VALUES (6,3,50,0,1,17,17,'','2019-05-13 13:34:24'),(7,4,50,0,1,17,17,'','2019-05-13 13:48:50'),(8,5,50,0,1,17,17,'','2019-06-03 14:02:12'),(9,6,50,0,1,17,17,'','2019-06-04 09:01:57'),(10,7,50,0,1,17,17,'','2019-06-08 11:17:51'),(11,8,50,0,1,17,17,'','2019-06-08 11:17:54'),(12,9,50,0,1,17,17,'','2019-06-08 11:17:57'),(13,7,50,1,2,17,17,'','2019-06-08 11:28:37'),(14,8,50,1,2,17,17,'','2019-06-08 11:28:39'),(15,9,50,1,2,17,17,'','2019-06-08 11:28:40'),(16,10,50,0,1,17,17,'','2019-09-04 10:32:31'),(17,11,50,0,1,17,17,'','2019-09-04 10:32:33'),(18,12,50,0,1,17,17,'','2019-09-18 16:13:59');

--
-- Table structure for table `s_order_notes`
--

CREATE TABLE `s_order_notes` (
  `id` int(11) NOT NULL AUTO_INCREMENT,
  `sUniqueID` varchar(70) COLLATE utf8_unicode_ci NOT NULL,
  `userID` int(11) NOT NULL DEFAULT '0',
  `articlename` varchar(255) COLLATE utf8_unicode_ci NOT NULL,
  `articleID` int(11) NOT NULL DEFAULT '0',
  `ordernumber` varchar(255) COLLATE utf8_unicode_ci NOT NULL,
  `datum` datetime NOT NULL DEFAULT '0000-00-00 00:00:00',
  PRIMARY KEY (`id`),
  KEY `basket_count_notes` (`sUniqueID`,`userID`)
) ENGINE=InnoDB DEFAULT CHARSET=utf8 COLLATE=utf8_unicode_ci;

--
-- Dumping data for table `s_order_notes`
--


--
-- Table structure for table `s_order_number`
--

CREATE TABLE `s_order_number` (
  `id` int(11) NOT NULL AUTO_INCREMENT,
  `number` int(20) NOT NULL,
  `name` varchar(255) COLLATE utf8_unicode_ci NOT NULL,
  `desc` varchar(255) COLLATE utf8_unicode_ci NOT NULL,
  PRIMARY KEY (`id`),
  UNIQUE KEY `name` (`name`)
) ENGINE=InnoDB AUTO_INCREMENT=929 DEFAULT CHARSET=utf8 COLLATE=utf8_unicode_ci;

--
-- Dumping data for table `s_order_number`
--

INSERT INTO `s_order_number` VALUES (1,20019,'user','Kunden'),(920,20016,'invoice','Bestellungen'),(921,20000,'doc_1','Lieferscheine'),(922,20000,'doc_2','Gutschriften'),(924,20000,'doc_0','Rechnungen'),(925,10001,'articleordernumber','Artikelbestellnummer  '),(926,10000,'sSERVICE1','Service - 1'),(927,10000,'sSERVICE2','Service - 2'),(928,110,'blogordernumber','Blog - ID');

--
-- Table structure for table `s_order_shippingaddress`
--

CREATE TABLE `s_order_shippingaddress` (
  `id` int(11) NOT NULL AUTO_INCREMENT,
  `userID` int(11) DEFAULT NULL,
  `orderID` int(11) NOT NULL,
  `company` varchar(255) COLLATE utf8_unicode_ci NOT NULL,
  `department` varchar(35) COLLATE utf8_unicode_ci NOT NULL,
  `salutation` varchar(30) COLLATE utf8_unicode_ci NOT NULL,
  `firstname` varchar(50) COLLATE utf8_unicode_ci NOT NULL,
  `lastname` varchar(60) COLLATE utf8_unicode_ci NOT NULL,
  `street` varchar(255) COLLATE utf8_unicode_ci DEFAULT NULL,
  `zipcode` varchar(50) COLLATE utf8_unicode_ci NOT NULL,
  `city` varchar(70) COLLATE utf8_unicode_ci NOT NULL,
  `phone` varchar(40) COLLATE utf8_unicode_ci DEFAULT NULL,
  `countryID` int(11) NOT NULL,
  `stateID` int(11) DEFAULT NULL,
  `additional_address_line1` varchar(255) COLLATE utf8_unicode_ci DEFAULT NULL,
  `additional_address_line2` varchar(255) COLLATE utf8_unicode_ci DEFAULT NULL,
  `title` varchar(100) COLLATE utf8_unicode_ci DEFAULT NULL,
  PRIMARY KEY (`id`),
  UNIQUE KEY `orderID` (`orderID`),
  KEY `userID` (`userID`)
) ENGINE=InnoDB AUTO_INCREMENT=17 DEFAULT CHARSET=utf8 COLLATE=utf8_unicode_ci;

--
-- Dumping data for table `s_order_shippingaddress`
--

INSERT INTO `s_order_shippingaddress` VALUES (3,3,3,'Merx Handel & Industrie GmbH','','mr','Maurice','Bortey','Raboisen, 16','20095','Hamburg','469667880',2,NULL,'','',''),(4,4,4,'RTL','Arschfick','mr','Peter','Klöppel','Knübbelstraße','11111','Deutsch','',2,NULL,'','',''),(5,5,5,'Merx Handel & Industrie GmbH','','mr','Maurice','Bortey','Raboisen, 16','20095','Hamburg','469667880',2,NULL,'','',''),(6,6,6,'Mer','','mr','Maurice','Bortey','Raboisen, 16','20095','Hamburg','469667880',2,NULL,'','',''),(7,7,7,'Merx Handel & Industrie GmbH','','mr','Maurice','Bortey','Raboisen 16','20095','Hamburg','',2,NULL,'','',''),(8,8,8,'Decher Industries','','mr','Oliver','Decher','Musterstraße 14','22586','Hamburg','',2,NULL,'','',''),(9,9,9,'Davani Dairy Equipment and More Inc.','','mr','Keyvan','Davani','Moos Straße 35','13695','Berlin','',2,NULL,'','',''),(10,16,10,'Merx','Sales','mr','Oliver','Decher','raboisen 16','20095','Hamburg','0125421254142',2,NULL,'','',''),(11,17,11,'Merx','','mr','Oliver','Decher','raboisen 16','20095','Hamburg','017644559851',2,NULL,'','',''),(12,18,12,'Triveg d.o.o.','','mr','Luka','Perpar Samsa','Ljubljanska 18','1351','Brezovica','',2,NULL,'','',''),(13,19,13,'Soma Food Co. (Pty) Ltd','CEO','mr','Mark','Naude','Unit 7 Waterstone, 61 Capricorn Drive, Capricorn Park','7945','Cape Town','+27736464425',2,NULL,'','',''),(14,20,14,'TOO \"Molochniy Soyuz\"','Management','mr','Maxim','Kuzlyakin','Akhremenko Street, 15','150010','Petropavlovsk','+77057560600',2,NULL,'','',''),(15,21,15,'TOO \"Molochniy Soyuz\"','Management','mr','Maxim','Kuzlyakin','Akhremenko Street, 15','150010','Petropavlovsk','+77057560600',2,NULL,'','',''),(16,22,16,'TOO \"Molochniy Soyuz\"','','mr','Maxim','Kuzlyakin','Akhremenko Street, 15','150010','Petropavlovsk','+77057560600',2,NULL,'','','');

--
-- Table structure for table `s_order_shippingaddress_attributes`
--

CREATE TABLE `s_order_shippingaddress_attributes` (
  `id` int(11) NOT NULL AUTO_INCREMENT,
  `shippingID` int(11) DEFAULT NULL,
  `text1` text COLLATE utf8_unicode_ci,
  `text2` text COLLATE utf8_unicode_ci,
  `text3` text COLLATE utf8_unicode_ci,
  `text4` text COLLATE utf8_unicode_ci,
  `text5` text COLLATE utf8_unicode_ci,
  `text6` text COLLATE utf8_unicode_ci,
  PRIMARY KEY (`id`),
  UNIQUE KEY `shippingID` (`shippingID`),
  CONSTRAINT `s_order_shippingaddress_attributes_ibfk_1` FOREIGN KEY (`shippingID`) REFERENCES `s_order_shippingaddress` (`id`) ON DELETE CASCADE ON UPDATE NO ACTION
) ENGINE=InnoDB AUTO_INCREMENT=17 DEFAULT CHARSET=utf8 COLLATE=utf8_unicode_ci;

--
-- Dumping data for table `s_order_shippingaddress_attributes`
--

INSERT INTO `s_order_shippingaddress_attributes` VALUES (3,3,NULL,NULL,NULL,NULL,NULL,NULL),(4,4,NULL,NULL,NULL,NULL,NULL,NULL),(5,5,NULL,NULL,NULL,NULL,NULL,NULL),(6,6,NULL,NULL,NULL,NULL,NULL,NULL),(7,7,NULL,NULL,NULL,NULL,NULL,NULL),(8,8,NULL,NULL,NULL,NULL,NULL,NULL),(9,9,NULL,NULL,NULL,NULL,NULL,NULL),(10,10,NULL,NULL,NULL,NULL,NULL,NULL),(11,11,NULL,NULL,NULL,NULL,NULL,NULL),(12,12,NULL,NULL,NULL,NULL,NULL,NULL),(13,13,NULL,NULL,NULL,NULL,NULL,NULL),(14,14,NULL,NULL,NULL,NULL,NULL,NULL),(15,15,NULL,NULL,NULL,NULL,NULL,NULL),(16,16,NULL,NULL,NULL,NULL,NULL,NULL);

--
-- Table structure for table `s_plugin_recommendations`
--

CREATE TABLE `s_plugin_recommendations` (
  `id` int(11) NOT NULL AUTO_INCREMENT,
  `categoryID` int(11) NOT NULL,
  `banner_active` int(1) NOT NULL,
  `new_active` int(1) NOT NULL,
  `bought_active` int(1) NOT NULL,
  `supplier_active` int(1) NOT NULL,
  PRIMARY KEY (`id`),
  UNIQUE KEY `categoryID_2` (`categoryID`)
) ENGINE=InnoDB DEFAULT CHARSET=utf8 COLLATE=utf8_unicode_ci;

--
-- Dumping data for table `s_plugin_recommendations`
--


--
-- Table structure for table `s_plugin_widgets_notes`
--

CREATE TABLE `s_plugin_widgets_notes` (
  `id` int(11) NOT NULL AUTO_INCREMENT,
  `userID` int(11) NOT NULL,
  `notes` text COLLATE utf8_unicode_ci NOT NULL,
  PRIMARY KEY (`id`)
) ENGINE=InnoDB DEFAULT CHARSET=utf8 COLLATE=utf8_unicode_ci;

--
-- Dumping data for table `s_plugin_widgets_notes`
--


--
-- Table structure for table `s_premium_dispatch`
--

CREATE TABLE `s_premium_dispatch` (
  `id` int(11) NOT NULL AUTO_INCREMENT,
  `name` varchar(255) COLLATE utf8_unicode_ci NOT NULL,
  `type` int(11) unsigned NOT NULL,
  `description` mediumtext COLLATE utf8_unicode_ci NOT NULL,
  `comment` varchar(255) COLLATE utf8_unicode_ci NOT NULL,
  `active` int(1) unsigned NOT NULL,
  `position` int(11) NOT NULL,
  `calculation` int(1) unsigned NOT NULL,
  `surcharge_calculation` int(1) unsigned NOT NULL,
  `tax_calculation` int(11) unsigned NOT NULL,
  `shippingfree` decimal(10,2) unsigned DEFAULT NULL,
  `multishopID` int(11) unsigned DEFAULT NULL,
  `customergroupID` int(11) unsigned DEFAULT NULL,
  `bind_shippingfree` int(1) unsigned NOT NULL,
  `bind_time_from` int(11) unsigned DEFAULT NULL,
  `bind_time_to` int(11) unsigned DEFAULT NULL,
  `bind_instock` int(1) unsigned DEFAULT NULL,
  `bind_laststock` int(1) unsigned NOT NULL,
  `bind_weekday_from` int(1) unsigned DEFAULT NULL,
  `bind_weekday_to` int(1) unsigned DEFAULT NULL,
  `bind_weight_from` decimal(10,3) DEFAULT NULL,
  `bind_weight_to` decimal(10,3) DEFAULT NULL,
  `bind_price_from` decimal(10,2) DEFAULT NULL,
  `bind_price_to` decimal(10,2) DEFAULT NULL,
  `bind_sql` mediumtext COLLATE utf8_unicode_ci,
  `status_link` mediumtext COLLATE utf8_unicode_ci,
  `calculation_sql` mediumtext COLLATE utf8_unicode_ci,
  PRIMARY KEY (`id`)
) ENGINE=InnoDB AUTO_INCREMENT=10 DEFAULT CHARSET=utf8 COLLATE=utf8_unicode_ci;

--
-- Dumping data for table `s_premium_dispatch`
--

INSERT INTO `s_premium_dispatch` VALUES (9,'Standard Versand',0,'','',1,0,0,3,0,NULL,NULL,NULL,0,NULL,NULL,NULL,0,NULL,NULL,NULL,NULL,NULL,NULL,NULL,'',NULL);

--
-- Table structure for table `s_premium_dispatch_attributes`
--

CREATE TABLE `s_premium_dispatch_attributes` (
  `id` int(11) NOT NULL AUTO_INCREMENT,
  `dispatchID` int(11) DEFAULT NULL,
  PRIMARY KEY (`id`),
  UNIQUE KEY `dispatchID` (`dispatchID`),
  CONSTRAINT `s_premium_dispatch_attributes_ibfk_1` FOREIGN KEY (`dispatchID`) REFERENCES `s_premium_dispatch` (`id`) ON DELETE CASCADE ON UPDATE NO ACTION
) ENGINE=InnoDB DEFAULT CHARSET=utf8 COLLATE=utf8_unicode_ci;

--
-- Dumping data for table `s_premium_dispatch_attributes`
--


--
-- Table structure for table `s_premium_dispatch_categories`
--

CREATE TABLE `s_premium_dispatch_categories` (
  `dispatchID` int(11) unsigned NOT NULL,
  `categoryID` int(11) unsigned NOT NULL,
  PRIMARY KEY (`dispatchID`,`categoryID`)
) ENGINE=InnoDB DEFAULT CHARSET=utf8 COLLATE=utf8_unicode_ci;

--
-- Dumping data for table `s_premium_dispatch_categories`
--


--
-- Table structure for table `s_premium_dispatch_countries`
--

CREATE TABLE `s_premium_dispatch_countries` (
  `dispatchID` int(11) NOT NULL,
  `countryID` int(11) NOT NULL,
  PRIMARY KEY (`dispatchID`,`countryID`)
) ENGINE=InnoDB DEFAULT CHARSET=utf8 COLLATE=utf8_unicode_ci;

--
-- Dumping data for table `s_premium_dispatch_countries`
--

INSERT INTO `s_premium_dispatch_countries` VALUES (9,2),(9,3),(9,4),(9,5),(9,7),(9,8),(9,9),(9,10),(9,11),(9,12),(9,13),(9,14),(9,15),(9,16),(9,18),(9,20),(9,21),(9,22),(9,23),(9,24),(9,25),(9,26),(9,27),(9,28),(9,29),(9,30),(9,31),(9,32),(9,33),(9,34),(9,35),(9,36),(9,37);

--
-- Table structure for table `s_premium_dispatch_holidays`
--

CREATE TABLE `s_premium_dispatch_holidays` (
  `dispatchID` int(11) unsigned NOT NULL,
  `holidayID` int(11) unsigned NOT NULL,
  PRIMARY KEY (`dispatchID`,`holidayID`)
) ENGINE=InnoDB DEFAULT CHARSET=utf8 COLLATE=utf8_unicode_ci;

--
-- Dumping data for table `s_premium_dispatch_holidays`
--


--
-- Table structure for table `s_premium_dispatch_paymentmeans`
--

CREATE TABLE `s_premium_dispatch_paymentmeans` (
  `dispatchID` int(11) NOT NULL,
  `paymentID` int(11) NOT NULL,
  PRIMARY KEY (`dispatchID`,`paymentID`)
) ENGINE=InnoDB DEFAULT CHARSET=utf8 COLLATE=utf8_unicode_ci;

--
-- Dumping data for table `s_premium_dispatch_paymentmeans`
--

INSERT INTO `s_premium_dispatch_paymentmeans` VALUES (9,2),(9,3),(9,4),(9,5);

--
-- Table structure for table `s_premium_holidays`
--

CREATE TABLE `s_premium_holidays` (
  `id` int(11) unsigned NOT NULL AUTO_INCREMENT,
  `name` varchar(255) COLLATE utf8_unicode_ci NOT NULL,
  `calculation` varchar(255) COLLATE utf8_unicode_ci NOT NULL,
  `date` date NOT NULL,
  PRIMARY KEY (`id`),
  KEY `date` (`date`)
) ENGINE=InnoDB AUTO_INCREMENT=24 DEFAULT CHARSET=utf8 COLLATE=utf8_unicode_ci;

--
-- Dumping data for table `s_premium_holidays`
--

INSERT INTO `s_premium_holidays` VALUES (1,'Neujahr','DATE(\'01-01\')','2021-01-01'),(3,'Heilige drei Könige','DATE(\'01-06\')','2021-01-06'),(4,'Rosenmontag','DATE_SUB(EASTERDATE(), INTERVAL 48 DAY)','2020-02-24'),(5,'Josefstag','DATE(\'03/19\')','2020-03-19'),(6,'Karfreitag','DATE_SUB(EASTERDATE(), INTERVAL 2 DAY)','2020-04-10'),(7,'Ostermontag','DATE_ADD(EASTERDATE(), INTERVAL 1 DAY)','2020-04-13'),(8,'Tag der Arbeit','DATE(\'05/01\')','2020-05-01'),(9,'Christi Himmelfahrt','DATE_ADD(EASTERDATE(), INTERVAL 39 DAY)','2020-05-21'),(10,'Pfingstmontag','DATE_ADD(EASTERDATE(), INTERVAL 50 DAY)','2020-06-01'),(11,'Fronleichnam','DATE_ADD(EASTERDATE(), INTERVAL 60 DAY)','2020-06-11'),(13,'Mariä Himmelfahrt','DATE(\'08/15\')','2020-08-15'),(14,'Tag der Deutschen Einheit','DATE(\'10/03\')','2020-10-03'),(15,'Nationalfeiertag (Österreich)','DATE(\'10/26\')','2020-10-26'),(16,'Reformationstag','DATE(\'10/31\')','2020-10-31'),(17,'Allerheiligen','DATE(\'11/01\')','2020-11-01'),(18,'Buß- und Bettag','SUBDATE(DATE(\'11-23\'), DAYOFWEEK(DATE(\'11-23\'))+IF(DAYOFWEEK(DATE(\'11-23\'))>4,-4,3))','2020-11-18'),(19,'Mariä Empfängnis','DATE(\'12/8\')','2020-12-08'),(20,'Heiligabend','DATE(\'12/24\')','2020-12-24'),(21,'1. Weihnachtstag','DATE(\'12/25\')','2020-12-25'),(22,'2. Weihnachtstag (Stephanstag)','DATE(\'12/26\')','2020-12-26'),(23,'Silvester','DATE(\'12/31\')','2020-12-31');

--
-- Table structure for table `s_premium_shippingcosts`
--

CREATE TABLE `s_premium_shippingcosts` (
  `id` int(11) unsigned NOT NULL AUTO_INCREMENT,
  `from` decimal(10,3) unsigned NOT NULL,
  `value` decimal(10,2) NOT NULL,
  `factor` decimal(10,2) NOT NULL,
  `dispatchID` int(11) unsigned NOT NULL,
  PRIMARY KEY (`id`),
  UNIQUE KEY `from` (`from`,`dispatchID`)
) ENGINE=InnoDB AUTO_INCREMENT=236 DEFAULT CHARSET=utf8 COLLATE=utf8_unicode_ci;

--
-- Dumping data for table `s_premium_shippingcosts`
--

INSERT INTO `s_premium_shippingcosts` VALUES (235,0.000,3.90,0.00,9);

--
-- Table structure for table `s_product_streams`
--

CREATE TABLE `s_product_streams` (
  `id` int(11) unsigned NOT NULL AUTO_INCREMENT,
  `name` varchar(255) COLLATE utf8_unicode_ci NOT NULL,
  `conditions` text COLLATE utf8_unicode_ci,
  `type` int(11) DEFAULT NULL,
  `sorting` text COLLATE utf8_unicode_ci,
  `description` text COLLATE utf8_unicode_ci,
  `sorting_id` int(11) DEFAULT NULL,
  PRIMARY KEY (`id`)
) ENGINE=InnoDB AUTO_INCREMENT=3 DEFAULT CHARSET=utf8 COLLATE=utf8_unicode_ci;

--
-- Dumping data for table `s_product_streams`
--

INSERT INTO `s_product_streams` VALUES (2,'Überholte Ware',NULL,2,'\"{\\\"Shopware\\\\\\\\Bundle\\\\\\\\SearchBundle\\\\\\\\Sorting\\\\\\\\ReleaseDateSorting\\\":{\\\"direction\\\":\\\"DESC\\\"}}\"','',1);

--
-- Table structure for table `s_product_streams_articles`
--

CREATE TABLE `s_product_streams_articles` (
  `id` int(11) unsigned NOT NULL AUTO_INCREMENT,
  `stream_id` int(11) unsigned NOT NULL,
  `article_id` int(11) unsigned NOT NULL,
  PRIMARY KEY (`id`),
  UNIQUE KEY `stream_id` (`stream_id`,`article_id`),
  KEY `s_product_streams_articles_fk_article_id` (`article_id`),
  CONSTRAINT `s_product_streams_articles_fk_article_id` FOREIGN KEY (`article_id`) REFERENCES `s_articles` (`id`) ON DELETE CASCADE,
  CONSTRAINT `s_product_streams_articles_fk_stream_id` FOREIGN KEY (`stream_id`) REFERENCES `s_product_streams` (`id`) ON DELETE CASCADE
) ENGINE=InnoDB DEFAULT CHARSET=utf8 COLLATE=utf8_unicode_ci;

--
-- Dumping data for table `s_product_streams_articles`
--


--
-- Table structure for table `s_product_streams_attributes`
--

CREATE TABLE `s_product_streams_attributes` (
  `id` int(11) NOT NULL AUTO_INCREMENT,
  `streamID` int(11) unsigned NOT NULL,
  PRIMARY KEY (`id`),
  KEY `streamID` (`streamID`),
  CONSTRAINT `s_product_streams_attributes_ibfk_1` FOREIGN KEY (`streamID`) REFERENCES `s_product_streams` (`id`) ON DELETE CASCADE ON UPDATE NO ACTION
) ENGINE=InnoDB DEFAULT CHARSET=utf8 COLLATE=utf8_unicode_ci;

--
-- Dumping data for table `s_product_streams_attributes`
--


--
-- Table structure for table `s_product_streams_selection`
--

CREATE TABLE `s_product_streams_selection` (
  `id` int(11) unsigned NOT NULL AUTO_INCREMENT,
  `stream_id` int(11) unsigned NOT NULL,
  `article_id` int(11) unsigned NOT NULL,
  PRIMARY KEY (`id`),
  UNIQUE KEY `stream_id` (`stream_id`,`article_id`),
  KEY `s_product_streams_selection_fk_article_id` (`article_id`),
  CONSTRAINT `s_product_streams_selection_fk_article_id` FOREIGN KEY (`article_id`) REFERENCES `s_articles` (`id`) ON DELETE CASCADE,
  CONSTRAINT `s_product_streams_selection_fk_stream_id` FOREIGN KEY (`stream_id`) REFERENCES `s_product_streams` (`id`) ON DELETE CASCADE
) ENGINE=InnoDB AUTO_INCREMENT=7 DEFAULT CHARSET=utf8 COLLATE=utf8_unicode_ci;

--
-- Dumping data for table `s_product_streams_selection`
--

INSERT INTO `s_product_streams_selection` VALUES (1,2,23),(2,2,28),(4,2,31),(5,2,41),(6,2,42);

--
-- Table structure for table `s_schema_version`
--

CREATE TABLE `s_schema_version` (
  `version` int(11) NOT NULL,
  `start_date` datetime NOT NULL,
  `complete_date` datetime DEFAULT NULL,
  `name` varchar(255) COLLATE utf8_unicode_ci NOT NULL,
  `error_msg` varchar(255) COLLATE utf8_unicode_ci DEFAULT NULL,
  PRIMARY KEY (`version`)
) ENGINE=InnoDB DEFAULT CHARSET=utf8 COLLATE=utf8_unicode_ci;

--
-- Dumping data for table `s_schema_version`
--

INSERT INTO `s_schema_version` VALUES (101,'2018-12-03 08:40:29','2018-12-03 08:40:29','add-extended-editor-field',NULL),(102,'2018-12-03 08:40:29','2018-12-03 08:40:30','add-new-emotions',NULL),(103,'2018-12-03 08:40:30','2018-12-03 08:40:30','add-field-blog-teaser',NULL),(104,'2018-12-03 08:40:30','2018-12-03 08:40:30','add-field-blog-thumbnail-size',NULL),(105,'2018-12-03 08:40:30','2018-12-03 08:40:30','s_core_sessions_backend',NULL),(106,'2018-12-03 08:40:30','2018-12-03 08:40:30','add-path-to-categories',NULL),(107,'2018-12-03 08:40:30','2018-12-03 08:40:30','remove-legacy-cache-config',NULL),(108,'2018-12-03 08:40:30','2018-12-03 08:40:30','add-category-listing-indexes',NULL),(109,'2018-12-03 08:40:30','2018-12-03 08:40:30','add-translations',NULL),(110,'2018-12-03 08:40:30','2018-12-03 08:40:30','add-disabled-cache-field',NULL),(111,'2018-12-03 08:40:30','2018-12-03 08:40:30','add-password-encoder',NULL),(112,'2018-12-03 08:40:30','2018-12-03 08:40:30','link-cache-menu-to-the-new-performance-module',NULL),(113,'2018-12-03 08:40:30','2018-12-03 08:40:30','adds-performance-sql',NULL),(114,'2018-12-03 08:40:30','2018-12-03 08:40:30','add-new-top-seller',NULL),(115,'2018-12-03 08:40:30','2018-12-03 08:40:30','add-denormalized-category-table',NULL),(116,'2018-12-03 08:40:30','2018-12-03 08:40:30','optimize-emotion-queries',NULL),(117,'2018-12-03 08:40:30','2018-12-03 08:40:30','add-article-detail-page-indexes',NULL),(118,'2018-12-03 08:40:30','2018-12-03 08:40:30','optimize-property-backend-queries',NULL),(119,'2018-12-03 08:40:30','2018-12-03 08:40:30','add-batchmode-option',NULL),(120,'2018-12-03 08:40:30','2018-12-03 08:40:30','add-cache-log',NULL),(121,'2018-12-03 08:40:30','2018-12-03 08:40:30','fix-cache-label',NULL),(122,'2018-12-03 08:40:30','2018-12-03 08:40:30','optimize-search-index-queries',NULL),(123,'2018-12-03 08:40:30','2018-12-03 08:40:30','add-dummy-plugins',NULL),(124,'2018-12-03 08:40:30','2018-12-03 08:40:30','remove-router-url-cache',NULL),(125,'2018-12-03 08:40:30','2018-12-03 08:40:31','adds-filter-performance-sql',NULL),(126,'2018-12-03 08:40:31','2018-12-03 08:40:31','update-cache-menu-items',NULL),(127,'2018-12-03 08:40:31','2018-12-03 08:40:31','install-http-plugin',NULL),(128,'2018-12-03 08:40:31','2018-12-03 08:40:31','adds-community-store-resource',NULL),(129,'2018-12-03 08:40:31','2018-12-03 08:40:31','fix-mailer-config-help-text-typo',NULL),(130,'2018-12-03 08:40:31','2018-12-03 08:40:31','fix-typo-in-no-script-notices-snippet',NULL),(131,'2018-12-03 08:40:31','2018-12-03 08:40:31','add-top-seller-index',NULL),(132,'2018-12-03 08:40:31','2018-12-03 08:40:31','remove-similar-shown-listener',NULL),(133,'2018-12-03 08:40:31','2018-12-03 08:40:31','add-esd-payment-status-config',NULL),(134,'2018-12-03 08:40:31','2018-12-03 08:40:31','add-http-cache-cleanup-cronjob',NULL),(135,'2018-12-03 08:40:31','2018-12-03 08:40:31','add-main-image-listing-config',NULL),(136,'2018-12-03 08:40:31','2018-12-03 08:40:31','add-send-order-mail-config',NULL),(137,'2018-12-03 08:40:31','2018-12-03 08:40:31','remove-lastarticles-save-time',NULL),(138,'2018-12-03 08:40:31','2018-12-03 08:40:31','fix-typo-last-articles-headline',NULL),(139,'2018-12-03 08:40:31','2018-12-03 08:40:31','remove-plugin-form-from-config',NULL),(140,'2018-12-03 08:40:31','2018-12-03 08:40:31','fix-emotion-grid-id',NULL),(141,'2018-12-03 08:40:31','2018-12-03 08:40:31','add-force-canonical-http-config',NULL),(142,'2018-12-03 08:40:31','2018-12-03 08:40:31','add-listing-description-config',NULL),(143,'2018-12-03 08:40:31','2018-12-03 08:40:31','deactivate-router-to-lower-scope',NULL),(144,'2018-12-03 08:40:31','2018-12-03 08:40:31','add-require-phone-field-config',NULL),(145,'2018-12-03 08:40:31','2018-12-03 08:40:31','fix-default-incorrect-translation',NULL),(146,'2018-12-03 08:40:31','2018-12-03 08:40:31','http-cache-events',NULL),(147,'2018-12-03 08:40:31','2018-12-03 08:40:31','translations',NULL),(148,'2018-12-03 08:40:31','2018-12-03 08:40:31','payment-method-refactor',NULL),(149,'2018-12-03 08:40:31','2018-12-03 08:40:31','add-sepa-database-items',NULL),(150,'2018-12-03 08:40:31','2018-12-03 08:40:31','add-checkout-payment-info-change-config',NULL),(151,'2018-12-03 08:40:31','2018-12-03 08:40:31','add-missing-emotion-field-types',NULL),(200,'2018-12-03 08:40:31','2018-12-03 08:40:31','drop-unused-factory-table',NULL),(201,'2018-12-03 08:40:31','2018-12-03 08:40:31','add-supplier-seo',NULL),(202,'2018-12-03 08:40:31','2018-12-03 08:40:31','unregister-routerold-dead-event',NULL),(203,'2018-12-03 08:40:31','2018-12-03 08:40:31','add-http-cache-clear-event',NULL),(204,'2018-12-03 08:40:31','2018-12-03 08:40:31','add-supplier-seo-template',NULL),(205,'2018-12-03 08:40:31','2018-12-03 08:40:31','date-time-picker-label-update',NULL),(206,'2018-12-03 08:40:31','2018-12-03 08:40:31','change-image-attributes',NULL),(207,'2018-12-03 08:40:31','2018-12-03 08:40:31','product-feed-export',NULL),(208,'2018-12-03 08:40:31','2018-12-03 08:40:31','snippet-handling-refactoring',NULL),(209,'2018-12-03 08:40:31','2018-12-03 08:40:31','add-meta-title',NULL),(210,'2018-12-03 08:40:31','2018-12-03 08:40:31','add-meta-title-to-blog',NULL),(211,'2018-12-03 08:40:31','2018-12-03 08:40:31','add-always-secure',NULL),(212,'2018-12-03 08:40:31','2018-12-03 08:40:31','product-feed-export',NULL),(213,'2018-12-03 08:40:31','2018-12-03 08:40:31','update-payment-methods-plugin',NULL),(214,'2018-12-03 08:40:31','2018-12-03 08:40:31','add-debit-fields-to-payment-data',NULL),(215,'2018-12-03 08:40:31','2018-12-03 08:40:31','enlarge-zipcode-and-streetnumber-user',NULL),(216,'2018-12-03 08:40:31','2018-12-03 08:40:31','enlarge-zipcode-and-streetnumber-billing',NULL),(217,'2018-12-03 08:40:31','2018-12-03 08:40:31','enlarge-zipcode-and-streetnumber-billing_shipping',NULL),(218,'2018-12-03 08:40:31','2018-12-03 08:40:31','remove-old-debug-plugins',NULL),(219,'2018-12-03 08:40:31','2018-12-03 08:40:31','customer-payment-data-editing-in-be',NULL),(220,'2018-12-03 08:40:31','2018-12-03 08:40:31','add-payment-data-restriction',NULL),(221,'2018-12-03 08:40:31','2018-12-03 08:40:31','remove-log-plugin',NULL),(222,'2018-12-03 08:40:31','2018-12-03 08:40:31','add-logmail-config',NULL),(223,'2018-12-03 08:40:31','2018-12-03 08:40:31','add-statistic-config',NULL),(224,'2018-12-03 08:40:31','2018-12-03 08:40:31','add-statistic-impression-table',NULL),(225,'2018-12-03 08:40:31','2018-12-03 08:40:31','fix-emotion-required-fields',NULL),(226,'2018-12-03 08:40:31','2018-12-03 08:40:31','add-tellafriend-remove-option',NULL),(227,'2018-12-03 08:40:31','2018-12-03 08:40:31','fix-canonical-force-http-translation',NULL),(228,'2018-12-03 08:40:31','2018-12-03 08:40:31','add-canonical-force-http-description',NULL),(229,'2018-12-03 08:40:31','2018-12-03 08:40:31','fix-last-articles-plugin-config-form',NULL),(230,'2018-12-03 08:40:31','2018-12-03 08:40:31','fix-emotion-mandatory-fields',NULL),(231,'2018-12-03 08:40:32','2018-12-03 08:40:32','update-redirectDownload-config-var',NULL),(301,'2018-12-03 08:40:32','2018-12-03 08:40:32','drop-unused-cms-content-table',NULL),(302,'2018-12-03 08:40:32','2018-12-03 08:40:32','add-secure-cron',NULL),(303,'2018-12-03 08:40:32','2018-12-03 08:40:32','add-seo-categories',NULL),(304,'2018-12-03 08:40:32','2018-12-03 08:40:32','widget-system-refactoring',NULL),(305,'2018-12-03 08:40:32','2018-12-03 08:40:32','add-product-feed-caching',NULL),(306,'2018-12-03 08:40:32','2018-12-03 08:40:32','update-secure-cron-description',NULL),(307,'2018-12-03 08:40:32','2018-12-03 08:40:32','install-swag-update',NULL),(308,'2018-12-03 08:40:32','2018-12-03 08:40:32','increase-session-id-fields',NULL),(309,'2018-12-03 08:40:32','2018-12-03 08:40:32','merchant-email-translation',NULL),(310,'2018-12-03 08:40:32','2018-12-03 08:40:32','swagupdate-translations',NULL),(311,'2018-12-03 08:40:32','2018-12-03 08:40:32','subshop-maintenance-support',NULL),(312,'2018-12-03 08:40:32','2018-12-03 08:40:32','update-search-form-translation',NULL),(313,'2018-12-03 08:40:32','2018-12-03 08:40:32','add-order-detail-fields',NULL),(314,'2018-12-03 08:40:32','2018-12-03 08:40:32','add-order-detail-pack-unit',NULL),(315,'2018-12-03 08:40:32','2018-12-03 08:40:32','update-shipping-address-country-field-labels',NULL),(316,'2018-12-03 08:40:32','2018-12-03 08:40:32','update-seo-nofollow-labels',NULL),(317,'2018-12-03 08:40:32','2018-12-03 08:40:32','update-store-api-url',NULL),(318,'2018-12-03 08:40:32','2018-12-03 08:40:32','update-payment-methods-version',NULL),(319,'2018-12-03 08:40:32','2018-12-03 08:40:32','update-google-plugin',NULL),(330,'2018-12-03 08:40:32','2018-12-03 08:40:32','add-secure-uninstall-capability',NULL),(350,'2018-12-03 08:40:32','2018-12-03 08:40:32','add-template-parent',NULL),(351,'2018-12-03 08:40:32','2018-12-03 08:40:32','add-template-menu',NULL),(352,'2018-12-03 08:40:32','2018-12-03 08:40:32','add-theme-config',NULL),(353,'2018-12-03 08:40:32','2018-12-03 08:40:32','add-horizontal-scrolling-emotion',NULL),(354,'2018-12-03 08:40:32','2018-12-03 08:40:32','add-video-element',NULL),(355,'2018-12-03 08:40:32','2018-12-03 08:40:32','remove-config-module-template-manager',NULL),(356,'2018-12-03 08:40:32','2018-12-03 08:40:32','email-datetime-format',NULL),(357,'2018-12-03 08:40:32','2018-12-03 08:40:32','add-changed-and-mobileactive-columns',NULL),(358,'2018-12-03 08:40:32','2018-12-03 08:40:32','add-registration-field-options',NULL),(359,'2018-12-03 08:40:32','2018-12-03 08:40:33','add_additional_address_data_order_billing',NULL),(360,'2018-12-03 08:40:33','2018-12-03 08:40:33','add_additional_address_data_order_shipping',NULL),(361,'2018-12-03 08:40:33','2018-12-03 08:40:33','additional_address-config',NULL),(362,'2018-12-03 08:40:33','2018-12-03 08:40:33','add_additional_address_data_user_billing',NULL),(363,'2018-12-03 08:40:33','2018-12-03 08:40:33','add_additional_address_data_user_shipping',NULL),(364,'2018-12-03 08:40:33','2018-12-03 08:40:33','remove-article-impression',NULL),(365,'2018-12-03 08:40:33','2018-12-03 08:40:33','google-analytics-plugin-upgrade',NULL),(366,'2018-12-03 08:40:33','2018-12-03 08:40:33','translations',NULL),(367,'2018-12-03 08:40:33','2018-12-03 08:40:33','mobile-statistics',NULL),(368,'2018-12-03 08:40:33','2018-12-03 08:40:33','form-elem-text2-labels',NULL),(369,'2018-12-03 08:40:33','2018-12-03 08:40:33','change-min-purchase',NULL),(370,'2018-12-03 08:40:33','2018-12-03 08:40:33','optimize-performance',NULL),(371,'2018-12-03 08:40:33','2018-12-03 08:40:33','add-multi-edit-config-options',NULL),(372,'2018-12-03 08:40:33','2018-12-03 08:40:33','setup-multi-edit',NULL),(373,'2018-12-03 08:40:33','2018-12-03 08:40:33','address-streetnumber-merge',NULL),(374,'2018-12-03 08:40:33','2018-12-03 08:40:33','s-order-billing-enlarge-street-field',NULL),(375,'2018-12-03 08:40:33','2018-12-03 08:40:33','s-order-billing-merge-street-number',NULL),(376,'2018-12-03 08:40:33','2018-12-03 08:40:33','s-order-billing-drop-street-number',NULL),(377,'2018-12-03 08:40:33','2018-12-03 08:40:33','s-order-shipping-enlarge-street-field',NULL),(378,'2018-12-03 08:40:33','2018-12-03 08:40:33','s-order-shipping-merge-street-number',NULL),(379,'2018-12-03 08:40:33','2018-12-03 08:40:33','s-order-shipping-drop-street-number',NULL),(380,'2018-12-03 08:40:33','2018-12-03 08:40:33','s-user-billing-enlarge-street-field',NULL),(381,'2018-12-03 08:40:33','2018-12-03 08:40:33','s-user-billing-merge-street-number',NULL),(382,'2018-12-03 08:40:33','2018-12-03 08:40:34','s-user-billing-drop-street-number',NULL),(383,'2018-12-03 08:40:34','2018-12-03 08:40:34','s-user-shipping-enlarge-street-field',NULL),(384,'2018-12-03 08:40:34','2018-12-03 08:40:34','s-user-shipping-merge-street-number',NULL),(385,'2018-12-03 08:40:34','2018-12-03 08:40:34','s-user-shipping-drop-street-number',NULL),(386,'2018-12-03 08:40:34','2018-12-03 08:40:34','import-multiedit-plugin-tables',NULL),(387,'2018-12-03 08:40:34','2018-12-03 08:40:34','display-shipping-calculations-in-basket',NULL),(388,'2018-12-03 08:40:34','2018-12-03 08:40:34','add-emotion-fields-position',NULL),(389,'2018-12-03 08:40:34','2018-12-03 08:40:34','fix-custom-form-field-sorting',NULL),(390,'2018-12-03 08:40:34','2018-12-03 08:40:34','add-device-column',NULL),(391,'2018-12-03 08:40:34','2018-12-03 08:40:34','fix-attr17',NULL),(392,'2018-12-03 08:40:34','2018-12-03 08:40:34','remove-unused-listerner',NULL),(393,'2018-12-03 08:40:34','2018-12-03 08:40:34','add-404-page-config-options',NULL),(394,'2018-12-03 08:40:34','2018-12-03 08:40:34','add-company-register-config',NULL),(395,'2018-12-03 08:40:34','2018-12-03 08:40:34','remove-obsolete-trusted-shops-code',NULL),(396,'2018-12-03 08:40:34','2018-12-03 08:40:34','add-family-friendly-meta',NULL),(397,'2018-12-03 08:40:34','2018-12-03 08:40:34','form-meta-data',NULL),(398,'2018-12-03 08:40:34','2018-12-03 08:40:34','add-custom-and-form-seo-template',NULL),(399,'2018-12-03 08:40:34','2018-12-03 08:40:34','remove-unused-rewrite-table',NULL),(400,'2018-12-03 08:40:34','2018-12-03 08:40:34','article-list-config-translations',NULL),(401,'2018-12-03 08:40:34','2018-12-03 08:40:34','remove-unused-table',NULL),(402,'2018-12-03 08:40:34','2018-12-03 08:40:34','remove-dead-event',NULL),(403,'2018-12-03 08:40:34','2018-12-03 08:40:34','add-emotion-hint-to-basket-colors',NULL),(404,'2018-12-03 08:40:34','2018-12-03 08:40:34','remove-sLanguage-from-item-export',NULL),(405,'2018-12-03 08:40:34','2018-12-03 08:40:34','import-compare-settings',NULL),(406,'2018-12-03 08:40:34','2018-12-03 08:40:34','add-advanced-menu-listeners',NULL),(407,'2018-12-03 08:40:34','2018-12-03 08:40:34','empty-migration-placeholder',NULL),(408,'2018-12-03 08:40:34','2018-12-03 08:40:34','variant-price-surcharge-refactor',NULL),(409,'2018-12-03 08:40:34','2018-12-03 08:40:34','add-property-media',NULL),(410,'2018-12-03 08:40:34','2018-12-03 08:40:34','add-emotion-fields',NULL),(411,'2018-12-03 08:40:34','2018-12-03 08:40:34','remove-unused-columns',NULL),(412,'2018-12-03 08:40:34','2018-12-03 08:40:34','remove-liveshopping-bundle-columns',NULL),(413,'2018-12-03 08:40:34','2018-12-03 08:40:35','tidy-up-session-tables',NULL),(414,'2018-12-03 08:40:35','2018-12-03 08:40:35','add-product-box-layout',NULL),(415,'2018-12-03 08:40:35','2018-12-03 08:40:35','remove-promotions',NULL),(416,'2018-12-03 08:40:35','2018-12-03 08:40:35','remove-dummy-plugins',NULL),(417,'2018-12-03 08:40:35','2018-12-03 08:40:35','remove-routerold-plugin',NULL),(418,'2018-12-03 08:40:35','2018-12-03 08:40:35','shop-specific-search-statistics',NULL),(419,'2018-12-03 08:40:35','2018-12-03 08:40:35','extract-acl-service',NULL),(420,'2018-12-03 08:40:35','2018-12-03 08:40:35','remove-plugin-manager',NULL),(421,'2018-12-03 08:40:35','2018-12-03 08:40:35','remove-store-api-plugin',NULL),(422,'2018-12-03 08:40:35','2018-12-03 08:40:35','add-plugin-categories',NULL),(423,'2018-12-03 08:40:35','2018-12-03 08:40:35','remove-unused-config-variables',NULL),(424,'2018-12-03 08:40:35','2018-12-03 08:40:35','update-deprecated-config-variables',NULL),(425,'2018-12-03 08:40:35','2018-12-03 08:40:35','remove-old-templates',NULL),(426,'2018-12-03 08:40:35','2018-12-03 08:40:35','extract-cron-service',NULL),(427,'2018-12-03 08:40:35','2018-12-03 08:40:35','add-nostock-config',NULL),(428,'2018-12-03 08:40:35','2018-12-03 08:40:35','remove-old-instock-config',NULL),(429,'2018-12-03 08:40:35','2018-12-03 08:40:35','activate-performance-filters',NULL),(430,'2018-12-03 08:40:35','2018-12-03 08:40:35','add-shop-page-form-shopid',NULL),(431,'2018-12-03 08:40:35','2018-12-03 08:40:35','cache-emotion-landing-pages',NULL),(432,'2018-12-03 08:40:35','2018-12-03 08:40:35','html5-tags-for-snippets',NULL),(433,'2018-12-03 08:40:35','2018-12-03 08:40:35','emotion-device-column-as-varchar',NULL),(434,'2018-12-03 08:40:35','2018-12-03 08:40:35','add-emotion-components',NULL),(435,'2018-12-03 08:40:35','2018-12-03 08:40:35','mark-deprecated-fields-emotions',NULL),(436,'2018-12-03 08:40:35','2018-12-03 08:40:35','update-html5-video-fields',NULL),(437,'2018-12-03 08:40:35','2018-12-03 08:40:36','add-dirty-flag-email-translations',NULL),(438,'2018-12-03 08:40:36','2018-12-03 08:40:36','add-email-template-header-footer-fields',NULL),(439,'2018-12-03 08:40:36','2018-12-03 08:40:36','update-document-footer-styling',NULL),(440,'2018-12-03 08:40:36','2018-12-03 08:40:36','fix-sorder-email-template',NULL),(441,'2018-12-03 08:40:36','2018-12-03 08:40:36','add-hide-downloads-in-account',NULL),(442,'2018-12-03 08:40:36','2018-12-03 08:40:36','add-option-to-disable-styling-emotions',NULL),(443,'2018-12-03 08:40:36','2018-12-03 08:40:36','add-wizard-configuration-value',NULL),(444,'2018-12-03 08:40:36','2018-12-03 08:40:36','add-imprint-to-bottom-shop-group',NULL),(445,'2018-12-03 08:40:36','2018-12-03 08:40:36','import-vrrl-plugin-settings',NULL),(446,'2018-12-03 08:40:36','2018-12-03 08:40:36','easy-registration-process',NULL),(447,'2018-12-03 08:40:36','2018-12-03 08:40:36','update-tag-cloud-defaults',NULL),(448,'2018-12-03 08:40:36','2018-12-03 08:40:36','update-first-run-wizard-snippet',NULL),(449,'2018-12-03 08:40:36','2018-12-03 08:40:36','add-pagination-seo',NULL),(450,'2018-12-03 08:40:36','2018-12-03 08:40:36','add-high-dpi-album-settings',NULL),(451,'2018-12-03 08:40:36','2018-12-03 08:40:36','fix-email-header-field',NULL),(452,'2018-12-03 08:40:36','2018-12-03 08:40:36','add-styling-classes-main-menu',NULL),(453,'2018-12-03 08:40:36','2018-12-03 08:40:36','update-table-encoding',NULL),(454,'2018-12-03 08:40:36','2018-12-03 08:40:36','rename-theme-manager',NULL),(455,'2018-12-03 08:40:36','2018-12-03 08:40:36','cache-invalidate-variants',NULL),(456,'2018-12-03 08:40:36','2018-12-03 08:40:36','emotion-worlds-cache-invalidation',NULL),(457,'2018-12-03 08:40:36','2018-12-03 08:40:36','add-thumbnail-config',NULL),(458,'2018-12-03 08:40:36','2018-12-03 08:40:36','remove-selfhealing-plugin',NULL),(459,'2018-12-03 08:40:36','2018-12-03 08:40:36','translate-form-fields',NULL),(460,'2018-12-03 08:40:36','2018-12-03 08:40:36','fix-email-header-field',NULL),(461,'2018-12-03 08:40:36','2018-12-03 08:40:36','fix-sorder-email-thumbnails',NULL),(462,'2018-12-03 08:40:36','2018-12-03 08:40:36','add-emotion-position-column',NULL),(463,'2018-12-03 08:40:36','2018-12-03 08:40:36','translate-emotion-html-video',NULL),(464,'2018-12-03 08:40:36','2018-12-03 08:40:36','add-feed-dirty-flag',NULL),(465,'2018-12-03 08:40:36','2018-12-03 08:40:36','token-secret',NULL),(466,'2018-12-03 08:40:37','2018-12-03 08:40:37','supplier-seo-url',NULL),(467,'2018-12-03 08:40:37','2018-12-03 08:40:37','remove-listing-seo-url',NULL),(468,'2018-12-03 08:40:37','2018-12-03 08:40:37','update-feeds-thumbnails-size',NULL),(469,'2018-12-03 08:40:37','2018-12-03 08:40:37','add-404-article-page-config',NULL),(470,'2018-12-03 08:40:37','2018-12-03 08:40:37','update-price-variation-column-type',NULL),(471,'2018-12-03 08:40:37','2018-12-03 08:40:37','fix-attr17',NULL),(472,'2018-12-03 08:40:37','2018-12-03 08:40:37','add-landing-page-parent',NULL),(473,'2018-12-03 08:40:37','2018-12-03 08:40:37','add-zip-city-flip-option',NULL),(474,'2018-12-03 08:40:37','2018-12-03 08:40:37','switch-zipcode-city-emails',NULL),(475,'2018-12-03 08:40:37','2018-12-03 08:40:37','add-missing-emails',NULL),(476,'2018-12-03 08:40:37','2018-12-03 08:40:37','add-less-compatible-flag',NULL),(477,'2018-12-03 08:40:37','2018-12-03 08:40:37','disable-tag-cloud-for-installation',NULL),(478,'2018-12-03 08:40:37','2018-12-03 08:40:37','add-emotion-banner-title-attr',NULL),(479,'2018-12-03 08:40:37','2018-12-03 08:40:37','implement-after-update-wizard',NULL),(480,'2018-12-03 08:40:37','2018-12-03 08:40:37','translate-multi-edit-config-form',NULL),(481,'2018-12-03 08:40:37','2018-12-03 08:40:37','remove-vat-validation-from-core',NULL),(482,'2018-12-03 08:40:37','2018-12-03 08:40:37','remove-horizontal-scrolling',NULL),(483,'2018-12-03 08:40:37','2018-12-03 08:40:37','set-device-type-nullable',NULL),(484,'2018-12-03 08:40:37','2018-12-03 08:40:37','add-seo-title-to-categories',NULL),(485,'2018-12-03 08:40:37','2018-12-03 08:40:37','add-new-sprites-media-manager-albums',NULL),(486,'2018-12-03 08:40:37','2018-12-03 08:40:37','generate-mobile-sitemap',NULL),(487,'2018-12-03 08:40:37','2018-12-03 08:40:37','fix-service-product-snippet',NULL),(488,'2018-12-03 08:40:37','2018-12-03 08:40:37','reset-search-index',NULL),(489,'2018-12-03 08:40:37','2018-12-03 08:40:37','fix-backend-menu-icons',NULL),(490,'2018-12-03 08:40:37','2018-12-03 08:40:37','fix-email-templates-images-height',NULL),(491,'2018-12-03 08:40:37','2018-12-03 08:40:37','change-enabled-payment-methods',NULL),(492,'2018-12-03 08:40:37','2018-12-03 08:40:37','remove-unnecessary-data-from-base-install',NULL),(493,'2018-12-03 08:40:37','2018-12-03 08:40:37','remove-mail-translations',NULL),(494,'2018-12-03 08:40:37','2018-12-03 08:40:37','add-cheapest-price-calculation-config',NULL),(495,'2018-12-03 08:40:37','2018-12-03 08:40:37','fix-shopping-worlds-grid',NULL),(496,'2018-12-03 08:40:37','2018-12-03 08:40:37','add-cheapest-price-selection-config',NULL),(497,'2018-12-03 08:40:37','2018-12-03 08:40:37','fix-email-payment-method-description',NULL),(498,'2018-12-03 08:40:37','2018-12-03 08:40:37','fix-and-add-acl-privileges',NULL),(499,'2018-12-03 08:40:37','2018-12-03 08:40:37','add-swag-update-acl-privileges',NULL),(500,'2018-12-03 08:40:37','2018-12-03 08:40:37','destroy-bot-sessions',NULL),(501,'2018-12-03 08:40:37','2018-12-03 08:40:37','add-added-column-in-mailaddresses',NULL),(502,'2018-12-03 08:40:37','2018-12-03 08:40:37','remove-unused-voucher-table',NULL),(503,'2018-12-03 08:40:37','2018-12-03 08:40:37','rename-multi-edit',NULL),(504,'2018-12-03 08:40:37','2018-12-03 08:40:38','add-customergroup-index',NULL),(505,'2018-12-03 08:40:38','2018-12-03 08:40:38','add-voucher-indexes',NULL),(506,'2018-12-03 08:40:38','2018-12-03 08:40:38','password-reset',NULL),(600,'2018-12-03 08:40:38','2018-12-03 08:40:38','add-support-max-generated-similar-products',NULL),(601,'2018-12-03 08:40:38','2018-12-03 08:40:38','implement-elastic-search',NULL),(602,'2018-12-03 08:40:38','2018-12-03 08:40:38','add-premium-plugins-menu-item',NULL),(603,'2018-12-03 08:40:38','2018-12-03 08:40:38','add-product-streams',NULL),(604,'2018-12-03 08:40:38','2018-12-03 08:40:38','move-discount-surchage-names-into-snippets',NULL),(605,'2018-12-03 08:40:38','2018-12-03 08:40:38','add-and-search-config',NULL),(606,'2018-12-03 08:40:38','2018-12-03 08:40:38','add-state-name-column',NULL),(607,'2018-12-03 08:40:38','2018-12-03 08:40:38','add-rss-feed-widget',NULL),(608,'2018-12-03 08:40:38','2018-12-03 08:40:38','fix-product-stream-icon',NULL),(609,'2018-12-03 08:40:38','2018-12-03 08:40:38','add-media-recycling',NULL),(610,'2018-12-03 08:40:38','2018-12-03 08:40:38','remove-deprecated-adodb',NULL),(611,'2018-12-03 08:40:38','2018-12-03 08:40:38','remove-deprecated-api',NULL),(612,'2018-12-03 08:40:38','2018-12-03 08:40:38','remove-deprecated-multilanguage',NULL),(613,'2018-12-03 08:40:38','2018-12-03 08:40:38','add-media-meta',NULL),(614,'2018-12-03 08:40:38','2018-12-03 08:40:38','fix-document-logo-path',NULL),(615,'2018-12-03 08:40:38','2018-12-03 08:40:38','password-reset',NULL),(616,'2018-12-03 08:40:38','2018-12-03 08:40:38','product-stream-emotion-field',NULL),(617,'2018-12-03 08:40:38','2018-12-03 08:40:38','add-html5-emotion-handler',NULL),(618,'2018-12-03 08:40:38','2018-12-03 08:40:38','add-trash-album-settings',NULL),(619,'2018-12-03 08:40:38','2018-12-03 08:40:38','add-widgets-listing-cache-tag',NULL),(620,'2018-12-03 08:40:38','2018-12-03 08:40:38','add-delivered-in-future-column',NULL),(621,'2018-12-03 08:40:38','2018-12-03 08:40:38','remove-filter-options',NULL),(622,'2018-12-03 08:40:38','2018-12-03 08:40:38','add-emotion-seo-title',NULL),(623,'2018-12-03 08:40:38','2018-12-03 08:40:38','add-payment-config-item',NULL),(624,'2018-12-03 08:40:38','2018-12-03 08:40:38','fix-null-tax-rules',NULL),(625,'2018-12-03 08:40:38','2018-12-03 08:40:38','rename-feedback',NULL),(626,'2018-12-03 08:40:38','2018-12-03 08:40:38','fix-email-template-variables',NULL),(627,'2018-12-03 08:40:38','2018-12-03 08:40:38','fix-order-email-voucher-image',NULL),(628,'2018-12-03 08:40:38','2018-12-03 08:40:38','add-validation-index',NULL),(629,'2018-12-03 08:40:38','2018-12-03 08:40:38','implement-ajax-timeout',NULL),(630,'2018-12-03 08:40:38','2018-12-03 08:40:38','remove-google-analytics',NULL),(631,'2018-12-03 08:40:38','2018-12-03 08:40:38','remove-search-results-per-page',NULL),(632,'2018-12-03 08:40:38','2018-12-03 08:40:38','optimize-hide-no-instock-label',NULL),(633,'2018-12-03 08:40:38','2018-12-03 08:40:38','add-index-for-image-mappings',NULL),(634,'2018-12-03 08:40:38','2018-12-03 08:40:38','add-index-for-basket-ordernumber',NULL),(635,'2018-12-03 08:40:38','2018-12-03 08:40:39','add-index-for-plugin-id',NULL),(636,'2018-12-03 08:40:39','2018-12-03 08:40:39','streamline-german-email-wording',NULL),(637,'2018-12-03 08:40:39','2018-12-03 08:40:39','deactivate-similar-products',NULL),(638,'2018-12-03 08:40:39','2018-12-03 08:40:39','fix-serialized-data',NULL),(700,'2018-12-03 08:40:39','2018-12-03 08:40:39','remove-filter-values',NULL),(701,'2018-12-03 08:40:39','2018-12-03 08:40:39','remove-emotion-backend-options',NULL),(702,'2018-12-03 08:40:39','2018-12-03 08:40:39','add-emotion-element-css-class',NULL),(703,'2018-12-03 08:40:39','2018-12-03 08:40:39','activate-html-code-widget-by-default',NULL),(704,'2018-12-03 08:40:39','2018-12-03 08:40:39','remove-referercheck',NULL),(705,'2018-12-03 08:40:39','2018-12-03 08:40:39','rename-category-template-column',NULL),(706,'2018-12-03 08:40:39','2018-12-03 08:40:39','remove-debit-table',NULL),(707,'2018-12-03 08:40:39','2018-12-03 08:40:39','add-new-emotion-link-target-field',NULL),(708,'2018-12-03 08:40:39','2018-12-03 08:40:39','attribute-administration',NULL),(709,'2018-12-03 08:40:39','2018-12-03 08:40:40','add-user-addresses',NULL),(710,'2018-12-03 08:40:40','2018-12-03 08:40:40','remove-fax-field',NULL),(711,'2018-12-03 08:40:40','2018-12-03 08:40:40','create-address-migrate-table',NULL),(712,'2018-12-03 08:40:40','2018-12-03 08:40:40','migrate-user-billing',NULL),(713,'2018-12-03 08:40:40','2018-12-03 08:40:40','migrate-user-shipping',NULL),(714,'2018-12-03 08:40:40','2018-12-03 08:40:40','migrate-order-billing',NULL),(715,'2018-12-03 08:40:40','2018-12-03 08:40:40','migrate-order-shipping',NULL),(716,'2018-12-03 08:40:40','2018-12-03 08:40:40','copy-addresses-to-addressbook',NULL),(717,'2018-12-03 08:40:40','2018-12-03 08:40:40','set-default-billingaddresses',NULL),(718,'2018-12-03 08:40:40','2018-12-03 08:40:40','set-default-shippingaddresses',NULL),(719,'2018-12-03 08:40:40','2018-12-03 08:40:40','create-address-attribute-tables',NULL),(720,'2018-12-03 08:40:40','2018-12-03 08:40:40','migrate-order-billing-attributes',NULL),(721,'2018-12-03 08:40:40','2018-12-03 08:40:40','migrate-order-shipping-attributes',NULL),(722,'2018-12-03 08:40:40','2018-12-03 08:40:40','migrate-user-shipping-attributes',NULL),(723,'2018-12-03 08:40:40','2018-12-03 08:40:40','migrate-user-billing-attributes',NULL),(724,'2018-12-03 08:40:40','2018-12-03 08:40:40','cleanup-address-migration',NULL),(725,'2018-12-03 08:40:40','2018-12-03 08:40:40','remove-license-plugin-from-initial-db',NULL),(726,'2018-12-03 08:40:40','2018-12-03 08:40:40','remove-shipping-billing',NULL),(727,'2018-12-03 08:40:40','2018-12-03 08:40:40','core-license-config',NULL),(728,'2018-12-03 08:40:40','2018-12-03 08:40:40','create-s-user-columns',NULL),(729,'2018-12-03 08:40:40','2018-12-03 08:40:40','migrate-additional-userdata',NULL),(730,'2018-12-03 08:40:40','2018-12-03 08:40:40','drop-birthday-column',NULL),(731,'2018-12-03 08:40:40','2018-12-03 08:40:40','remove-emotion-grids',NULL),(732,'2018-12-03 08:40:40','2018-12-03 08:40:40','remove-landingpage-teaser',NULL),(733,'2018-12-03 08:40:40','2018-12-03 08:40:40','add-translatable-field-with-data',NULL),(734,'2018-12-03 08:40:40','2018-12-03 08:40:40','new-emotion-shop-association',NULL),(735,'2018-12-03 08:40:40','2018-12-03 08:40:40','migrate-old-emotion-relation',NULL),(736,'2018-12-03 08:40:40','2018-12-03 08:40:40','add-article-widget-categorie-selection',NULL),(737,'2018-12-03 08:40:40','2018-12-03 08:40:40','add-emotion-element-viewport',NULL),(738,'2018-12-03 08:40:40','2018-12-03 08:40:40','fixed-iframe-widget-xtype',NULL),(739,'2018-12-03 08:40:40','2018-12-03 08:40:40','migrate-emotion-widget-settings',NULL),(740,'2018-12-03 08:40:40','2018-12-03 08:40:40','new-border-setting-for-emotion-widgets',NULL),(741,'2018-12-03 08:40:40','2018-12-03 08:40:40','migrate-salutation-mails',NULL),(742,'2018-12-03 08:40:40','2018-12-03 08:40:40','add-title-user-billing',NULL),(743,'2018-12-03 08:40:40','2018-12-03 08:40:40','add-title-order-billing',NULL),(744,'2018-12-03 08:40:40','2018-12-03 08:40:40','add-title-order-shipping',NULL),(745,'2018-12-03 08:40:40','2018-12-03 08:40:40','add-title-user-shipping',NULL),(746,'2018-12-03 08:40:40','2018-12-03 08:40:40','migrate-shipping',NULL),(747,'2018-12-03 08:40:40','2018-12-03 08:40:40','ekw-mode-migration',NULL),(748,'2018-12-03 08:40:40','2018-12-03 08:40:40','remove-unused-fields',NULL),(749,'2018-12-03 08:40:40','2018-12-03 08:40:41','make-ustid-nullable',NULL),(750,'2018-12-03 08:40:41','2018-12-03 08:40:41','migrate-article-details-base-price',NULL),(751,'2018-12-03 08:40:41','2018-12-03 08:40:41','drop-unused-menu-fields',NULL),(752,'2018-12-03 08:40:41','2018-12-03 08:40:41','delete-payment-plugin',NULL),(753,'2018-12-03 08:40:41','2018-12-03 08:40:41','add-s-user-customer-number',NULL),(754,'2018-12-03 08:40:41','2018-12-03 08:40:41','update-order-billing-customer-number',NULL),(755,'2018-12-03 08:40:41','2018-12-03 08:40:41','migrate-customer-number',NULL),(756,'2018-12-03 08:40:41','2018-12-03 08:40:41','drop-customer-number',NULL),(757,'2018-12-03 08:40:41','2018-12-03 08:40:41','add-array-store-field',NULL),(758,'2018-12-03 08:40:41','2018-12-03 08:40:41','remove-attributes-read-acl',NULL),(759,'2018-12-03 08:40:41','2018-12-03 08:40:41','remove-noviewselect',NULL),(760,'2018-12-03 08:40:41','2018-12-03 08:40:41','change-plugin-unique-key',NULL),(761,'2018-12-03 08:40:41','2018-12-03 08:40:41','change-performance-menu',NULL),(762,'2018-12-03 08:40:41','2018-12-03 08:40:41','increase-img-character-size',NULL),(763,'2018-12-03 08:40:41','2018-12-03 08:40:41','add-attributes-read-acl',NULL),(764,'2018-12-03 08:40:41','2018-12-03 08:40:41','fixing-ordernumber-schema-addon-premiums',NULL),(765,'2018-12-03 08:40:41','2018-12-03 08:40:41','fixing-ordernumber-schema-article-configurator-templates',NULL),(766,'2018-12-03 08:40:41','2018-12-03 08:40:41','fixing-ordernumber-schema-article-details',NULL),(767,'2018-12-03 08:40:41','2018-12-03 08:40:41','fixing-ordernumber-schema-campaigns-articles',NULL),(768,'2018-12-03 08:40:41','2018-12-03 08:40:41','fixing-ordernumber-schema-order',NULL),(769,'2018-12-03 08:40:41','2018-12-03 08:40:41','fixing-ordernumber-schema-order-basket',NULL),(770,'2018-12-03 08:40:41','2018-12-03 08:40:42','fixing-ordernumber-schema-order-details',NULL),(771,'2018-12-03 08:40:42','2018-12-03 08:40:42','fixing-ordernumber-schema-order-notes',NULL),(772,'2018-12-03 08:40:42','2018-12-03 08:40:42','allow-label-nullable',NULL),(773,'2018-12-03 08:40:42','2018-12-03 08:40:42','add-library-component-fields',NULL),(774,'2018-12-03 08:40:42','2018-12-03 08:40:42','add-extra-config-elements',NULL),(775,'2018-12-03 08:40:42','2018-12-03 08:40:42','add-asset-version-config-element',NULL),(776,'2018-12-03 08:40:42','2018-12-03 08:40:42','fix-alter-ignore-migrations',NULL),(777,'2018-12-03 08:40:42','2018-12-03 08:40:42','fix-invalid-birthdays',NULL),(778,'2018-12-03 08:40:42','2018-12-03 08:40:42','add-attribtue-default-value',NULL),(779,'2018-12-03 08:40:42','2018-12-03 08:40:42','fixing-bot-detection-ios',NULL),(780,'2018-12-03 08:40:42','2018-12-03 08:40:42','fix-debit-payment',NULL),(781,'2018-12-03 08:40:42','2018-12-03 08:40:42','update-forum-link',NULL),(782,'2018-12-03 08:40:42','2018-12-03 08:40:42','add-partner-idcode-index',NULL),(783,'2018-12-03 08:40:42','2018-12-03 08:40:42','increase-media-path-columns',NULL),(784,'2018-12-03 08:40:42','2018-12-03 08:40:42','add-paging-to-notfoundfield',NULL),(785,'2018-12-03 08:40:42','2018-12-03 08:40:42','add-connect-default-menu',NULL),(786,'2018-12-03 08:40:42','2018-12-03 08:40:42','extend-api-cache-invalidation',NULL),(787,'2018-12-03 08:40:42','2018-12-03 08:40:42','add-missing-translation-basicsettings-login-and-registration',NULL),(788,'2018-12-03 08:40:42','2018-12-03 08:40:42','change-Seo-Router-description',NULL),(789,'2018-12-03 08:40:42','2018-12-03 08:40:42','add-crontab-disableonerror',NULL),(790,'2018-12-03 08:40:42','2018-12-03 08:40:42','clarify-basic-settings-label',NULL),(791,'2018-12-03 08:40:42','2018-12-03 08:40:42','increase-password-hash-size',NULL),(792,'2018-12-03 08:40:42','2018-12-03 08:40:42','add-send-registration-email-confirmation-config',NULL),(793,'2018-12-03 08:40:42','2018-12-03 08:40:42','add-attribute-table-for-search',NULL),(794,'2018-12-03 08:40:42','2018-12-03 08:40:42','fix-shop-page-limiting',NULL),(795,'2018-12-03 08:40:42','2018-12-03 08:40:42','remove-salutation-snippets',NULL),(796,'2018-12-03 08:40:42','2018-12-03 08:40:42','add-uniqueid-config-element',NULL),(797,'2018-12-03 08:40:42','2018-12-03 08:40:42','remove-salutation-snippets',NULL),(798,'2018-12-03 08:40:42','2018-12-03 08:40:42','add-sytem-log-acl',NULL),(799,'2018-12-03 08:40:42','2018-12-03 08:40:42','attribute-translation-fix-1-of-10',NULL),(800,'2018-12-03 08:40:42','2018-12-03 08:40:42','attribute-translation-fix-2-of-10',NULL),(801,'2018-12-03 08:40:42','2018-12-03 08:40:42','attribute-translation-fix-3-of-10',NULL),(802,'2018-12-03 08:40:42','2018-12-03 08:40:42','attribute-translation-fix-4-of-10',NULL),(803,'2018-12-03 08:40:42','2018-12-03 08:40:42','attribute-translation-fix-5-of-10',NULL),(804,'2018-12-03 08:40:42','2018-12-03 08:40:42','attribute-translation-fix-6-of-10',NULL),(805,'2018-12-03 08:40:42','2018-12-03 08:40:42','attribute-translation-fix-7-of-10',NULL),(806,'2018-12-03 08:40:42','2018-12-03 08:40:42','attribute-translation-fix-8-of-10',NULL),(807,'2018-12-03 08:40:42','2018-12-03 08:40:42','attribute-translation-fix-9-of-10',NULL),(808,'2018-12-03 08:40:42','2018-12-03 08:40:42','attribute-translation-fix-10-of-10',NULL),(809,'2018-12-03 08:40:42','2018-12-03 08:40:42','change-session-tables',NULL),(810,'2018-12-03 08:40:42','2018-12-03 08:40:42','change-description-of-article-cover-setting',NULL),(811,'2018-12-03 08:40:42','2018-12-03 08:40:42','add-attributes-partner',NULL),(812,'2018-12-03 08:40:42','2018-12-03 08:40:42','add-max-limit-config',NULL),(813,'2018-12-03 08:40:42','2018-12-03 08:40:42','session-expiry',NULL),(814,'2018-12-03 08:40:42','2018-12-03 08:40:42','create-configurator-options-attribute-table',NULL),(815,'2018-12-03 08:40:42','2018-12-03 08:40:42','add-strip-tags-configuration-option',NULL),(816,'2018-12-03 08:40:42','2018-12-03 08:40:42','short-cut-menu-plugin-manager',NULL),(817,'2018-12-03 08:40:42','2018-12-03 08:40:42','add-plugin-translations',NULL),(818,'2018-12-03 08:40:42','2018-12-03 08:40:42','make-some-fields-in-order-table-nullable',NULL),(819,'2018-12-03 08:40:42','2018-12-03 08:40:42','shortcut-help-menu',NULL),(820,'2018-12-03 08:40:42','2018-12-03 08:40:42','plugin-safe-mode',NULL),(900,'2018-12-03 08:40:42','2018-12-03 08:40:42','add-last-articles-config-elements',NULL),(901,'2018-12-03 08:40:42','2018-12-03 08:40:43','add-vote-shop-id',NULL),(902,'2018-12-03 08:40:43','2018-12-03 08:40:43','remove-import-export-legacy-module',NULL),(903,'2018-12-03 08:40:43','2018-12-03 08:40:43','add-menu-import-export-advanced',NULL),(904,'2018-12-03 08:40:43','2018-12-03 08:40:43','add-captcha-selection',NULL),(905,'2018-12-03 08:40:43','2018-12-03 08:40:43','add-backend-listing-index',NULL),(906,'2018-12-03 08:40:43','2018-12-03 08:40:43','remove-countryshipping-registration-config-option',NULL),(907,'2018-12-03 08:40:43','2018-12-03 08:40:43','add-signed-basket',NULL),(908,'2018-12-03 08:40:43','2018-12-03 08:40:46','change-varchar-attributes',NULL),(909,'2018-12-03 08:40:46','2018-12-03 08:40:46','add-buy-button-config',NULL),(910,'2018-12-03 08:40:46','2018-12-03 08:40:46','add-cookie-permissions',NULL),(911,'2018-12-03 08:40:46','2018-12-03 08:40:46','add-facet-behavior-switch',NULL),(912,'2018-12-03 08:40:46','2018-12-03 08:40:46','add-mail-template',NULL),(913,'2018-12-03 08:40:46','2018-12-03 08:40:46','force-category-selection-for-category-teaser',NULL),(914,'2018-12-03 08:40:46','2018-12-03 08:40:46','add-preview-id-for-emotions',NULL),(916,'2018-12-03 08:40:46','2018-12-03 08:40:46','add-capcha-to-register-page',NULL),(917,'2018-12-03 08:40:46','2018-12-03 08:40:46','add-sorting-module',NULL),(918,'2018-12-03 08:40:46','2018-12-03 08:40:46','add-facet-module',NULL),(919,'2018-12-03 08:40:46','2018-12-03 08:40:46','change-article-emotion-elements',NULL),(920,'2018-12-03 08:40:46','2018-12-03 08:40:46','add-description-to-linear-meter',NULL),(921,'2018-12-03 08:40:46','2018-12-03 08:40:46','remove-shipping-free-flag',NULL),(922,'2018-12-03 08:40:46','2018-12-03 08:40:46','change-instock',NULL),(923,'2018-12-03 08:40:46','2018-12-03 08:40:46','add-customer-streams',NULL),(924,'2018-12-03 08:40:46','2018-12-03 08:40:46','add-cache-control',NULL),(925,'2018-12-03 08:40:46','2018-12-03 08:40:46','add-user-config',NULL),(926,'2018-12-03 08:40:46','2018-12-03 08:40:46','add-emotion-presets',NULL),(928,'2018-12-03 08:40:46','2018-12-03 08:40:46','add-captcha-to-newsletter-page',NULL),(929,'2018-12-03 08:40:46','2018-12-03 08:40:46','add-stream-rules',NULL),(930,'2018-12-03 08:40:46','2018-12-03 08:40:46','fix-variant-weight',NULL),(931,'2018-12-03 08:40:46','2018-12-03 08:40:46','add-slt-config',NULL),(932,'2018-12-03 08:40:46','2018-12-03 08:40:46','add-http-cache-route',NULL),(933,'2018-12-03 08:40:46','2018-12-03 08:40:46','add-customer-stream-menu',NULL),(934,'2018-12-03 08:40:46','2018-12-03 08:40:46','add-stream-attributes',NULL),(935,'2018-12-03 08:40:46','2018-12-03 08:40:46','add-listing-layout-config',NULL),(936,'2018-12-03 08:40:46','2018-12-03 08:40:46','remove-stream-index',NULL),(937,'2018-12-03 08:40:46','2018-12-03 08:40:46','add-type-field',NULL),(938,'2018-12-03 08:40:46','2018-12-03 08:40:46','add-preset-emotion-translations',NULL),(939,'2018-12-03 08:40:46','2018-12-03 08:40:46','add-translations-for-facets',NULL),(940,'2018-12-03 08:40:46','2018-12-03 08:40:46','fix-import-export-menu-entry',NULL),(941,'2018-12-03 08:40:46','2018-12-03 08:40:47','replace-default-document-logo',NULL),(942,'2018-12-03 08:40:47','2018-12-03 08:40:47','add-shipping-acl',NULL),(943,'2018-12-03 08:40:47','2018-12-03 08:40:47','add-new-colum-search-fields',NULL),(944,'2018-12-03 08:40:47','2018-12-03 08:40:47','update-german-translations',NULL),(945,'2018-12-03 08:40:47','2018-12-03 08:40:47','add-category-column-external-target',NULL),(946,'2018-12-03 08:40:47','2018-12-03 08:40:47','change-customer-stream-type',NULL),(947,'2018-12-03 08:40:47','2018-12-03 08:40:47','change-ordercode-field-length-in_s_marketing_vouchers',NULL),(948,'2018-12-03 08:40:47','2018-12-03 08:40:47','update-customer-stream-conditions',NULL),(949,'2018-12-03 08:40:47','2018-12-03 08:40:47','add-deprecation-hint-to-maxpages-form',NULL),(951,'2018-12-03 08:40:47','2018-12-03 08:40:47','add-shipping-phone',NULL),(952,'2018-12-03 08:40:47','2018-12-03 08:40:47','implement-backend-menu-configuration',NULL),(953,'2018-12-03 08:40:47','2018-12-03 08:40:47','implement-growl-message-configuration',NULL),(954,'2018-12-03 08:40:47','2018-12-03 08:40:47','edit-company-register-config',NULL),(955,'2018-12-03 08:40:47','2018-12-03 08:40:47','rename-payment-order-state',NULL),(956,'2018-12-03 08:40:47','2018-12-03 08:40:47','seperate-logmail-address',NULL),(957,'2018-12-03 08:40:47','2018-12-03 08:40:47','site-active-status',NULL),(958,'2018-12-03 08:40:47','2018-12-03 08:40:47','add-http-cache-events-for-site',NULL),(959,'2018-12-03 08:40:47','2018-12-03 08:40:47','fix-emotion-default-value',NULL),(960,'2018-12-03 08:40:47','2018-12-03 08:40:47','add-article-shippingtime-translation',NULL),(961,'2018-12-03 08:40:47','2018-12-03 08:40:47','update-email-templates',NULL),(962,'2018-12-03 08:40:47','2018-12-03 08:40:47','add-ordernumber-form-field',NULL),(963,'2018-12-03 08:40:47','2018-12-03 08:40:47','update-emotion-url-template',NULL),(964,'2018-12-03 08:40:47','2018-12-03 08:40:47','translate-slt-setting',NULL),(965,'2018-12-03 08:40:47','2018-12-03 08:40:47','add-album-garbage-collect-option',NULL),(1200,'2018-12-03 08:40:47','2018-12-03 08:40:47','add-productbox-for-manufacturer',NULL),(1201,'2018-12-03 08:40:47','2018-12-03 08:40:47','remove-secure-shop-config',NULL),(1202,'2018-12-03 08:40:47','2018-12-03 08:40:47','remove-maxpages-formelement',NULL),(1203,'2018-12-03 08:40:47','2018-12-03 08:40:47','remove-blog-indexpage-configuration',NULL),(1204,'2018-12-03 08:40:47','2018-12-03 08:40:47','add-variant-filter',NULL),(1205,'2018-12-03 08:40:47','2018-12-03 08:40:47','remove-canonical-http-setting',NULL),(1206,'2018-12-03 08:40:47','2018-12-03 08:40:47','add-laststock-field-to-variants',NULL),(1207,'2018-12-03 08:40:47','2018-12-03 08:40:47','add-new-seo-alias-for-variants',NULL),(1208,'2018-12-03 08:40:47','2018-12-03 08:40:47','add-checkout-seo-routes',NULL),(1209,'2018-12-03 08:40:47','2018-12-03 08:40:47','add-error-mail-log-level-config-option',NULL),(1210,'2018-12-03 08:40:47','2018-12-03 08:40:47','fix-config-table-index',NULL),(1211,'2018-12-03 08:40:47','2018-12-03 08:40:47','change-description-of-article-cover-setting',NULL),(1212,'2018-12-03 08:40:47','2018-12-03 08:40:47','correct-typo-in-newsletter-backend-config',NULL),(1213,'2018-12-03 08:40:47','2018-12-03 08:40:47','add-laststock-on-variant-template-generation',NULL),(1214,'2018-12-03 08:40:47','2018-12-03 08:40:47','improve-email-header-field',NULL),(1215,'2018-12-03 08:40:47','2018-12-03 08:40:47','form-active-status',NULL),(1216,'2018-12-03 08:40:47','2018-12-03 08:40:47','remove-shopware-connect-menu',NULL),(1217,'2018-12-03 08:40:47','2018-12-03 08:40:47','change-smtp-password-fieldtype',NULL),(1218,'2018-12-03 08:40:47','2018-12-03 08:40:47','change-privacy-options',NULL),(1219,'2018-12-03 08:40:47','2018-12-03 08:40:47','add-cron-for-personal-data-cleanup',NULL),(1221,'2018-12-03 08:40:47','2018-12-03 08:40:47','add-double-opt-in-dates',NULL),(1222,'2018-12-03 08:40:47','2018-12-03 08:40:47','privacy-checkbox-note',NULL),(1223,'2018-12-03 08:40:47','2018-12-03 08:40:47','add-ip-anonymization',NULL),(1224,'2018-12-03 08:40:47','2018-12-03 08:40:47','cleanup-optin-table',NULL),(1225,'2018-12-03 08:40:47','2018-12-03 08:40:47','add-double-opt-in-register',NULL),(1226,'2018-12-03 08:40:47','2018-12-03 08:40:47','add-blog-comment-mailtemplate',NULL),(1227,'2018-12-03 08:40:47','2018-12-03 08:40:47','change-minimum-order-surcharge',NULL),(1228,'2018-12-03 08:40:47','2018-12-03 08:40:47','soptinregister-english-on-update',NULL),(1229,'2018-12-03 08:40:47','2018-12-03 08:40:47','accountless-optin-switch',NULL),(1230,'2018-12-03 08:40:47','2018-12-03 08:40:47','add-cookie-removal',NULL),(1231,'2018-12-03 08:40:47','2018-12-03 08:40:47','add-description-to-hideNoInStock-config-element',NULL),(1400,'2018-12-03 08:40:47','2018-12-03 08:40:47','add-benchmark-config-table',NULL),(1401,'2018-12-03 08:40:47','2018-12-03 08:40:47','add-benchmark-menu',NULL),(1402,'2018-12-03 08:40:47','2018-12-03 08:40:47','add-benchmark-teaser-config',NULL),(1403,'2018-12-03 08:40:47','2018-12-03 08:40:48','implement-document-type-key',NULL),(1404,'2018-12-03 08:40:48','2018-12-03 08:40:48','remove-language-distinction-from-shop-pages',NULL),(1405,'2018-12-03 08:40:48','2018-12-03 08:40:48','add-es-backend-backlog',NULL),(1406,'2018-12-03 08:40:48','2018-12-03 08:40:48','add-changed-timestamp-columns',NULL),(1407,'2018-12-03 08:40:48','2018-12-03 08:40:48','add-english-translations',NULL),(1408,'2018-12-03 08:40:48','2018-12-03 08:40:48','proportional-tax-calculation',NULL),(1409,'2018-12-03 08:40:48','2018-12-03 08:40:48','add-shipping-tax-column',NULL),(1410,'2018-12-03 08:40:48','2018-12-03 08:40:48','add-sqli-privilege',NULL),(1411,'2018-12-03 08:40:48','2018-12-03 08:40:48','change-order-documents-key',NULL),(1413,'2018-12-03 08:40:48','2018-12-03 08:40:48','href-lang-configuration',NULL),(1414,'2018-12-03 08:40:48','2018-12-03 08:40:48','add-statistics-acl-role',NULL),(1415,'2018-12-03 08:40:48','2018-12-03 08:40:48','add-necessary-columns-to-bi',NULL),(1416,'2018-12-03 08:40:48','2018-12-03 08:40:48','add-article-detail-id-to-s-order-details',NULL),(1418,'2018-12-03 08:40:48','2018-12-03 08:40:48','add-sitemap-configuration',NULL),(1419,'2018-12-03 08:40:48','2018-12-03 08:40:48','add-cron-for-personal-data-cleanup',NULL),(1421,'2018-12-03 08:40:48','2018-12-03 08:40:48','add-double-opt-in-dates',NULL),(1422,'2018-12-03 08:40:48','2018-12-03 08:40:48','privacy-checkbox-note',NULL),(1423,'2018-12-03 08:40:48','2018-12-03 08:40:48','add-ip-anonymization',NULL),(1424,'2018-12-03 08:40:48','2018-12-03 08:40:48','cleanup-optin-table',NULL),(1425,'2018-12-03 08:40:48','2018-12-03 08:40:48','add-double-opt-in-register',NULL),(1426,'2018-12-03 08:40:48','2018-12-03 08:40:48','add-blog-comment-mailtemplate',NULL),(1427,'2018-12-03 08:40:48','2018-12-03 08:40:48','change-minimum-order-surcharge',NULL),(1428,'2018-12-03 08:40:48','2018-12-03 08:40:48','soptinregister-english-on-update',NULL),(1429,'2018-12-03 08:40:48','2018-12-03 08:40:48','accountless-optin-switch',NULL),(1430,'2018-12-03 08:40:48','2018-12-03 08:40:48','add-cookie-removal',NULL),(1431,'2018-12-03 08:40:48','2018-12-03 08:40:48','add-description-to-hideNoInStock-config-element',NULL),(1432,'2018-12-03 08:40:48','2018-12-03 08:40:48','improve-plugin-manager',NULL),(1433,'2018-12-03 08:40:48','2018-12-03 08:40:48','add-analytics-last-id',NULL),(1434,'2018-12-03 08:40:48','2018-12-03 08:40:48','add-href-default-selection',NULL),(1435,'2018-12-03 08:40:48','2018-12-03 08:40:48','update-esd-helptext',NULL),(1436,'2018-12-03 08:40:48','2018-12-03 08:40:48','document-type-mail-templates',NULL),(1437,'2018-12-03 08:40:48','2018-12-03 08:40:48','add-bi-last-update-date-column',NULL),(1438,'2018-12-03 08:40:48','2018-12-03 08:40:48','add-bi-widgets',NULL),(1439,'2018-12-03 08:40:48','2018-12-03 08:40:48','change-back-document-id-to-tmp',NULL),(1440,'2018-12-03 08:40:48','2018-12-03 08:40:48','change-document-id-to-lowercase',NULL),(1441,'2018-12-03 08:40:48','2018-12-03 08:40:48','update-subshop-vote-description',NULL),(1442,'2018-12-03 08:40:48','2018-12-03 08:40:48','add-meta-description-config',NULL),(1443,'2018-12-03 08:40:48','2018-12-03 08:40:48','add-shipping-country-flag',NULL),(1444,'2018-12-03 08:40:48','2018-12-03 08:40:48','userfriendly-mail-options',NULL),(1445,'2018-12-03 08:40:48','2018-12-03 08:40:48','add-delete-document-right',NULL),(1446,'2018-12-03 08:40:48','2018-12-03 08:40:48','adjust-tracking-code-column-type',NULL),(1447,'2018-12-03 08:40:48','2018-12-03 08:40:48','add-notification-attributes',NULL),(1448,'2018-12-03 08:40:48','2018-12-03 08:40:48','set-default-country-allow-shipping-true',NULL),(1449,'2019-06-03 13:20:58','2019-06-03 13:20:58','add-shop-attributes-table',NULL),(1450,'2019-06-03 13:20:58','2019-06-03 13:20:58','add-missing-countries',NULL),(1451,'2019-06-03 13:20:58','2019-06-03 13:20:58','change-wiki-link',NULL),(1452,'2019-06-03 13:20:58','2019-06-03 13:20:58','change-laststock-filter',NULL),(1453,'2019-06-03 13:20:59','2019-06-03 13:20:59','fix-extended-editor',NULL),(1454,'2019-06-03 13:20:59','2019-06-03 13:20:59','add-category-shop-association',NULL),(1455,'2019-06-03 13:20:59','2019-06-03 13:20:59','add-customer-group-key-exemption-option',NULL),(1456,'2019-06-03 13:20:59','2019-06-03 13:20:59','change-docid-column-type',NULL),(1457,'2019-06-03 13:20:59','2019-06-03 13:20:59','add-minsearch-index-length',NULL),(1458,'2019-06-03 13:20:59','2019-06-03 13:20:59','add-essential-features-config',NULL),(1459,'2019-06-03 13:21:00','2019-06-03 13:21:00','change-shipping-costs-configs',NULL),(1460,'2019-06-03 13:21:00','2019-06-03 13:21:00','add-shipping-costs-configs-for-off-canvas',NULL),(1461,'2019-06-03 13:21:00','2019-06-03 13:21:00','change-no-customer-account-configs',NULL),(1462,'2019-07-15 14:11:02','2019-07-15 14:11:02','add-i-am-select-field-options',NULL),(1463,'2019-07-15 14:11:02','2019-07-15 14:11:02','invalidate-http-cache-on-entity-removal-subscriber',NULL),(1464,'2019-07-15 14:11:03','2019-07-15 14:11:03','fix-translation',NULL);

--
-- Table structure for table `s_search_custom_facet`
--

CREATE TABLE `s_search_custom_facet` (
  `id` int(11) unsigned NOT NULL AUTO_INCREMENT,
  `active` int(1) unsigned NOT NULL,
  `unique_key` varchar(100) COLLATE utf8_unicode_ci DEFAULT NULL,
  `display_in_categories` int(1) unsigned NOT NULL,
  `deletable` int(1) unsigned NOT NULL,
  `position` int(11) NOT NULL,
  `name` varchar(255) COLLATE utf8_unicode_ci NOT NULL,
  `facet` longtext COLLATE utf8_unicode_ci NOT NULL,
  PRIMARY KEY (`id`),
  UNIQUE KEY `unique_identifier` (`unique_key`),
  KEY `sorting` (`display_in_categories`,`position`)
) ENGINE=InnoDB AUTO_INCREMENT=13 DEFAULT CHARSET=utf8 COLLATE=utf8_unicode_ci;

--
-- Dumping data for table `s_search_custom_facet`
--

INSERT INTO `s_search_custom_facet` VALUES (1,1,'CategoryFacet',0,0,1,'Kategorien','{\"Shopware\\\\Bundle\\\\SearchBundle\\\\Facet\\\\CategoryFacet\":{\"label\":\"Kategorien\", \"depth\": \"2\"}}'),(2,0,'ImmediateDeliveryFacet',1,0,2,'Sofort lieferbar','{\"Shopware\\\\Bundle\\\\SearchBundle\\\\Facet\\\\ImmediateDeliveryFacet\":{\"label\":\"Sofort lieferbar\"}}'),(3,1,'ManufacturerFacet',1,0,3,'Hersteller','{\"Shopware\\\\Bundle\\\\SearchBundle\\\\Facet\\\\ManufacturerFacet\":{\"label\":\"Hersteller\"}}'),(4,0,'PriceFacet',1,0,4,'Preis','{\"Shopware\\\\Bundle\\\\SearchBundle\\\\Facet\\\\PriceFacet\":{\"label\":\"Preis\"}}'),(5,1,'PropertyFacet',1,0,5,'Eigenschaften','{\"Shopware\\\\Bundle\\\\SearchBundle\\\\Facet\\\\PropertyFacet\":[]}'),(6,0,'ShippingFreeFacet',1,0,6,'Versandkostenfrei','{\"Shopware\\\\Bundle\\\\SearchBundle\\\\Facet\\\\ShippingFreeFacet\":{\"label\":\"Versandkostenfrei\"}}'),(7,0,'VoteAverageFacet',1,0,7,'Bewertungen','{\"Shopware\\\\Bundle\\\\SearchBundle\\\\Facet\\\\VoteAverageFacet\":{\"label\":\"Bewertung\"}}'),(8,0,'WeightFacet',1,0,8,'Gewicht','{\"Shopware\\\\Bundle\\\\SearchBundle\\\\Facet\\\\WeightFacet\":{\"label\":\"Gewicht\",\"suffix\":\"kg\",\"digits\":2}}'),(9,0,'WidthFacet',1,0,9,'Breite','{\"Shopware\\\\Bundle\\\\SearchBundle\\\\Facet\\\\WidthFacet\":{\"label\":\"Breite\",\"suffix\":\"cm\",\"digits\":2}}'),(10,0,'HeightFacet',1,0,10,'Höhe','{\"Shopware\\\\Bundle\\\\SearchBundle\\\\Facet\\\\HeightFacet\":{\"label\":\"Höhe\",\"suffix\":\"cm\",\"digits\":2}}'),(11,0,'LengthFacet',1,0,11,'Länge','{\"Shopware\\\\Bundle\\\\SearchBundle\\\\Facet\\\\LengthFacet\":{\"label\":\"Länge\",\"suffix\":\"cm\",\"digits\":2}}'),(12,0,'VariantFacet',1,0,11,'Varianten','{\"Shopware\\\\Bundle\\\\SearchBundle\\\\Facet\\\\VariantFacet\":{\"groupIds\":\"\", \"expandGroupIds\":\"\"}}');

--
-- Table structure for table `s_search_custom_sorting`
--

CREATE TABLE `s_search_custom_sorting` (
  `id` int(11) unsigned NOT NULL AUTO_INCREMENT,
  `label` varchar(255) COLLATE utf8_unicode_ci NOT NULL,
  `active` int(1) unsigned NOT NULL,
  `display_in_categories` int(1) unsigned NOT NULL,
  `position` int(11) NOT NULL,
  `sortings` longtext COLLATE utf8_unicode_ci NOT NULL,
  PRIMARY KEY (`id`),
  KEY `sorting` (`display_in_categories`,`position`)
) ENGINE=InnoDB AUTO_INCREMENT=8 DEFAULT CHARSET=utf8 COLLATE=utf8_unicode_ci;

--
-- Dumping data for table `s_search_custom_sorting`
--

INSERT INTO `s_search_custom_sorting` VALUES (1,'Erscheinungsdatum',1,1,-10,'{\"Shopware\\\\Bundle\\\\SearchBundle\\\\Sorting\\\\ReleaseDateSorting\":{\"direction\":\"DESC\"}}'),(2,'Beliebtheit',1,1,1,'{\"Shopware\\\\Bundle\\\\SearchBundle\\\\Sorting\\\\PopularitySorting\":{\"direction\":\"DESC\"}}'),(3,'Niedrigster Preis',0,1,2,'{\"Shopware\\\\Bundle\\\\SearchBundle\\\\Sorting\\\\PriceSorting\":{\"direction\":\"ASC\"}}'),(4,'Höchster Preis',0,1,3,'{\"Shopware\\\\Bundle\\\\SearchBundle\\\\Sorting\\\\PriceSorting\":{\"direction\":\"DESC\"}}'),(5,'Artikelbezeichnung',1,1,4,'{\"Shopware\\\\Bundle\\\\SearchBundle\\\\Sorting\\\\ProductNameSorting\":{\"direction\":\"ASC\"}}'),(7,'Beste Ergebnisse',1,0,6,'{\"Shopware\\\\Bundle\\\\SearchBundle\\\\Sorting\\\\SearchRankingSorting\":{\"direction\":\"DESC\"}}');

--
-- Table structure for table `s_search_fields`
--

CREATE TABLE `s_search_fields` (
  `id` int(11) unsigned NOT NULL AUTO_INCREMENT,
  `name` varchar(255) COLLATE utf8_unicode_ci NOT NULL,
  `relevance` int(11) NOT NULL,
  `field` varchar(255) COLLATE utf8_unicode_ci NOT NULL,
  `tableID` int(11) NOT NULL,
  `do_not_split` tinyint(1) NOT NULL,
  PRIMARY KEY (`id`),
  UNIQUE KEY `field` (`field`,`tableID`),
  KEY `tableID` (`tableID`)
) ENGINE=InnoDB AUTO_INCREMENT=9 DEFAULT CHARSET=utf8 COLLATE=utf8_unicode_ci;

--
-- Dumping data for table `s_search_fields`
--

INSERT INTO `s_search_fields` VALUES (1,'Kategorie-Keywords',10,'metakeywords',2,0),(2,'Kategorie-Überschrift',70,'description',2,0),(3,'Artikel-Name',400,'name',1,0),(4,'Artikel-Keywords',10,'keywords',1,0),(5,'Artikel-Bestellnummer',50,'ordernumber',4,0),(6,'Hersteller-Name',45,'name',3,0),(7,'Artikel-Name Übersetzung',50,'name',5,0),(8,'Artikel-Keywords Übersetzung',10,'keywords',5,0);

--
-- Table structure for table `s_search_index`
--

CREATE TABLE `s_search_index` (
  `keywordID` int(11) NOT NULL,
  `fieldID` int(11) NOT NULL,
  `elementID` int(11) NOT NULL,
  PRIMARY KEY (`keywordID`,`fieldID`,`elementID`),
  KEY `clean_up_index` (`keywordID`,`fieldID`)
) ENGINE=InnoDB DEFAULT CHARSET=utf8 COLLATE=utf8_unicode_ci;

--
-- Dumping data for table `s_search_index`
--

INSERT INTO `s_search_index` VALUES (4943,3,23),(4943,3,28),(4944,3,23),(4944,6,39),(4944,7,23),(4945,3,23),(4945,7,23),(4946,3,23),(4946,3,27),(4946,7,23),(4946,7,27),(4948,2,1),(4949,2,3),(5227,3,24),(5227,3,25),(5227,3,26),(5227,3,29),(5227,3,30),(5227,3,32),(5227,3,57),(5227,3,73),(5227,6,16),(5227,6,17),(5227,6,18),(5227,6,19),(5227,7,24),(5227,7,25),(5227,7,26),(5227,7,29),(5227,7,30),(5227,7,32),(5227,7,57),(5227,7,73),(5228,3,24),(5228,3,25),(5228,3,26),(5228,3,29),(5228,3,30),(5228,3,73),(5228,6,19),(5228,7,24),(5228,7,25),(5228,7,26),(5228,7,29),(5228,7,30),(5228,7,73),(5232,3,24),(5232,3,29),(5232,3,30),(5232,7,24),(5232,7,29),(5232,7,30),(5244,5,23),(5490,3,24),(5490,3,25),(5490,3,26),(5496,3,25),(5496,3,26),(5496,7,25),(5496,7,26),(5518,5,25),(5578,2,99),(5579,2,97),(5579,2,110),(5579,3,23),(5579,3,28),(5579,7,23),(5579,7,28),(5579,7,51),(5579,7,52),(5579,7,68),(5579,7,69),(5581,2,97),(5581,2,105),(5582,2,96),(5583,2,11),(5584,2,106),(5585,2,105),(5586,2,104),(5588,2,103),(5590,2,102),(5591,2,101),(5591,2,114),(5751,2,108),(5752,2,108),(5752,2,120),(5752,2,128),(5753,2,112),(5753,7,70),(5754,2,109),(5754,2,117),(5757,2,110),(5757,2,118),(5760,2,118),(5760,7,45),(5760,7,46),(5760,7,59),(5761,2,117),(5764,2,116),(5765,2,116),(5766,2,115),(5777,2,95),(5777,2,107),(5777,2,124),(5803,3,31),(5803,3,42),(5803,3,54),(5803,3,55),(5803,3,61),(5803,3,79),(5803,6,2),(5803,7,31),(5803,7,42),(5803,7,54),(5803,7,55),(5803,7,61),(5803,7,79),(5804,3,31),(5804,3,42),(5804,3,54),(5804,3,55),(5804,3,61),(5804,3,79),(5804,6,2),(5804,7,31),(5804,7,42),(5804,7,54),(5804,7,55),(5804,7,61),(5804,7,79),(5805,6,3),(5806,6,4),(5807,6,4),(5808,3,56),(5808,6,5),(5808,7,56),(5810,3,27),(5810,3,36),(5810,3,37),(5810,3,38),(5810,3,50),(5810,3,65),(5810,3,76),(5810,6,6),(5810,6,23),(5810,7,27),(5810,7,36),(5810,7,37),(5810,7,38),(5810,7,50),(5810,7,65),(5810,7,76),(5811,6,8),(5811,6,23),(5812,6,9),(5813,3,44),(5813,3,51),(5813,3,69),(5813,6,10),(5813,7,44),(5813,7,51),(5813,7,69),(5814,6,11),(5815,3,63),(5815,6,12),(5815,7,63),(5816,3,35),(5816,6,13),(5816,7,35),(5817,6,14),(5818,3,47),(5818,6,15),(5818,7,47),(5819,3,32),(5819,3,57),(5819,6,16),(5819,7,32),(5819,7,57),(5821,6,18),(5821,6,32),(5822,3,70),(5822,6,20),(5822,7,70),(5823,3,46),(5823,3,59),(5823,3,68),(5823,6,21),(5823,6,22),(5823,7,46),(5823,7,59),(5823,7,68),(5824,3,41),(5824,3,58),(5824,3,71),(5824,6,22),(5824,6,31),(5824,7,41),(5824,7,58),(5824,7,71),(5825,6,24),(5826,6,26),(5827,6,26),(5828,3,78),(5828,6,27),(5828,7,78),(5829,6,28),(5830,6,29),(5831,6,29),(5832,3,52),(5832,6,30),(5832,7,52),(5833,3,41),(5833,3,58),(5833,3,71),(5833,6,31),(5833,7,41),(5833,7,58),(5833,7,71),(5834,6,33),(5835,3,45),(5835,3,77),(5835,3,80),(5835,6,34),(5835,7,45),(5835,7,77),(5835,7,80),(5836,3,39),(5836,3,40),(5836,3,53),(5836,6,35),(5836,6,36),(5836,7,39),(5836,7,40),(5836,7,53),(5837,6,35),(5838,3,39),(5838,3,40),(5838,3,53),(5838,6,36),(5838,7,39),(5838,7,40),(5838,7,53),(5839,3,28),(5839,6,37),(5839,7,28),(5840,6,38),(5841,6,40),(6441,2,104),(8655,2,95),(8656,2,103),(8658,2,112),(8659,2,116),(8659,7,32),(8660,2,119),(8737,5,24),(8738,5,26),(8744,7,23),(8744,7,28),(8744,7,46),(8744,7,51),(8744,7,52),(8744,7,59),(8744,7,68),(8744,7,69),(8745,7,23),(8745,7,28),(8745,7,35),(8745,7,46),(8745,7,51),(8745,7,52),(8745,7,59),(8745,7,68),(8745,7,69),(8745,7,70),(9378,2,120),(10934,3,27),(10934,3,36),(10934,3,37),(10934,3,38),(10934,3,43),(10934,3,50),(10934,3,65),(10934,3,76),(10934,6,6),(10934,6,7),(10934,6,8),(10934,6,9),(10934,7,27),(10934,7,36),(10934,7,37),(10934,7,38),(10934,7,43),(10934,7,50),(10934,7,65),(10934,7,76),(10936,3,27),(10936,3,36),(10936,3,50),(10936,7,27),(10936,7,36),(10936,7,50),(10937,3,27),(10937,3,36),(10937,3,37),(10937,3,38),(10937,3,43),(10937,3,50),(10937,3,65),(10937,3,76),(10994,6,17),(10994,6,18),(10994,6,25),(10994,6,32),(11036,5,27),(11046,3,28),(11046,7,28),(11048,3,29),(11048,3,30),(11048,7,29),(11048,7,30),(11051,3,29),(11051,3,30),(11051,3,31),(11051,3,79),(11155,5,28),(11156,5,29),(11797,2,121),(11798,2,121),(11799,2,122),(11801,2,123),(11802,2,124),(11803,2,125),(11805,2,126),(11807,2,127),(11808,2,128),(12994,2,122),(12995,2,126),(13313,6,1),(13497,7,24),(13497,7,25),(13497,7,26),(13498,7,27),(13498,7,36),(13498,7,37),(13498,7,38),(13498,7,43),(13498,7,50),(13498,7,65),(13498,7,76),(13499,7,29),(13499,7,30),(13499,7,79),(16190,2,129),(16191,2,130),(16192,2,130),(16192,2,132),(16192,2,134),(16343,2,97),(16343,2,105),(16344,2,109),(16344,7,48),(16345,2,110),(16345,2,118),(16347,2,131),(16348,2,132),(16499,2,133),(16500,2,133),(16501,2,134),(17587,3,31),(17587,3,79),(17587,7,31),(17587,7,79),(17588,3,31),(17588,7,31),(17589,3,31),(17589,3,54),(17589,3,61),(17589,3,79),(17589,7,31),(17589,7,54),(17589,7,61),(17589,7,79),(17590,3,31),(17590,3,79),(17590,7,31),(17590,7,79),(17592,3,33),(17592,3,34),(17592,7,33),(17592,7,34),(17593,3,33),(17593,3,34),(17593,7,33),(17593,7,34),(17595,3,33),(17595,3,34),(17595,3,35),(17595,7,33),(17595,7,34),(17595,7,35),(17598,3,33),(17598,3,34),(17599,3,35),(17599,7,35),(17605,3,37),(17605,7,37),(17606,3,38),(17606,7,38),(17607,3,39),(17607,3,40),(17608,3,41),(17608,7,41),(17611,3,42),(17611,7,42),(17612,3,42),(17612,7,42),(17613,3,42),(17613,7,42),(17614,3,42),(17614,7,42),(17615,3,42),(17615,7,42),(17616,3,43),(17616,7,43),(17619,3,44),(17619,7,44),(17620,3,44),(17620,3,70),(17621,3,45),(17622,3,45),(17622,7,45),(17623,3,45),(17626,3,46),(17626,7,46),(17627,3,47),(17627,7,47),(17629,3,47),(17629,7,47),(17630,3,47),(17633,3,48),(17633,7,48),(17634,3,48),(17635,3,49),(17635,7,49),(17636,3,49),(17636,7,49),(17637,3,49),(17638,3,49),(17638,3,55),(17638,3,62),(17638,7,49),(17638,7,55),(17638,7,62),(17639,3,51),(17639,7,51),(17640,3,52),(17640,7,52),(17642,3,53),(17642,7,53),(17643,3,53),(17644,3,54),(17644,3,61),(17644,7,54),(17644,7,61),(17645,3,54),(17645,7,54),(17646,3,54),(17646,3,61),(17646,7,54),(17646,7,61),(17647,3,54),(17647,3,61),(17647,7,54),(17647,7,61),(17788,5,30),(17789,5,31),(17790,5,32),(17791,5,33),(17792,5,34),(17793,5,35),(17794,5,36),(17795,5,37),(17796,5,38),(17797,5,39),(17798,5,40),(17799,5,41),(17800,5,42),(17801,5,43),(17802,5,44),(17803,5,45),(17804,5,46),(17805,5,47),(17806,5,48),(17807,5,49),(17808,5,50),(17809,5,51),(17810,5,52),(17811,5,53),(17812,5,54),(17820,7,33),(17820,7,34),(17823,7,39),(17823,7,40),(17824,7,39),(17824,7,40),(17825,7,41),(17825,7,57),(17825,7,58),(17825,7,71),(17825,7,73),(17826,7,44),(17826,7,70),(17827,7,44),(17827,7,78),(17828,7,31),(17828,7,45),(17829,7,45),(17830,7,47),(17831,7,48),(17832,7,49),(17833,7,53),(17834,7,53),(17927,3,55),(18130,5,55),(18163,7,55),(34838,2,128),(54973,3,56),(54973,7,56),(54974,3,56),(54975,3,57),(54975,7,57),(54976,3,57),(54976,7,57),(54979,3,59),(54979,7,59),(54984,3,61),(54984,7,61),(54985,3,62),(54985,7,62),(54987,3,63),(54987,7,63),(54990,3,63),(54990,7,63),(54992,3,63),(54994,3,64),(54994,7,64),(54995,3,64),(54995,3,77),(54995,3,80),(54997,3,65),(54997,7,65),(54998,3,76),(54998,7,76),(55000,3,68),(55000,7,68),(55002,3,69),(55002,7,69),(55003,3,70),(55003,7,70),(55005,3,73),(55005,7,73),(55006,3,73),(55006,7,73),(55011,3,77),(55011,3,80),(55011,7,77),(55011,7,80),(55220,5,56),(55221,5,57),(55222,5,58),(55223,5,59),(55225,5,61),(55226,5,62),(55227,5,63),(55228,5,64),(55229,5,65),(55232,5,68),(55233,5,69),(55234,5,70),(55235,5,71),(55237,5,73),(55240,5,76),(55241,5,77),(55275,7,56),(55276,7,63),(55277,7,63),(55278,7,64),(55278,7,77),(55278,7,80),(55889,3,78),(55889,7,78),(55890,3,78),(56129,5,78),(56179,7,78),(59848,3,79),(59848,7,79),(59991,2,131),(60090,5,79),(75353,3,41),(75353,3,57),(75353,3,58),(75353,3,71),(75353,3,73),(75354,3,46),(75354,3,59),(75355,3,51),(75355,3,52),(75355,3,68),(75355,3,69),(86516,7,31),(87467,5,80),(110386,3,32),(110387,3,35),(110388,3,35),(110389,3,35),(110644,7,35),(110645,7,35),(110646,7,35),(110647,7,35);

--
-- Table structure for table `s_search_keywords`
--

CREATE TABLE `s_search_keywords` (
  `id` int(11) unsigned NOT NULL AUTO_INCREMENT,
  `keyword` varchar(255) COLLATE utf8_unicode_ci NOT NULL,
  `soundex` varchar(255) COLLATE utf8_unicode_ci DEFAULT NULL,
  PRIMARY KEY (`id`),
  UNIQUE KEY `keyword` (`keyword`),
  KEY `soundex` (`soundex`)
) ENGINE=InnoDB AUTO_INCREMENT=110648 DEFAULT CHARSET=utf8 COLLATE=utf8_unicode_ci;

--
-- Dumping data for table `s_search_keywords`
--

INSERT INTO `s_search_keywords` VALUES (4943,'verpackungsmaschine',NULL),(4944,'verpaco',NULL),(4945,'vps',NULL),(4946,'120',NULL),(4948,'root',NULL),(4949,'deutsch',NULL),(5227,'gea',NULL),(5228,'westfalia',NULL),(5232,'076',NULL),(5244,'a100012',NULL),(5490,'klarifikator',NULL),(5496,'msb',NULL),(5518,'a100017',NULL),(5578,'abfuellanlagen',NULL),(5579,'butter',NULL),(5581,'verpackung',NULL),(5582,'filtrationsanlagen',NULL),(5583,'englisch',NULL),(5584,'homogenisatoren',NULL),(5585,'kaese',NULL),(5586,'komplette',NULL),(5588,'pasteurisierer',NULL),(5590,'separatoren',NULL),(5591,'tanks',NULL),(5751,'used',NULL),(5752,'machinery',NULL),(5753,'filling',NULL),(5754,'lines',NULL),(5757,'packing',NULL),(5760,'cheese',NULL),(5761,'complete',NULL),(5764,'heat',NULL),(5765,'exchanger',NULL),(5766,'separators',NULL),(5777,'maschinen',NULL),(5803,'alfa',NULL),(5804,'laval',NULL),(5805,'alpma',NULL),(5806,'ampack',NULL),(5807,'amman',NULL),(5808,'anhydro',NULL),(5810,'gaulin',NULL),(5811,'manton',NULL),(5812,'rannie',NULL),(5813,'benhil',NULL),(5814,'choteborske',NULL),(5815,'dietzel',NULL),(5816,'dima',NULL),(5817,'fasa',NULL),(5818,'flottweg',NULL),(5819,'ahlborn',NULL),(5821,'soavi',NULL),(5822,'hamba',NULL),(5823,'kustner',NULL),(5824,'freres',NULL),(5825,'nagema',NULL),(5826,'paasch',NULL),(5827,'silkeborg',NULL),(5828,'risco',NULL),(5829,'scheffers',NULL),(5830,'schmidt',NULL),(5831,'sigma',NULL),(5832,'sig',NULL),(5833,'simon',NULL),(5834,'sposmasz',NULL),(5835,'stephan',NULL),(5836,'tetra',NULL),(5837,'alex',NULL),(5838,'pak',NULL),(5839,'trepko',NULL),(5840,'tuchenhagen',NULL),(5841,'waldner',NULL),(6441,'linien',NULL),(8655,'gebrauchte',NULL),(8656,'waermetauscher',NULL),(8658,'machines',NULL),(8659,'pasteuriser',NULL),(8660,'homogenizers',NULL),(8737,'a100015',NULL),(8738,'a100018',NULL),(8744,'packaging',NULL),(8745,'machine',NULL),(9378,'new',NULL),(10934,'apv',NULL),(10936,'3tps',NULL),(10937,'homogenisator',NULL),(10994,'niro',NULL),(11036,'a100028',NULL),(11046,'xpg',NULL),(11048,'msd',NULL),(11051,'entrahmer',NULL),(11155,'a100101',NULL),(11156,'a100140',NULL),(11797,'ueber',NULL),(11798,'uns',NULL),(11799,'demontage',NULL),(11801,'kontakt',NULL),(11802,'ankauf',NULL),(11803,'about',NULL),(11805,'dismantling',NULL),(11807,'contact',NULL),(11808,'sell',NULL),(12994,'ueberholung',NULL),(12995,'overhauling',NULL),(13313,'angegeben',NULL),(13497,'clarifyer',NULL),(13498,'homogeniser',NULL),(13499,'skimmer',NULL),(16190,'trocknung',NULL),(16191,'drying',NULL),(16192,'equipment',NULL),(16343,'herst',NULL),(16344,'filtration',NULL),(16345,'mfg',NULL),(16347,'ausruestung',NULL),(16348,'other',NULL),(16499,'ueberholte',NULL),(16500,'ware',NULL),(16501,'overhauled',NULL),(17587,'hmrpx',NULL),(17588,'610',NULL),(17589,'hgv',NULL),(17590,'74c',NULL),(17592,'schroeder',NULL),(17593,'utk',NULL),(17595,'200',NULL),(17598,'kombinator',NULL),(17599,'compact',NULL),(17605,'5tps',NULL),(17606,'5tpsx',NULL),(17607,'kartonierer',NULL),(17608,'contimab',NULL),(17611,'qmrkx',NULL),(17612,'517',NULL),(17613,'sgv',NULL),(17614,'34c',NULL),(17615,'quarkseparator',NULL),(17616,'lab',NULL),(17619,'8204',NULL),(17620,'becherfueller',NULL),(17621,'frischkaese',NULL),(17622,'quark',NULL),(17623,'mischer',NULL),(17626,'tringular',NULL),(17627,'z42',NULL),(17629,'401',NULL),(17630,'dekanter',NULL),(17633,'ultra',NULL),(17634,'filtrationsanlage',NULL),(17635,'abab',NULL),(17636,'st6',NULL),(17637,'aseptischer',NULL),(17638,'tank',NULL),(17639,'8206',NULL),(17640,'f140',NULL),(17642,'cip',NULL),(17643,'reinigungseinheit',NULL),(17644,'bmrpx',NULL),(17645,'714',NULL),(17646,'14c',NULL),(17647,'bactofuge',NULL),(17788,'a100141',NULL),(17789,'a100162',NULL),(17790,'a100187',NULL),(17791,'a100193',NULL),(17792,'a100194',NULL),(17793,'a100200',NULL),(17794,'a100235',NULL),(17795,'a100236',NULL),(17796,'a100240',NULL),(17797,'a100244',NULL),(17798,'a100245',NULL),(17799,'a100254',NULL),(17800,'a100256',NULL),(17801,'a100264',NULL),(17802,'a100272',NULL),(17803,'a100275',NULL),(17804,'a100281',NULL),(17805,'a100282',NULL),(17806,'a100284',NULL),(17807,'a100290',NULL),(17808,'a100296',NULL),(17809,'a100299',NULL),(17810,'a100300',NULL),(17811,'a100302',NULL),(17812,'a100303',NULL),(17820,'combiner',NULL),(17823,'cardon',NULL),(17824,'packer',NULL),(17825,'cbm',NULL),(17826,'cup',NULL),(17827,'filler',NULL),(17828,'cream',NULL),(17829,'mixer',NULL),(17830,'decanter',NULL),(17831,'line',NULL),(17832,'aseptic',NULL),(17833,'cleaning',NULL),(17834,'unit',NULL),(17927,'aspetischer',NULL),(18130,'a100210',NULL),(18163,'aspetic',NULL),(34838,'your',NULL),(54973,'250',NULL),(54974,'atomisierer',NULL),(54975,'311',NULL),(54976,'2000',NULL),(54979,'square',NULL),(54984,'618',NULL),(54985,'landteknikk',NULL),(54987,'t15',NULL),(54990,'1400',NULL),(54992,'walzentrockner',NULL),(54994,'160',NULL),(54995,'kutter',NULL),(54997,'tbs',NULL),(54998,'tps',NULL),(55000,'micropac',NULL),(55002,'8219',NULL),(55003,'6000',NULL),(55005,'buc',NULL),(55006,'1500',NULL),(55011,'umm',NULL),(55220,'a100313',NULL),(55221,'a100319',NULL),(55222,'a100331',NULL),(55223,'a100343',NULL),(55225,'a100354',NULL),(55226,'a100357',NULL),(55227,'a100359',NULL),(55228,'a100363',NULL),(55229,'a100369',NULL),(55232,'a100379',NULL),(55233,'a100380',NULL),(55234,'a100381',NULL),(55235,'a100382',NULL),(55237,'a100386',NULL),(55240,'a100413',NULL),(55241,'a100414',NULL),(55275,'atomizer',NULL),(55276,'drum',NULL),(55277,'dryer',NULL),(55278,'cutter',NULL),(55889,'305',NULL),(55890,'vakuumfueller',NULL),(56129,'a100423',NULL),(56179,'vacuum',NULL),(59848,'614',NULL),(59991,'sontige',NULL),(60090,'a100185',NULL),(75353,'buttermaschine',NULL),(75354,'kaeseverpackungsmaschine',NULL),(75355,'butterverpackungsmaschine',NULL),(86516,'separator',NULL),(87467,'a100441',NULL),(110386,'plattenwaermetauscher',NULL),(110387,'koch',NULL),(110388,'knet',NULL),(110389,'formmaschine',NULL),(110644,'cook',NULL),(110645,'kneading',NULL),(110646,'and',NULL),(110647,'molding',NULL);

--
-- Table structure for table `s_search_tables`
--

CREATE TABLE `s_search_tables` (
  `id` int(11) NOT NULL AUTO_INCREMENT,
  `table` varchar(255) COLLATE utf8_unicode_ci NOT NULL,
  `referenz_table` varchar(255) COLLATE utf8_unicode_ci DEFAULT NULL,
  `foreign_key` varchar(255) COLLATE utf8_unicode_ci DEFAULT NULL,
  `where` varchar(255) COLLATE utf8_unicode_ci DEFAULT NULL,
  PRIMARY KEY (`id`)
) ENGINE=InnoDB AUTO_INCREMENT=7 DEFAULT CHARSET=utf8 COLLATE=utf8_unicode_ci;

--
-- Dumping data for table `s_search_tables`
--

INSERT INTO `s_search_tables` VALUES (1,'s_articles',NULL,NULL,NULL),(2,'s_categories','s_articles_categories','categoryID',NULL),(3,'s_articles_supplier',NULL,'supplierID',NULL),(4,'s_articles_details','s_articles_details','id',NULL),(5,'s_articles_translations',NULL,NULL,NULL),(6,'s_articles_attributes',NULL,NULL,NULL);

--
-- Table structure for table `s_statistics_article_impression`
--

CREATE TABLE `s_statistics_article_impression` (
  `id` int(11) unsigned NOT NULL AUTO_INCREMENT,
  `articleId` int(11) unsigned NOT NULL,
  `shopId` int(11) unsigned NOT NULL,
  `date` date NOT NULL DEFAULT '0000-00-00',
  `impressions` int(11) NOT NULL,
  `deviceType` varchar(50) COLLATE utf8_unicode_ci NOT NULL DEFAULT 'desktop',
  PRIMARY KEY (`id`),
  UNIQUE KEY `articleId_2` (`articleId`,`shopId`,`date`,`deviceType`),
  KEY `articleId` (`articleId`)
) ENGINE=InnoDB AUTO_INCREMENT=2879 DEFAULT CHARSET=utf8 COLLATE=utf8_unicode_ci;

--
-- Dumping data for table `s_statistics_article_impression`
--

INSERT INTO `s_statistics_article_impression` VALUES (1,1,1,'2019-01-11',5,'desktop'),(2,1,1,'2019-01-14',4,'desktop'),(3,2,1,'2019-01-14',2,'desktop'),(4,1,1,'2019-01-15',2,'desktop'),(5,2,1,'2019-01-15',1,'desktop'),(6,2,1,'2019-01-17',1,'desktop'),(7,1,1,'2019-01-18',1,'desktop'),(8,2,1,'2019-01-21',1,'desktop'),(9,2,1,'2019-01-25',2,'desktop'),(10,1,1,'2019-01-25',1,'desktop'),(11,4,1,'2019-01-25',2,'desktop'),(12,4,1,'2019-01-28',1,'desktop'),(13,1,1,'2019-01-28',1,'desktop'),(14,4,1,'2019-01-29',1,'desktop'),(15,4,1,'2019-02-05',2,'desktop'),(16,4,1,'2019-02-06',9,'desktop'),(17,5,1,'2019-02-06',4,'desktop'),(18,2,1,'2019-02-06',2,'desktop'),(19,7,1,'2019-02-06',4,'desktop'),(20,1,1,'2019-02-06',1,'desktop'),(21,4,1,'2019-02-06',2,'mobile'),(22,2,1,'2019-02-06',1,'mobile'),(23,7,1,'2019-02-06',1,'mobile'),(24,4,1,'2019-02-07',1,'mobile'),(25,4,1,'2019-02-08',2,'desktop'),(26,4,1,'2019-02-09',4,'desktop'),(27,2,1,'2019-02-10',1,'mobile'),(28,4,1,'2019-02-10',1,'mobile'),(29,4,1,'2019-02-11',1,'desktop'),(30,2,1,'2019-02-12',3,'desktop'),(31,4,1,'2019-02-12',1,'desktop'),(32,7,1,'2019-02-12',1,'desktop'),(33,2,1,'2019-02-13',3,'desktop'),(34,4,1,'2019-02-13',2,'desktop'),(35,13,1,'2019-02-13',1,'desktop'),(36,11,1,'2019-02-13',1,'desktop'),(37,10,1,'2019-02-13',1,'mobile'),(38,10,1,'2019-02-14',1,'desktop'),(39,10,1,'2019-02-14',1,'mobile'),(40,10,1,'2019-02-17',1,'mobile'),(41,15,1,'2019-02-25',1,'desktop'),(42,15,1,'2019-02-26',1,'desktop'),(43,27,3,'2019-02-27',1,'desktop'),(44,24,3,'2019-03-01',1,'mobile'),(45,26,3,'2019-03-01',1,'mobile'),(46,26,1,'2019-03-01',1,'mobile'),(47,26,3,'2019-03-01',4,'desktop'),(48,24,3,'2019-03-01',5,'desktop'),(49,23,1,'2019-03-01',4,'mobile'),(50,24,1,'2019-03-01',4,'desktop'),(51,28,3,'2019-03-01',1,'desktop'),(52,23,3,'2019-03-01',4,'desktop'),(53,23,3,'2019-03-01',3,'mobile'),(54,25,1,'2019-03-01',1,'desktop'),(55,26,1,'2019-03-01',1,'desktop'),(56,29,3,'2019-03-02',1,'mobile'),(57,28,3,'2019-03-02',1,'mobile'),(58,27,1,'2019-03-02',2,'tablet'),(59,27,3,'2019-03-02',1,'tablet'),(60,23,1,'2019-03-02',1,'mobile'),(61,24,1,'2019-03-03',9,'desktop'),(62,24,1,'2019-03-03',2,'mobile'),(63,24,3,'2019-03-03',2,'tablet'),(64,27,1,'2019-03-03',1,'mobile'),(65,28,1,'2019-03-03',1,'desktop'),(66,54,1,'2019-03-03',1,'desktop'),(67,48,3,'2019-03-03',1,'tablet'),(68,27,3,'2019-03-03',1,'tablet'),(69,55,1,'2019-03-03',1,'desktop'),(70,55,3,'2019-03-03',1,'desktop'),(71,28,1,'2019-03-03',1,'mobile'),(72,28,3,'2019-03-04',1,'desktop'),(73,28,1,'2019-03-04',3,'desktop'),(74,23,1,'2019-03-04',4,'desktop'),(75,43,3,'2019-03-04',1,'desktop'),(76,28,1,'2019-03-04',5,'tablet'),(77,52,1,'2019-03-04',4,'desktop'),(78,25,1,'2019-03-04',1,'desktop'),(79,53,1,'2019-03-04',1,'desktop'),(80,51,1,'2019-03-04',1,'desktop'),(81,41,3,'2019-03-04',1,'desktop'),(82,23,3,'2019-03-04',1,'desktop'),(83,36,1,'2019-03-04',1,'desktop'),(84,36,3,'2019-03-04',1,'desktop'),(85,52,1,'2019-03-05',4,'desktop'),(86,26,1,'2019-03-05',4,'desktop'),(87,28,1,'2019-03-05',4,'desktop'),(88,28,1,'2019-03-05',3,'tablet'),(89,52,3,'2019-03-05',1,'desktop'),(90,32,3,'2019-03-05',1,'desktop'),(91,32,3,'2019-03-05',1,'tablet'),(92,43,3,'2019-03-05',1,'desktop'),(93,53,1,'2019-03-05',2,'desktop'),(94,51,1,'2019-03-05',2,'desktop'),(95,36,1,'2019-03-05',1,'desktop'),(96,55,1,'2019-03-05',1,'desktop'),(97,27,1,'2019-03-05',2,'desktop'),(98,43,1,'2019-03-05',1,'desktop'),(99,33,1,'2019-03-05',1,'desktop'),(100,25,1,'2019-03-05',1,'desktop'),(101,25,1,'2019-03-06',1,'desktop'),(102,53,1,'2019-03-06',2,'desktop'),(103,52,1,'2019-03-06',3,'desktop'),(104,28,1,'2019-03-06',1,'desktop'),(105,23,1,'2019-03-06',1,'desktop'),(106,24,1,'2019-03-06',2,'desktop'),(107,54,1,'2019-03-06',1,'desktop'),(108,46,1,'2019-03-06',1,'desktop'),(109,44,1,'2019-03-06',1,'mobile'),(110,23,1,'2019-03-07',1,'tablet'),(111,49,1,'2019-03-07',1,'desktop'),(112,48,1,'2019-03-09',1,'desktop'),(113,42,1,'2019-03-09',2,'desktop'),(114,47,1,'2019-03-09',1,'desktop'),(115,29,1,'2019-03-09',1,'desktop'),(116,54,1,'2019-03-12',1,'desktop'),(117,42,1,'2019-03-14',1,'desktop'),(118,54,1,'2019-03-15',1,'tablet'),(119,52,1,'2019-03-15',1,'tablet'),(120,52,1,'2019-03-18',1,'desktop'),(121,52,1,'2019-03-22',1,'desktop'),(122,52,1,'2019-03-22',1,'tablet'),(123,54,1,'2019-03-22',1,'tablet'),(124,23,1,'2019-03-26',1,'desktop'),(125,52,1,'2019-03-27',2,'desktop'),(126,28,1,'2019-03-27',2,'desktop'),(127,55,1,'2019-03-27',2,'desktop'),(128,49,1,'2019-03-27',1,'desktop'),(129,36,1,'2019-03-27',1,'desktop'),(130,27,1,'2019-03-27',1,'desktop'),(131,26,1,'2019-03-27',5,'desktop'),(132,23,1,'2019-03-27',1,'desktop'),(133,41,1,'2019-03-27',3,'desktop'),(134,44,1,'2019-03-27',3,'desktop'),(135,54,1,'2019-03-27',3,'desktop'),(136,31,1,'2019-03-27',1,'desktop'),(137,29,1,'2019-03-27',1,'desktop'),(138,50,1,'2019-03-28',1,'desktop'),(139,50,3,'2019-03-28',1,'desktop'),(140,28,1,'2019-03-28',1,'desktop'),(141,54,1,'2019-03-28',2,'desktop'),(142,51,1,'2019-03-29',1,'desktop'),(143,36,1,'2019-03-29',1,'desktop'),(144,23,1,'2019-04-01',2,'desktop'),(145,28,1,'2019-04-01',2,'desktop'),(146,44,1,'2019-04-01',1,'desktop'),(147,54,1,'2019-04-02',1,'desktop'),(148,54,1,'2019-04-03',2,'desktop'),(149,23,1,'2019-04-04',12,'desktop'),(150,44,1,'2019-04-04',2,'desktop'),(151,54,1,'2019-04-04',1,'desktop'),(152,31,1,'2019-04-04',1,'desktop'),(153,26,1,'2019-04-04',1,'desktop'),(154,24,1,'2019-04-04',1,'desktop'),(155,41,1,'2019-04-04',5,'desktop'),(156,27,1,'2019-04-05',1,'desktop'),(157,54,1,'2019-04-05',1,'desktop'),(158,23,1,'2019-04-05',7,'desktop'),(159,23,1,'2019-04-08',1,'desktop'),(160,28,1,'2019-04-08',1,'desktop'),(161,54,1,'2019-04-10',15,'desktop'),(162,23,1,'2019-04-10',18,'desktop'),(163,53,1,'2019-04-10',3,'desktop'),(164,52,1,'2019-04-10',1,'desktop'),(165,54,3,'2019-04-10',1,'desktop'),(166,46,1,'2019-04-10',2,'desktop'),(167,23,1,'2019-04-11',2,'desktop'),(168,55,1,'2019-04-11',3,'desktop'),(169,24,1,'2019-04-11',3,'desktop'),(170,27,1,'2019-04-11',1,'desktop'),(171,54,1,'2019-04-11',2,'desktop'),(172,44,1,'2019-04-11',1,'desktop'),(173,41,1,'2019-04-11',2,'desktop'),(174,28,1,'2019-04-11',1,'desktop'),(175,29,1,'2019-04-11',1,'desktop'),(176,41,1,'2019-04-12',2,'desktop'),(177,49,1,'2019-04-12',2,'desktop'),(178,55,1,'2019-04-12',5,'desktop'),(179,23,1,'2019-04-12',2,'desktop'),(180,28,1,'2019-04-12',1,'desktop'),(181,31,1,'2019-04-12',2,'desktop'),(182,44,1,'2019-04-12',1,'desktop'),(183,54,1,'2019-04-12',2,'desktop'),(184,55,1,'2019-04-13',1,'desktop'),(185,46,1,'2019-04-13',1,'desktop'),(186,54,1,'2019-04-13',1,'desktop'),(187,42,1,'2019-04-13',1,'desktop'),(188,78,1,'2019-04-13',1,'desktop'),(189,73,1,'2019-04-13',1,'desktop'),(190,73,1,'2019-04-14',1,'desktop'),(191,71,1,'2019-04-14',1,'desktop'),(192,69,1,'2019-04-14',1,'desktop'),(193,68,1,'2019-04-14',1,'desktop'),(194,47,1,'2019-04-14',1,'desktop'),(195,53,1,'2019-04-14',2,'desktop'),(196,76,1,'2019-04-14',1,'desktop'),(197,55,1,'2019-04-14',1,'desktop'),(198,54,1,'2019-04-15',1,'desktop'),(199,23,1,'2019-04-15',1,'desktop'),(200,55,1,'2019-04-15',1,'desktop'),(201,49,1,'2019-04-15',1,'desktop'),(202,65,1,'2019-04-16',1,'desktop'),(203,73,1,'2019-04-16',1,'desktop'),(204,71,1,'2019-04-17',1,'desktop'),(205,70,1,'2019-04-17',3,'desktop'),(206,23,1,'2019-04-18',1,'desktop'),(207,24,1,'2019-04-18',1,'desktop'),(208,25,1,'2019-04-18',1,'desktop'),(209,77,1,'2019-04-29',1,'desktop'),(210,23,1,'2019-05-02',1,'desktop'),(211,23,3,'2019-05-02',1,'desktop'),(212,41,3,'2019-05-03',1,'desktop'),(213,41,1,'2019-05-03',1,'desktop'),(214,28,1,'2019-05-03',1,'desktop'),(215,53,1,'2019-05-07',1,'mobile'),(216,23,1,'2019-05-09',1,'desktop'),(217,46,1,'2019-05-12',5,'mobile'),(218,78,1,'2019-05-13',1,'desktop'),(219,35,1,'2019-05-14',1,'desktop'),(220,53,1,'2019-05-15',2,'desktop'),(221,23,1,'2019-05-22',3,'desktop'),(222,73,1,'2019-05-22',1,'desktop'),(223,30,1,'2019-05-22',3,'desktop'),(224,35,1,'2019-05-22',1,'desktop'),(225,31,1,'2019-05-22',1,'desktop'),(226,25,1,'2019-05-22',1,'desktop'),(227,55,1,'2019-05-22',1,'desktop'),(228,28,1,'2019-05-22',3,'desktop'),(229,54,1,'2019-05-22',3,'desktop'),(230,53,1,'2019-05-22',1,'desktop'),(231,41,1,'2019-05-22',1,'desktop'),(232,63,1,'2019-05-22',1,'desktop'),(233,47,1,'2019-05-22',1,'desktop'),(234,48,1,'2019-05-22',1,'desktop'),(235,69,1,'2019-05-24',1,'desktop'),(236,23,1,'2019-05-24',1,'desktop'),(237,78,1,'2019-06-01',1,'desktop'),(238,54,1,'2019-06-01',1,'desktop'),(239,78,3,'2019-06-01',3,'desktop'),(240,23,3,'2019-06-01',1,'desktop'),(241,73,3,'2019-06-01',1,'desktop'),(242,71,3,'2019-06-01',1,'desktop'),(243,70,3,'2019-06-01',1,'desktop'),(244,71,1,'2019-06-03',1,'desktop'),(245,70,1,'2019-06-04',3,'desktop'),(246,73,1,'2019-06-04',1,'desktop'),(247,27,1,'2019-06-06',7,'desktop'),(248,24,1,'2019-06-06',2,'desktop'),(249,38,1,'2019-06-06',1,'desktop'),(250,55,1,'2019-06-08',1,'desktop'),(251,54,1,'2019-06-08',1,'desktop'),(252,59,1,'2019-06-08',1,'desktop'),(253,76,1,'2019-06-08',1,'desktop'),(254,42,1,'2019-06-08',1,'desktop'),(255,73,1,'2019-06-08',1,'desktop'),(256,78,1,'2019-06-08',1,'desktop'),(257,28,1,'2019-06-11',1,'desktop'),(258,31,1,'2019-06-11',2,'desktop'),(259,54,1,'2019-06-11',1,'desktop'),(260,23,1,'2019-06-14',2,'desktop'),(261,78,1,'2019-06-14',2,'desktop'),(262,26,1,'2019-06-17',2,'desktop'),(263,80,1,'2019-06-17',5,'desktop'),(264,78,1,'2019-06-17',1,'desktop'),(265,80,3,'2019-06-17',8,'desktop'),(266,80,1,'2019-06-18',1,'desktop'),(267,24,1,'2019-06-19',9,'desktop'),(268,24,3,'2019-06-19',4,'desktop'),(269,30,3,'2019-06-19',4,'desktop'),(270,73,3,'2019-06-19',2,'desktop'),(271,23,3,'2019-06-19',5,'desktop'),(272,54,3,'2019-06-19',1,'desktop'),(273,29,3,'2019-06-19',2,'desktop'),(274,28,3,'2019-06-19',1,'desktop'),(275,27,3,'2019-06-19',1,'desktop'),(276,26,3,'2019-06-19',2,'desktop'),(277,80,3,'2019-06-19',4,'desktop'),(278,78,3,'2019-06-19',1,'desktop'),(279,77,3,'2019-06-19',1,'desktop'),(280,76,3,'2019-06-19',1,'desktop'),(281,71,3,'2019-06-19',1,'desktop'),(282,70,3,'2019-06-19',1,'desktop'),(283,80,1,'2019-06-19',6,'desktop'),(284,78,1,'2019-06-19',1,'desktop'),(285,80,1,'2019-06-19',1,'mobile'),(286,54,1,'2019-06-19',3,'desktop'),(287,29,1,'2019-06-19',1,'desktop'),(288,70,1,'2019-06-19',2,'desktop'),(289,55,1,'2019-06-19',3,'desktop'),(290,55,3,'2019-06-19',1,'desktop'),(291,54,1,'2019-06-20',1,'desktop'),(292,28,1,'2019-06-20',2,'desktop'),(293,80,1,'2019-06-20',1,'desktop'),(294,23,1,'2019-06-20',2,'desktop'),(295,73,1,'2019-06-20',1,'desktop'),(296,28,1,'2019-06-21',1,'desktop'),(297,23,1,'2019-06-21',1,'mobile'),(298,24,1,'2019-06-21',1,'tablet'),(299,73,1,'2019-06-21',1,'tablet'),(300,68,1,'2019-06-21',1,'tablet'),(301,29,1,'2019-06-21',1,'mobile'),(302,28,1,'2019-06-21',1,'mobile'),(303,26,1,'2019-06-21',1,'mobile'),(304,63,1,'2019-06-23',1,'tablet'),(305,27,1,'2019-06-23',1,'tablet'),(306,47,1,'2019-06-23',1,'desktop'),(307,71,1,'2019-06-23',1,'desktop'),(308,78,1,'2019-06-23',1,'desktop'),(309,26,1,'2019-06-25',1,'desktop'),(310,32,1,'2019-06-25',1,'desktop'),(311,31,1,'2019-06-25',1,'desktop'),(312,24,1,'2019-06-25',2,'desktop'),(313,28,3,'2019-06-25',1,'desktop'),(314,28,1,'2019-06-25',3,'desktop'),(315,28,1,'2019-06-27',1,'desktop'),(316,35,1,'2019-06-27',1,'desktop'),(317,42,1,'2019-07-03',1,'desktop'),(318,23,1,'2019-07-12',1,'desktop'),(319,31,1,'2019-07-12',1,'desktop'),(320,80,1,'2019-07-12',1,'mobile'),(321,44,1,'2019-07-12',1,'desktop'),(322,80,3,'2019-07-15',2,'desktop'),(323,29,1,'2019-07-16',2,'desktop'),(324,80,1,'2019-07-16',3,'desktop'),(325,80,3,'2019-07-16',2,'desktop'),(326,78,3,'2019-07-16',1,'desktop'),(327,55,3,'2019-07-16',1,'desktop'),(328,80,3,'2019-07-17',5,'desktop'),(329,55,3,'2019-07-17',1,'desktop'),(330,28,3,'2019-07-17',7,'desktop'),(331,28,1,'2019-07-17',8,'desktop'),(332,73,3,'2019-07-17',1,'desktop'),(333,71,3,'2019-07-17',1,'desktop'),(334,42,3,'2019-07-17',1,'desktop'),(335,28,3,'2019-07-18',1,'desktop'),(336,28,1,'2019-07-18',1,'desktop'),(337,73,1,'2019-07-19',1,'desktop'),(338,28,1,'2019-07-23',3,'desktop'),(339,43,1,'2019-07-23',1,'desktop'),(340,43,3,'2019-07-23',3,'desktop'),(341,28,3,'2019-07-23',3,'desktop'),(342,73,3,'2019-07-23',1,'desktop'),(343,42,3,'2019-07-23',1,'desktop'),(344,29,1,'2019-07-24',1,'desktop'),(345,28,1,'2019-07-25',1,'desktop'),(346,73,1,'2019-07-25',1,'desktop'),(347,42,1,'2019-07-25',1,'desktop'),(348,48,1,'2019-07-25',1,'desktop'),(349,47,1,'2019-07-25',3,'desktop'),(350,47,3,'2019-07-25',1,'desktop'),(351,28,3,'2019-07-30',1,'desktop'),(352,73,3,'2019-07-30',1,'desktop'),(353,55,1,'2019-08-05',1,'desktop'),(354,59,3,'2019-08-06',1,'desktop'),(355,57,1,'2019-08-07',2,'desktop'),(356,52,1,'2019-08-07',2,'desktop'),(357,59,3,'2019-08-07',1,'desktop'),(358,73,1,'2019-08-12',1,'desktop'),(359,57,1,'2019-08-12',1,'desktop'),(360,57,3,'2019-08-12',1,'desktop'),(361,59,3,'2019-08-12',1,'desktop'),(362,76,3,'2019-08-12',1,'desktop'),(363,80,3,'2019-08-12',4,'desktop'),(364,26,3,'2019-08-12',1,'desktop'),(365,48,1,'2019-08-12',1,'desktop'),(366,80,3,'2019-08-23',7,'desktop'),(367,80,1,'2019-08-23',8,'desktop'),(368,59,3,'2019-08-23',1,'desktop'),(369,35,3,'2019-08-23',1,'desktop'),(370,57,1,'2019-08-23',2,'desktop'),(371,26,1,'2019-08-23',2,'desktop'),(372,30,1,'2019-08-23',1,'desktop'),(373,71,1,'2019-08-23',2,'desktop'),(374,71,1,'2019-08-26',1,'desktop'),(375,71,1,'2019-08-27',2,'desktop'),(376,80,1,'2019-08-29',1,'desktop'),(377,80,3,'2019-08-29',1,'desktop'),(378,71,1,'2019-08-30',1,'desktop'),(379,80,1,'2019-08-30',2,'desktop'),(380,80,3,'2019-08-30',1,'desktop'),(381,81,1,'2019-08-30',1,'desktop'),(382,59,1,'2019-09-02',1,'desktop'),(383,42,3,'2019-09-03',1,'desktop'),(384,65,3,'2019-09-04',2,'desktop'),(385,65,1,'2019-09-04',1,'desktop'),(386,50,3,'2019-09-04',1,'desktop'),(387,50,1,'2019-09-04',1,'desktop'),(388,36,1,'2019-09-04',1,'desktop'),(389,80,1,'2019-09-04',2,'desktop'),(390,80,3,'2019-09-04',2,'desktop'),(391,64,3,'2019-09-04',1,'desktop'),(392,77,3,'2019-09-04',3,'desktop'),(393,73,1,'2019-09-05',3,'desktop'),(394,65,1,'2019-09-05',1,'desktop'),(395,36,1,'2019-09-05',1,'desktop'),(396,23,1,'2019-09-05',3,'desktop'),(397,41,1,'2019-09-05',1,'desktop'),(398,71,1,'2019-09-05',1,'desktop'),(399,47,1,'2019-09-06',1,'desktop'),(400,80,1,'2019-09-08',3,'mobile'),(401,44,3,'2019-09-08',3,'desktop'),(402,44,3,'2019-09-08',3,'tablet'),(403,44,1,'2019-09-08',1,'desktop'),(404,42,3,'2019-09-08',1,'desktop'),(405,31,3,'2019-09-08',1,'desktop'),(406,24,3,'2019-09-08',2,'desktop'),(407,79,3,'2019-09-08',1,'desktop'),(408,70,3,'2019-09-08',2,'tablet'),(409,55,3,'2019-09-08',2,'tablet'),(410,62,3,'2019-09-08',2,'tablet'),(411,49,3,'2019-09-08',2,'tablet'),(412,47,3,'2019-09-08',2,'tablet'),(413,42,3,'2019-09-08',4,'tablet'),(414,31,3,'2019-09-08',4,'tablet'),(415,24,3,'2019-09-08',2,'tablet'),(416,44,1,'2019-09-08',2,'tablet'),(417,79,3,'2019-09-08',2,'tablet'),(418,70,1,'2019-09-08',2,'tablet'),(419,30,3,'2019-09-08',2,'tablet'),(420,55,1,'2019-09-08',2,'tablet'),(421,29,3,'2019-09-08',2,'tablet'),(422,62,1,'2019-09-08',2,'tablet'),(423,49,1,'2019-09-08',2,'tablet'),(424,26,3,'2019-09-08',2,'tablet'),(425,47,1,'2019-09-08',2,'tablet'),(426,61,3,'2019-09-08',2,'tablet'),(427,42,1,'2019-09-08',4,'tablet'),(428,54,3,'2019-09-08',4,'tablet'),(429,31,1,'2019-09-08',4,'tablet'),(430,32,3,'2019-09-08',2,'tablet'),(431,24,1,'2019-09-08',2,'tablet'),(432,79,1,'2019-09-08',2,'tablet'),(433,80,3,'2019-09-08',2,'tablet'),(434,30,1,'2019-09-08',2,'tablet'),(435,59,3,'2019-09-08',2,'tablet'),(436,29,1,'2019-09-08',2,'tablet'),(437,45,3,'2019-09-08',2,'tablet'),(438,26,1,'2019-09-08',2,'tablet'),(439,35,3,'2019-09-08',2,'tablet'),(440,61,1,'2019-09-08',2,'tablet'),(441,54,1,'2019-09-08',4,'tablet'),(442,77,3,'2019-09-08',2,'tablet'),(443,32,1,'2019-09-08',2,'tablet'),(444,64,3,'2019-09-08',2,'tablet'),(445,80,1,'2019-09-08',2,'tablet'),(446,46,3,'2019-09-08',4,'tablet'),(447,59,1,'2019-09-08',2,'tablet'),(448,78,3,'2019-09-08',2,'tablet'),(449,45,1,'2019-09-08',2,'tablet'),(450,50,3,'2019-09-08',2,'tablet'),(451,35,1,'2019-09-08',2,'tablet'),(452,76,3,'2019-09-08',2,'tablet'),(453,77,1,'2019-09-08',2,'tablet'),(454,65,3,'2019-09-08',2,'tablet'),(455,64,1,'2019-09-08',2,'tablet'),(456,43,3,'2019-09-08',2,'tablet'),(457,46,1,'2019-09-08',4,'tablet'),(458,78,1,'2019-09-08',2,'tablet'),(459,38,3,'2019-09-08',2,'tablet'),(460,50,1,'2019-09-08',2,'tablet'),(461,37,3,'2019-09-08',2,'tablet'),(462,76,1,'2019-09-08',2,'tablet'),(463,36,3,'2019-09-08',2,'tablet'),(464,65,1,'2019-09-08',2,'tablet'),(465,27,3,'2019-09-08',2,'tablet'),(466,43,1,'2019-09-08',2,'tablet'),(467,48,3,'2019-09-08',2,'tablet'),(468,38,1,'2019-09-08',2,'tablet'),(469,73,3,'2019-09-08',2,'tablet'),(470,37,1,'2019-09-08',2,'tablet'),(471,71,3,'2019-09-08',2,'tablet'),(472,36,1,'2019-09-08',2,'tablet'),(473,57,3,'2019-09-08',2,'tablet'),(474,27,1,'2019-09-08',2,'tablet'),(475,52,3,'2019-09-08',2,'tablet'),(476,48,1,'2019-09-08',2,'tablet'),(477,51,3,'2019-09-08',2,'tablet'),(478,73,1,'2019-09-08',2,'tablet'),(479,28,3,'2019-09-08',4,'tablet'),(480,71,1,'2019-09-08',2,'tablet'),(481,57,1,'2019-09-08',2,'tablet'),(482,69,3,'2019-09-08',2,'tablet'),(483,68,3,'2019-09-08',2,'tablet'),(484,52,1,'2019-09-08',2,'tablet'),(485,51,1,'2019-09-08',2,'tablet'),(486,58,3,'2019-09-08',2,'tablet'),(487,28,1,'2019-09-08',4,'tablet'),(488,23,3,'2019-09-08',4,'tablet'),(489,69,1,'2019-09-08',2,'tablet'),(490,41,3,'2019-09-08',4,'tablet'),(491,68,1,'2019-09-08',2,'tablet'),(492,63,3,'2019-09-08',2,'tablet'),(493,58,1,'2019-09-08',2,'tablet'),(494,56,3,'2019-09-08',2,'tablet'),(495,23,1,'2019-09-08',4,'tablet'),(496,53,3,'2019-09-08',2,'tablet'),(497,41,1,'2019-09-08',4,'tablet'),(498,34,3,'2019-09-08',2,'tablet'),(499,63,1,'2019-09-08',2,'tablet'),(500,33,3,'2019-09-08',2,'tablet'),(501,56,1,'2019-09-08',2,'tablet'),(502,40,3,'2019-09-08',2,'tablet'),(503,53,1,'2019-09-08',2,'tablet'),(504,39,3,'2019-09-08',2,'tablet'),(505,34,1,'2019-09-08',2,'tablet'),(506,33,1,'2019-09-08',2,'tablet'),(507,40,1,'2019-09-08',2,'tablet'),(508,39,1,'2019-09-08',2,'tablet'),(509,62,3,'2019-09-08',1,'desktop'),(510,49,3,'2019-09-08',1,'desktop'),(511,44,3,'2019-09-09',2,'tablet'),(512,70,3,'2019-09-09',2,'tablet'),(513,55,3,'2019-09-09',2,'tablet'),(514,62,3,'2019-09-09',2,'tablet'),(515,49,3,'2019-09-09',2,'tablet'),(516,47,3,'2019-09-09',2,'tablet'),(517,42,3,'2019-09-09',4,'tablet'),(518,31,3,'2019-09-09',4,'tablet'),(519,24,3,'2019-09-09',2,'tablet'),(520,79,3,'2019-09-09',2,'tablet'),(521,30,3,'2019-09-09',2,'tablet'),(522,29,3,'2019-09-09',2,'tablet'),(523,26,3,'2019-09-09',2,'tablet'),(524,61,3,'2019-09-09',2,'tablet'),(525,54,3,'2019-09-09',4,'tablet'),(526,32,3,'2019-09-09',2,'tablet'),(527,80,3,'2019-09-09',2,'tablet'),(528,59,3,'2019-09-09',2,'tablet'),(529,45,3,'2019-09-09',2,'tablet'),(530,35,3,'2019-09-09',2,'tablet'),(531,77,3,'2019-09-09',2,'tablet'),(532,64,3,'2019-09-09',2,'tablet'),(533,46,3,'2019-09-09',4,'tablet'),(534,78,3,'2019-09-09',2,'tablet'),(535,50,3,'2019-09-09',2,'tablet'),(536,76,3,'2019-09-09',2,'tablet'),(537,65,3,'2019-09-09',2,'tablet'),(538,43,3,'2019-09-09',2,'tablet'),(539,38,3,'2019-09-09',2,'tablet'),(540,37,3,'2019-09-09',2,'tablet'),(541,36,3,'2019-09-09',2,'tablet'),(542,27,3,'2019-09-09',2,'tablet'),(543,48,3,'2019-09-09',2,'tablet'),(544,73,3,'2019-09-09',2,'tablet'),(545,71,3,'2019-09-09',2,'tablet'),(546,57,3,'2019-09-09',2,'tablet'),(547,52,3,'2019-09-09',2,'tablet'),(548,51,3,'2019-09-09',2,'tablet'),(549,28,3,'2019-09-09',4,'tablet'),(550,69,3,'2019-09-09',2,'tablet'),(551,68,3,'2019-09-09',2,'tablet'),(552,58,3,'2019-09-09',2,'tablet'),(553,23,3,'2019-09-09',4,'tablet'),(554,41,3,'2019-09-09',4,'tablet'),(555,63,3,'2019-09-09',2,'tablet'),(556,56,3,'2019-09-09',2,'tablet'),(557,53,3,'2019-09-09',2,'tablet'),(558,34,3,'2019-09-09',2,'tablet'),(559,33,3,'2019-09-09',2,'tablet'),(560,40,3,'2019-09-09',2,'tablet'),(561,39,3,'2019-09-09',2,'tablet'),(562,44,1,'2019-09-09',2,'tablet'),(563,70,1,'2019-09-09',2,'tablet'),(564,55,1,'2019-09-09',2,'tablet'),(565,62,1,'2019-09-09',2,'tablet'),(566,49,1,'2019-09-09',2,'tablet'),(567,47,1,'2019-09-09',2,'tablet'),(568,42,1,'2019-09-09',4,'tablet'),(569,31,1,'2019-09-09',4,'tablet'),(570,24,1,'2019-09-09',2,'tablet'),(571,79,1,'2019-09-09',2,'tablet'),(572,30,1,'2019-09-09',2,'tablet'),(573,29,1,'2019-09-09',2,'tablet'),(574,26,1,'2019-09-09',2,'tablet'),(575,61,1,'2019-09-09',2,'tablet'),(576,54,1,'2019-09-09',4,'tablet'),(577,32,1,'2019-09-09',2,'tablet'),(578,80,1,'2019-09-09',2,'tablet'),(579,59,1,'2019-09-09',2,'tablet'),(580,45,1,'2019-09-09',2,'tablet'),(581,35,1,'2019-09-09',2,'tablet'),(582,77,1,'2019-09-09',2,'tablet'),(583,64,1,'2019-09-09',2,'tablet'),(584,46,1,'2019-09-09',4,'tablet'),(585,78,1,'2019-09-09',2,'tablet'),(586,50,1,'2019-09-09',2,'tablet'),(587,76,1,'2019-09-09',2,'tablet'),(588,65,1,'2019-09-09',2,'tablet'),(589,43,1,'2019-09-09',2,'tablet'),(590,38,1,'2019-09-09',2,'tablet'),(591,37,1,'2019-09-09',2,'tablet'),(592,36,1,'2019-09-09',2,'tablet'),(593,27,1,'2019-09-09',2,'tablet'),(594,48,1,'2019-09-09',2,'tablet'),(595,73,1,'2019-09-09',2,'tablet'),(596,71,1,'2019-09-09',2,'tablet'),(597,57,1,'2019-09-09',2,'tablet'),(598,52,1,'2019-09-09',2,'tablet'),(599,51,1,'2019-09-09',2,'tablet'),(600,28,1,'2019-09-09',4,'tablet'),(601,69,1,'2019-09-09',2,'tablet'),(602,68,1,'2019-09-09',2,'tablet'),(603,58,1,'2019-09-09',2,'tablet'),(604,23,1,'2019-09-09',4,'tablet'),(605,41,1,'2019-09-09',4,'tablet'),(606,63,1,'2019-09-09',2,'tablet'),(607,56,1,'2019-09-09',2,'tablet'),(608,53,1,'2019-09-09',2,'tablet'),(609,34,1,'2019-09-09',2,'tablet'),(610,33,1,'2019-09-09',2,'tablet'),(611,40,1,'2019-09-09',2,'tablet'),(612,39,1,'2019-09-09',2,'tablet'),(613,39,1,'2019-09-09',1,'desktop'),(614,23,1,'2019-09-09',1,'desktop'),(615,59,1,'2019-09-11',1,'desktop'),(616,46,1,'2019-09-11',1,'desktop'),(617,61,1,'2019-09-11',1,'desktop'),(618,54,1,'2019-09-11',1,'desktop'),(619,79,1,'2019-09-11',1,'desktop'),(620,29,1,'2019-09-11',1,'desktop'),(621,80,3,'2019-09-11',1,'desktop'),(622,73,1,'2019-09-11',4,'desktop'),(623,80,1,'2019-09-11',1,'desktop'),(624,73,3,'2019-09-11',3,'desktop'),(625,57,3,'2019-09-11',1,'desktop'),(626,42,1,'2019-09-12',2,'desktop'),(627,23,1,'2019-09-12',1,'desktop'),(628,70,1,'2019-09-12',2,'desktop'),(629,44,3,'2019-09-12',3,'tablet'),(630,70,3,'2019-09-12',3,'tablet'),(631,55,3,'2019-09-12',3,'tablet'),(632,62,3,'2019-09-12',3,'tablet'),(633,49,3,'2019-09-12',3,'tablet'),(634,47,3,'2019-09-12',3,'tablet'),(635,42,3,'2019-09-12',6,'tablet'),(636,31,3,'2019-09-12',6,'tablet'),(637,24,3,'2019-09-12',3,'tablet'),(638,79,3,'2019-09-12',3,'tablet'),(639,30,3,'2019-09-12',3,'tablet'),(640,29,3,'2019-09-12',3,'tablet'),(641,26,3,'2019-09-12',3,'tablet'),(642,61,3,'2019-09-12',3,'tablet'),(643,54,3,'2019-09-12',6,'tablet'),(644,32,3,'2019-09-12',3,'tablet'),(645,80,3,'2019-09-12',3,'tablet'),(646,59,3,'2019-09-12',3,'tablet'),(647,45,3,'2019-09-12',3,'tablet'),(648,35,3,'2019-09-12',3,'tablet'),(649,77,3,'2019-09-12',3,'tablet'),(650,64,3,'2019-09-12',3,'tablet'),(651,46,3,'2019-09-12',6,'tablet'),(652,78,3,'2019-09-12',3,'tablet'),(653,50,3,'2019-09-12',3,'tablet'),(654,76,3,'2019-09-12',3,'tablet'),(655,65,3,'2019-09-12',3,'tablet'),(656,43,3,'2019-09-12',3,'tablet'),(657,38,3,'2019-09-12',3,'tablet'),(658,37,3,'2019-09-12',3,'tablet'),(659,36,3,'2019-09-12',3,'tablet'),(660,27,3,'2019-09-12',3,'tablet'),(661,48,3,'2019-09-12',3,'tablet'),(662,73,3,'2019-09-12',3,'tablet'),(663,71,3,'2019-09-12',3,'tablet'),(664,57,3,'2019-09-12',3,'tablet'),(665,52,3,'2019-09-12',3,'tablet'),(666,51,3,'2019-09-12',3,'tablet'),(667,28,3,'2019-09-12',6,'tablet'),(668,69,3,'2019-09-12',3,'tablet'),(669,68,3,'2019-09-12',3,'tablet'),(670,58,3,'2019-09-12',3,'tablet'),(671,23,3,'2019-09-12',6,'tablet'),(672,41,3,'2019-09-12',6,'tablet'),(673,63,3,'2019-09-12',3,'tablet'),(674,56,3,'2019-09-12',3,'tablet'),(675,53,3,'2019-09-12',3,'tablet'),(676,34,3,'2019-09-12',3,'tablet'),(677,33,3,'2019-09-12',3,'tablet'),(678,40,3,'2019-09-12',3,'tablet'),(679,39,3,'2019-09-12',3,'tablet'),(680,44,1,'2019-09-12',1,'tablet'),(681,44,1,'2019-09-12',1,'desktop'),(682,55,1,'2019-09-12',1,'desktop'),(683,62,1,'2019-09-12',1,'desktop'),(684,44,3,'2019-09-13',2,'tablet'),(685,70,3,'2019-09-13',2,'tablet'),(686,44,1,'2019-09-13',2,'tablet'),(687,55,3,'2019-09-13',2,'tablet'),(688,70,1,'2019-09-13',2,'tablet'),(689,62,3,'2019-09-13',2,'tablet'),(690,55,1,'2019-09-13',2,'tablet'),(691,49,3,'2019-09-13',2,'tablet'),(692,62,1,'2019-09-13',2,'tablet'),(693,47,3,'2019-09-13',2,'tablet'),(694,49,1,'2019-09-13',2,'tablet'),(695,42,3,'2019-09-13',4,'tablet'),(696,47,1,'2019-09-13',2,'tablet'),(697,31,3,'2019-09-13',4,'tablet'),(698,42,1,'2019-09-13',4,'tablet'),(699,31,1,'2019-09-13',4,'tablet'),(700,24,3,'2019-09-13',2,'tablet'),(701,24,1,'2019-09-13',2,'tablet'),(702,79,3,'2019-09-13',2,'tablet'),(703,30,3,'2019-09-13',2,'tablet'),(704,79,1,'2019-09-13',2,'tablet'),(705,30,1,'2019-09-13',2,'tablet'),(706,29,3,'2019-09-13',2,'tablet'),(707,26,3,'2019-09-13',2,'tablet'),(708,29,1,'2019-09-13',2,'tablet'),(709,61,3,'2019-09-13',2,'tablet'),(710,26,1,'2019-09-13',2,'tablet'),(711,54,3,'2019-09-13',4,'tablet'),(712,61,1,'2019-09-13',2,'tablet'),(713,54,1,'2019-09-13',4,'tablet'),(714,32,3,'2019-09-13',2,'tablet'),(715,32,1,'2019-09-13',2,'tablet'),(716,80,3,'2019-09-13',2,'tablet'),(717,80,1,'2019-09-13',2,'tablet'),(718,59,3,'2019-09-13',2,'tablet'),(719,59,1,'2019-09-13',2,'tablet'),(720,45,3,'2019-09-13',2,'tablet'),(721,45,1,'2019-09-13',2,'tablet'),(722,35,3,'2019-09-13',2,'tablet'),(723,35,1,'2019-09-13',2,'tablet'),(724,77,3,'2019-09-13',2,'tablet'),(725,77,1,'2019-09-13',2,'tablet'),(726,64,3,'2019-09-13',2,'tablet'),(727,64,1,'2019-09-13',2,'tablet'),(728,46,1,'2019-09-13',4,'tablet'),(729,46,3,'2019-09-13',4,'tablet'),(730,78,1,'2019-09-13',2,'tablet'),(731,78,3,'2019-09-13',2,'tablet'),(732,50,3,'2019-09-13',2,'tablet'),(733,50,1,'2019-09-13',2,'tablet'),(734,76,1,'2019-09-13',2,'tablet'),(735,76,3,'2019-09-13',2,'tablet'),(736,65,1,'2019-09-13',2,'tablet'),(737,65,3,'2019-09-13',2,'tablet'),(738,43,1,'2019-09-13',2,'tablet'),(739,43,3,'2019-09-13',2,'tablet'),(740,38,1,'2019-09-13',2,'tablet'),(741,38,3,'2019-09-13',2,'tablet'),(742,37,3,'2019-09-13',2,'tablet'),(743,37,1,'2019-09-13',2,'tablet'),(744,36,3,'2019-09-13',2,'tablet'),(745,36,1,'2019-09-13',2,'tablet'),(746,27,3,'2019-09-13',2,'tablet'),(747,27,1,'2019-09-13',2,'tablet'),(748,48,3,'2019-09-13',2,'tablet'),(749,48,1,'2019-09-13',2,'tablet'),(750,73,3,'2019-09-13',2,'tablet'),(751,73,1,'2019-09-13',2,'tablet'),(752,71,3,'2019-09-13',2,'tablet'),(753,71,1,'2019-09-13',2,'tablet'),(754,57,3,'2019-09-13',2,'tablet'),(755,57,1,'2019-09-13',2,'tablet'),(756,52,3,'2019-09-13',2,'tablet'),(757,52,1,'2019-09-13',2,'tablet'),(758,51,3,'2019-09-13',2,'tablet'),(759,51,1,'2019-09-13',2,'tablet'),(760,28,3,'2019-09-13',4,'tablet'),(761,28,1,'2019-09-13',4,'tablet'),(762,69,3,'2019-09-13',2,'tablet'),(763,69,1,'2019-09-13',2,'tablet'),(764,68,3,'2019-09-13',2,'tablet'),(765,68,1,'2019-09-13',2,'tablet'),(766,58,3,'2019-09-13',2,'tablet'),(767,58,1,'2019-09-13',2,'tablet'),(768,23,3,'2019-09-13',4,'tablet'),(769,41,3,'2019-09-13',4,'tablet'),(770,23,1,'2019-09-13',4,'tablet'),(771,63,3,'2019-09-13',2,'tablet'),(772,41,1,'2019-09-13',4,'tablet'),(773,63,1,'2019-09-13',2,'tablet'),(774,56,3,'2019-09-13',2,'tablet'),(775,53,3,'2019-09-13',2,'tablet'),(776,56,1,'2019-09-13',2,'tablet'),(777,34,3,'2019-09-13',2,'tablet'),(778,53,1,'2019-09-13',2,'tablet'),(779,34,1,'2019-09-13',2,'tablet'),(780,33,3,'2019-09-13',2,'tablet'),(781,33,1,'2019-09-13',2,'tablet'),(782,40,3,'2019-09-13',2,'tablet'),(783,39,3,'2019-09-13',2,'tablet'),(784,40,1,'2019-09-13',2,'tablet'),(785,39,1,'2019-09-13',2,'tablet'),(786,33,1,'2019-09-13',2,'desktop'),(787,30,1,'2019-09-13',1,'mobile'),(788,63,1,'2019-09-13',1,'desktop'),(789,57,1,'2019-09-13',1,'mobile'),(790,44,3,'2019-09-14',2,'tablet'),(791,70,3,'2019-09-14',2,'tablet'),(792,55,3,'2019-09-14',2,'tablet'),(793,62,3,'2019-09-14',2,'tablet'),(794,49,3,'2019-09-14',2,'tablet'),(795,47,3,'2019-09-14',2,'tablet'),(796,42,3,'2019-09-14',3,'tablet'),(797,31,3,'2019-09-14',3,'tablet'),(798,24,3,'2019-09-14',2,'tablet'),(799,79,3,'2019-09-14',2,'tablet'),(800,30,3,'2019-09-14',2,'tablet'),(801,29,3,'2019-09-14',1,'tablet'),(802,26,3,'2019-09-14',1,'tablet'),(803,61,3,'2019-09-14',1,'tablet'),(804,54,3,'2019-09-14',2,'tablet'),(805,32,3,'2019-09-14',1,'tablet'),(806,80,3,'2019-09-14',1,'tablet'),(807,59,3,'2019-09-14',1,'tablet'),(808,45,3,'2019-09-14',1,'tablet'),(809,35,3,'2019-09-14',1,'tablet'),(810,77,3,'2019-09-14',1,'tablet'),(811,64,3,'2019-09-14',1,'tablet'),(812,46,3,'2019-09-14',2,'tablet'),(813,78,3,'2019-09-14',1,'tablet'),(814,50,3,'2019-09-14',1,'tablet'),(815,76,3,'2019-09-14',1,'tablet'),(816,65,3,'2019-09-14',1,'tablet'),(817,43,3,'2019-09-14',1,'tablet'),(818,38,3,'2019-09-14',1,'tablet'),(819,37,3,'2019-09-14',1,'tablet'),(820,36,3,'2019-09-14',1,'tablet'),(821,27,3,'2019-09-14',1,'tablet'),(822,48,3,'2019-09-14',1,'tablet'),(823,73,3,'2019-09-14',1,'tablet'),(824,71,3,'2019-09-14',1,'tablet'),(825,57,3,'2019-09-14',1,'tablet'),(826,52,3,'2019-09-14',1,'tablet'),(827,51,3,'2019-09-14',1,'tablet'),(828,28,3,'2019-09-14',2,'tablet'),(829,69,3,'2019-09-14',1,'tablet'),(830,68,3,'2019-09-14',1,'tablet'),(831,58,3,'2019-09-14',1,'tablet'),(832,23,3,'2019-09-14',2,'tablet'),(833,41,3,'2019-09-14',2,'tablet'),(834,63,3,'2019-09-14',1,'tablet'),(835,56,3,'2019-09-14',1,'tablet'),(836,53,3,'2019-09-14',1,'tablet'),(837,34,3,'2019-09-14',1,'tablet'),(838,33,3,'2019-09-14',1,'tablet'),(839,40,3,'2019-09-14',1,'tablet'),(840,39,3,'2019-09-14',1,'tablet'),(841,44,1,'2019-09-14',1,'tablet'),(842,70,1,'2019-09-14',1,'tablet'),(843,55,1,'2019-09-14',1,'tablet'),(844,62,1,'2019-09-14',1,'tablet'),(845,49,1,'2019-09-14',1,'tablet'),(846,47,1,'2019-09-14',1,'tablet'),(847,42,1,'2019-09-14',2,'tablet'),(848,31,1,'2019-09-14',2,'tablet'),(849,24,1,'2019-09-14',1,'tablet'),(850,79,1,'2019-09-14',1,'tablet'),(851,30,1,'2019-09-14',1,'tablet'),(852,29,1,'2019-09-14',1,'tablet'),(853,26,1,'2019-09-14',1,'tablet'),(854,61,1,'2019-09-14',1,'tablet'),(855,54,1,'2019-09-14',2,'tablet'),(856,32,1,'2019-09-14',1,'tablet'),(857,80,1,'2019-09-14',1,'tablet'),(858,59,1,'2019-09-14',1,'tablet'),(859,45,1,'2019-09-14',1,'tablet'),(860,35,1,'2019-09-14',1,'tablet'),(861,77,1,'2019-09-14',1,'tablet'),(862,64,1,'2019-09-14',1,'tablet'),(863,46,1,'2019-09-14',2,'tablet'),(864,78,1,'2019-09-14',1,'tablet'),(865,50,1,'2019-09-14',1,'tablet'),(866,76,1,'2019-09-14',1,'tablet'),(867,65,1,'2019-09-14',1,'tablet'),(868,43,1,'2019-09-14',1,'tablet'),(869,38,1,'2019-09-14',1,'tablet'),(870,37,1,'2019-09-14',1,'tablet'),(871,36,1,'2019-09-14',1,'tablet'),(872,27,1,'2019-09-14',1,'tablet'),(873,48,1,'2019-09-14',1,'tablet'),(874,73,1,'2019-09-14',1,'tablet'),(875,71,1,'2019-09-14',1,'tablet'),(876,57,1,'2019-09-14',1,'tablet'),(877,52,1,'2019-09-14',1,'tablet'),(878,51,1,'2019-09-14',1,'tablet'),(879,28,1,'2019-09-14',2,'tablet'),(880,69,1,'2019-09-14',1,'tablet'),(881,68,1,'2019-09-14',1,'tablet'),(882,58,1,'2019-09-14',1,'tablet'),(883,23,1,'2019-09-14',2,'tablet'),(884,41,1,'2019-09-14',2,'tablet'),(885,63,1,'2019-09-14',1,'tablet'),(886,56,1,'2019-09-14',1,'tablet'),(887,53,1,'2019-09-14',1,'tablet'),(888,34,1,'2019-09-14',1,'tablet'),(889,33,1,'2019-09-14',1,'tablet'),(890,40,1,'2019-09-14',1,'tablet'),(891,39,1,'2019-09-14',1,'tablet'),(892,41,1,'2019-09-15',1,'mobile'),(893,44,1,'2019-09-15',1,'tablet'),(894,70,1,'2019-09-15',1,'tablet'),(895,55,1,'2019-09-15',1,'tablet'),(896,44,3,'2019-09-15',1,'tablet'),(897,62,1,'2019-09-15',1,'tablet'),(898,70,3,'2019-09-15',1,'tablet'),(899,49,1,'2019-09-15',1,'tablet'),(900,55,3,'2019-09-15',1,'tablet'),(901,47,1,'2019-09-15',1,'tablet'),(902,62,3,'2019-09-15',1,'tablet'),(903,49,3,'2019-09-15',1,'tablet'),(904,42,1,'2019-09-15',2,'tablet'),(905,31,1,'2019-09-15',2,'tablet'),(906,47,3,'2019-09-15',1,'tablet'),(907,24,1,'2019-09-15',1,'tablet'),(908,42,3,'2019-09-15',2,'tablet'),(909,79,1,'2019-09-15',1,'tablet'),(910,31,3,'2019-09-15',2,'tablet'),(911,24,3,'2019-09-15',1,'tablet'),(912,30,1,'2019-09-15',1,'tablet'),(913,79,3,'2019-09-15',1,'tablet'),(914,29,1,'2019-09-15',1,'tablet'),(915,30,3,'2019-09-15',1,'tablet'),(916,26,1,'2019-09-15',1,'tablet'),(917,29,3,'2019-09-15',1,'tablet'),(918,61,1,'2019-09-15',1,'tablet'),(919,26,3,'2019-09-15',1,'tablet'),(920,54,1,'2019-09-15',2,'tablet'),(921,61,3,'2019-09-15',1,'tablet'),(922,32,1,'2019-09-15',1,'tablet'),(923,54,3,'2019-09-15',2,'tablet'),(924,80,1,'2019-09-15',1,'tablet'),(925,32,3,'2019-09-15',1,'tablet'),(926,59,1,'2019-09-15',1,'tablet'),(927,80,3,'2019-09-15',1,'tablet'),(928,45,1,'2019-09-15',1,'tablet'),(929,59,3,'2019-09-15',1,'tablet'),(930,35,1,'2019-09-15',1,'tablet'),(931,45,3,'2019-09-15',1,'tablet'),(932,77,1,'2019-09-15',1,'tablet'),(933,35,3,'2019-09-15',1,'tablet'),(934,64,1,'2019-09-15',1,'tablet'),(935,77,3,'2019-09-15',1,'tablet'),(936,46,1,'2019-09-15',2,'tablet'),(937,64,3,'2019-09-15',1,'tablet'),(938,78,1,'2019-09-15',1,'tablet'),(939,46,3,'2019-09-15',2,'tablet'),(940,50,1,'2019-09-15',1,'tablet'),(941,78,3,'2019-09-15',1,'tablet'),(942,50,3,'2019-09-15',1,'tablet'),(943,76,1,'2019-09-15',1,'tablet'),(944,76,3,'2019-09-15',1,'tablet'),(945,65,1,'2019-09-15',1,'tablet'),(946,65,3,'2019-09-15',1,'tablet'),(947,43,1,'2019-09-15',1,'tablet'),(948,43,3,'2019-09-15',1,'tablet'),(949,38,1,'2019-09-15',1,'tablet'),(950,37,1,'2019-09-15',1,'tablet'),(951,38,3,'2019-09-15',1,'tablet'),(952,36,1,'2019-09-15',1,'tablet'),(953,37,3,'2019-09-15',1,'tablet'),(954,36,3,'2019-09-15',1,'tablet'),(955,27,1,'2019-09-15',1,'tablet'),(956,27,3,'2019-09-15',1,'tablet'),(957,48,1,'2019-09-15',1,'tablet'),(958,48,3,'2019-09-15',1,'tablet'),(959,73,1,'2019-09-15',1,'tablet'),(960,73,3,'2019-09-15',1,'tablet'),(961,71,1,'2019-09-15',1,'tablet'),(962,71,3,'2019-09-15',1,'tablet'),(963,57,1,'2019-09-15',1,'tablet'),(964,57,3,'2019-09-15',1,'tablet'),(965,52,1,'2019-09-15',1,'tablet'),(966,51,1,'2019-09-15',1,'tablet'),(967,52,3,'2019-09-15',1,'tablet'),(968,51,3,'2019-09-15',1,'tablet'),(969,28,1,'2019-09-15',2,'tablet'),(970,69,1,'2019-09-15',1,'tablet'),(971,28,3,'2019-09-15',2,'tablet'),(972,68,1,'2019-09-15',1,'tablet'),(973,69,3,'2019-09-15',1,'tablet'),(974,68,3,'2019-09-15',1,'tablet'),(975,58,1,'2019-09-15',1,'tablet'),(976,23,1,'2019-09-15',2,'tablet'),(977,58,3,'2019-09-15',1,'tablet'),(978,41,1,'2019-09-15',2,'tablet'),(979,23,3,'2019-09-15',2,'tablet'),(980,41,3,'2019-09-15',2,'tablet'),(981,63,1,'2019-09-15',1,'tablet'),(982,63,3,'2019-09-15',1,'tablet'),(983,56,1,'2019-09-15',1,'tablet'),(984,56,3,'2019-09-15',1,'tablet'),(985,53,1,'2019-09-15',1,'tablet'),(986,53,3,'2019-09-15',1,'tablet'),(987,34,1,'2019-09-15',1,'tablet'),(988,34,3,'2019-09-15',1,'tablet'),(989,33,1,'2019-09-15',1,'tablet'),(990,40,1,'2019-09-15',1,'tablet'),(991,33,3,'2019-09-15',1,'tablet'),(992,40,3,'2019-09-15',1,'tablet'),(993,39,1,'2019-09-15',1,'tablet'),(994,39,3,'2019-09-15',1,'tablet'),(995,32,1,'2019-09-17',2,'desktop'),(996,35,1,'2019-09-18',1,'mobile'),(997,47,1,'2019-09-18',2,'desktop'),(998,80,1,'2019-09-18',1,'desktop'),(999,42,3,'2019-09-18',1,'desktop'),(1000,73,1,'2019-09-19',1,'mobile'),(1001,42,1,'2019-09-19',1,'mobile'),(1002,32,3,'2019-09-19',1,'mobile'),(1003,59,3,'2019-09-19',1,'mobile'),(1004,45,3,'2019-09-19',1,'mobile'),(1005,80,1,'2019-09-19',1,'desktop'),(1006,70,1,'2019-09-19',1,'desktop'),(1007,80,1,'2019-09-19',1,'tablet'),(1008,29,1,'2019-09-20',1,'desktop'),(1009,73,1,'2019-09-20',1,'desktop'),(1010,48,3,'2019-09-20',1,'desktop'),(1011,44,3,'2019-09-21',1,'tablet'),(1012,70,3,'2019-09-21',1,'tablet'),(1013,55,3,'2019-09-21',1,'tablet'),(1014,62,3,'2019-09-21',1,'tablet'),(1015,49,3,'2019-09-21',1,'tablet'),(1016,47,3,'2019-09-21',1,'tablet'),(1017,42,3,'2019-09-21',2,'tablet'),(1018,31,3,'2019-09-21',2,'tablet'),(1019,24,3,'2019-09-21',1,'tablet'),(1020,79,3,'2019-09-21',1,'tablet'),(1021,30,3,'2019-09-21',1,'tablet'),(1022,29,3,'2019-09-21',1,'tablet'),(1023,26,3,'2019-09-21',1,'tablet'),(1024,61,3,'2019-09-21',1,'tablet'),(1025,54,3,'2019-09-21',2,'tablet'),(1026,32,3,'2019-09-21',1,'tablet'),(1027,80,3,'2019-09-21',1,'tablet'),(1028,59,3,'2019-09-21',1,'tablet'),(1029,45,3,'2019-09-21',1,'tablet'),(1030,35,3,'2019-09-21',1,'tablet'),(1031,77,3,'2019-09-21',1,'tablet'),(1032,64,3,'2019-09-21',1,'tablet'),(1033,46,3,'2019-09-21',2,'tablet'),(1034,78,3,'2019-09-21',1,'tablet'),(1035,50,3,'2019-09-21',1,'tablet'),(1036,76,3,'2019-09-21',1,'tablet'),(1037,65,3,'2019-09-21',1,'tablet'),(1038,43,3,'2019-09-21',1,'tablet'),(1039,38,3,'2019-09-21',1,'tablet'),(1040,37,3,'2019-09-21',1,'tablet'),(1041,36,3,'2019-09-21',1,'tablet'),(1042,27,3,'2019-09-21',1,'tablet'),(1043,48,3,'2019-09-21',1,'tablet'),(1044,73,3,'2019-09-21',1,'tablet'),(1045,71,3,'2019-09-21',1,'tablet'),(1046,57,3,'2019-09-21',1,'tablet'),(1047,52,3,'2019-09-21',1,'tablet'),(1048,51,3,'2019-09-21',1,'tablet'),(1049,28,3,'2019-09-21',2,'tablet'),(1050,69,3,'2019-09-21',1,'tablet'),(1051,68,3,'2019-09-21',1,'tablet'),(1052,58,3,'2019-09-21',1,'tablet'),(1053,23,3,'2019-09-21',2,'tablet'),(1054,41,3,'2019-09-21',2,'tablet'),(1055,63,3,'2019-09-21',1,'tablet'),(1056,56,3,'2019-09-21',1,'tablet'),(1057,53,3,'2019-09-21',1,'tablet'),(1058,34,3,'2019-09-21',1,'tablet'),(1059,33,3,'2019-09-21',1,'tablet'),(1060,40,3,'2019-09-21',1,'tablet'),(1061,39,3,'2019-09-21',1,'tablet'),(1062,44,1,'2019-09-21',1,'tablet'),(1063,70,1,'2019-09-21',1,'tablet'),(1064,55,1,'2019-09-21',1,'tablet'),(1065,62,1,'2019-09-21',1,'tablet'),(1066,49,1,'2019-09-21',1,'tablet'),(1067,47,1,'2019-09-21',1,'tablet'),(1068,42,1,'2019-09-21',2,'tablet'),(1069,31,1,'2019-09-21',2,'tablet'),(1070,24,1,'2019-09-21',1,'tablet'),(1071,79,1,'2019-09-21',1,'tablet'),(1072,30,1,'2019-09-21',1,'tablet'),(1073,29,1,'2019-09-21',1,'tablet'),(1074,26,1,'2019-09-21',1,'tablet'),(1075,61,1,'2019-09-21',1,'tablet'),(1076,54,1,'2019-09-21',2,'tablet'),(1077,32,1,'2019-09-21',1,'tablet'),(1078,80,1,'2019-09-21',1,'tablet'),(1079,59,1,'2019-09-21',1,'tablet'),(1080,45,1,'2019-09-21',1,'tablet'),(1081,35,1,'2019-09-21',1,'tablet'),(1082,77,1,'2019-09-21',1,'tablet'),(1083,64,1,'2019-09-21',1,'tablet'),(1084,46,1,'2019-09-21',2,'tablet'),(1085,78,1,'2019-09-21',1,'tablet'),(1086,50,1,'2019-09-21',1,'tablet'),(1087,76,1,'2019-09-21',1,'tablet'),(1088,65,1,'2019-09-21',1,'tablet'),(1089,43,1,'2019-09-21',1,'tablet'),(1090,38,1,'2019-09-21',1,'tablet'),(1091,37,1,'2019-09-21',1,'tablet'),(1092,36,1,'2019-09-21',1,'tablet'),(1093,27,1,'2019-09-21',1,'tablet'),(1094,48,1,'2019-09-21',1,'tablet'),(1095,73,1,'2019-09-21',1,'tablet'),(1096,71,1,'2019-09-21',1,'tablet'),(1097,57,1,'2019-09-21',1,'tablet'),(1098,52,1,'2019-09-21',1,'tablet'),(1099,51,1,'2019-09-21',1,'tablet'),(1100,28,1,'2019-09-21',2,'tablet'),(1101,69,1,'2019-09-21',1,'tablet'),(1102,68,1,'2019-09-21',1,'tablet'),(1103,58,1,'2019-09-21',1,'tablet'),(1104,23,1,'2019-09-21',2,'tablet'),(1105,41,1,'2019-09-21',2,'tablet'),(1106,63,1,'2019-09-21',1,'tablet'),(1107,56,1,'2019-09-21',1,'tablet'),(1108,53,1,'2019-09-21',1,'tablet'),(1109,34,1,'2019-09-21',1,'tablet'),(1110,33,1,'2019-09-21',1,'tablet'),(1111,40,1,'2019-09-21',1,'tablet'),(1112,39,1,'2019-09-21',1,'tablet'),(1113,25,1,'2019-09-21',1,'desktop'),(1114,25,1,'2019-09-22',1,'desktop'),(1115,53,3,'2019-09-23',1,'desktop'),(1116,34,3,'2019-09-23',1,'desktop'),(1117,80,3,'2019-09-24',1,'desktop'),(1118,80,1,'2019-09-24',3,'desktop'),(1119,34,3,'2019-09-24',1,'desktop'),(1120,78,1,'2019-09-24',1,'tablet'),(1121,46,3,'2019-09-24',1,'desktop'),(1122,53,1,'2019-09-24',1,'desktop'),(1123,53,1,'2019-09-24',1,'mobile'),(1124,80,3,'2019-09-25',3,'desktop'),(1125,59,3,'2019-09-25',2,'desktop'),(1126,48,1,'2019-09-25',1,'desktop'),(1127,42,3,'2019-09-25',1,'desktop'),(1128,79,3,'2019-09-25',1,'desktop'),(1129,49,3,'2019-09-25',1,'desktop'),(1130,55,3,'2019-09-25',1,'desktop'),(1131,59,3,'2019-09-26',1,'desktop'),(1132,80,1,'2019-09-27',1,'mobile'),(1133,46,1,'2019-09-28',1,'desktop'),(1134,44,1,'2019-09-28',1,'tablet'),(1135,70,1,'2019-09-28',1,'tablet'),(1136,55,1,'2019-09-28',1,'tablet'),(1137,62,1,'2019-09-28',1,'tablet'),(1138,49,1,'2019-09-28',1,'tablet'),(1139,47,1,'2019-09-28',1,'tablet'),(1140,42,1,'2019-09-28',2,'tablet'),(1141,31,1,'2019-09-28',2,'tablet'),(1142,24,1,'2019-09-28',1,'tablet'),(1143,79,1,'2019-09-28',1,'tablet'),(1144,30,1,'2019-09-28',1,'tablet'),(1145,29,1,'2019-09-28',1,'tablet'),(1146,26,1,'2019-09-28',1,'tablet'),(1147,61,1,'2019-09-28',1,'tablet'),(1148,54,1,'2019-09-28',2,'tablet'),(1149,32,1,'2019-09-28',1,'tablet'),(1150,80,1,'2019-09-28',1,'tablet'),(1151,59,1,'2019-09-28',1,'tablet'),(1152,45,1,'2019-09-28',1,'tablet'),(1153,35,1,'2019-09-28',1,'tablet'),(1154,77,1,'2019-09-28',1,'tablet'),(1155,64,1,'2019-09-28',1,'tablet'),(1156,46,1,'2019-09-28',2,'tablet'),(1157,78,1,'2019-09-28',1,'tablet'),(1158,50,1,'2019-09-28',1,'tablet'),(1159,76,1,'2019-09-28',1,'tablet'),(1160,65,1,'2019-09-28',1,'tablet'),(1161,43,1,'2019-09-28',1,'tablet'),(1162,38,1,'2019-09-28',1,'tablet'),(1163,37,1,'2019-09-28',1,'tablet'),(1164,36,1,'2019-09-28',1,'tablet'),(1165,27,1,'2019-09-28',1,'tablet'),(1166,48,1,'2019-09-28',1,'tablet'),(1167,73,1,'2019-09-28',1,'tablet'),(1168,71,1,'2019-09-28',1,'tablet'),(1169,57,1,'2019-09-28',1,'tablet'),(1170,52,1,'2019-09-28',1,'tablet'),(1171,51,1,'2019-09-28',1,'tablet'),(1172,28,1,'2019-09-28',2,'tablet'),(1173,69,1,'2019-09-28',1,'tablet'),(1174,68,1,'2019-09-28',1,'tablet'),(1175,58,1,'2019-09-28',1,'tablet'),(1176,23,1,'2019-09-28',2,'tablet'),(1177,41,1,'2019-09-28',2,'tablet'),(1178,63,1,'2019-09-28',1,'tablet'),(1179,56,1,'2019-09-28',1,'tablet'),(1180,53,1,'2019-09-28',1,'tablet'),(1181,34,1,'2019-09-28',1,'tablet'),(1182,33,1,'2019-09-28',1,'tablet'),(1183,40,1,'2019-09-28',1,'tablet'),(1184,39,1,'2019-09-28',1,'tablet'),(1185,44,3,'2019-09-28',1,'tablet'),(1186,70,3,'2019-09-28',1,'tablet'),(1187,55,3,'2019-09-28',1,'tablet'),(1188,62,3,'2019-09-28',1,'tablet'),(1189,49,3,'2019-09-28',1,'tablet'),(1190,47,3,'2019-09-28',1,'tablet'),(1191,42,3,'2019-09-28',2,'tablet'),(1192,31,3,'2019-09-28',2,'tablet'),(1193,24,3,'2019-09-28',1,'tablet'),(1194,79,3,'2019-09-28',1,'tablet'),(1195,30,3,'2019-09-28',1,'tablet'),(1196,29,3,'2019-09-28',1,'tablet'),(1197,26,3,'2019-09-28',1,'tablet'),(1198,61,3,'2019-09-28',1,'tablet'),(1199,54,3,'2019-09-28',2,'tablet'),(1200,32,3,'2019-09-28',1,'tablet'),(1201,80,3,'2019-09-28',1,'tablet'),(1202,59,3,'2019-09-28',1,'tablet'),(1203,45,3,'2019-09-28',1,'tablet'),(1204,35,3,'2019-09-28',1,'tablet'),(1205,77,3,'2019-09-28',1,'tablet'),(1206,64,3,'2019-09-28',1,'tablet'),(1207,46,3,'2019-09-28',2,'tablet'),(1208,78,3,'2019-09-28',1,'tablet'),(1209,50,3,'2019-09-28',1,'tablet'),(1210,76,3,'2019-09-28',1,'tablet'),(1211,65,3,'2019-09-28',1,'tablet'),(1212,43,3,'2019-09-28',1,'tablet'),(1213,38,3,'2019-09-28',1,'tablet'),(1214,37,3,'2019-09-28',1,'tablet'),(1215,36,3,'2019-09-28',1,'tablet'),(1216,27,3,'2019-09-28',1,'tablet'),(1217,48,3,'2019-09-28',1,'tablet'),(1218,73,3,'2019-09-28',1,'tablet'),(1219,71,3,'2019-09-28',1,'tablet'),(1220,57,3,'2019-09-28',1,'tablet'),(1221,52,3,'2019-09-28',1,'tablet'),(1222,51,3,'2019-09-28',1,'tablet'),(1223,28,3,'2019-09-28',2,'tablet'),(1224,69,3,'2019-09-28',1,'tablet'),(1225,68,3,'2019-09-28',1,'tablet'),(1226,58,3,'2019-09-28',1,'tablet'),(1227,23,3,'2019-09-28',2,'tablet'),(1228,41,3,'2019-09-28',2,'tablet'),(1229,63,3,'2019-09-28',1,'tablet'),(1230,56,3,'2019-09-28',1,'tablet'),(1231,53,3,'2019-09-28',1,'tablet'),(1232,34,3,'2019-09-28',1,'tablet'),(1233,33,3,'2019-09-28',1,'tablet'),(1234,40,3,'2019-09-28',1,'tablet'),(1235,39,3,'2019-09-28',1,'tablet'),(1236,50,3,'2019-09-30',1,'tablet'),(1237,76,3,'2019-09-30',1,'tablet'),(1238,43,3,'2019-09-30',1,'tablet'),(1239,38,3,'2019-09-30',2,'tablet'),(1240,37,3,'2019-09-30',3,'tablet'),(1241,36,3,'2019-09-30',1,'tablet'),(1242,27,3,'2019-09-30',1,'tablet'),(1243,45,3,'2019-09-30',1,'tablet'),(1244,80,3,'2019-09-30',1,'tablet'),(1245,77,3,'2019-09-30',1,'tablet'),(1246,76,1,'2019-10-01',2,'desktop'),(1247,36,1,'2019-10-01',1,'desktop'),(1248,80,1,'2019-10-01',1,'mobile'),(1249,57,1,'2019-10-02',1,'desktop'),(1250,80,1,'2019-10-04',3,'desktop'),(1251,59,1,'2019-10-04',2,'desktop'),(1252,45,1,'2019-10-04',1,'desktop'),(1253,35,1,'2019-10-04',1,'desktop'),(1254,61,1,'2019-10-05',1,'desktop'),(1255,44,1,'2019-10-05',1,'tablet'),(1256,70,1,'2019-10-05',1,'tablet'),(1257,55,1,'2019-10-05',1,'tablet'),(1258,62,1,'2019-10-05',1,'tablet'),(1259,49,1,'2019-10-05',1,'tablet'),(1260,47,1,'2019-10-05',1,'tablet'),(1261,42,1,'2019-10-05',2,'tablet'),(1262,31,1,'2019-10-05',2,'tablet'),(1263,24,1,'2019-10-05',1,'tablet'),(1264,79,1,'2019-10-05',1,'tablet'),(1265,30,1,'2019-10-05',1,'tablet'),(1266,29,1,'2019-10-05',1,'tablet'),(1267,26,1,'2019-10-05',1,'tablet'),(1268,61,1,'2019-10-05',1,'tablet'),(1269,54,1,'2019-10-05',2,'tablet'),(1270,32,1,'2019-10-05',1,'tablet'),(1271,80,1,'2019-10-05',1,'tablet'),(1272,59,1,'2019-10-05',1,'tablet'),(1273,45,1,'2019-10-05',1,'tablet'),(1274,35,1,'2019-10-05',1,'tablet'),(1275,77,1,'2019-10-05',1,'tablet'),(1276,64,1,'2019-10-05',1,'tablet'),(1277,46,1,'2019-10-05',2,'tablet'),(1278,78,1,'2019-10-05',1,'tablet'),(1279,50,1,'2019-10-05',1,'tablet'),(1280,76,1,'2019-10-05',1,'tablet'),(1281,65,1,'2019-10-05',1,'tablet'),(1282,43,1,'2019-10-05',1,'tablet'),(1283,38,1,'2019-10-05',1,'tablet'),(1284,37,1,'2019-10-05',1,'tablet'),(1285,36,1,'2019-10-05',1,'tablet'),(1286,27,1,'2019-10-05',1,'tablet'),(1287,48,1,'2019-10-05',1,'tablet'),(1288,73,1,'2019-10-05',1,'tablet'),(1289,71,1,'2019-10-05',1,'tablet'),(1290,57,1,'2019-10-05',1,'tablet'),(1291,52,1,'2019-10-05',1,'tablet'),(1292,51,1,'2019-10-05',1,'tablet'),(1293,28,1,'2019-10-05',2,'tablet'),(1294,69,1,'2019-10-05',1,'tablet'),(1295,68,1,'2019-10-05',1,'tablet'),(1296,58,1,'2019-10-05',1,'tablet'),(1297,23,1,'2019-10-05',2,'tablet'),(1298,41,1,'2019-10-05',2,'tablet'),(1299,63,1,'2019-10-05',1,'tablet'),(1300,56,1,'2019-10-05',1,'tablet'),(1301,53,1,'2019-10-05',1,'tablet'),(1302,34,1,'2019-10-05',1,'tablet'),(1303,33,1,'2019-10-05',1,'tablet'),(1304,40,1,'2019-10-05',1,'tablet'),(1305,39,1,'2019-10-05',1,'tablet'),(1306,44,3,'2019-10-05',1,'tablet'),(1307,70,3,'2019-10-05',1,'tablet'),(1308,55,3,'2019-10-05',1,'tablet'),(1309,62,3,'2019-10-05',1,'tablet'),(1310,49,3,'2019-10-05',1,'tablet'),(1311,47,3,'2019-10-05',1,'tablet'),(1312,42,3,'2019-10-05',2,'tablet'),(1313,31,3,'2019-10-05',2,'tablet'),(1314,24,3,'2019-10-05',1,'tablet'),(1315,79,3,'2019-10-05',1,'tablet'),(1316,30,3,'2019-10-05',1,'tablet'),(1317,29,3,'2019-10-05',1,'tablet'),(1318,26,3,'2019-10-05',1,'tablet'),(1319,61,3,'2019-10-05',1,'tablet'),(1320,54,3,'2019-10-05',2,'tablet'),(1321,32,3,'2019-10-05',1,'tablet'),(1322,80,3,'2019-10-05',1,'tablet'),(1323,59,3,'2019-10-05',1,'tablet'),(1324,45,3,'2019-10-05',1,'tablet'),(1325,35,3,'2019-10-05',1,'tablet'),(1326,77,3,'2019-10-05',1,'tablet'),(1327,64,3,'2019-10-05',1,'tablet'),(1328,46,3,'2019-10-05',2,'tablet'),(1329,78,3,'2019-10-05',1,'tablet'),(1330,50,3,'2019-10-05',1,'tablet'),(1331,76,3,'2019-10-05',1,'tablet'),(1332,65,3,'2019-10-05',1,'tablet'),(1333,43,3,'2019-10-05',1,'tablet'),(1334,38,3,'2019-10-05',1,'tablet'),(1335,37,3,'2019-10-05',1,'tablet'),(1336,36,3,'2019-10-05',1,'tablet'),(1337,27,3,'2019-10-05',1,'tablet'),(1338,48,3,'2019-10-05',1,'tablet'),(1339,73,3,'2019-10-05',1,'tablet'),(1340,71,3,'2019-10-05',1,'tablet'),(1341,57,3,'2019-10-05',1,'tablet'),(1342,52,3,'2019-10-05',1,'tablet'),(1343,51,3,'2019-10-05',1,'tablet'),(1344,28,3,'2019-10-05',2,'tablet'),(1345,69,3,'2019-10-05',1,'tablet'),(1346,68,3,'2019-10-05',1,'tablet'),(1347,58,3,'2019-10-05',1,'tablet'),(1348,23,3,'2019-10-05',2,'tablet'),(1349,41,3,'2019-10-05',2,'tablet'),(1350,63,3,'2019-10-05',1,'tablet'),(1351,56,3,'2019-10-05',1,'tablet'),(1352,53,3,'2019-10-05',1,'tablet'),(1353,34,3,'2019-10-05',1,'tablet'),(1354,33,3,'2019-10-05',1,'tablet'),(1355,40,3,'2019-10-05',1,'tablet'),(1356,39,3,'2019-10-05',1,'tablet'),(1357,70,1,'2019-10-06',3,'mobile'),(1358,80,3,'2019-10-07',2,'desktop'),(1359,70,3,'2019-10-07',2,'desktop'),(1360,70,3,'2019-10-08',1,'desktop'),(1361,42,1,'2019-10-08',1,'mobile'),(1362,42,1,'2019-10-08',1,'tablet'),(1363,50,1,'2019-10-08',7,'desktop'),(1364,36,1,'2019-10-08',3,'desktop'),(1365,76,1,'2019-10-08',4,'desktop'),(1366,54,1,'2019-10-08',1,'desktop'),(1367,28,1,'2019-10-09',1,'mobile'),(1368,46,3,'2019-10-09',1,'mobile'),(1369,70,3,'2019-10-09',1,'desktop'),(1370,70,3,'2019-10-10',1,'desktop'),(1371,31,1,'2019-10-11',1,'desktop'),(1372,29,1,'2019-10-11',1,'desktop'),(1373,44,3,'2019-10-11',1,'desktop'),(1374,80,1,'2019-10-11',1,'desktop'),(1375,44,1,'2019-10-12',1,'tablet'),(1376,70,1,'2019-10-12',1,'tablet'),(1377,55,1,'2019-10-12',1,'tablet'),(1378,62,1,'2019-10-12',1,'tablet'),(1379,49,1,'2019-10-12',1,'tablet'),(1380,47,1,'2019-10-12',1,'tablet'),(1381,42,1,'2019-10-12',2,'tablet'),(1382,24,1,'2019-10-12',1,'tablet'),(1383,79,1,'2019-10-12',1,'tablet'),(1384,30,1,'2019-10-12',1,'tablet'),(1385,29,1,'2019-10-12',1,'tablet'),(1386,26,1,'2019-10-12',1,'tablet'),(1387,61,1,'2019-10-12',1,'tablet'),(1388,54,1,'2019-10-12',2,'tablet'),(1389,32,1,'2019-10-12',1,'tablet'),(1390,80,1,'2019-10-12',1,'tablet'),(1391,59,1,'2019-10-12',1,'tablet'),(1392,45,1,'2019-10-12',1,'tablet'),(1393,77,1,'2019-10-12',1,'tablet'),(1394,64,1,'2019-10-12',1,'tablet'),(1395,46,1,'2019-10-12',2,'tablet'),(1396,78,1,'2019-10-12',1,'tablet'),(1397,50,1,'2019-10-12',1,'tablet'),(1398,76,1,'2019-10-12',1,'tablet'),(1399,65,1,'2019-10-12',1,'tablet'),(1400,43,1,'2019-10-12',1,'tablet'),(1401,38,1,'2019-10-12',1,'tablet'),(1402,37,1,'2019-10-12',1,'tablet'),(1403,36,1,'2019-10-12',1,'tablet'),(1404,27,1,'2019-10-12',1,'tablet'),(1405,48,1,'2019-10-12',1,'tablet'),(1406,71,1,'2019-10-12',1,'tablet'),(1407,57,1,'2019-10-12',1,'tablet'),(1408,52,1,'2019-10-12',1,'tablet'),(1409,51,1,'2019-10-12',1,'tablet'),(1410,28,1,'2019-10-12',2,'tablet'),(1411,69,1,'2019-10-12',1,'tablet'),(1412,68,1,'2019-10-12',1,'tablet'),(1413,58,1,'2019-10-12',1,'tablet'),(1414,41,1,'2019-10-12',2,'tablet'),(1415,63,1,'2019-10-12',1,'tablet'),(1416,56,1,'2019-10-12',1,'tablet'),(1417,53,1,'2019-10-12',1,'tablet'),(1418,34,1,'2019-10-12',1,'tablet'),(1419,33,1,'2019-10-12',1,'tablet'),(1420,40,1,'2019-10-12',1,'tablet'),(1421,39,1,'2019-10-12',1,'tablet'),(1422,44,3,'2019-10-12',1,'tablet'),(1423,70,3,'2019-10-12',1,'tablet'),(1424,55,3,'2019-10-12',1,'tablet'),(1425,62,3,'2019-10-12',1,'tablet'),(1426,49,3,'2019-10-12',1,'tablet'),(1427,47,3,'2019-10-12',1,'tablet'),(1428,42,3,'2019-10-12',2,'tablet'),(1429,24,3,'2019-10-12',1,'tablet'),(1430,79,3,'2019-10-12',1,'tablet'),(1431,30,3,'2019-10-12',1,'tablet'),(1432,29,3,'2019-10-12',1,'tablet'),(1433,26,3,'2019-10-12',1,'tablet'),(1434,61,3,'2019-10-12',1,'tablet'),(1435,54,3,'2019-10-12',2,'tablet'),(1436,32,3,'2019-10-12',1,'tablet'),(1437,80,3,'2019-10-12',1,'tablet'),(1438,59,3,'2019-10-12',1,'tablet'),(1439,45,3,'2019-10-12',1,'tablet'),(1440,77,3,'2019-10-12',1,'tablet'),(1441,64,3,'2019-10-12',1,'tablet'),(1442,46,3,'2019-10-12',2,'tablet'),(1443,78,3,'2019-10-12',1,'tablet'),(1444,50,3,'2019-10-12',1,'tablet'),(1445,76,3,'2019-10-12',1,'tablet'),(1446,65,3,'2019-10-12',1,'tablet'),(1447,43,3,'2019-10-12',1,'tablet'),(1448,38,3,'2019-10-12',1,'tablet'),(1449,37,3,'2019-10-12',1,'tablet'),(1450,36,3,'2019-10-12',1,'tablet'),(1451,27,3,'2019-10-12',1,'tablet'),(1452,48,3,'2019-10-12',1,'tablet'),(1453,71,3,'2019-10-12',1,'tablet'),(1454,57,3,'2019-10-12',1,'tablet'),(1455,52,3,'2019-10-12',1,'tablet'),(1456,51,3,'2019-10-12',1,'tablet'),(1457,28,3,'2019-10-12',2,'tablet'),(1458,69,3,'2019-10-12',1,'tablet'),(1459,68,3,'2019-10-12',1,'tablet'),(1460,58,3,'2019-10-12',1,'tablet'),(1461,41,3,'2019-10-12',2,'tablet'),(1462,63,3,'2019-10-12',1,'tablet'),(1463,56,3,'2019-10-12',1,'tablet'),(1464,53,3,'2019-10-12',1,'tablet'),(1465,34,3,'2019-10-12',1,'tablet'),(1466,33,3,'2019-10-12',1,'tablet'),(1467,40,3,'2019-10-12',1,'tablet'),(1468,39,3,'2019-10-12',1,'tablet'),(1469,70,3,'2019-10-14',2,'desktop'),(1470,44,1,'2019-10-14',1,'desktop'),(1471,44,3,'2019-10-14',1,'desktop'),(1472,26,1,'2019-10-14',1,'tablet'),(1473,70,3,'2019-10-15',2,'desktop'),(1474,47,3,'2019-10-15',1,'desktop'),(1475,70,1,'2019-10-15',3,'mobile'),(1476,70,3,'2019-10-17',1,'desktop'),(1477,61,1,'2019-10-17',1,'mobile'),(1478,30,1,'2019-10-17',2,'mobile'),(1479,53,1,'2019-10-17',1,'mobile'),(1480,27,1,'2019-10-18',2,'desktop'),(1481,45,1,'2019-10-19',4,'mobile'),(1482,46,1,'2019-10-19',2,'mobile'),(1483,61,1,'2019-10-19',2,'tablet'),(1484,55,1,'2019-10-19',2,'tablet'),(1485,44,1,'2019-10-19',1,'tablet'),(1486,70,1,'2019-10-19',1,'tablet'),(1487,62,1,'2019-10-19',1,'tablet'),(1488,49,1,'2019-10-19',1,'tablet'),(1489,47,1,'2019-10-19',1,'tablet'),(1490,42,1,'2019-10-19',2,'tablet'),(1491,24,1,'2019-10-19',1,'tablet'),(1492,79,1,'2019-10-19',1,'tablet'),(1493,30,1,'2019-10-19',1,'tablet'),(1494,29,1,'2019-10-19',1,'tablet'),(1495,26,1,'2019-10-19',1,'tablet'),(1496,54,1,'2019-10-19',2,'tablet'),(1497,32,1,'2019-10-19',1,'tablet'),(1498,80,1,'2019-10-19',1,'tablet'),(1499,59,1,'2019-10-19',1,'tablet'),(1500,45,1,'2019-10-19',1,'tablet'),(1501,77,1,'2019-10-19',1,'tablet'),(1502,64,1,'2019-10-19',1,'tablet'),(1503,46,1,'2019-10-19',2,'tablet'),(1504,78,1,'2019-10-19',1,'tablet'),(1505,50,1,'2019-10-19',1,'tablet'),(1506,76,1,'2019-10-19',1,'tablet'),(1507,65,1,'2019-10-19',1,'tablet'),(1508,43,1,'2019-10-19',1,'tablet'),(1509,38,1,'2019-10-19',1,'tablet'),(1510,37,1,'2019-10-19',1,'tablet'),(1511,36,1,'2019-10-19',1,'tablet'),(1512,27,1,'2019-10-19',1,'tablet'),(1513,48,1,'2019-10-19',1,'tablet'),(1514,71,1,'2019-10-19',1,'tablet'),(1515,57,1,'2019-10-19',1,'tablet'),(1516,52,1,'2019-10-19',1,'tablet'),(1517,51,1,'2019-10-19',1,'tablet'),(1518,28,1,'2019-10-19',2,'tablet'),(1519,69,1,'2019-10-19',1,'tablet'),(1520,68,1,'2019-10-19',1,'tablet'),(1521,58,1,'2019-10-19',1,'tablet'),(1522,41,1,'2019-10-19',2,'tablet'),(1523,63,1,'2019-10-19',1,'tablet'),(1524,56,1,'2019-10-19',1,'tablet'),(1525,53,1,'2019-10-19',1,'tablet'),(1526,34,1,'2019-10-19',1,'tablet'),(1527,33,1,'2019-10-19',1,'tablet'),(1528,40,1,'2019-10-19',1,'tablet'),(1529,39,1,'2019-10-19',1,'tablet'),(1530,44,3,'2019-10-19',1,'tablet'),(1531,70,3,'2019-10-19',1,'tablet'),(1532,55,3,'2019-10-19',1,'tablet'),(1533,62,3,'2019-10-19',1,'tablet'),(1534,49,3,'2019-10-19',1,'tablet'),(1535,47,3,'2019-10-19',1,'tablet'),(1536,42,3,'2019-10-19',2,'tablet'),(1537,24,3,'2019-10-19',1,'tablet'),(1538,79,3,'2019-10-19',1,'tablet'),(1539,30,3,'2019-10-19',1,'tablet'),(1540,29,3,'2019-10-19',1,'tablet'),(1541,26,3,'2019-10-19',1,'tablet'),(1542,61,3,'2019-10-19',1,'tablet'),(1543,54,3,'2019-10-19',2,'tablet'),(1544,32,3,'2019-10-19',1,'tablet'),(1545,80,3,'2019-10-19',1,'tablet'),(1546,59,3,'2019-10-19',1,'tablet'),(1547,45,3,'2019-10-19',1,'tablet'),(1548,77,3,'2019-10-19',1,'tablet'),(1549,64,3,'2019-10-19',1,'tablet'),(1550,46,3,'2019-10-19',2,'tablet'),(1551,78,3,'2019-10-19',1,'tablet'),(1552,50,3,'2019-10-19',1,'tablet'),(1553,76,3,'2019-10-19',1,'tablet'),(1554,65,3,'2019-10-19',1,'tablet'),(1555,43,3,'2019-10-19',1,'tablet'),(1556,38,3,'2019-10-19',1,'tablet'),(1557,37,3,'2019-10-19',1,'tablet'),(1558,36,3,'2019-10-19',1,'tablet'),(1559,27,3,'2019-10-19',1,'tablet'),(1560,48,3,'2019-10-19',1,'tablet'),(1561,71,3,'2019-10-19',1,'tablet'),(1562,57,3,'2019-10-19',1,'tablet'),(1563,52,3,'2019-10-19',1,'tablet'),(1564,51,3,'2019-10-19',1,'tablet'),(1565,28,3,'2019-10-19',2,'tablet'),(1566,69,3,'2019-10-19',1,'tablet'),(1567,68,3,'2019-10-19',1,'tablet'),(1568,58,3,'2019-10-19',1,'tablet'),(1569,41,3,'2019-10-19',2,'tablet'),(1570,63,3,'2019-10-19',1,'tablet'),(1571,56,3,'2019-10-19',1,'tablet'),(1572,53,3,'2019-10-19',1,'tablet'),(1573,34,3,'2019-10-19',1,'tablet'),(1574,33,3,'2019-10-19',1,'tablet'),(1575,40,3,'2019-10-19',1,'tablet'),(1576,39,3,'2019-10-19',1,'tablet'),(1577,29,3,'2019-10-21',1,'desktop'),(1578,24,1,'2019-10-21',1,'desktop'),(1579,47,1,'2019-10-21',1,'desktop'),(1580,26,1,'2019-10-21',1,'desktop'),(1581,29,1,'2019-10-21',1,'desktop'),(1582,30,1,'2019-10-21',1,'desktop'),(1583,79,1,'2019-10-21',1,'desktop'),(1584,42,1,'2019-10-21',1,'desktop'),(1585,29,3,'2019-10-22',1,'desktop'),(1586,57,3,'2019-10-23',1,'desktop'),(1587,57,3,'2019-10-23',1,'tablet'),(1588,79,3,'2019-10-23',1,'desktop'),(1589,79,1,'2019-10-23',1,'desktop'),(1590,47,1,'2019-10-23',1,'tablet'),(1591,25,1,'2019-10-23',1,'desktop'),(1592,57,1,'2019-10-24',1,'mobile'),(1593,41,3,'2019-10-24',1,'tablet'),(1594,39,3,'2019-10-24',1,'tablet'),(1595,40,3,'2019-10-24',1,'tablet'),(1596,64,3,'2019-10-24',1,'tablet'),(1597,77,3,'2019-10-24',1,'tablet'),(1598,80,3,'2019-10-24',1,'tablet'),(1599,29,3,'2019-10-24',1,'tablet'),(1600,30,3,'2019-10-24',1,'tablet'),(1601,47,1,'2019-10-24',1,'tablet'),(1602,41,3,'2019-10-25',1,'tablet'),(1603,39,3,'2019-10-25',1,'tablet'),(1604,40,3,'2019-10-25',1,'tablet'),(1605,64,3,'2019-10-25',1,'tablet'),(1606,77,3,'2019-10-25',1,'tablet'),(1607,80,3,'2019-10-25',1,'tablet'),(1608,41,3,'2019-10-26',3,'tablet'),(1609,39,3,'2019-10-26',2,'tablet'),(1610,40,3,'2019-10-26',2,'tablet'),(1611,64,3,'2019-10-26',2,'tablet'),(1612,77,3,'2019-10-26',2,'tablet'),(1613,80,3,'2019-10-26',2,'tablet'),(1614,80,1,'2019-10-26',1,'mobile'),(1615,44,3,'2019-10-26',1,'tablet'),(1616,70,3,'2019-10-26',1,'tablet'),(1617,55,3,'2019-10-26',1,'tablet'),(1618,62,3,'2019-10-26',1,'tablet'),(1619,49,3,'2019-10-26',1,'tablet'),(1620,47,3,'2019-10-26',1,'tablet'),(1621,42,3,'2019-10-26',2,'tablet'),(1622,24,3,'2019-10-26',1,'tablet'),(1623,79,3,'2019-10-26',1,'tablet'),(1624,30,3,'2019-10-26',1,'tablet'),(1625,29,3,'2019-10-26',1,'tablet'),(1626,26,3,'2019-10-26',1,'tablet'),(1627,61,3,'2019-10-26',1,'tablet'),(1628,54,3,'2019-10-26',2,'tablet'),(1629,32,3,'2019-10-26',1,'tablet'),(1630,59,3,'2019-10-26',1,'tablet'),(1631,45,3,'2019-10-26',1,'tablet'),(1632,46,3,'2019-10-26',2,'tablet'),(1633,78,3,'2019-10-26',1,'tablet'),(1634,50,3,'2019-10-26',1,'tablet'),(1635,76,3,'2019-10-26',1,'tablet'),(1636,65,3,'2019-10-26',1,'tablet'),(1637,43,3,'2019-10-26',1,'tablet'),(1638,38,3,'2019-10-26',1,'tablet'),(1639,37,3,'2019-10-26',1,'tablet'),(1640,36,3,'2019-10-26',1,'tablet'),(1641,27,3,'2019-10-26',1,'tablet'),(1642,48,3,'2019-10-26',1,'tablet'),(1643,71,3,'2019-10-26',1,'tablet'),(1644,57,3,'2019-10-26',1,'tablet'),(1645,52,3,'2019-10-26',1,'tablet'),(1646,51,3,'2019-10-26',1,'tablet'),(1647,28,3,'2019-10-26',2,'tablet'),(1648,69,3,'2019-10-26',1,'tablet'),(1649,68,3,'2019-10-26',1,'tablet'),(1650,58,3,'2019-10-26',1,'tablet'),(1651,63,3,'2019-10-26',1,'tablet'),(1652,56,3,'2019-10-26',1,'tablet'),(1653,53,3,'2019-10-26',1,'tablet'),(1654,34,3,'2019-10-26',1,'tablet'),(1655,33,3,'2019-10-26',1,'tablet'),(1656,44,1,'2019-10-26',1,'tablet'),(1657,70,1,'2019-10-26',1,'tablet'),(1658,55,1,'2019-10-26',1,'tablet'),(1659,62,1,'2019-10-26',1,'tablet'),(1660,49,1,'2019-10-26',1,'tablet'),(1661,47,1,'2019-10-26',1,'tablet'),(1662,42,1,'2019-10-26',2,'tablet'),(1663,24,1,'2019-10-26',1,'tablet'),(1664,79,1,'2019-10-26',1,'tablet'),(1665,30,1,'2019-10-26',1,'tablet'),(1666,29,1,'2019-10-26',1,'tablet'),(1667,26,1,'2019-10-26',1,'tablet'),(1668,61,1,'2019-10-26',1,'tablet'),(1669,54,1,'2019-10-26',2,'tablet'),(1670,32,1,'2019-10-26',1,'tablet'),(1671,80,1,'2019-10-26',1,'tablet'),(1672,59,1,'2019-10-26',1,'tablet'),(1673,45,1,'2019-10-26',1,'tablet'),(1674,77,1,'2019-10-26',1,'tablet'),(1675,64,1,'2019-10-26',1,'tablet'),(1676,46,1,'2019-10-26',2,'tablet'),(1677,78,1,'2019-10-26',1,'tablet'),(1678,50,1,'2019-10-26',1,'tablet'),(1679,76,1,'2019-10-26',1,'tablet'),(1680,65,1,'2019-10-26',1,'tablet'),(1681,43,1,'2019-10-26',1,'tablet'),(1682,38,1,'2019-10-26',1,'tablet'),(1683,37,1,'2019-10-26',1,'tablet'),(1684,36,1,'2019-10-26',1,'tablet'),(1685,27,1,'2019-10-26',1,'tablet'),(1686,48,1,'2019-10-26',1,'tablet'),(1687,71,1,'2019-10-26',1,'tablet'),(1688,57,1,'2019-10-26',1,'tablet'),(1689,52,1,'2019-10-26',1,'tablet'),(1690,51,1,'2019-10-26',1,'tablet'),(1691,28,1,'2019-10-26',2,'tablet'),(1692,69,1,'2019-10-26',1,'tablet'),(1693,68,1,'2019-10-26',1,'tablet'),(1694,58,1,'2019-10-26',1,'tablet'),(1695,41,1,'2019-10-26',2,'tablet'),(1696,63,1,'2019-10-26',1,'tablet'),(1697,56,1,'2019-10-26',1,'tablet'),(1698,53,1,'2019-10-26',1,'tablet'),(1699,34,1,'2019-10-26',1,'tablet'),(1700,33,1,'2019-10-26',1,'tablet'),(1701,40,1,'2019-10-26',1,'tablet'),(1702,39,1,'2019-10-26',1,'tablet'),(1703,41,3,'2019-10-27',1,'tablet'),(1704,39,3,'2019-10-27',1,'tablet'),(1705,40,3,'2019-10-27',1,'tablet'),(1706,64,3,'2019-10-27',1,'tablet'),(1707,77,3,'2019-10-27',1,'tablet'),(1708,80,3,'2019-10-27',1,'tablet'),(1709,41,3,'2019-10-28',1,'tablet'),(1710,39,3,'2019-10-28',1,'tablet'),(1711,40,3,'2019-10-28',1,'tablet'),(1712,64,3,'2019-10-28',1,'tablet'),(1713,77,3,'2019-10-28',1,'tablet'),(1714,80,3,'2019-10-28',1,'tablet'),(1715,79,1,'2019-10-28',1,'desktop'),(1716,57,3,'2019-10-28',1,'mobile'),(1717,48,3,'2019-10-28',1,'desktop'),(1718,26,1,'2019-10-28',1,'desktop'),(1719,30,1,'2019-10-28',1,'desktop'),(1720,29,1,'2019-10-28',1,'desktop'),(1721,24,1,'2019-10-28',1,'desktop'),(1722,25,1,'2019-10-28',1,'desktop'),(1723,41,3,'2019-10-29',1,'tablet'),(1724,39,3,'2019-10-29',1,'tablet'),(1725,40,3,'2019-10-29',1,'tablet'),(1726,64,3,'2019-10-29',1,'tablet'),(1727,77,3,'2019-10-29',1,'tablet'),(1728,80,3,'2019-10-29',1,'tablet'),(1729,57,3,'2019-10-30',1,'desktop'),(1730,59,1,'2019-10-30',1,'desktop'),(1731,45,1,'2019-10-30',1,'desktop'),(1732,46,1,'2019-10-30',1,'desktop'),(1733,70,1,'2019-10-31',1,'mobile'),(1734,44,3,'2019-11-02',1,'tablet'),(1735,70,3,'2019-11-02',1,'tablet'),(1736,55,3,'2019-11-02',1,'tablet'),(1737,62,3,'2019-11-02',1,'tablet'),(1738,44,1,'2019-11-02',1,'tablet'),(1739,49,3,'2019-11-02',1,'tablet'),(1740,70,1,'2019-11-02',1,'tablet'),(1741,47,3,'2019-11-02',1,'tablet'),(1742,55,1,'2019-11-02',1,'tablet'),(1743,62,1,'2019-11-02',1,'tablet'),(1744,42,3,'2019-11-02',2,'tablet'),(1745,24,3,'2019-11-02',1,'tablet'),(1746,49,1,'2019-11-02',1,'tablet'),(1747,79,3,'2019-11-02',1,'tablet'),(1748,47,1,'2019-11-02',1,'tablet'),(1749,30,3,'2019-11-02',1,'tablet'),(1750,42,1,'2019-11-02',2,'tablet'),(1751,29,3,'2019-11-02',1,'tablet'),(1752,24,1,'2019-11-02',1,'tablet'),(1753,79,1,'2019-11-02',1,'tablet'),(1754,26,3,'2019-11-02',1,'tablet'),(1755,61,3,'2019-11-02',1,'tablet'),(1756,30,1,'2019-11-02',1,'tablet'),(1757,29,1,'2019-11-02',1,'tablet'),(1758,54,3,'2019-11-02',2,'tablet'),(1759,32,3,'2019-11-02',1,'tablet'),(1760,26,1,'2019-11-02',1,'tablet'),(1761,80,3,'2019-11-02',1,'tablet'),(1762,61,1,'2019-11-02',1,'tablet'),(1763,54,1,'2019-11-02',2,'tablet'),(1764,59,3,'2019-11-02',1,'tablet'),(1765,32,1,'2019-11-02',1,'tablet'),(1766,45,3,'2019-11-02',1,'tablet'),(1767,80,1,'2019-11-02',1,'tablet'),(1768,77,3,'2019-11-02',1,'tablet'),(1769,59,1,'2019-11-02',1,'tablet'),(1770,64,3,'2019-11-02',1,'tablet'),(1771,45,1,'2019-11-02',1,'tablet'),(1772,46,3,'2019-11-02',2,'tablet'),(1773,77,1,'2019-11-02',1,'tablet'),(1774,78,3,'2019-11-02',1,'tablet'),(1775,64,1,'2019-11-02',1,'tablet'),(1776,50,3,'2019-11-02',1,'tablet'),(1777,46,1,'2019-11-02',2,'tablet'),(1778,76,3,'2019-11-02',1,'tablet'),(1779,78,1,'2019-11-02',1,'tablet'),(1780,65,3,'2019-11-02',1,'tablet'),(1781,50,1,'2019-11-02',1,'tablet'),(1782,43,3,'2019-11-02',1,'tablet'),(1783,76,1,'2019-11-02',1,'tablet'),(1784,38,3,'2019-11-02',1,'tablet'),(1785,65,1,'2019-11-02',1,'tablet'),(1786,37,3,'2019-11-02',1,'tablet'),(1787,43,1,'2019-11-02',1,'tablet'),(1788,36,3,'2019-11-02',1,'tablet'),(1789,27,3,'2019-11-02',1,'tablet'),(1790,38,1,'2019-11-02',1,'tablet'),(1791,37,1,'2019-11-02',1,'tablet'),(1792,48,3,'2019-11-02',1,'tablet'),(1793,36,1,'2019-11-02',1,'tablet'),(1794,71,3,'2019-11-02',1,'tablet'),(1795,27,1,'2019-11-02',1,'tablet'),(1796,57,3,'2019-11-02',1,'tablet'),(1797,48,1,'2019-11-02',1,'tablet'),(1798,52,3,'2019-11-02',1,'tablet'),(1799,51,3,'2019-11-02',1,'tablet'),(1800,71,1,'2019-11-02',1,'tablet'),(1801,57,1,'2019-11-02',1,'tablet'),(1802,28,3,'2019-11-02',2,'tablet'),(1803,52,1,'2019-11-02',1,'tablet'),(1804,69,3,'2019-11-02',1,'tablet'),(1805,51,1,'2019-11-02',1,'tablet'),(1806,68,3,'2019-11-02',1,'tablet'),(1807,28,1,'2019-11-02',2,'tablet'),(1808,58,3,'2019-11-02',1,'tablet'),(1809,69,1,'2019-11-02',1,'tablet'),(1810,41,3,'2019-11-02',2,'tablet'),(1811,68,1,'2019-11-02',1,'tablet'),(1812,58,1,'2019-11-02',1,'tablet'),(1813,63,3,'2019-11-02',1,'tablet'),(1814,41,1,'2019-11-02',2,'tablet'),(1815,56,3,'2019-11-02',1,'tablet'),(1816,63,1,'2019-11-02',1,'tablet'),(1817,53,3,'2019-11-02',1,'tablet'),(1818,56,1,'2019-11-02',1,'tablet'),(1819,34,3,'2019-11-02',1,'tablet'),(1820,53,1,'2019-11-02',1,'tablet'),(1821,33,3,'2019-11-02',1,'tablet'),(1822,34,1,'2019-11-02',1,'tablet'),(1823,40,3,'2019-11-02',1,'tablet'),(1824,33,1,'2019-11-02',1,'tablet'),(1825,39,3,'2019-11-02',1,'tablet'),(1826,40,1,'2019-11-02',1,'tablet'),(1827,39,1,'2019-11-02',1,'tablet'),(1828,44,1,'2019-11-02',1,'desktop'),(1829,32,1,'2019-11-04',1,'desktop'),(1830,28,1,'2019-11-05',1,'desktop'),(1831,63,1,'2019-11-06',1,'mobile'),(1832,44,1,'2019-11-06',1,'desktop'),(1833,68,1,'2019-11-07',1,'desktop'),(1834,48,3,'2019-11-07',1,'desktop'),(1835,32,1,'2019-11-07',1,'desktop'),(1836,44,3,'2019-11-09',1,'tablet'),(1837,70,3,'2019-11-09',1,'tablet'),(1838,55,3,'2019-11-09',1,'tablet'),(1839,62,3,'2019-11-09',1,'tablet'),(1840,49,3,'2019-11-09',1,'tablet'),(1841,47,3,'2019-11-09',1,'tablet'),(1842,42,3,'2019-11-09',2,'tablet'),(1843,24,3,'2019-11-09',1,'tablet'),(1844,79,3,'2019-11-09',1,'tablet'),(1845,30,3,'2019-11-09',1,'tablet'),(1846,29,3,'2019-11-09',1,'tablet'),(1847,26,3,'2019-11-09',1,'tablet'),(1848,61,3,'2019-11-09',1,'tablet'),(1849,54,3,'2019-11-09',2,'tablet'),(1850,32,3,'2019-11-09',1,'tablet'),(1851,80,3,'2019-11-09',1,'tablet'),(1852,59,3,'2019-11-09',1,'tablet'),(1853,45,3,'2019-11-09',1,'tablet'),(1854,77,3,'2019-11-09',1,'tablet'),(1855,64,3,'2019-11-09',1,'tablet'),(1856,46,3,'2019-11-09',2,'tablet'),(1857,78,3,'2019-11-09',1,'tablet'),(1858,50,3,'2019-11-09',1,'tablet'),(1859,76,3,'2019-11-09',1,'tablet'),(1860,65,3,'2019-11-09',1,'tablet'),(1861,43,3,'2019-11-09',1,'tablet'),(1862,38,3,'2019-11-09',1,'tablet'),(1863,37,3,'2019-11-09',1,'tablet'),(1864,36,3,'2019-11-09',1,'tablet'),(1865,27,3,'2019-11-09',1,'tablet'),(1866,48,3,'2019-11-09',1,'tablet'),(1867,71,3,'2019-11-09',1,'tablet'),(1868,57,3,'2019-11-09',1,'tablet'),(1869,52,3,'2019-11-09',1,'tablet'),(1870,51,3,'2019-11-09',1,'tablet'),(1871,28,3,'2019-11-09',2,'tablet'),(1872,69,3,'2019-11-09',1,'tablet'),(1873,68,3,'2019-11-09',1,'tablet'),(1874,58,3,'2019-11-09',1,'tablet'),(1875,41,3,'2019-11-09',2,'tablet'),(1876,63,3,'2019-11-09',1,'tablet'),(1877,56,3,'2019-11-09',1,'tablet'),(1878,53,3,'2019-11-09',1,'tablet'),(1879,34,3,'2019-11-09',1,'tablet'),(1880,33,3,'2019-11-09',1,'tablet'),(1881,40,3,'2019-11-09',1,'tablet'),(1882,39,3,'2019-11-09',1,'tablet'),(1883,44,1,'2019-11-09',1,'tablet'),(1884,70,1,'2019-11-09',1,'tablet'),(1885,55,1,'2019-11-09',1,'tablet'),(1886,62,1,'2019-11-09',1,'tablet'),(1887,49,1,'2019-11-09',1,'tablet'),(1888,47,1,'2019-11-09',1,'tablet'),(1889,42,1,'2019-11-09',2,'tablet'),(1890,24,1,'2019-11-09',1,'tablet'),(1891,79,1,'2019-11-09',1,'tablet'),(1892,30,1,'2019-11-09',1,'tablet'),(1893,29,1,'2019-11-09',1,'tablet'),(1894,26,1,'2019-11-09',1,'tablet'),(1895,61,1,'2019-11-09',1,'tablet'),(1896,54,1,'2019-11-09',2,'tablet'),(1897,32,1,'2019-11-09',1,'tablet'),(1898,80,1,'2019-11-09',1,'tablet'),(1899,59,1,'2019-11-09',1,'tablet'),(1900,45,1,'2019-11-09',1,'tablet'),(1901,77,1,'2019-11-09',1,'tablet'),(1902,64,1,'2019-11-09',1,'tablet'),(1903,46,1,'2019-11-09',2,'tablet'),(1904,78,1,'2019-11-09',1,'tablet'),(1905,50,1,'2019-11-09',1,'tablet'),(1906,76,1,'2019-11-09',1,'tablet'),(1907,65,1,'2019-11-09',1,'tablet'),(1908,43,1,'2019-11-09',1,'tablet'),(1909,38,1,'2019-11-09',1,'tablet'),(1910,37,1,'2019-11-09',1,'tablet'),(1911,36,1,'2019-11-09',1,'tablet'),(1912,27,1,'2019-11-09',1,'tablet'),(1913,48,1,'2019-11-09',1,'tablet'),(1914,71,1,'2019-11-09',1,'tablet'),(1915,57,1,'2019-11-09',1,'tablet'),(1916,52,1,'2019-11-09',1,'tablet'),(1917,51,1,'2019-11-09',1,'tablet'),(1918,28,1,'2019-11-09',2,'tablet'),(1919,69,1,'2019-11-09',1,'tablet'),(1920,68,1,'2019-11-09',1,'tablet'),(1921,58,1,'2019-11-09',1,'tablet'),(1922,41,1,'2019-11-09',2,'tablet'),(1923,63,1,'2019-11-09',1,'tablet'),(1924,56,1,'2019-11-09',1,'tablet'),(1925,53,1,'2019-11-09',1,'tablet'),(1926,34,1,'2019-11-09',1,'tablet'),(1927,33,1,'2019-11-09',1,'tablet'),(1928,40,1,'2019-11-09',1,'tablet'),(1929,39,1,'2019-11-09',1,'tablet'),(1930,77,1,'2019-11-11',1,'desktop'),(1931,32,1,'2019-11-12',1,'desktop'),(1932,30,1,'2019-11-12',1,'desktop'),(1933,29,1,'2019-11-12',1,'desktop'),(1934,63,1,'2019-11-13',1,'desktop'),(1935,65,1,'2019-11-13',1,'desktop'),(1936,32,1,'2019-11-13',1,'desktop'),(1937,61,1,'2019-11-13',1,'desktop'),(1938,32,3,'2019-11-13',1,'tablet'),(1939,26,3,'2019-11-13',2,'tablet'),(1940,54,3,'2019-11-13',1,'tablet'),(1941,37,3,'2019-11-13',1,'tablet'),(1942,38,3,'2019-11-13',1,'tablet'),(1943,28,3,'2019-11-13',1,'tablet'),(1944,71,3,'2019-11-13',1,'tablet'),(1945,57,3,'2019-11-13',1,'tablet'),(1946,61,1,'2019-11-14',1,'desktop'),(1947,37,1,'2019-11-14',1,'desktop'),(1948,42,1,'2019-11-14',1,'desktop'),(1949,26,1,'2019-11-14',1,'mobile'),(1950,41,1,'2019-11-14',2,'desktop'),(1951,29,1,'2019-11-15',1,'mobile'),(1952,69,1,'2019-11-15',1,'desktop'),(1953,26,1,'2019-11-16',1,'desktop'),(1954,44,3,'2019-11-16',1,'tablet'),(1955,70,3,'2019-11-16',1,'tablet'),(1956,55,3,'2019-11-16',1,'tablet'),(1957,62,3,'2019-11-16',1,'tablet'),(1958,49,3,'2019-11-16',1,'tablet'),(1959,47,3,'2019-11-16',1,'tablet'),(1960,42,3,'2019-11-16',2,'tablet'),(1961,24,3,'2019-11-16',1,'tablet'),(1962,79,3,'2019-11-16',1,'tablet'),(1963,30,3,'2019-11-16',1,'tablet'),(1964,29,3,'2019-11-16',1,'tablet'),(1965,26,3,'2019-11-16',1,'tablet'),(1966,61,3,'2019-11-16',1,'tablet'),(1967,54,3,'2019-11-16',2,'tablet'),(1968,32,3,'2019-11-16',1,'tablet'),(1969,80,3,'2019-11-16',1,'tablet'),(1970,59,3,'2019-11-16',1,'tablet'),(1971,45,3,'2019-11-16',1,'tablet'),(1972,77,3,'2019-11-16',1,'tablet'),(1973,64,3,'2019-11-16',1,'tablet'),(1974,46,3,'2019-11-16',2,'tablet'),(1975,78,3,'2019-11-16',1,'tablet'),(1976,50,3,'2019-11-16',1,'tablet'),(1977,76,3,'2019-11-16',1,'tablet'),(1978,65,3,'2019-11-16',1,'tablet'),(1979,43,3,'2019-11-16',1,'tablet'),(1980,38,3,'2019-11-16',1,'tablet'),(1981,37,3,'2019-11-16',1,'tablet'),(1982,36,3,'2019-11-16',1,'tablet'),(1983,27,3,'2019-11-16',1,'tablet'),(1984,48,3,'2019-11-16',1,'tablet'),(1985,71,3,'2019-11-16',1,'tablet'),(1986,57,3,'2019-11-16',1,'tablet'),(1987,52,3,'2019-11-16',1,'tablet'),(1988,51,3,'2019-11-16',1,'tablet'),(1989,28,3,'2019-11-16',2,'tablet'),(1990,69,3,'2019-11-16',1,'tablet'),(1991,68,3,'2019-11-16',1,'tablet'),(1992,58,3,'2019-11-16',1,'tablet'),(1993,41,3,'2019-11-16',2,'tablet'),(1994,63,3,'2019-11-16',1,'tablet'),(1995,56,3,'2019-11-16',1,'tablet'),(1996,53,3,'2019-11-16',1,'tablet'),(1997,34,3,'2019-11-16',1,'tablet'),(1998,33,3,'2019-11-16',1,'tablet'),(1999,40,3,'2019-11-16',1,'tablet'),(2000,39,3,'2019-11-16',1,'tablet'),(2001,44,1,'2019-11-16',1,'tablet'),(2002,70,1,'2019-11-16',1,'tablet'),(2003,55,1,'2019-11-16',1,'tablet'),(2004,62,1,'2019-11-16',1,'tablet'),(2005,49,1,'2019-11-16',1,'tablet'),(2006,47,1,'2019-11-16',1,'tablet'),(2007,42,1,'2019-11-16',2,'tablet'),(2008,24,1,'2019-11-16',1,'tablet'),(2009,79,1,'2019-11-16',1,'tablet'),(2010,30,1,'2019-11-16',1,'tablet'),(2011,29,1,'2019-11-16',1,'tablet'),(2012,26,1,'2019-11-16',1,'tablet'),(2013,61,1,'2019-11-16',1,'tablet'),(2014,54,1,'2019-11-16',2,'tablet'),(2015,32,1,'2019-11-16',1,'tablet'),(2016,80,1,'2019-11-16',1,'tablet'),(2017,59,1,'2019-11-16',1,'tablet'),(2018,45,1,'2019-11-16',1,'tablet'),(2019,77,1,'2019-11-16',1,'tablet'),(2020,64,1,'2019-11-16',1,'tablet'),(2021,46,1,'2019-11-16',2,'tablet'),(2022,78,1,'2019-11-16',1,'tablet'),(2023,50,1,'2019-11-16',1,'tablet'),(2024,76,1,'2019-11-16',1,'tablet'),(2025,65,1,'2019-11-16',1,'tablet'),(2026,43,1,'2019-11-16',1,'tablet'),(2027,38,1,'2019-11-16',1,'tablet'),(2028,37,1,'2019-11-16',1,'tablet'),(2029,36,1,'2019-11-16',1,'tablet'),(2030,27,1,'2019-11-16',1,'tablet'),(2031,48,1,'2019-11-16',1,'tablet'),(2032,71,1,'2019-11-16',1,'tablet'),(2033,57,1,'2019-11-16',1,'tablet'),(2034,52,1,'2019-11-16',1,'tablet'),(2035,51,1,'2019-11-16',1,'tablet'),(2036,28,1,'2019-11-16',2,'tablet'),(2037,69,1,'2019-11-16',1,'tablet'),(2038,68,1,'2019-11-16',1,'tablet'),(2039,58,1,'2019-11-16',1,'tablet'),(2040,41,1,'2019-11-16',2,'tablet'),(2041,63,1,'2019-11-16',1,'tablet'),(2042,56,1,'2019-11-16',1,'tablet'),(2043,53,1,'2019-11-16',1,'tablet'),(2044,34,1,'2019-11-16',1,'tablet'),(2045,33,1,'2019-11-16',1,'tablet'),(2046,40,1,'2019-11-16',1,'tablet'),(2047,39,1,'2019-11-16',1,'tablet'),(2048,25,1,'2019-11-17',1,'desktop'),(2049,80,3,'2019-11-18',1,'desktop'),(2050,64,3,'2019-11-18',1,'desktop'),(2051,52,1,'2019-11-19',2,'mobile'),(2052,59,1,'2019-11-19',1,'desktop'),(2053,29,1,'2019-11-20',1,'desktop'),(2054,76,1,'2019-11-20',1,'desktop'),(2055,44,1,'2019-11-21',1,'desktop'),(2056,69,1,'2019-11-21',1,'desktop'),(2057,76,1,'2019-11-21',1,'desktop'),(2058,54,1,'2019-11-21',1,'mobile'),(2059,32,1,'2019-11-22',2,'mobile'),(2060,61,1,'2019-11-22',1,'mobile'),(2061,54,1,'2019-11-22',1,'mobile'),(2062,76,1,'2019-11-22',1,'desktop'),(2063,29,1,'2019-11-22',1,'desktop'),(2064,50,1,'2019-11-22',1,'desktop'),(2065,44,3,'2019-11-23',1,'tablet'),(2066,70,3,'2019-11-23',1,'tablet'),(2067,55,3,'2019-11-23',1,'tablet'),(2068,62,3,'2019-11-23',1,'tablet'),(2069,49,3,'2019-11-23',1,'tablet'),(2070,47,3,'2019-11-23',1,'tablet'),(2071,42,3,'2019-11-23',2,'tablet'),(2072,24,3,'2019-11-23',1,'tablet'),(2073,79,3,'2019-11-23',1,'tablet'),(2074,30,3,'2019-11-23',1,'tablet'),(2075,29,3,'2019-11-23',1,'tablet'),(2076,26,3,'2019-11-23',1,'tablet'),(2077,61,3,'2019-11-23',1,'tablet'),(2078,54,3,'2019-11-23',2,'tablet'),(2079,32,3,'2019-11-23',1,'tablet'),(2080,80,3,'2019-11-23',1,'tablet'),(2081,59,3,'2019-11-23',1,'tablet'),(2082,45,3,'2019-11-23',1,'tablet'),(2083,77,3,'2019-11-23',1,'tablet'),(2084,64,3,'2019-11-23',1,'tablet'),(2085,46,3,'2019-11-23',2,'tablet'),(2086,78,3,'2019-11-23',1,'tablet'),(2087,50,3,'2019-11-23',1,'tablet'),(2088,76,3,'2019-11-23',1,'tablet'),(2089,65,3,'2019-11-23',1,'tablet'),(2090,43,3,'2019-11-23',1,'tablet'),(2091,38,3,'2019-11-23',1,'tablet'),(2092,37,3,'2019-11-23',1,'tablet'),(2093,36,3,'2019-11-23',1,'tablet'),(2094,27,3,'2019-11-23',1,'tablet'),(2095,48,3,'2019-11-23',1,'tablet'),(2096,71,3,'2019-11-23',1,'tablet'),(2097,57,3,'2019-11-23',1,'tablet'),(2098,52,3,'2019-11-23',1,'tablet'),(2099,51,3,'2019-11-23',1,'tablet'),(2100,28,3,'2019-11-23',2,'tablet'),(2101,69,3,'2019-11-23',1,'tablet'),(2102,68,3,'2019-11-23',1,'tablet'),(2103,58,3,'2019-11-23',1,'tablet'),(2104,41,3,'2019-11-23',2,'tablet'),(2105,63,3,'2019-11-23',1,'tablet'),(2106,56,3,'2019-11-23',1,'tablet'),(2107,53,3,'2019-11-23',1,'tablet'),(2108,34,3,'2019-11-23',1,'tablet'),(2109,33,3,'2019-11-23',1,'tablet'),(2110,40,3,'2019-11-23',1,'tablet'),(2111,39,3,'2019-11-23',1,'tablet'),(2112,44,1,'2019-11-23',1,'tablet'),(2113,70,1,'2019-11-23',1,'tablet'),(2114,55,1,'2019-11-23',1,'tablet'),(2115,62,1,'2019-11-23',1,'tablet'),(2116,49,1,'2019-11-23',1,'tablet'),(2117,47,1,'2019-11-23',1,'tablet'),(2118,42,1,'2019-11-23',2,'tablet'),(2119,24,1,'2019-11-23',1,'tablet'),(2120,79,1,'2019-11-23',1,'tablet'),(2121,30,1,'2019-11-23',1,'tablet'),(2122,29,1,'2019-11-23',1,'tablet'),(2123,26,1,'2019-11-23',1,'tablet'),(2124,61,1,'2019-11-23',1,'tablet'),(2125,54,1,'2019-11-23',2,'tablet'),(2126,32,1,'2019-11-23',1,'tablet'),(2127,80,1,'2019-11-23',1,'tablet'),(2128,59,1,'2019-11-23',1,'tablet'),(2129,45,1,'2019-11-23',1,'tablet'),(2130,77,1,'2019-11-23',1,'tablet'),(2131,64,1,'2019-11-23',1,'tablet'),(2132,46,1,'2019-11-23',2,'tablet'),(2133,78,1,'2019-11-23',1,'tablet'),(2134,50,1,'2019-11-23',1,'tablet'),(2135,76,1,'2019-11-23',1,'tablet'),(2136,65,1,'2019-11-23',1,'tablet'),(2137,43,1,'2019-11-23',1,'tablet'),(2138,38,1,'2019-11-23',1,'tablet'),(2139,37,1,'2019-11-23',1,'tablet'),(2140,36,1,'2019-11-23',1,'tablet'),(2141,27,1,'2019-11-23',1,'tablet'),(2142,48,1,'2019-11-23',1,'tablet'),(2143,71,1,'2019-11-23',1,'tablet'),(2144,57,1,'2019-11-23',1,'tablet'),(2145,52,1,'2019-11-23',1,'tablet'),(2146,51,1,'2019-11-23',1,'tablet'),(2147,28,1,'2019-11-23',2,'tablet'),(2148,69,1,'2019-11-23',1,'tablet'),(2149,68,1,'2019-11-23',1,'tablet'),(2150,58,1,'2019-11-23',1,'tablet'),(2151,41,1,'2019-11-23',2,'tablet'),(2152,63,1,'2019-11-23',1,'tablet'),(2153,56,1,'2019-11-23',1,'tablet'),(2154,53,1,'2019-11-23',1,'tablet'),(2155,34,1,'2019-11-23',1,'tablet'),(2156,33,1,'2019-11-23',1,'tablet'),(2157,40,1,'2019-11-23',1,'tablet'),(2158,39,1,'2019-11-23',1,'tablet'),(2159,59,1,'2019-11-25',1,'mobile'),(2160,68,1,'2019-11-25',1,'desktop'),(2161,40,1,'2019-11-25',1,'desktop'),(2162,63,1,'2019-11-25',2,'desktop'),(2163,51,1,'2019-11-26',1,'desktop'),(2164,77,1,'2019-11-26',1,'desktop'),(2165,46,1,'2019-11-26',3,'desktop'),(2166,59,1,'2019-11-26',2,'desktop'),(2167,54,1,'2019-11-27',1,'desktop'),(2168,68,1,'2019-11-27',1,'desktop'),(2169,51,1,'2019-11-27',1,'desktop'),(2170,51,3,'2019-11-28',1,'desktop'),(2171,52,3,'2019-11-28',1,'desktop'),(2172,28,3,'2019-11-28',1,'desktop'),(2173,68,3,'2019-11-28',1,'desktop'),(2174,45,1,'2019-11-28',1,'desktop'),(2175,69,1,'2019-11-29',1,'desktop'),(2176,44,3,'2019-11-30',1,'tablet'),(2177,70,3,'2019-11-30',1,'tablet'),(2178,55,3,'2019-11-30',1,'tablet'),(2179,62,3,'2019-11-30',1,'tablet'),(2180,49,3,'2019-11-30',1,'tablet'),(2181,47,3,'2019-11-30',1,'tablet'),(2182,42,3,'2019-11-30',2,'tablet'),(2183,24,3,'2019-11-30',1,'tablet'),(2184,79,3,'2019-11-30',1,'tablet'),(2185,30,3,'2019-11-30',1,'tablet'),(2186,29,3,'2019-11-30',1,'tablet'),(2187,26,3,'2019-11-30',1,'tablet'),(2188,61,3,'2019-11-30',1,'tablet'),(2189,54,3,'2019-11-30',2,'tablet'),(2190,32,3,'2019-11-30',1,'tablet'),(2191,80,3,'2019-11-30',1,'tablet'),(2192,59,3,'2019-11-30',1,'tablet'),(2193,45,3,'2019-11-30',1,'tablet'),(2194,77,3,'2019-11-30',1,'tablet'),(2195,64,3,'2019-11-30',1,'tablet'),(2196,46,3,'2019-11-30',2,'tablet'),(2197,78,3,'2019-11-30',1,'tablet'),(2198,50,3,'2019-11-30',1,'tablet'),(2199,76,3,'2019-11-30',1,'tablet'),(2200,65,3,'2019-11-30',1,'tablet'),(2201,43,3,'2019-11-30',1,'tablet'),(2202,38,3,'2019-11-30',1,'tablet'),(2203,37,3,'2019-11-30',1,'tablet'),(2204,36,3,'2019-11-30',1,'tablet'),(2205,27,3,'2019-11-30',1,'tablet'),(2206,48,3,'2019-11-30',1,'tablet'),(2207,71,3,'2019-11-30',1,'tablet'),(2208,57,3,'2019-11-30',1,'tablet'),(2209,52,3,'2019-11-30',1,'tablet'),(2210,51,3,'2019-11-30',1,'tablet'),(2211,28,3,'2019-11-30',2,'tablet'),(2212,69,3,'2019-11-30',1,'tablet'),(2213,68,3,'2019-11-30',1,'tablet'),(2214,58,3,'2019-11-30',1,'tablet'),(2215,41,3,'2019-11-30',2,'tablet'),(2216,63,3,'2019-11-30',1,'tablet'),(2217,56,3,'2019-11-30',1,'tablet'),(2218,53,3,'2019-11-30',1,'tablet'),(2219,34,3,'2019-11-30',1,'tablet'),(2220,33,3,'2019-11-30',1,'tablet'),(2221,40,3,'2019-11-30',1,'tablet'),(2222,39,3,'2019-11-30',1,'tablet'),(2223,44,1,'2019-11-30',1,'tablet'),(2224,70,1,'2019-11-30',1,'tablet'),(2225,55,1,'2019-11-30',1,'tablet'),(2226,62,1,'2019-11-30',1,'tablet'),(2227,49,1,'2019-11-30',1,'tablet'),(2228,47,1,'2019-11-30',1,'tablet'),(2229,42,1,'2019-11-30',2,'tablet'),(2230,24,1,'2019-11-30',1,'tablet'),(2231,79,1,'2019-11-30',1,'tablet'),(2232,30,1,'2019-11-30',1,'tablet'),(2233,29,1,'2019-11-30',1,'tablet'),(2234,26,1,'2019-11-30',1,'tablet'),(2235,61,1,'2019-11-30',1,'tablet'),(2236,54,1,'2019-11-30',2,'tablet'),(2237,32,1,'2019-11-30',1,'tablet'),(2238,80,1,'2019-11-30',1,'tablet'),(2239,59,1,'2019-11-30',1,'tablet'),(2240,45,1,'2019-11-30',1,'tablet'),(2241,77,1,'2019-11-30',1,'tablet'),(2242,64,1,'2019-11-30',1,'tablet'),(2243,46,1,'2019-11-30',2,'tablet'),(2244,78,1,'2019-11-30',1,'tablet'),(2245,50,1,'2019-11-30',1,'tablet'),(2246,76,1,'2019-11-30',1,'tablet'),(2247,65,1,'2019-11-30',1,'tablet'),(2248,43,1,'2019-11-30',1,'tablet'),(2249,38,1,'2019-11-30',1,'tablet'),(2250,37,1,'2019-11-30',1,'tablet'),(2251,36,1,'2019-11-30',1,'tablet'),(2252,27,1,'2019-11-30',1,'tablet'),(2253,48,1,'2019-11-30',1,'tablet'),(2254,71,1,'2019-11-30',1,'tablet'),(2255,57,1,'2019-11-30',1,'tablet'),(2256,52,1,'2019-11-30',1,'tablet'),(2257,51,1,'2019-11-30',1,'tablet'),(2258,28,1,'2019-11-30',2,'tablet'),(2259,69,1,'2019-11-30',1,'tablet'),(2260,68,1,'2019-11-30',1,'tablet'),(2261,58,1,'2019-11-30',1,'tablet'),(2262,41,1,'2019-11-30',2,'tablet'),(2263,63,1,'2019-11-30',1,'tablet'),(2264,56,1,'2019-11-30',1,'tablet'),(2265,53,1,'2019-11-30',1,'tablet'),(2266,34,1,'2019-11-30',1,'tablet'),(2267,33,1,'2019-11-30',1,'tablet'),(2268,40,1,'2019-11-30',1,'tablet'),(2269,39,1,'2019-11-30',1,'tablet'),(2270,61,1,'2019-12-03',1,'desktop'),(2271,54,1,'2019-12-03',1,'desktop'),(2272,33,1,'2019-12-04',1,'desktop'),(2273,57,1,'2019-12-05',1,'mobile'),(2274,32,1,'2019-12-05',1,'mobile'),(2275,53,3,'2019-12-06',1,'desktop'),(2276,28,3,'2019-12-06',1,'desktop'),(2277,52,3,'2019-12-06',1,'desktop'),(2278,68,3,'2019-12-06',1,'desktop'),(2279,61,3,'2019-12-06',2,'desktop'),(2280,54,3,'2019-12-06',1,'desktop'),(2281,63,1,'2019-12-06',1,'desktop'),(2282,44,3,'2019-12-07',1,'tablet'),(2283,70,3,'2019-12-07',1,'tablet'),(2284,55,3,'2019-12-07',1,'tablet'),(2285,62,3,'2019-12-07',1,'tablet'),(2286,49,3,'2019-12-07',1,'tablet'),(2287,47,3,'2019-12-07',1,'tablet'),(2288,42,3,'2019-12-07',2,'tablet'),(2289,24,3,'2019-12-07',1,'tablet'),(2290,79,3,'2019-12-07',1,'tablet'),(2291,30,3,'2019-12-07',1,'tablet'),(2292,29,3,'2019-12-07',1,'tablet'),(2293,26,3,'2019-12-07',1,'tablet'),(2294,61,3,'2019-12-07',1,'tablet'),(2295,54,3,'2019-12-07',2,'tablet'),(2296,32,3,'2019-12-07',1,'tablet'),(2297,80,3,'2019-12-07',1,'tablet'),(2298,59,3,'2019-12-07',1,'tablet'),(2299,45,3,'2019-12-07',1,'tablet'),(2300,77,3,'2019-12-07',1,'tablet'),(2301,64,3,'2019-12-07',1,'tablet'),(2302,46,3,'2019-12-07',2,'tablet'),(2303,78,3,'2019-12-07',1,'tablet'),(2304,50,3,'2019-12-07',1,'tablet'),(2305,76,3,'2019-12-07',1,'tablet'),(2306,65,3,'2019-12-07',1,'tablet'),(2307,43,3,'2019-12-07',1,'tablet'),(2308,38,3,'2019-12-07',1,'tablet'),(2309,37,3,'2019-12-07',1,'tablet'),(2310,36,3,'2019-12-07',1,'tablet'),(2311,27,3,'2019-12-07',1,'tablet'),(2312,48,3,'2019-12-07',1,'tablet'),(2313,71,3,'2019-12-07',1,'tablet'),(2314,57,3,'2019-12-07',1,'tablet'),(2315,52,3,'2019-12-07',1,'tablet'),(2316,51,3,'2019-12-07',1,'tablet'),(2317,28,3,'2019-12-07',2,'tablet'),(2318,69,3,'2019-12-07',1,'tablet'),(2319,68,3,'2019-12-07',1,'tablet'),(2320,58,3,'2019-12-07',1,'tablet'),(2321,41,3,'2019-12-07',2,'tablet'),(2322,63,3,'2019-12-07',1,'tablet'),(2323,56,3,'2019-12-07',1,'tablet'),(2324,53,3,'2019-12-07',1,'tablet'),(2325,34,3,'2019-12-07',1,'tablet'),(2326,33,3,'2019-12-07',1,'tablet'),(2327,40,3,'2019-12-07',1,'tablet'),(2328,39,3,'2019-12-07',1,'tablet'),(2329,44,1,'2019-12-07',1,'tablet'),(2330,70,1,'2019-12-07',1,'tablet'),(2331,55,1,'2019-12-07',1,'tablet'),(2332,62,1,'2019-12-07',1,'tablet'),(2333,49,1,'2019-12-07',1,'tablet'),(2334,47,1,'2019-12-07',1,'tablet'),(2335,42,1,'2019-12-07',2,'tablet'),(2336,24,1,'2019-12-07',1,'tablet'),(2337,79,1,'2019-12-07',1,'tablet'),(2338,30,1,'2019-12-07',1,'tablet'),(2339,29,1,'2019-12-07',1,'tablet'),(2340,26,1,'2019-12-07',1,'tablet'),(2341,61,1,'2019-12-07',1,'tablet'),(2342,54,1,'2019-12-07',2,'tablet'),(2343,32,1,'2019-12-07',1,'tablet'),(2344,80,1,'2019-12-07',1,'tablet'),(2345,59,1,'2019-12-07',1,'tablet'),(2346,45,1,'2019-12-07',1,'tablet'),(2347,77,1,'2019-12-07',1,'tablet'),(2348,64,1,'2019-12-07',1,'tablet'),(2349,46,1,'2019-12-07',2,'tablet'),(2350,78,1,'2019-12-07',1,'tablet'),(2351,50,1,'2019-12-07',1,'tablet'),(2352,76,1,'2019-12-07',1,'tablet'),(2353,65,1,'2019-12-07',1,'tablet'),(2354,43,1,'2019-12-07',1,'tablet'),(2355,38,1,'2019-12-07',1,'tablet'),(2356,37,1,'2019-12-07',1,'tablet'),(2357,36,1,'2019-12-07',1,'tablet'),(2358,27,1,'2019-12-07',1,'tablet'),(2359,48,1,'2019-12-07',1,'tablet'),(2360,71,1,'2019-12-07',1,'tablet'),(2361,57,1,'2019-12-07',1,'tablet'),(2362,52,1,'2019-12-07',1,'tablet'),(2363,51,1,'2019-12-07',1,'tablet'),(2364,28,1,'2019-12-07',2,'tablet'),(2365,69,1,'2019-12-07',1,'tablet'),(2366,68,1,'2019-12-07',1,'tablet'),(2367,58,1,'2019-12-07',1,'tablet'),(2368,41,1,'2019-12-07',2,'tablet'),(2369,63,1,'2019-12-07',1,'tablet'),(2370,56,1,'2019-12-07',1,'tablet'),(2371,53,1,'2019-12-07',1,'tablet'),(2372,34,1,'2019-12-07',1,'tablet'),(2373,33,1,'2019-12-07',1,'tablet'),(2374,40,1,'2019-12-07',1,'tablet'),(2375,39,1,'2019-12-07',1,'tablet'),(2376,61,1,'2019-12-09',1,'desktop'),(2377,61,1,'2019-12-10',1,'desktop'),(2378,59,1,'2019-12-10',1,'desktop'),(2379,27,1,'2019-12-10',1,'desktop'),(2380,37,1,'2019-12-10',1,'desktop'),(2381,32,1,'2019-12-10',1,'desktop'),(2382,32,3,'2019-12-10',1,'desktop'),(2383,28,3,'2019-12-10',1,'desktop'),(2384,51,3,'2019-12-10',1,'desktop'),(2385,52,3,'2019-12-10',1,'desktop'),(2386,68,3,'2019-12-10',1,'desktop'),(2387,59,3,'2019-12-11',1,'mobile'),(2388,28,3,'2019-12-11',1,'mobile'),(2389,80,1,'2019-12-11',1,'desktop'),(2390,61,1,'2019-12-11',1,'desktop'),(2391,57,1,'2019-12-14',1,'desktop'),(2392,41,1,'2019-12-14',2,'desktop'),(2393,44,3,'2019-12-14',1,'tablet'),(2394,70,3,'2019-12-14',1,'tablet'),(2395,55,3,'2019-12-14',1,'tablet'),(2396,62,3,'2019-12-14',1,'tablet'),(2397,49,3,'2019-12-14',1,'tablet'),(2398,47,3,'2019-12-14',1,'tablet'),(2399,42,3,'2019-12-14',2,'tablet'),(2400,24,3,'2019-12-14',1,'tablet'),(2401,79,3,'2019-12-14',1,'tablet'),(2402,30,3,'2019-12-14',1,'tablet'),(2403,29,3,'2019-12-14',1,'tablet'),(2404,26,3,'2019-12-14',1,'tablet'),(2405,61,3,'2019-12-14',1,'tablet'),(2406,54,3,'2019-12-14',2,'tablet'),(2407,32,3,'2019-12-14',1,'tablet'),(2408,80,3,'2019-12-14',1,'tablet'),(2409,59,3,'2019-12-14',1,'tablet'),(2410,45,3,'2019-12-14',1,'tablet'),(2411,77,3,'2019-12-14',1,'tablet'),(2412,64,3,'2019-12-14',1,'tablet'),(2413,46,3,'2019-12-14',2,'tablet'),(2414,78,3,'2019-12-14',1,'tablet'),(2415,50,3,'2019-12-14',1,'tablet'),(2416,76,3,'2019-12-14',1,'tablet'),(2417,65,3,'2019-12-14',1,'tablet'),(2418,43,3,'2019-12-14',1,'tablet'),(2419,38,3,'2019-12-14',1,'tablet'),(2420,37,3,'2019-12-14',1,'tablet'),(2421,36,3,'2019-12-14',1,'tablet'),(2422,27,3,'2019-12-14',1,'tablet'),(2423,48,3,'2019-12-14',1,'tablet'),(2424,71,3,'2019-12-14',1,'tablet'),(2425,57,3,'2019-12-14',1,'tablet'),(2426,52,3,'2019-12-14',1,'tablet'),(2427,51,3,'2019-12-14',1,'tablet'),(2428,28,3,'2019-12-14',2,'tablet'),(2429,69,3,'2019-12-14',1,'tablet'),(2430,68,3,'2019-12-14',1,'tablet'),(2431,58,3,'2019-12-14',1,'tablet'),(2432,41,3,'2019-12-14',2,'tablet'),(2433,63,3,'2019-12-14',1,'tablet'),(2434,56,3,'2019-12-14',1,'tablet'),(2435,53,3,'2019-12-14',1,'tablet'),(2436,34,3,'2019-12-14',1,'tablet'),(2437,33,3,'2019-12-14',1,'tablet'),(2438,40,3,'2019-12-14',1,'tablet'),(2439,39,3,'2019-12-14',1,'tablet'),(2440,44,1,'2019-12-14',1,'tablet'),(2441,70,1,'2019-12-14',1,'tablet'),(2442,55,1,'2019-12-14',1,'tablet'),(2443,62,1,'2019-12-14',1,'tablet'),(2444,49,1,'2019-12-14',1,'tablet'),(2445,47,1,'2019-12-14',1,'tablet'),(2446,42,1,'2019-12-14',2,'tablet'),(2447,24,1,'2019-12-14',1,'tablet'),(2448,79,1,'2019-12-14',1,'tablet'),(2449,30,1,'2019-12-14',1,'tablet'),(2450,29,1,'2019-12-14',1,'tablet'),(2451,26,1,'2019-12-14',1,'tablet'),(2452,61,1,'2019-12-14',1,'tablet'),(2453,54,1,'2019-12-14',2,'tablet'),(2454,32,1,'2019-12-14',1,'tablet'),(2455,80,1,'2019-12-14',1,'tablet'),(2456,59,1,'2019-12-14',1,'tablet'),(2457,45,1,'2019-12-14',1,'tablet'),(2458,77,1,'2019-12-14',1,'tablet'),(2459,64,1,'2019-12-14',1,'tablet'),(2460,46,1,'2019-12-14',2,'tablet'),(2461,78,1,'2019-12-14',1,'tablet'),(2462,50,1,'2019-12-14',1,'tablet'),(2463,76,1,'2019-12-14',1,'tablet'),(2464,65,1,'2019-12-14',1,'tablet'),(2465,43,1,'2019-12-14',1,'tablet'),(2466,38,1,'2019-12-14',1,'tablet'),(2467,37,1,'2019-12-14',1,'tablet'),(2468,36,1,'2019-12-14',1,'tablet'),(2469,27,1,'2019-12-14',1,'tablet'),(2470,48,1,'2019-12-14',1,'tablet'),(2471,71,1,'2019-12-14',1,'tablet'),(2472,57,1,'2019-12-14',1,'tablet'),(2473,52,1,'2019-12-14',1,'tablet'),(2474,51,1,'2019-12-14',1,'tablet'),(2475,28,1,'2019-12-14',2,'tablet'),(2476,69,1,'2019-12-14',1,'tablet'),(2477,68,1,'2019-12-14',1,'tablet'),(2478,58,1,'2019-12-14',1,'tablet'),(2479,41,1,'2019-12-14',2,'tablet'),(2480,63,1,'2019-12-14',1,'tablet'),(2481,56,1,'2019-12-14',1,'tablet'),(2482,53,1,'2019-12-14',1,'tablet'),(2483,34,1,'2019-12-14',1,'tablet'),(2484,33,1,'2019-12-14',1,'tablet'),(2485,40,1,'2019-12-14',1,'tablet'),(2486,39,1,'2019-12-14',1,'tablet'),(2487,53,1,'2019-12-15',2,'tablet'),(2488,41,1,'2019-12-16',1,'desktop'),(2489,51,1,'2019-12-16',1,'desktop'),(2490,42,1,'2019-12-16',1,'desktop'),(2491,65,1,'2019-12-18',2,'tablet'),(2492,53,1,'2019-12-18',2,'tablet'),(2493,44,1,'2019-12-21',1,'tablet'),(2494,70,1,'2019-12-21',1,'tablet'),(2495,55,1,'2019-12-21',1,'tablet'),(2496,62,1,'2019-12-21',1,'tablet'),(2497,49,1,'2019-12-21',1,'tablet'),(2498,47,1,'2019-12-21',1,'tablet'),(2499,42,1,'2019-12-21',2,'tablet'),(2500,24,1,'2019-12-21',1,'tablet'),(2501,79,1,'2019-12-21',1,'tablet'),(2502,30,1,'2019-12-21',1,'tablet'),(2503,29,1,'2019-12-21',1,'tablet'),(2504,26,1,'2019-12-21',1,'tablet'),(2505,61,1,'2019-12-21',1,'tablet'),(2506,54,1,'2019-12-21',2,'tablet'),(2507,32,1,'2019-12-21',1,'tablet'),(2508,80,1,'2019-12-21',1,'tablet'),(2509,59,1,'2019-12-21',1,'tablet'),(2510,45,1,'2019-12-21',1,'tablet'),(2511,77,1,'2019-12-21',1,'tablet'),(2512,64,1,'2019-12-21',1,'tablet'),(2513,46,1,'2019-12-21',2,'tablet'),(2514,78,1,'2019-12-21',1,'tablet'),(2515,50,1,'2019-12-21',1,'tablet'),(2516,76,1,'2019-12-21',1,'tablet'),(2517,65,1,'2019-12-21',1,'tablet'),(2518,43,1,'2019-12-21',1,'tablet'),(2519,38,1,'2019-12-21',1,'tablet'),(2520,37,1,'2019-12-21',1,'tablet'),(2521,36,1,'2019-12-21',1,'tablet'),(2522,27,1,'2019-12-21',1,'tablet'),(2523,48,1,'2019-12-21',1,'tablet'),(2524,71,1,'2019-12-21',1,'tablet'),(2525,57,1,'2019-12-21',1,'tablet'),(2526,52,1,'2019-12-21',1,'tablet'),(2527,51,1,'2019-12-21',1,'tablet'),(2528,28,1,'2019-12-21',2,'tablet'),(2529,69,1,'2019-12-21',1,'tablet'),(2530,68,1,'2019-12-21',1,'tablet'),(2531,58,1,'2019-12-21',1,'tablet'),(2532,41,1,'2019-12-21',2,'tablet'),(2533,63,1,'2019-12-21',1,'tablet'),(2534,56,1,'2019-12-21',1,'tablet'),(2535,53,1,'2019-12-21',1,'tablet'),(2536,34,1,'2019-12-21',1,'tablet'),(2537,33,1,'2019-12-21',1,'tablet'),(2538,40,1,'2019-12-21',1,'tablet'),(2539,39,1,'2019-12-21',1,'tablet'),(2540,44,3,'2019-12-21',1,'tablet'),(2541,70,3,'2019-12-21',1,'tablet'),(2542,55,3,'2019-12-21',1,'tablet'),(2543,62,3,'2019-12-21',1,'tablet'),(2544,49,3,'2019-12-21',1,'tablet'),(2545,47,3,'2019-12-21',1,'tablet'),(2546,42,3,'2019-12-21',2,'tablet'),(2547,24,3,'2019-12-21',1,'tablet'),(2548,79,3,'2019-12-21',1,'tablet'),(2549,30,3,'2019-12-21',1,'tablet'),(2550,29,3,'2019-12-21',1,'tablet'),(2551,26,3,'2019-12-21',1,'tablet'),(2552,61,3,'2019-12-21',1,'tablet'),(2553,54,3,'2019-12-21',2,'tablet'),(2554,32,3,'2019-12-21',1,'tablet'),(2555,80,3,'2019-12-21',1,'tablet'),(2556,59,3,'2019-12-21',1,'tablet'),(2557,45,3,'2019-12-21',1,'tablet'),(2558,77,3,'2019-12-21',1,'tablet'),(2559,64,3,'2019-12-21',1,'tablet'),(2560,46,3,'2019-12-21',2,'tablet'),(2561,78,3,'2019-12-21',1,'tablet'),(2562,50,3,'2019-12-21',1,'tablet'),(2563,76,3,'2019-12-21',1,'tablet'),(2564,65,3,'2019-12-21',1,'tablet'),(2565,43,3,'2019-12-21',1,'tablet'),(2566,38,3,'2019-12-21',1,'tablet'),(2567,37,3,'2019-12-21',1,'tablet'),(2568,36,3,'2019-12-21',1,'tablet'),(2569,27,3,'2019-12-21',1,'tablet'),(2570,48,3,'2019-12-21',1,'tablet'),(2571,71,3,'2019-12-21',1,'tablet'),(2572,57,3,'2019-12-21',1,'tablet'),(2573,52,3,'2019-12-21',1,'tablet'),(2574,51,3,'2019-12-21',1,'tablet'),(2575,28,3,'2019-12-21',2,'tablet'),(2576,69,3,'2019-12-21',1,'tablet'),(2577,68,3,'2019-12-21',1,'tablet'),(2578,58,3,'2019-12-21',1,'tablet'),(2579,41,3,'2019-12-21',2,'tablet'),(2580,63,3,'2019-12-21',1,'tablet'),(2581,56,3,'2019-12-21',1,'tablet'),(2582,53,3,'2019-12-21',1,'tablet'),(2583,34,3,'2019-12-21',1,'tablet'),(2584,33,3,'2019-12-21',1,'tablet'),(2585,40,3,'2019-12-21',1,'tablet'),(2586,39,3,'2019-12-21',1,'tablet'),(2587,80,1,'2019-12-23',1,'mobile'),(2588,29,1,'2019-12-23',1,'mobile'),(2589,69,1,'2019-12-23',2,'mobile'),(2590,46,3,'2019-12-23',1,'mobile'),(2591,44,1,'2019-12-28',1,'tablet'),(2592,70,1,'2019-12-28',1,'tablet'),(2593,55,1,'2019-12-28',1,'tablet'),(2594,62,1,'2019-12-28',1,'tablet'),(2595,49,1,'2019-12-28',1,'tablet'),(2596,47,1,'2019-12-28',1,'tablet'),(2597,42,1,'2019-12-28',2,'tablet'),(2598,24,1,'2019-12-28',1,'tablet'),(2599,79,1,'2019-12-28',1,'tablet'),(2600,30,1,'2019-12-28',1,'tablet'),(2601,29,1,'2019-12-28',1,'tablet'),(2602,26,1,'2019-12-28',1,'tablet'),(2603,61,1,'2019-12-28',1,'tablet'),(2604,54,1,'2019-12-28',2,'tablet'),(2605,32,1,'2019-12-28',1,'tablet'),(2606,80,1,'2019-12-28',1,'tablet'),(2607,59,1,'2019-12-28',1,'tablet'),(2608,45,1,'2019-12-28',1,'tablet'),(2609,77,1,'2019-12-28',1,'tablet'),(2610,64,1,'2019-12-28',1,'tablet'),(2611,46,1,'2019-12-28',2,'tablet'),(2612,78,1,'2019-12-28',1,'tablet'),(2613,50,1,'2019-12-28',1,'tablet'),(2614,76,1,'2019-12-28',1,'tablet'),(2615,65,1,'2019-12-28',1,'tablet'),(2616,43,1,'2019-12-28',1,'tablet'),(2617,38,1,'2019-12-28',1,'tablet'),(2618,37,1,'2019-12-28',1,'tablet'),(2619,36,1,'2019-12-28',1,'tablet'),(2620,27,1,'2019-12-28',1,'tablet'),(2621,48,1,'2019-12-28',1,'tablet'),(2622,44,3,'2019-12-28',1,'tablet'),(2623,71,1,'2019-12-28',1,'tablet'),(2624,70,3,'2019-12-28',1,'tablet'),(2625,57,1,'2019-12-28',1,'tablet'),(2626,55,3,'2019-12-28',1,'tablet'),(2627,52,1,'2019-12-28',1,'tablet'),(2628,62,3,'2019-12-28',1,'tablet'),(2629,51,1,'2019-12-28',1,'tablet'),(2630,49,3,'2019-12-28',1,'tablet'),(2631,28,1,'2019-12-28',2,'tablet'),(2632,47,3,'2019-12-28',1,'tablet'),(2633,69,1,'2019-12-28',1,'tablet'),(2634,68,1,'2019-12-28',1,'tablet'),(2635,42,3,'2019-12-28',2,'tablet'),(2636,58,1,'2019-12-28',1,'tablet'),(2637,24,3,'2019-12-28',1,'tablet'),(2638,41,1,'2019-12-28',2,'tablet'),(2639,79,3,'2019-12-28',1,'tablet'),(2640,63,1,'2019-12-28',1,'tablet'),(2641,56,1,'2019-12-28',1,'tablet'),(2642,30,3,'2019-12-28',1,'tablet'),(2643,29,3,'2019-12-28',1,'tablet'),(2644,53,1,'2019-12-28',1,'tablet'),(2645,34,1,'2019-12-28',1,'tablet'),(2646,26,3,'2019-12-28',1,'tablet'),(2647,33,1,'2019-12-28',1,'tablet'),(2648,61,3,'2019-12-28',1,'tablet'),(2649,40,1,'2019-12-28',1,'tablet'),(2650,54,3,'2019-12-28',2,'tablet'),(2651,39,1,'2019-12-28',1,'tablet'),(2652,32,3,'2019-12-28',1,'tablet'),(2653,80,3,'2019-12-28',1,'tablet'),(2654,59,3,'2019-12-28',1,'tablet'),(2655,45,3,'2019-12-28',1,'tablet'),(2656,77,3,'2019-12-28',1,'tablet'),(2657,64,3,'2019-12-28',1,'tablet'),(2658,46,3,'2019-12-28',2,'tablet'),(2659,78,3,'2019-12-28',1,'tablet'),(2660,50,3,'2019-12-28',1,'tablet'),(2661,76,3,'2019-12-28',1,'tablet'),(2662,65,3,'2019-12-28',1,'tablet'),(2663,43,3,'2019-12-28',1,'tablet'),(2664,38,3,'2019-12-28',1,'tablet'),(2665,37,3,'2019-12-28',1,'tablet'),(2666,36,3,'2019-12-28',1,'tablet'),(2667,27,3,'2019-12-28',1,'tablet'),(2668,48,3,'2019-12-28',1,'tablet'),(2669,71,3,'2019-12-28',1,'tablet'),(2670,57,3,'2019-12-28',1,'tablet'),(2671,52,3,'2019-12-28',1,'tablet'),(2672,51,3,'2019-12-28',1,'tablet'),(2673,28,3,'2019-12-28',2,'tablet'),(2674,69,3,'2019-12-28',1,'tablet'),(2675,68,3,'2019-12-28',1,'tablet'),(2676,58,3,'2019-12-28',1,'tablet'),(2677,41,3,'2019-12-28',2,'tablet'),(2678,63,3,'2019-12-28',1,'tablet'),(2679,56,3,'2019-12-28',1,'tablet'),(2680,53,3,'2019-12-28',1,'tablet'),(2681,34,3,'2019-12-28',1,'tablet'),(2682,33,3,'2019-12-28',1,'tablet'),(2683,40,3,'2019-12-28',1,'tablet'),(2684,39,3,'2019-12-28',1,'tablet'),(2685,24,1,'2019-12-28',1,'mobile'),(2686,52,3,'2019-12-30',1,'desktop'),(2687,41,1,'2020-01-02',1,'desktop'),(2688,44,1,'2020-01-04',1,'tablet'),(2689,70,1,'2020-01-04',1,'tablet'),(2690,55,1,'2020-01-04',1,'tablet'),(2691,62,1,'2020-01-04',1,'tablet'),(2692,49,1,'2020-01-04',1,'tablet'),(2693,47,1,'2020-01-04',1,'tablet'),(2694,42,1,'2020-01-04',2,'tablet'),(2695,24,1,'2020-01-04',1,'tablet'),(2696,79,1,'2020-01-04',1,'tablet'),(2697,30,1,'2020-01-04',1,'tablet'),(2698,29,1,'2020-01-04',1,'tablet'),(2699,26,1,'2020-01-04',1,'tablet'),(2700,61,1,'2020-01-04',1,'tablet'),(2701,54,1,'2020-01-04',2,'tablet'),(2702,32,1,'2020-01-04',1,'tablet'),(2703,80,1,'2020-01-04',1,'tablet'),(2704,59,1,'2020-01-04',1,'tablet'),(2705,45,1,'2020-01-04',1,'tablet'),(2706,77,1,'2020-01-04',1,'tablet'),(2707,64,1,'2020-01-04',1,'tablet'),(2708,46,1,'2020-01-04',2,'tablet'),(2709,78,1,'2020-01-04',1,'tablet'),(2710,50,1,'2020-01-04',1,'tablet'),(2711,76,1,'2020-01-04',1,'tablet'),(2712,65,1,'2020-01-04',1,'tablet'),(2713,43,1,'2020-01-04',1,'tablet'),(2714,38,1,'2020-01-04',1,'tablet'),(2715,37,1,'2020-01-04',1,'tablet'),(2716,36,1,'2020-01-04',1,'tablet'),(2717,27,1,'2020-01-04',1,'tablet'),(2718,48,1,'2020-01-04',1,'tablet'),(2719,71,1,'2020-01-04',1,'tablet'),(2720,57,1,'2020-01-04',1,'tablet'),(2721,52,1,'2020-01-04',1,'tablet'),(2722,51,1,'2020-01-04',1,'tablet'),(2723,28,1,'2020-01-04',2,'tablet'),(2724,69,1,'2020-01-04',1,'tablet'),(2725,68,1,'2020-01-04',1,'tablet'),(2726,58,1,'2020-01-04',1,'tablet'),(2727,41,1,'2020-01-04',2,'tablet'),(2728,63,1,'2020-01-04',1,'tablet'),(2729,56,1,'2020-01-04',1,'tablet'),(2730,53,1,'2020-01-04',1,'tablet'),(2731,34,1,'2020-01-04',1,'tablet'),(2732,33,1,'2020-01-04',1,'tablet'),(2733,40,1,'2020-01-04',1,'tablet'),(2734,39,1,'2020-01-04',1,'tablet'),(2735,44,3,'2020-01-04',1,'tablet'),(2736,70,3,'2020-01-04',1,'tablet'),(2737,55,3,'2020-01-04',1,'tablet'),(2738,62,3,'2020-01-04',1,'tablet'),(2739,49,3,'2020-01-04',1,'tablet'),(2740,47,3,'2020-01-04',1,'tablet'),(2741,42,3,'2020-01-04',2,'tablet'),(2742,24,3,'2020-01-04',1,'tablet'),(2743,79,3,'2020-01-04',1,'tablet'),(2744,30,3,'2020-01-04',1,'tablet'),(2745,29,3,'2020-01-04',1,'tablet'),(2746,26,3,'2020-01-04',1,'tablet'),(2747,61,3,'2020-01-04',1,'tablet'),(2748,54,3,'2020-01-04',2,'tablet'),(2749,32,3,'2020-01-04',1,'tablet'),(2750,80,3,'2020-01-04',1,'tablet'),(2751,59,3,'2020-01-04',1,'tablet'),(2752,45,3,'2020-01-04',1,'tablet'),(2753,77,3,'2020-01-04',1,'tablet'),(2754,64,3,'2020-01-04',1,'tablet'),(2755,46,3,'2020-01-04',2,'tablet'),(2756,78,3,'2020-01-04',1,'tablet'),(2757,50,3,'2020-01-04',1,'tablet'),(2758,76,3,'2020-01-04',1,'tablet'),(2759,65,3,'2020-01-04',1,'tablet'),(2760,43,3,'2020-01-04',1,'tablet'),(2761,38,3,'2020-01-04',1,'tablet'),(2762,37,3,'2020-01-04',1,'tablet'),(2763,36,3,'2020-01-04',1,'tablet'),(2764,27,3,'2020-01-04',1,'tablet'),(2765,48,3,'2020-01-04',1,'tablet'),(2766,71,3,'2020-01-04',1,'tablet'),(2767,57,3,'2020-01-04',1,'tablet'),(2768,52,3,'2020-01-04',1,'tablet'),(2769,51,3,'2020-01-04',1,'tablet'),(2770,28,3,'2020-01-04',2,'tablet'),(2771,69,3,'2020-01-04',1,'tablet'),(2772,68,3,'2020-01-04',1,'tablet'),(2773,58,3,'2020-01-04',1,'tablet'),(2774,41,3,'2020-01-04',2,'tablet'),(2775,63,3,'2020-01-04',1,'tablet'),(2776,56,3,'2020-01-04',1,'tablet'),(2777,53,3,'2020-01-04',1,'tablet'),(2778,34,3,'2020-01-04',1,'tablet'),(2779,33,3,'2020-01-04',1,'tablet'),(2780,40,3,'2020-01-04',1,'tablet'),(2781,39,3,'2020-01-04',1,'tablet'),(2782,79,1,'2020-01-06',1,'tablet'),(2783,56,3,'2020-01-06',1,'desktop'),(2784,56,1,'2020-01-08',1,'desktop'),(2785,44,1,'2020-01-11',1,'tablet'),(2786,70,1,'2020-01-11',1,'tablet'),(2787,55,1,'2020-01-11',1,'tablet'),(2788,62,1,'2020-01-11',1,'tablet'),(2789,49,1,'2020-01-11',1,'tablet'),(2790,47,1,'2020-01-11',1,'tablet'),(2791,42,1,'2020-01-11',2,'tablet'),(2792,24,1,'2020-01-11',1,'tablet'),(2793,79,1,'2020-01-11',1,'tablet'),(2794,30,1,'2020-01-11',1,'tablet'),(2795,29,1,'2020-01-11',1,'tablet'),(2796,26,1,'2020-01-11',1,'tablet'),(2797,61,1,'2020-01-11',1,'tablet'),(2798,54,1,'2020-01-11',2,'tablet'),(2799,32,1,'2020-01-11',1,'tablet'),(2800,80,1,'2020-01-11',1,'tablet'),(2801,59,1,'2020-01-11',1,'tablet'),(2802,45,1,'2020-01-11',1,'tablet'),(2803,77,1,'2020-01-11',1,'tablet'),(2804,64,1,'2020-01-11',1,'tablet'),(2805,46,1,'2020-01-11',2,'tablet'),(2806,78,1,'2020-01-11',1,'tablet'),(2807,50,1,'2020-01-11',1,'tablet'),(2808,76,1,'2020-01-11',1,'tablet'),(2809,65,1,'2020-01-11',1,'tablet'),(2810,43,1,'2020-01-11',1,'tablet'),(2811,38,1,'2020-01-11',1,'tablet'),(2812,37,1,'2020-01-11',1,'tablet'),(2813,36,1,'2020-01-11',1,'tablet'),(2814,27,1,'2020-01-11',1,'tablet'),(2815,48,1,'2020-01-11',1,'tablet'),(2816,71,1,'2020-01-11',1,'tablet'),(2817,57,1,'2020-01-11',1,'tablet'),(2818,52,1,'2020-01-11',1,'tablet'),(2819,51,1,'2020-01-11',1,'tablet'),(2820,28,1,'2020-01-11',2,'tablet'),(2821,69,1,'2020-01-11',1,'tablet'),(2822,68,1,'2020-01-11',1,'tablet'),(2823,58,1,'2020-01-11',1,'tablet'),(2824,41,1,'2020-01-11',2,'tablet'),(2825,63,1,'2020-01-11',1,'tablet'),(2826,56,1,'2020-01-11',1,'tablet'),(2827,53,1,'2020-01-11',1,'tablet'),(2828,34,1,'2020-01-11',1,'tablet'),(2829,33,1,'2020-01-11',1,'tablet'),(2830,40,1,'2020-01-11',1,'tablet'),(2831,39,1,'2020-01-11',1,'tablet'),(2832,44,3,'2020-01-11',1,'tablet'),(2833,70,3,'2020-01-11',1,'tablet'),(2834,55,3,'2020-01-11',1,'tablet'),(2835,62,3,'2020-01-11',1,'tablet'),(2836,49,3,'2020-01-11',1,'tablet'),(2837,47,3,'2020-01-11',1,'tablet'),(2838,42,3,'2020-01-11',2,'tablet'),(2839,24,3,'2020-01-11',1,'tablet'),(2840,79,3,'2020-01-11',1,'tablet'),(2841,30,3,'2020-01-11',1,'tablet'),(2842,29,3,'2020-01-11',1,'tablet'),(2843,26,3,'2020-01-11',1,'tablet'),(2844,61,3,'2020-01-11',1,'tablet'),(2845,54,3,'2020-01-11',2,'tablet'),(2846,32,3,'2020-01-11',1,'tablet'),(2847,80,3,'2020-01-11',1,'tablet'),(2848,59,3,'2020-01-11',1,'tablet'),(2849,45,3,'2020-01-11',1,'tablet'),(2850,77,3,'2020-01-11',1,'tablet'),(2851,64,3,'2020-01-11',1,'tablet'),(2852,46,3,'2020-01-11',2,'tablet'),(2853,78,3,'2020-01-11',1,'tablet'),(2854,50,3,'2020-01-11',1,'tablet'),(2855,76,3,'2020-01-11',1,'tablet'),(2856,65,3,'2020-01-11',1,'tablet'),(2857,43,3,'2020-01-11',1,'tablet'),(2858,38,3,'2020-01-11',1,'tablet'),(2859,37,3,'2020-01-11',1,'tablet'),(2860,36,3,'2020-01-11',1,'tablet'),(2861,27,3,'2020-01-11',1,'tablet'),(2862,48,3,'2020-01-11',1,'tablet'),(2863,71,3,'2020-01-11',1,'tablet'),(2864,57,3,'2020-01-11',1,'tablet'),(2865,52,3,'2020-01-11',1,'tablet'),(2866,51,3,'2020-01-11',1,'tablet'),(2867,28,3,'2020-01-11',2,'tablet'),(2868,69,3,'2020-01-11',1,'tablet'),(2869,68,3,'2020-01-11',1,'tablet'),(2870,58,3,'2020-01-11',1,'tablet'),(2871,41,3,'2020-01-11',2,'tablet'),(2872,63,3,'2020-01-11',1,'tablet'),(2873,56,3,'2020-01-11',1,'tablet'),(2874,53,3,'2020-01-11',1,'tablet'),(2875,34,3,'2020-01-11',1,'tablet'),(2876,33,3,'2020-01-11',1,'tablet'),(2877,40,3,'2020-01-11',1,'tablet'),(2878,39,3,'2020-01-11',1,'tablet');

--
-- Table structure for table `s_statistics_currentusers`
--

CREATE TABLE `s_statistics_currentusers` (
  `id` int(11) NOT NULL AUTO_INCREMENT,
  `remoteaddr` varchar(255) COLLATE utf8_unicode_ci NOT NULL,
  `page` varchar(70) COLLATE utf8_unicode_ci NOT NULL,
  `time` datetime DEFAULT NULL,
  `userID` int(11) NOT NULL DEFAULT '0',
  `deviceType` varchar(50) COLLATE utf8_unicode_ci NOT NULL DEFAULT 'desktop',
  PRIMARY KEY (`id`)
) ENGINE=InnoDB AUTO_INCREMENT=11905 DEFAULT CHARSET=utf8 COLLATE=utf8_unicode_ci;

--
-- Dumping data for table `s_statistics_currentusers`
--

INSERT INTO `s_statistics_currentusers` VALUES (11883,'41.140.0.0','/','2020-01-11 15:41:25',0,'mobile'),(11884,'41.140.0.0','/','2020-01-11 15:41:43',0,'mobile'),(11885,'41.140.0.0','/','2020-01-11 15:42:05',0,'mobile'),(11886,'41.140.0.0','/','2020-01-11 15:42:05',0,'mobile'),(11887,'41.140.0.0','/','2020-01-11 15:42:47',0,'mobile'),(11888,'41.140.0.0','/','2020-01-11 15:42:47',0,'mobile'),(11889,'41.140.0.0','/','2020-01-11 15:42:49',0,'mobile'),(11890,'41.140.0.0','/','2020-01-11 15:42:49',0,'mobile'),(11891,'108.183.0.0','/','2020-01-11 17:35:46',0,'mobile'),(11892,'3.15.0.0','/','2020-01-11 18:49:23',0,'desktop'),(11893,'3.15.0.0','/address/index/sidebar/','2020-01-11 18:49:32',0,'desktop'),(11894,'3.15.0.0','/','2020-01-11 18:49:34',0,'desktop'),(11895,'3.15.0.0','/account','2020-01-11 18:49:41',0,'desktop'),(11896,'3.15.0.0','/account/profile','2020-01-11 18:49:44',0,'desktop'),(11897,'3.15.0.0','/account/downloads','2020-01-11 18:49:47',0,'desktop'),(11898,'3.15.0.0','/wie-koennen-wir-ihnen-helfen','2020-01-11 18:49:50',0,'desktop'),(11899,'66.249.0.0','/','2020-01-11 22:01:43',0,'mobile'),(11900,'66.249.0.0','/','2020-01-11 22:02:06',0,'mobile'),(11901,'138.197.0.0','/','2020-01-12 01:26:37',0,'desktop'),(11902,'66.102.0.0','/','2020-01-12 06:47:12',0,'desktop'),(11903,'80.151.0.0','/','2020-01-13 09:05:04',0,'desktop'),(11904,'80.151.0.0','/','2020-01-13 09:36:01',0,'desktop');

--
-- Table structure for table `s_statistics_pool`
--

CREATE TABLE `s_statistics_pool` (
  `id` int(11) NOT NULL AUTO_INCREMENT,
  `remoteaddr` varchar(255) COLLATE utf8_unicode_ci NOT NULL,
  `datum` date NOT NULL DEFAULT '0000-00-00',
  PRIMARY KEY (`id`)
) ENGINE=InnoDB AUTO_INCREMENT=1436 DEFAULT CHARSET=utf8 COLLATE=utf8_unicode_ci;

--
-- Dumping data for table `s_statistics_pool`
--

INSERT INTO `s_statistics_pool` VALUES (1422,'c2c2b8aa87e7c8c8b1c7f6fcf97df27f','2020-01-11'),(1423,'f700a95571b563b8415ddaab9db782c9','2020-01-11'),(1424,'3432118eb81937b13afb5026c4ddc2b0','2020-01-11'),(1425,'c2acdce03e539bf6de0fbd21169454df','2020-01-11'),(1426,'f26e1aae591ade0a5887c55394684278','2020-01-11'),(1427,'96ebd291dcb6cac65be91ca0c9878ea5','2020-01-11'),(1428,'b94ada72192c1c44d58477efe4c385e3','2020-01-11'),(1429,'98343ad0bccd2a7ddd9faa35303f5e75','2020-01-11'),(1430,'32915f1fdf7da6777818dc93fe231ea1','2020-01-11'),(1431,'bc879e825139cd6f6de0dbbbcf9b5736','2020-01-11'),(1432,'b1d1374a1936322469962a6d8933b083','2020-01-11'),(1433,'d33255862530ec5c851b408abbe6a15e','2020-01-12'),(1434,'aff7c9d7a14686b6bc8099b6df3c6fc8','2020-01-12'),(1435,'cf8b3c1faf92b60d180f0f8bb25472c8','2020-01-13');

--
-- Table structure for table `s_statistics_referer`
--

CREATE TABLE `s_statistics_referer` (
  `id` int(11) NOT NULL AUTO_INCREMENT,
  `datum` date NOT NULL DEFAULT '0000-00-00',
  `referer` mediumtext COLLATE utf8_unicode_ci NOT NULL,
  PRIMARY KEY (`id`)
) ENGINE=InnoDB AUTO_INCREMENT=459 DEFAULT CHARSET=utf8 COLLATE=utf8_unicode_ci;

--
-- Dumping data for table `s_statistics_referer`
--

INSERT INTO `s_statistics_referer` VALUES (1,'2019-01-15','http://www.bing.com/search?q=amazon'),(2,'2019-01-15','http://www.bing.com/search?q=amazon'),(3,'2019-01-17','http://www.bing.com/search?q=amazon'),(4,'2019-01-18','http://www.bing.com/search?q=amazon'),(5,'2019-01-19','http://www.bing.com/search?q=amazon'),(6,'2019-01-19','http://www.bing.com/search?q=amazon'),(7,'2019-01-20','http://www.bing.com/search?q=amazon'),(8,'2019-01-20','http://www.bing.com/search?q=amazon'),(9,'2019-01-20','http://www.bing.com/search?q=amazon'),(10,'2019-04-04','https://www.google.com/'),(11,'2019-04-04','https://www.google.com/'),(12,'2019-04-04','https://www.google.com/'),(13,'2019-04-04','https://www.google.com/'),(14,'2019-04-04','https://www.google.com/'),(15,'2019-04-05','https://www.google.de/'),(16,'2019-04-11','https://www.google.ch/'),(17,'2019-04-14','http://www.bing.com/search?q=amazon'),(18,'2019-05-03','https://www.google.com/'),(19,'2019-05-12','https://www.google.com/'),(20,'2019-05-12','https://www.google.com/'),(21,'2019-05-12','https://www.google.com/'),(22,'2019-05-12','https://www.google.com/'),(23,'2019-05-14','https://www.google.com/'),(24,'2019-05-21','https://www.google.com/'),(25,'2019-05-22','https://www.google.com/'),(26,'2019-06-11','https://www.google.com/'),(27,'2019-06-21','https://www.google.de/'),(28,'2019-07-03','https://www.google.de/'),(29,'2019-09-02','http://217.160.29.35/gebrauchte-maschinen/butter-herst.-verpackung/'),(30,'2019-09-02','https://www.google.com/'),(31,'2019-09-03','https://www.google.com/'),(32,'2019-09-04','http://217.160.29.35/'),(33,'2019-09-04','http://217.160.29.35/'),(34,'2019-09-04','http://217.160.29.35/'),(35,'2019-09-04','https://www.google.com/'),(36,'2019-09-06','https://www.google.com/'),(37,'2019-09-06','https://www.google.com/'),(38,'2019-09-09','https://www.google.com/'),(39,'2019-09-09','https://www.google.com/'),(40,'2019-09-10','https://www.google.com/'),(41,'2019-09-11','https://www.google.com/'),(42,'2019-09-11','https://www.google.com/'),(43,'2019-09-11','https://www.google.de/'),(44,'2019-09-11','https://www.google.de/'),(45,'2019-09-11','https://www.google.de/'),(46,'2019-09-11','https://www.google.com/'),(47,'2019-09-12','https://www.google.com/'),(48,'2019-09-12','https://www.google.com/'),(49,'2019-09-12','https://www.google.nl/'),(50,'2019-09-13','https://www.google.com/'),(51,'2019-09-13','https://www.google.de/'),(52,'2019-09-13','https://www.google.de/'),(53,'2019-09-13','https://www.google.com/'),(54,'2019-09-13','http://217.160.29.35/ueber-uns/'),(55,'2019-09-13','https://www.google.com/'),(56,'2019-09-13','https://www.google.at/'),(57,'2019-09-13','https://www.google.com/'),(58,'2019-09-13','http://217.160.29.35/ueber-uns/'),(59,'2019-09-13','https://www.google.com/'),(60,'2019-09-13','http://www.baidu.com/'),(61,'2019-09-13','http://www.baidu.com/'),(62,'2019-09-13','http://www.baidu.com/'),(63,'2019-09-13','http://www.baidu.com/'),(64,'2019-09-13','http://www.baidu.com/'),(65,'2019-09-15','https://www.google.pl/'),(66,'2019-09-15','https://www.google.com/'),(67,'2019-09-16','https://www.google.com/'),(68,'2019-09-16','https://www.google.com/'),(69,'2019-09-17','https://www.google.com/'),(70,'2019-09-18','https://www.google.com/'),(71,'2019-09-18','https://www.google.com/'),(72,'2019-09-18','https://www.google.com/'),(73,'2019-09-19','https://www.google.com/'),(74,'2019-09-19','https://www.google.com/'),(75,'2019-09-19','https://www.google.com/'),(76,'2019-09-19','https://www.google.com/'),(77,'2019-09-19','https://www.google.com/'),(78,'2019-09-19','https://www.google.com/'),(79,'2019-09-19','https://www.google.com/'),(80,'2019-09-19','https://www.google.com/'),(81,'2019-09-19','https://www.google.com/'),(82,'2019-09-19','https://www.google.com/'),(83,'2019-09-19','https://www.google.com/'),(84,'2019-09-19','https://www.google.com/'),(85,'2019-09-20','https://www.google.com/'),(86,'2019-09-20','https://www.google.com/'),(87,'2019-09-20','https://www.google.com/'),(88,'2019-09-21','https://www.google.com/'),(89,'2019-09-21','https://www.google.com/'),(90,'2019-09-23','https://www.google.com/'),(91,'2019-09-23','https://www.google.com/'),(92,'2019-09-24','https://www.facebook.com/'),(93,'2019-09-24','https://www.google.com/'),(94,'2019-09-24','http://freevpn.express/'),(95,'2019-09-25','https://www.google.de/'),(96,'2019-09-25','https://www.google.com/'),(97,'2019-09-25','https://www.google.com/'),(98,'2019-09-25','https://www.google.com/'),(99,'2019-09-26','https://www.google.com/'),(100,'2019-09-26','https://www.google.com/'),(101,'2019-09-26','https://www.google.com/'),(102,'2019-09-26','https://www.google.com/'),(103,'2019-09-26','https://www.google.es/'),(104,'2019-09-27','https://www.google.com/'),(105,'2019-09-27','https://www.google.com/'),(106,'2019-09-30','https://www.google.com/'),(107,'2019-09-30','https://duckduckgo.com/'),(108,'2019-10-01','https://www.google.com/'),(109,'2019-10-01','https://www.google.com/'),(110,'2019-10-01','https://www.google.com/'),(111,'2019-10-01','https://www.google.de/'),(112,'2019-10-01','https://www.google.de/'),(113,'2019-10-02','https://www.google.ch/'),(114,'2019-10-02','https://www.google.com/'),(115,'2019-10-03','https://www.google.co.uk/'),(116,'2019-10-04','https://www.google.com/'),(117,'2019-10-05','https://www.google.com/'),(118,'2019-10-06','https://www.google.com/'),(119,'2019-10-06','https://www.google.com/'),(120,'2019-10-06','https://www.google.com/'),(121,'2019-10-07','https://www.google.com/'),(122,'2019-10-08','https://www.google.de/'),(123,'2019-10-08','https://www.google.de/'),(124,'2019-10-08','https://www.google.com/'),(125,'2019-10-08','https://www.google.com/'),(126,'2019-10-08','http://m.facebook.com'),(127,'2019-10-08','https://www.google.com/'),(128,'2019-10-08','https://www.google.com/'),(129,'2019-10-08','https://www.google.com/'),(130,'2019-10-08','https://www.google.com/'),(131,'2019-10-08','https://www.google.com/'),(132,'2019-10-08','https://www.google.com/'),(133,'2019-10-08','https://www.google.com/'),(134,'2019-10-08','https://www.google.com/'),(135,'2019-10-09','https://lm.facebook.com/'),(136,'2019-10-09','https://lm.facebook.com/'),(137,'2019-10-09','https://www.google.com/'),(138,'2019-10-09','https://www.google.com/'),(139,'2019-10-09','http://www.baidu.com/'),(140,'2019-10-09','http://www.baidu.com/'),(141,'2019-10-09','http://www.baidu.com/'),(142,'2019-10-10','https://www.google.com/'),(143,'2019-10-10','https://www.google.de/'),(144,'2019-10-10','http://217.160.29.35/shopware.php?sViewport=forms&sFid=30'),(145,'2019-10-11','http://www.bing.com/search?q=amazon'),(146,'2019-10-11','https://www.google.com/'),(147,'2019-10-11','https://www.google.com/'),(148,'2019-10-11','https://www.google.com/'),(149,'2019-10-11','https://www.google.com/'),(150,'2019-10-11','https://www.google.com/'),(151,'2019-10-14','https://www.google.de/'),(152,'2019-10-15','https://www.google.de/'),(153,'2019-10-15','https://www.google.com/'),(154,'2019-10-15','https://www.google.com/'),(155,'2019-10-15','http://www.google.com/'),(156,'2019-10-15','http://www.google.com/'),(157,'2019-10-15','http://www.google.com/'),(158,'2019-10-16','https://www.google.de/'),(159,'2019-10-16','https://www.google.com/'),(160,'2019-10-17','https://www.google.com/'),(161,'2019-10-17','https://www.google.com/'),(162,'2019-10-17','https://www.google.de/'),(163,'2019-10-18','https://www.google.com/'),(164,'2019-10-18','https://www.google.com/'),(165,'2019-10-18','https://www.google.com/'),(166,'2019-10-18','https://www.google.com/'),(167,'2019-10-19','http://housekeeping.tradeindia.com/housekeeping/common/display_profile.html?profile_id=8673573'),(168,'2019-10-19','https://www.google.com/'),(169,'2019-10-20','https://www.google.com/'),(170,'2019-10-21','https://www.google.com/'),(171,'2019-10-21','https://www.google.de/'),(172,'2019-10-22','https://www.google.com/'),(173,'2019-10-22','https://www.google.com/'),(174,'2019-10-22','https://www.google.com/'),(175,'2019-10-23','https://www.google.com/'),(176,'2019-10-23','https://www.google.com/'),(177,'2019-10-23','https://www.google.com/'),(178,'2019-10-23','https://www.google.com/'),(179,'2019-10-23','https://www.google.de/'),(180,'2019-10-23','https://www.google.com/'),(181,'2019-10-23','https://www.google.com/'),(182,'2019-10-23','https://www.google.com/'),(183,'2019-10-23','https://www.google.com/'),(184,'2019-10-24','https://www.google.kz/'),(185,'2019-10-24','https://www.google.com/'),(186,'2019-10-24','https://www.facebook.com/'),(187,'2019-10-24','https://www.google.com/'),(188,'2019-10-24','https://www.google.de/'),(189,'2019-10-24','https://www.google.com/'),(190,'2019-10-24','https://www.google.de/'),(191,'2019-10-25','https://www.google.com/'),(192,'2019-10-25','https://www.google.com/'),(193,'2019-10-25','https://www.google.com/'),(194,'2019-10-26','https://www.google.com/'),(195,'2019-10-27','http://www.bing.com/search?q=amazon'),(196,'2019-10-28','https://www.google.com/'),(197,'2019-10-28','https://www.google.com/'),(198,'2019-10-28','https://www.google.com/'),(199,'2019-10-28','https://www.google.de/'),(200,'2019-10-28','https://www.google.com/'),(201,'2019-10-28','https://www.google.com/'),(202,'2019-10-30','https://www.google.com/'),(203,'2019-10-30','https://www.google.com/'),(204,'2019-10-30','https://www.google.de/'),(205,'2019-10-31','https://www.google.com/'),(206,'2019-10-31','https://www.google.com/'),(207,'2019-10-31','https://www.google.com/'),(208,'2019-10-31','https://www.google.com/'),(209,'2019-10-31','https://www.google.com/'),(210,'2019-10-31','https://www.google.com/'),(211,'2019-10-31','https://www.google.com/'),(212,'2019-10-31','http://www.google.com/'),(213,'2019-11-01','https://www.google.com/'),(214,'2019-11-01','https://www.google.com/'),(215,'2019-11-01','https://www.google.com/'),(216,'2019-11-01','https://www.google.com/'),(217,'2019-11-02','https://www.google.com/'),(218,'2019-11-03','https://www.google.com/'),(219,'2019-11-03','https://www.google.com/'),(220,'2019-11-03','https://www.google.com/'),(221,'2019-11-03','https://www.google.com/'),(222,'2019-11-03','https://www.google.com/'),(223,'2019-11-03','https://www.google.com/'),(224,'2019-11-03','https://www.google.com/'),(225,'2019-11-04','https://trademachines.my.salesforce.com/'),(226,'2019-11-04','https://trademachines.my.salesforce.com/'),(227,'2019-11-04','https://trademachines.my.salesforce.com/'),(228,'2019-11-04','https://www.google.ch/'),(229,'2019-11-06','https://www.google.com/'),(230,'2019-11-06','https://www.google.com/'),(231,'2019-11-06','https://www.google.com/'),(232,'2019-11-07','https://www.google.de/'),(233,'2019-11-08','https://www.facebook.com/'),(234,'2019-11-08','http://www.google.com/'),(235,'2019-11-08','http://www.google.com/'),(236,'2019-11-08','http://www.google.com/'),(237,'2019-11-08','http://www.google.com/'),(238,'2019-11-08','http://www.google.com/'),(239,'2019-11-10','https://www.google.com/'),(240,'2019-11-10','https://www.google.de/'),(241,'2019-11-11','https://www.google.com/'),(242,'2019-11-12','https://www.google.com/'),(243,'2019-11-12','https://www.google.com/'),(244,'2019-11-12','https://www.google.de/'),(245,'2019-11-12','https://www.google.com/'),(246,'2019-11-12','https://www.google.com/'),(247,'2019-11-12','https://www.google.com/'),(248,'2019-11-13','https://www.google.com/'),(249,'2019-11-13','https://www.google.com/'),(250,'2019-11-13','https://www.google.com/'),(251,'2019-11-14','https://www.google.com/'),(252,'2019-11-14','https://www.google.com/'),(253,'2019-11-14','https://www.google.com/'),(254,'2019-11-14','https://lm.facebook.com/'),(255,'2019-11-14','http://www.google.com/'),(256,'2019-11-14','http://www.google.com/'),(257,'2019-11-14','http://www.google.com/'),(258,'2019-11-14','https://www.google.com/'),(259,'2019-11-14','https://www.google.com/'),(260,'2019-11-14','https://www.google.com/'),(261,'2019-11-14','https://www.google.com/'),(262,'2019-11-14','https://www.google.com/'),(263,'2019-11-14','https://www.google.com/'),(264,'2019-11-15','https://www.google.com/'),(265,'2019-11-15','https://www.google.de/'),(266,'2019-11-15','https://www.google.com/'),(267,'2019-11-15','https://www.google.de/'),(268,'2019-11-17','https://www.google.pl/'),(269,'2019-11-17','https://www.google.pl/'),(270,'2019-11-17','https://www.google.de/'),(271,'2019-11-17','https://www.google.de/'),(272,'2019-11-17','https://www.google.de/'),(273,'2019-11-18','https://www.google.de/'),(274,'2019-11-18','https://www.google.com/'),(275,'2019-11-18','https://www.google.com/'),(276,'2019-11-18','http://www.google.com/'),(277,'2019-11-18','http://www.google.com/'),(278,'2019-11-18','https://www.google.com/'),(279,'2019-11-18','https://www.google.com/'),(280,'2019-11-19','https://www.google.de/'),(281,'2019-11-19','https://www.google.de/'),(282,'2019-11-19','https://www.google.com/'),(283,'2019-11-19','https://www.google.com/'),(284,'2019-11-19','https://www.google.de/'),(285,'2019-11-19','https://www.google.de/'),(286,'2019-11-19','https://www.google.de/'),(287,'2019-11-19','https://www.google.com/'),(288,'2019-11-20','https://www.google.de/'),(289,'2019-11-20','https://www.google.com/'),(290,'2019-11-20','https://www.google.com/'),(291,'2019-11-20','https://www.google.com/'),(292,'2019-11-20','https://www.google.com/'),(293,'2019-11-20','https://www.google.com/'),(294,'2019-11-20','https://www.google.de/'),(295,'2019-11-21','https://www.google.at/'),(296,'2019-11-21','https://www.google.com/'),(297,'2019-11-21','https://www.google.de/'),(298,'2019-11-22','https://www.google.de/'),(299,'2019-11-22','https://www.google.de/'),(300,'2019-11-22','https://www.google.com/'),(301,'2019-11-25','https://www.google.com/'),(302,'2019-11-25','https://www.google.com/'),(303,'2019-11-25','https://www.google.com/'),(304,'2019-11-25','https://www.google.com/'),(305,'2019-11-25','https://www.google.com/'),(306,'2019-11-25','https://www.google.com/'),(307,'2019-11-25','https://www.google.com/'),(308,'2019-11-25','https://www.google.com/'),(309,'2019-11-25','https://www.google.com/'),(310,'2019-11-26','https://www.google.com/'),(311,'2019-11-26','https://www.google.de/'),(312,'2019-11-26','https://www.google.at/'),(313,'2019-11-26','https://www.google.com/'),(314,'2019-11-26','https://www.google.com/'),(315,'2019-11-26','https://www.google.com/'),(316,'2019-11-26','https://www.google.com/'),(317,'2019-11-26','https://www.google.com/'),(318,'2019-11-26','https://www.google.com/'),(319,'2019-11-27','https://www.google.com/'),(320,'2019-11-27','https://www.google.com/'),(321,'2019-11-27','https://www.google.de/'),(322,'2019-11-27','https://www.google.com/'),(323,'2019-11-27','https://www.google.com/'),(324,'2019-11-27','https://www.google.com/'),(325,'2019-11-27','https://www.google.com/'),(326,'2019-11-28','https://www.google.lu/'),(327,'2019-11-29','https://www.google.de/'),(328,'2019-11-29','https://www.google.de/'),(329,'2019-12-01','https://www.google.com/'),(330,'2019-12-01','https://www.google.com/'),(331,'2019-12-02','https://www.google.com/'),(332,'2019-12-02','https://www.google.com/'),(333,'2019-12-02','https://www.google.com/'),(334,'2019-12-02','https://www.google.com/'),(335,'2019-12-02','https://www.google.com/'),(336,'2019-12-02','https://www.google.com/'),(337,'2019-12-02','https://www.google.com/'),(338,'2019-12-02','https://www.google.de/'),(339,'2019-12-03','https://www.google.com/'),(340,'2019-12-03','https://www.google.com/'),(341,'2019-12-03','https://www.google.com/'),(342,'2019-12-03','https://www.google.com/'),(343,'2019-12-03','https://www.google.com/'),(344,'2019-12-04','https://www.google.de/'),(345,'2019-12-04','https://www.google.com/'),(346,'2019-12-04','https://www.google.bg/'),(347,'2019-12-05','https://www.google.com/'),(348,'2019-12-05','https://www.google.com.br/'),(349,'2019-12-06','https://www.google.com/'),(350,'2019-12-06','https://www.google.com/'),(351,'2019-12-08','https://www.facebook.com/'),(352,'2019-12-08','https://www.facebook.com/'),(353,'2019-12-09','https://www.google.com/'),(354,'2019-12-09','https://www.google.com.tr/'),(355,'2019-12-09','https://www.google.com.tr/'),(356,'2019-12-09','https://www.google.com/'),(357,'2019-12-10','https://www.google.com/'),(358,'2019-12-10','https://www.google.com/'),(359,'2019-12-10','https://www.google.com/'),(360,'2019-12-10','https://www.google.com/'),(361,'2019-12-10','https://www.google.com/'),(362,'2019-12-11','https://www.google.com/'),(363,'2019-12-11','https://www.google.com/'),(364,'2019-12-11','https://www.google.com/'),(365,'2019-12-11','https://www.google.com/'),(366,'2019-12-11','https://www.google.com/'),(367,'2019-12-11','https://www.google.com/'),(368,'2019-12-12','https://www.google.com/'),(369,'2019-12-13','https://www.google.com/'),(370,'2019-12-13','https://www.google.de/'),(371,'2019-12-14','http://www.bing.com/search?q=amazon'),(372,'2019-12-15','https://www.google.com/'),(373,'2019-12-15','https://www.google.com/'),(374,'2019-12-15','https://www.google.com/'),(375,'2019-12-15','https://www.google.com/'),(376,'2019-12-15','https://www.google.com/'),(377,'2019-12-17','https://www.google.com/'),(378,'2019-12-17','https://www.google.com/'),(379,'2019-12-18','https://www.google.com/'),(380,'2019-12-18','https://www.google.com/'),(381,'2019-12-18','https://www.google.com/'),(382,'2019-12-18','https://www.google.com/'),(383,'2019-12-18','https://www.google.com/'),(384,'2019-12-18','https://www.google.com/'),(385,'2019-12-18','https://www.google.com/'),(386,'2019-12-19','https://www.google.co.in/'),(387,'2019-12-22','https://www.google.com/'),(388,'2019-12-23','https://www.google.com/'),(389,'2019-12-23','https://www.google.com/'),(390,'2019-12-23','https://www.google.com/'),(391,'2019-12-25','https://www.google.de/'),(392,'2019-12-26','https://www.google.com/'),(393,'2019-12-26','https://www.google.com/'),(394,'2019-12-28','https://www.google.com/'),(395,'2019-12-28','https://www.google.com/'),(396,'2019-12-28','https://www.google.com/'),(397,'2019-12-28','https://www.google.com/'),(398,'2019-12-29','https://www.google.com/'),(399,'2019-12-29','https://www.google.com/'),(400,'2019-12-30','https://www.google.com/'),(401,'2019-12-30','https://www.google.com/'),(402,'2019-12-30','http://www.google.com/'),(403,'2019-12-31','https://www.google.com/'),(404,'2020-01-01','https://www.google.de/'),(405,'2020-01-02','http://www.google.com/'),(406,'2020-01-02','https://www.google.com/'),(407,'2020-01-02','https://www.google.de/'),(408,'2020-01-02','https://www.google.com/'),(409,'2020-01-02','https://www.google.ch/'),(410,'2020-01-02','http://www.google.com/'),(411,'2020-01-02','http://www.google.com/'),(412,'2020-01-02','http://www.google.com/'),(413,'2020-01-03','http://217.160.29.35/shopware.php?sViewport=forms&sFid=30'),(414,'2020-01-03','https://www.google.com/'),(415,'2020-01-04','https://www.google.com/'),(416,'2020-01-05','https://www.google.com/'),(417,'2020-01-05','https://www.google.de/'),(418,'2020-01-06','https://www.google.com/'),(419,'2020-01-06','https://www.google.com/'),(420,'2020-01-06','https://www.google.com/'),(421,'2020-01-06','http://lkapp01/Synergy/docs/CRMAccountCard.aspx?ID=%7b39c8ea83-5b24-42e9-b3f8-5af8db65cc55%7d'),(422,'2020-01-06','http://lkapp01/Synergy/docs/CRMAccountCard.aspx?ID=%7b39c8ea83-5b24-42e9-b3f8-5af8db65cc55%7d'),(423,'2020-01-06','https://www.google.com/'),(424,'2020-01-06','https://www.google.com/'),(425,'2020-01-06','https://www.google.com/'),(426,'2020-01-06','http://lkapp01/Synergy/docs/CRMAccountCard.aspx?RedirectDataSource=1&ID=%7b39c8ea83-5b24-42e9-b3f8-5af8db65cc55%7d&Action=0&GP=0&AccName=Merx-Handel+%26+Industrie+GmbH&SysClose=1'),(427,'2020-01-06','http://lkapp01/Synergy/docs/CRMAccountCard.aspx?RedirectDataSource=1&ID=%7b39c8ea83-5b24-42e9-b3f8-5af8db65cc55%7d&Action=0&GP=0&AccName=Merx-Handel+%26+Industrie+GmbH&SysClose=1'),(428,'2020-01-06','https://www.google.com/'),(429,'2020-01-06','https://www.google.com/'),(430,'2020-01-06','https://www.google.com/'),(431,'2020-01-06','https://www.google.com/'),(432,'2020-01-06','https://www.google.com/'),(433,'2020-01-06','https://www.google.com/'),(434,'2020-01-06','https://www.google.com/'),(435,'2020-01-06','https://www.google.com/'),(436,'2020-01-06','https://www.google.de/'),(437,'2020-01-07','https://www.google.com/'),(438,'2020-01-07','https://www.google.com/'),(439,'2020-01-08','https://www.google.com/'),(440,'2020-01-08','https://www.google.com/'),(441,'2020-01-08','https://www.google.com/'),(442,'2020-01-08','https://www.google.com/'),(443,'2020-01-08','https://www.google.com/'),(444,'2020-01-08','https://www.google.com/'),(445,'2020-01-08','https://www.google.com/'),(446,'2020-01-08','https://www.google.com/'),(447,'2020-01-08','https://www.google.de/'),(448,'2020-01-08','https://www.google.de/'),(449,'2020-01-08','https://www.google.de/'),(450,'2020-01-09','https://www.google.de/'),(451,'2020-01-09','https://www.google.com/'),(452,'2020-01-10','https://www.google.de/'),(453,'2020-01-10','https://www.google.com/'),(454,'2020-01-10','https://www.google.de/'),(455,'2020-01-10','https://www.google.com/'),(456,'2020-01-11','https://www.google.com/'),(457,'2020-01-11','https://www.google.com/'),(458,'2020-01-11','https://www.google.com/');

--
-- Table structure for table `s_statistics_search`
--

CREATE TABLE `s_statistics_search` (
  `id` int(11) NOT NULL AUTO_INCREMENT,
  `datum` datetime NOT NULL,
  `searchterm` varchar(255) CHARACTER SET utf8 COLLATE utf8_unicode_ci NOT NULL,
  `results` int(11) NOT NULL,
  `shop_id` int(11) DEFAULT NULL,
  PRIMARY KEY (`id`),
  KEY `searchterm` (`searchterm`)
) ENGINE=InnoDB AUTO_INCREMENT=65 DEFAULT CHARSET=utf8;

--
-- Dumping data for table `s_statistics_search`
--

INSERT INTO `s_statistics_search` VALUES (1,'2019-03-26 17:14:47','100012',1,1),(2,'2019-03-26 17:25:47','100012',1,1),(3,'2019-04-05 11:19:30','100012',1,1),(4,'2019-04-11 09:01:05','100015',1,1),(5,'2019-04-11 09:01:29','100210',1,1),(6,'2019-04-12 07:46:26','100210',1,1),(7,'2019-04-12 10:35:24','100210',1,1),(8,'2019-04-12 10:46:22','100210',1,1),(9,'2019-04-13 18:23:43','100210',1,1),(10,'2019-04-14 10:46:23','100162',1,1),(11,'2019-04-14 18:39:49','100210',1,1),(12,'2019-04-15 08:47:51','100012',1,1),(13,'2019-04-15 09:02:24','100210',1,1),(14,'2019-04-15 09:10:59','100292',0,1),(15,'2019-04-15 09:11:10','100290',1,1),(16,'2019-04-17 15:19:09','100442',0,1),(17,'2019-05-12 12:03:12','kustner',3,1),(18,'2019-05-12 12:04:07','triangle',0,1),(19,'2019-05-12 12:04:11','kustner',3,1),(20,'2019-06-17 12:35:17','100018',1,1),(21,'2019-06-17 14:12:13','100441',0,1),(22,'2019-06-17 14:52:02','100441',0,1),(23,'2019-06-17 14:55:48','Stephan',2,1),(24,'2019-06-19 12:00:41','100141',1,3),(25,'2019-06-27 13:09:33','100200',1,1),(26,'2019-07-23 10:14:02','100101',1,3),(27,'2019-07-25 10:41:37','100284',1,1),(28,'2019-07-25 10:47:17','100282',1,1),(29,'2019-08-23 10:04:45','100441',1,1),(30,'2019-09-04 19:49:15','stephan',3,3),(31,'2019-09-05 20:42:32','stephan',3,3),(32,'2019-09-20 18:32:30','evaporator',0,3),(33,'2019-09-20 18:32:41','bucher',1,3),(34,'2019-09-23 12:12:07','Tetra Pak AL CIP 20',3,3),(35,'2019-09-23 22:28:56','westfalia',6,3),(36,'2019-09-25 11:23:03','100441',1,3),(37,'2019-09-26 08:44:16','spare parts',0,3),(38,'2019-10-01 11:29:44','100385',0,1),(39,'2019-10-11 12:15:22','msd 50',2,1),(40,'2019-10-21 12:27:16','msd 50',2,3),(41,'2019-10-22 13:50:12','msd 50',2,3),(42,'2019-10-30 14:15:43','Kustner',3,1),(43,'2019-11-01 23:50:37','Stéphan',3,1),(44,'2019-11-04 14:10:16','100400',0,1),(45,'2019-11-06 11:55:44','alfa laval',5,1),(46,'2019-11-06 11:56:01','GTPX',0,1),(47,'2019-11-12 09:51:53','GEA Ahlborn VT 40',7,1),(48,'2019-11-14 09:57:44','100303',1,1),(49,'2019-11-14 10:06:10','100236',1,1),(50,'2019-11-14 11:47:47','nagema',0,1),(51,'2019-11-14 14:03:21','100018',1,1),(52,'2019-11-14 14:03:29','100018',1,1),(53,'2019-11-14 14:03:39','100018',1,1),(54,'2019-11-14 14:05:40','100018',1,1),(55,'2019-11-14 14:05:52','100475',0,1),(56,'2019-11-17 17:57:23','kejwan',0,3),(57,'2019-11-18 11:58:26','mc 7',0,1),(58,'2019-11-19 15:33:19','mc 7',0,1),(59,'2019-11-20 15:42:48','100413',1,1),(60,'2019-11-22 12:53:29','msd 50',2,1),(61,'2019-12-01 15:02:14','separator',9,1),(62,'2019-12-03 13:43:35','cnb',0,1),(63,'2019-12-03 13:43:42','gea westfalia',7,1),(64,'2019-12-16 13:59:04','100330',0,1);

--
-- Table structure for table `s_statistics_visitors`
--

CREATE TABLE `s_statistics_visitors` (
  `id` int(11) NOT NULL AUTO_INCREMENT,
  `shopID` int(11) NOT NULL,
  `datum` date NOT NULL DEFAULT '0000-00-00',
  `pageimpressions` int(11) NOT NULL DEFAULT '0',
  `uniquevisits` int(11) NOT NULL DEFAULT '0',
  `deviceType` varchar(50) COLLATE utf8_unicode_ci NOT NULL DEFAULT 'desktop',
  PRIMARY KEY (`id`),
  KEY `datum` (`datum`)
) ENGINE=InnoDB AUTO_INCREMENT=687 DEFAULT CHARSET=utf8 COLLATE=utf8_unicode_ci;

--
-- Dumping data for table `s_statistics_visitors`
--

INSERT INTO `s_statistics_visitors` VALUES (1,1,'2019-01-11',34,3,'desktop'),(2,1,'2019-01-13',1,1,'desktop'),(3,1,'2019-01-14',68,1,'desktop'),(4,1,'2019-01-15',2,2,'tablet'),(5,1,'2019-01-15',13,2,'desktop'),(6,1,'2019-01-17',1,1,'tablet'),(7,1,'2019-01-17',4,2,'desktop'),(8,1,'2019-01-18',1,1,'tablet'),(9,1,'2019-01-18',4,1,'desktop'),(10,1,'2019-01-19',2,1,'tablet'),(11,1,'2019-01-20',3,1,'tablet'),(12,1,'2019-01-21',5,1,'desktop'),(13,1,'2019-01-23',7,1,'desktop'),(14,1,'2019-01-25',19,1,'desktop'),(15,1,'2019-01-28',14,2,'desktop'),(16,1,'2019-01-28',2,1,'mobile'),(17,1,'2019-01-29',5,1,'desktop'),(18,1,'2019-01-30',1,1,'desktop'),(19,1,'2019-02-05',2,1,'desktop'),(20,1,'2019-02-06',149,2,'desktop'),(21,1,'2019-02-06',20,1,'mobile'),(22,1,'2019-02-07',87,2,'desktop'),(23,1,'2019-02-07',34,2,'mobile'),(24,1,'2019-02-08',6,1,'desktop'),(25,1,'2019-02-08',1,1,'mobile'),(26,1,'2019-02-09',57,1,'desktop'),(27,1,'2019-02-09',21,2,'mobile'),(28,1,'2019-02-10',65,1,'mobile'),(29,1,'2019-02-10',22,1,'desktop'),(30,1,'2019-02-11',9,3,'desktop'),(31,1,'2019-02-12',43,2,'desktop'),(32,1,'2019-02-12',4,2,'mobile'),(33,1,'2019-02-13',2,1,'tablet'),(34,1,'2019-02-13',47,2,'desktop'),(35,1,'2019-02-13',15,1,'mobile'),(36,1,'2019-02-14',43,2,'desktop'),(37,1,'2019-02-14',21,1,'mobile'),(38,1,'2019-02-15',7,2,'desktop'),(39,1,'2019-02-17',1,1,'desktop'),(40,1,'2019-02-17',9,1,'mobile'),(41,1,'2019-02-18',1,1,'desktop'),(42,1,'2019-02-22',2,2,'desktop'),(43,1,'2019-02-23',3,1,'mobile'),(44,1,'2019-02-25',18,2,'desktop'),(45,1,'2019-02-26',4,1,'desktop'),(46,1,'2019-02-27',14,2,'desktop'),(47,1,'2019-02-27',6,1,'mobile'),(48,3,'2019-02-27',23,1,'desktop'),(49,3,'2019-02-27',2,1,'mobile'),(50,1,'2019-02-28',29,1,'desktop'),(51,3,'2019-02-28',27,1,'desktop'),(52,1,'2019-02-28',10,1,'mobile'),(53,3,'2019-02-28',9,1,'mobile'),(54,1,'2019-03-01',102,1,'desktop'),(55,1,'2019-03-01',43,1,'mobile'),(56,3,'2019-03-01',19,1,'mobile'),(57,3,'2019-03-01',110,1,'desktop'),(58,1,'2019-03-01',2,1,'tablet'),(59,1,'2019-03-02',77,1,'mobile'),(60,3,'2019-03-02',61,1,'mobile'),(61,1,'2019-03-02',21,1,'tablet'),(62,3,'2019-03-02',14,1,'tablet'),(63,1,'2019-03-02',237,1,'desktop'),(64,3,'2019-03-02',29,1,'desktop'),(65,3,'2019-03-03',8,1,'desktop'),(66,1,'2019-03-03',42,2,'desktop'),(67,3,'2019-03-03',12,1,'tablet'),(68,1,'2019-03-03',23,1,'mobile'),(69,3,'2019-03-03',5,1,'mobile'),(70,3,'2019-03-04',42,1,'desktop'),(71,1,'2019-03-04',208,2,'desktop'),(72,1,'2019-03-04',25,1,'mobile'),(73,3,'2019-03-04',8,1,'mobile'),(74,1,'2019-03-04',14,1,'tablet'),(75,3,'2019-03-05',2,1,'tablet'),(76,1,'2019-03-05',17,1,'tablet'),(77,1,'2019-03-05',75,2,'desktop'),(78,1,'2019-03-05',5,1,'mobile'),(79,3,'2019-03-05',22,1,'desktop'),(80,1,'2019-03-06',109,5,'desktop'),(81,1,'2019-03-06',18,1,'tablet'),(82,3,'2019-03-06',11,1,'desktop'),(83,1,'2019-03-06',18,1,'mobile'),(84,1,'2019-03-07',17,1,'tablet'),(85,1,'2019-03-07',126,2,'desktop'),(86,1,'2019-03-07',4,1,'mobile'),(87,3,'2019-03-07',2,1,'desktop'),(88,1,'2019-03-08',117,3,'desktop'),(89,1,'2019-03-08',19,2,'tablet'),(90,1,'2019-03-08',33,1,'mobile'),(91,3,'2019-03-08',2,1,'mobile'),(92,1,'2019-03-09',90,2,'desktop'),(93,1,'2019-03-09',8,1,'mobile'),(94,3,'2019-03-09',38,2,'desktop'),(95,1,'2019-03-10',10,1,'desktop'),(96,3,'2019-03-10',9,1,'desktop'),(97,1,'2019-03-10',3,1,'mobile'),(98,1,'2019-03-11',13,1,'desktop'),(99,3,'2019-03-11',2,1,'desktop'),(100,1,'2019-03-12',10,2,'desktop'),(101,1,'2019-03-12',6,1,'tablet'),(102,1,'2019-03-13',2,1,'desktop'),(103,1,'2019-03-14',8,2,'desktop'),(104,1,'2019-03-15',9,1,'desktop'),(105,1,'2019-03-15',6,1,'tablet'),(106,3,'2019-03-15',3,1,'tablet'),(107,1,'2019-03-18',8,1,'desktop'),(108,1,'2019-03-20',2,1,'desktop'),(109,1,'2019-03-21',4,1,'desktop'),(110,1,'2019-03-21',3,1,'mobile'),(111,3,'2019-03-21',2,1,'mobile'),(112,1,'2019-03-22',1,1,'desktop'),(113,1,'2019-03-22',7,1,'tablet'),(114,3,'2019-03-22',2,1,'tablet'),(115,1,'2019-03-23',1,1,'desktop'),(116,1,'2019-03-25',1,1,'desktop'),(117,1,'2019-03-26',2,1,'tablet'),(118,1,'2019-03-26',12,2,'desktop'),(119,1,'2019-03-27',52,3,'desktop'),(120,1,'2019-03-28',8,3,'desktop'),(121,3,'2019-03-28',6,1,'desktop'),(122,1,'2019-03-29',1,1,'mobile'),(123,1,'2019-03-29',5,2,'desktop'),(124,1,'2019-04-01',6,1,'desktop'),(125,1,'2019-04-02',1,1,'desktop'),(126,1,'2019-04-03',3,1,'desktop'),(127,1,'2019-04-04',81,3,'desktop'),(128,1,'2019-04-05',32,5,'desktop'),(129,1,'2019-04-08',14,2,'desktop'),(130,1,'2019-04-10',66,4,'desktop'),(131,3,'2019-04-10',2,1,'desktop'),(132,1,'2019-04-11',30,3,'desktop'),(133,1,'2019-04-12',28,3,'desktop'),(134,1,'2019-04-13',22,1,'desktop'),(135,1,'2019-04-14',32,2,'desktop'),(136,1,'2019-04-14',1,1,'tablet'),(137,1,'2019-04-15',14,2,'desktop'),(138,1,'2019-04-16',4,1,'desktop'),(139,1,'2019-04-17',5,1,'desktop'),(140,1,'2019-04-18',11,3,'desktop'),(141,1,'2019-04-20',3,2,'desktop'),(142,1,'2019-04-23',1,1,'desktop'),(143,1,'2019-04-24',6,1,'desktop'),(144,1,'2019-04-26',2,1,'desktop'),(145,1,'2019-04-27',1,1,'desktop'),(146,1,'2019-04-29',3,2,'desktop'),(147,1,'2019-05-02',3,1,'desktop'),(148,3,'2019-05-02',2,1,'desktop'),(149,3,'2019-05-03',1,1,'desktop'),(150,1,'2019-05-03',13,3,'desktop'),(151,1,'2019-05-04',1,1,'desktop'),(152,1,'2019-05-06',3,1,'desktop'),(153,1,'2019-05-07',1,1,'desktop'),(154,1,'2019-05-07',1,1,'mobile'),(155,1,'2019-05-08',1,1,'desktop'),(156,1,'2019-05-09',3,1,'desktop'),(157,1,'2019-05-10',1,1,'desktop'),(158,1,'2019-05-12',9,1,'mobile'),(159,1,'2019-05-12',1,1,'desktop'),(160,1,'2019-05-13',6,1,'desktop'),(161,1,'2019-05-14',1,1,'desktop'),(162,1,'2019-05-15',2,1,'desktop'),(163,1,'2019-05-18',1,1,'desktop'),(164,1,'2019-05-20',1,1,'desktop'),(165,1,'2019-05-21',1,1,'desktop'),(166,1,'2019-05-22',35,3,'desktop'),(167,1,'2019-05-24',10,3,'desktop'),(168,1,'2019-05-28',2,1,'desktop'),(169,1,'2019-05-29',1,1,'tablet'),(170,1,'2019-06-01',24,1,'desktop'),(171,3,'2019-06-01',9,1,'desktop'),(172,1,'2019-06-03',27,1,'desktop'),(173,1,'2019-06-04',23,1,'desktop'),(174,1,'2019-06-05',6,1,'desktop'),(175,3,'2019-06-05',2,1,'desktop'),(176,1,'2019-06-06',18,1,'desktop'),(177,1,'2019-06-08',17,1,'desktop'),(178,1,'2019-06-10',1,1,'desktop'),(179,1,'2019-06-11',8,1,'desktop'),(180,1,'2019-06-14',7,1,'desktop'),(181,1,'2019-06-17',25,1,'desktop'),(182,3,'2019-06-17',11,1,'desktop'),(183,1,'2019-06-18',2,1,'desktop'),(184,1,'2019-06-19',127,1,'desktop'),(185,3,'2019-06-19',82,1,'desktop'),(186,1,'2019-06-19',3,1,'mobile'),(187,1,'2019-06-20',64,1,'desktop'),(188,1,'2019-06-21',66,1,'desktop'),(189,1,'2019-06-21',56,2,'mobile'),(190,1,'2019-06-21',49,1,'tablet'),(191,3,'2019-06-21',3,1,'tablet'),(192,1,'2019-06-22',57,1,'desktop'),(193,1,'2019-06-23',17,1,'desktop'),(194,1,'2019-06-23',13,1,'tablet'),(195,1,'2019-06-24',51,1,'desktop'),(196,1,'2019-06-24',4,1,'mobile'),(197,3,'2019-06-24',4,1,'desktop'),(198,1,'2019-06-25',21,1,'desktop'),(199,3,'2019-06-25',5,1,'desktop'),(200,1,'2019-06-27',10,1,'desktop'),(201,1,'2019-07-03',2,1,'desktop'),(202,1,'2019-07-04',2,1,'desktop'),(203,1,'2019-07-08',1,1,'desktop'),(204,1,'2019-07-12',22,1,'desktop'),(205,1,'2019-07-12',2,1,'mobile'),(206,1,'2019-07-15',6,1,'desktop'),(207,3,'2019-07-15',9,1,'desktop'),(208,1,'2019-07-16',8,1,'desktop'),(209,3,'2019-07-16',7,1,'desktop'),(210,3,'2019-07-17',26,1,'desktop'),(211,1,'2019-07-17',9,1,'desktop'),(212,3,'2019-07-18',1,1,'desktop'),(213,1,'2019-07-18',2,1,'desktop'),(214,1,'2019-07-19',1,1,'desktop'),(215,1,'2019-07-22',1,1,'desktop'),(216,1,'2019-07-23',24,1,'desktop'),(217,3,'2019-07-23',15,1,'desktop'),(218,1,'2019-07-23',5,1,'mobile'),(219,3,'2019-07-23',5,1,'mobile'),(220,1,'2019-07-24',18,1,'desktop'),(221,1,'2019-07-25',37,1,'desktop'),(222,1,'2019-07-25',3,1,'mobile'),(223,3,'2019-07-25',28,1,'desktop'),(224,3,'2019-07-25',28,1,'desktop'),(225,3,'2019-07-26',1,1,'desktop'),(226,3,'2019-07-30',5,1,'desktop'),(227,3,'2019-07-31',5,1,'desktop'),(228,1,'2019-07-31',7,1,'desktop'),(229,1,'2019-08-01',1,1,'desktop'),(230,1,'2019-08-05',7,1,'desktop'),(231,1,'2019-08-06',12,3,'desktop'),(232,3,'2019-08-06',3,1,'desktop'),(233,1,'2019-08-07',14,1,'desktop'),(234,3,'2019-08-07',1,1,'mobile'),(235,3,'2019-08-07',4,1,'desktop'),(236,1,'2019-08-08',3,2,'desktop'),(237,1,'2019-08-12',24,1,'desktop'),(238,3,'2019-08-12',35,1,'desktop'),(239,3,'2019-08-13',4,1,'desktop'),(240,1,'2019-08-13',6,1,'desktop'),(241,1,'2019-08-19',11,2,'desktop'),(242,3,'2019-08-19',39,1,'desktop'),(243,3,'2019-08-20',13,1,'desktop'),(244,3,'2019-08-21',9,1,'desktop'),(245,1,'2019-08-21',8,1,'desktop'),(246,3,'2019-08-22',7,1,'desktop'),(247,1,'2019-08-22',4,1,'desktop'),(248,1,'2019-08-23',30,2,'desktop'),(249,3,'2019-08-23',15,1,'desktop'),(250,1,'2019-08-26',1,1,'desktop'),(251,1,'2019-08-27',2,1,'desktop'),(252,1,'2019-08-29',51,1,'desktop'),(253,3,'2019-08-29',63,1,'desktop'),(254,3,'2019-08-29',4,1,'tablet'),(255,1,'2019-08-30',1,1,'mobile'),(256,1,'2019-08-30',10,1,'desktop'),(257,3,'2019-08-30',6,1,'desktop'),(258,1,'2019-09-02',29,2,'desktop'),(259,3,'2019-09-02',2,1,'desktop'),(260,3,'2019-09-03',19,1,'desktop'),(261,1,'2019-09-03',5,1,'desktop'),(262,3,'2019-09-04',47,1,'desktop'),(263,1,'2019-09-04',29,5,'desktop'),(264,1,'2019-09-04',15,4,'mobile'),(265,3,'2019-09-04',2,1,'mobile'),(266,1,'2019-09-05',49,6,'desktop'),(267,3,'2019-09-05',9,2,'desktop'),(268,1,'2019-09-05',1,1,'mobile'),(269,1,'2019-09-05',1,1,'tablet'),(270,1,'2019-09-06',13,6,'desktop'),(271,3,'2019-09-06',4,1,'desktop'),(272,3,'2019-09-06',3,1,'mobile'),(273,1,'2019-09-06',1,1,'mobile'),(274,1,'2019-09-07',2,2,'desktop'),(275,1,'2019-09-07',1,1,'mobile'),(276,1,'2019-09-08',8,2,'mobile'),(277,1,'2019-09-08',15,3,'desktop'),(278,3,'2019-09-08',36,1,'desktop'),(279,3,'2019-09-08',160,1,'tablet'),(280,1,'2019-09-08',143,1,'tablet'),(281,3,'2019-09-09',142,2,'tablet'),(282,1,'2019-09-09',150,9,'tablet'),(283,1,'2019-09-09',19,11,'desktop'),(284,3,'2019-09-09',11,1,'desktop'),(285,3,'2019-09-09',3,1,'mobile'),(286,1,'2019-09-10',7,4,'desktop'),(287,3,'2019-09-10',15,1,'desktop'),(288,1,'2019-09-10',1,1,'mobile'),(289,1,'2019-09-10',16,13,'tablet'),(290,1,'2019-09-11',51,9,'desktop'),(291,3,'2019-09-11',19,1,'desktop'),(292,1,'2019-09-12',60,7,'desktop'),(293,1,'2019-09-12',16,2,'tablet'),(294,3,'2019-09-12',8,1,'desktop'),(295,3,'2019-09-12',217,1,'tablet'),(296,1,'2019-09-12',5,1,'mobile'),(297,3,'2019-09-13',142,1,'tablet'),(298,1,'2019-09-13',143,2,'tablet'),(299,1,'2019-09-13',6,3,'mobile'),(300,1,'2019-09-13',14,14,'desktop'),(301,3,'2019-09-13',5,1,'desktop'),(302,3,'2019-09-14',95,2,'tablet'),(303,1,'2019-09-14',2,2,'desktop'),(304,1,'2019-09-14',71,1,'tablet'),(305,1,'2019-09-14',1,1,'mobile'),(306,1,'2019-09-15',3,3,'desktop'),(307,1,'2019-09-15',1,1,'mobile'),(308,1,'2019-09-15',71,1,'tablet'),(309,3,'2019-09-15',72,1,'tablet'),(310,1,'2019-09-16',17,16,'tablet'),(311,1,'2019-09-16',9,8,'desktop'),(312,3,'2019-09-16',12,2,'desktop'),(313,1,'2019-09-17',4,4,'tablet'),(314,1,'2019-09-17',27,14,'desktop'),(315,3,'2019-09-17',2,1,'desktop'),(316,1,'2019-09-18',1,1,'mobile'),(317,1,'2019-09-18',17,4,'desktop'),(318,3,'2019-09-18',1,1,'desktop'),(319,1,'2019-09-18',3,3,'tablet'),(320,1,'2019-09-19',13,2,'mobile'),(321,3,'2019-09-19',26,1,'mobile'),(322,1,'2019-09-19',7,6,'desktop'),(323,1,'2019-09-19',4,2,'tablet'),(324,1,'2019-09-20',12,4,'desktop'),(325,1,'2019-09-20',5,2,'mobile'),(326,3,'2019-09-20',13,1,'desktop'),(327,1,'2019-09-20',8,7,'tablet'),(328,1,'2019-09-21',8,2,'mobile'),(329,1,'2019-09-21',8,7,'desktop'),(330,3,'2019-09-21',71,1,'tablet'),(331,1,'2019-09-21',73,3,'tablet'),(332,1,'2019-09-22',5,5,'desktop'),(333,1,'2019-09-22',1,1,'tablet'),(334,1,'2019-09-23',12,8,'desktop'),(335,3,'2019-09-23',7,1,'desktop'),(336,1,'2019-09-23',7,6,'tablet'),(337,1,'2019-09-24',6,4,'tablet'),(338,1,'2019-09-24',32,2,'desktop'),(339,3,'2019-09-24',5,2,'desktop'),(340,1,'2019-09-24',2,2,'mobile'),(341,3,'2019-09-24',5,3,'mobile'),(342,1,'2019-09-25',15,11,'desktop'),(343,1,'2019-09-25',2,1,'tablet'),(344,3,'2019-09-25',17,1,'desktop'),(345,1,'2019-09-25',12,2,'mobile'),(346,1,'2019-09-26',33,8,'desktop'),(347,3,'2019-09-26',11,2,'desktop'),(348,1,'2019-09-26',1,1,'mobile'),(349,1,'2019-09-27',18,9,'desktop'),(350,1,'2019-09-27',10,9,'tablet'),(351,1,'2019-09-27',1,1,'mobile'),(352,1,'2019-09-28',4,2,'desktop'),(353,3,'2019-09-28',2,1,'desktop'),(354,1,'2019-09-28',71,1,'tablet'),(355,3,'2019-09-28',71,1,'tablet'),(356,1,'2019-09-28',1,1,'mobile'),(357,1,'2019-09-29',1,1,'desktop'),(358,1,'2019-09-29',2,1,'mobile'),(359,1,'2019-09-29',1,1,'tablet'),(360,1,'2019-09-30',28,7,'desktop'),(361,1,'2019-09-30',2,1,'tablet'),(362,3,'2019-09-30',24,1,'tablet'),(363,1,'2019-10-01',14,12,'tablet'),(364,1,'2019-10-01',4,2,'mobile'),(365,1,'2019-10-01',34,8,'desktop'),(366,3,'2019-10-01',6,1,'desktop'),(367,1,'2019-10-02',8,5,'desktop'),(368,1,'2019-10-02',17,15,'tablet'),(369,3,'2019-10-02',2,1,'desktop'),(370,1,'2019-10-03',3,3,'desktop'),(371,3,'2019-10-03',2,1,'desktop'),(372,1,'2019-10-03',3,3,'tablet'),(373,1,'2019-10-03',2,1,'mobile'),(374,1,'2019-10-04',14,4,'desktop'),(375,1,'2019-10-04',1,1,'mobile'),(376,1,'2019-10-04',2,2,'tablet'),(377,1,'2019-10-05',7,2,'desktop'),(378,1,'2019-10-05',71,1,'tablet'),(379,3,'2019-10-05',71,1,'tablet'),(380,1,'2019-10-06',2,2,'desktop'),(381,1,'2019-10-06',3,1,'mobile'),(382,1,'2019-10-06',8,7,'tablet'),(383,1,'2019-10-07',5,5,'desktop'),(384,3,'2019-10-07',4,1,'desktop'),(385,3,'2019-10-08',1,1,'desktop'),(386,1,'2019-10-08',39,6,'desktop'),(387,1,'2019-10-08',5,3,'mobile'),(388,1,'2019-10-08',1,1,'tablet'),(389,3,'2019-10-08',17,3,'mobile'),(390,1,'2019-10-09',4,1,'mobile'),(391,1,'2019-10-09',16,10,'desktop'),(392,3,'2019-10-09',3,1,'desktop'),(393,1,'2019-10-10',13,4,'desktop'),(394,3,'2019-10-10',3,1,'desktop'),(395,1,'2019-10-11',27,10,'desktop'),(396,1,'2019-10-11',10,8,'tablet'),(397,3,'2019-10-11',3,1,'desktop'),(398,1,'2019-10-12',2,2,'desktop'),(399,1,'2019-10-12',66,2,'tablet'),(400,3,'2019-10-12',66,1,'tablet'),(401,1,'2019-10-13',1,1,'desktop'),(402,1,'2019-10-14',6,3,'desktop'),(403,3,'2019-10-14',4,1,'desktop'),(404,1,'2019-10-14',5,5,'tablet'),(405,1,'2019-10-15',6,2,'mobile'),(406,3,'2019-10-15',4,1,'mobile'),(407,3,'2019-10-15',5,1,'desktop'),(408,1,'2019-10-15',7,6,'desktop'),(409,1,'2019-10-16',16,13,'tablet'),(410,1,'2019-10-16',8,6,'desktop'),(411,3,'2019-10-16',4,1,'desktop'),(412,1,'2019-10-17',2,1,'tablet'),(413,1,'2019-10-17',21,7,'desktop'),(414,3,'2019-10-17',3,1,'desktop'),(415,1,'2019-10-17',13,3,'mobile'),(416,1,'2019-10-18',41,9,'desktop'),(417,3,'2019-10-18',25,1,'desktop'),(418,1,'2019-10-18',1,1,'tablet'),(419,1,'2019-10-18',9,3,'mobile'),(420,1,'2019-10-19',78,13,'tablet'),(421,1,'2019-10-19',4,4,'desktop'),(422,3,'2019-10-19',65,1,'tablet'),(423,3,'2019-10-19',3,1,'desktop'),(424,1,'2019-10-20',2,2,'desktop'),(425,3,'2019-10-20',3,1,'desktop'),(426,1,'2019-10-21',3,2,'mobile'),(427,1,'2019-10-21',29,8,'desktop'),(428,3,'2019-10-21',18,2,'desktop'),(429,3,'2019-10-21',2,1,'mobile'),(430,1,'2019-10-22',12,5,'desktop'),(431,3,'2019-10-22',13,2,'desktop'),(432,1,'2019-10-23',20,11,'desktop'),(433,3,'2019-10-23',11,2,'desktop'),(434,3,'2019-10-23',2,1,'tablet'),(435,1,'2019-10-23',2,2,'tablet'),(436,1,'2019-10-23',1,1,'mobile'),(437,1,'2019-10-24',22,14,'tablet'),(438,1,'2019-10-24',7,5,'desktop'),(439,3,'2019-10-24',4,1,'desktop'),(440,1,'2019-10-24',6,4,'mobile'),(441,3,'2019-10-24',2,1,'mobile'),(442,3,'2019-10-24',34,1,'tablet'),(443,1,'2019-10-25',7,1,'tablet'),(444,3,'2019-10-25',18,1,'tablet'),(445,1,'2019-10-25',6,3,'desktop'),(446,3,'2019-10-25',4,1,'desktop'),(447,1,'2019-10-25',1,1,'mobile'),(448,1,'2019-10-26',80,5,'tablet'),(449,3,'2019-10-26',91,2,'tablet'),(450,1,'2019-10-26',6,2,'mobile'),(451,1,'2019-10-27',8,2,'tablet'),(452,3,'2019-10-27',17,1,'tablet'),(453,1,'2019-10-27',13,7,'desktop'),(454,1,'2019-10-27',1,1,'mobile'),(455,1,'2019-10-28',7,1,'tablet'),(456,3,'2019-10-28',20,1,'tablet'),(457,1,'2019-10-28',6,2,'mobile'),(458,3,'2019-10-28',6,3,'mobile'),(459,1,'2019-10-28',43,19,'desktop'),(460,3,'2019-10-28',14,1,'desktop'),(461,1,'2019-10-29',14,8,'tablet'),(462,3,'2019-10-29',28,1,'tablet'),(463,1,'2019-10-29',4,4,'desktop'),(464,3,'2019-10-29',21,3,'desktop'),(465,1,'2019-10-29',1,1,'mobile'),(466,1,'2019-10-30',1,1,'mobile'),(467,1,'2019-10-30',11,3,'desktop'),(468,3,'2019-10-30',13,2,'desktop'),(469,3,'2019-10-30',2,1,'mobile'),(470,1,'2019-10-31',13,10,'tablet'),(471,1,'2019-10-31',10,5,'desktop'),(472,1,'2019-10-31',1,1,'mobile'),(473,3,'2019-10-31',7,1,'desktop'),(474,1,'2019-11-01',6,6,'desktop'),(475,3,'2019-11-01',2,1,'desktop'),(476,1,'2019-11-01',3,1,'mobile'),(477,1,'2019-11-02',5,4,'desktop'),(478,3,'2019-11-02',65,1,'tablet'),(479,1,'2019-11-02',66,1,'tablet'),(480,1,'2019-11-03',7,2,'mobile'),(481,1,'2019-11-03',3,3,'desktop'),(482,3,'2019-11-04',1,1,'desktop'),(483,1,'2019-11-04',10,6,'desktop'),(484,1,'2019-11-04',2,1,'mobile'),(485,1,'2019-11-05',8,3,'desktop'),(486,1,'2019-11-05',2,1,'mobile'),(487,1,'2019-11-06',12,6,'desktop'),(488,3,'2019-11-06',6,1,'desktop'),(489,1,'2019-11-06',1,1,'mobile'),(490,1,'2019-11-07',21,6,'desktop'),(491,3,'2019-11-07',33,1,'desktop'),(492,1,'2019-11-07',1,1,'mobile'),(493,1,'2019-11-08',7,2,'desktop'),(494,1,'2019-11-08',11,8,'tablet'),(495,1,'2019-11-08',4,1,'mobile'),(496,1,'2019-11-09',4,3,'mobile'),(497,1,'2019-11-09',2,2,'desktop'),(498,3,'2019-11-09',65,1,'tablet'),(499,1,'2019-11-09',65,1,'tablet'),(500,1,'2019-11-10',5,2,'mobile'),(501,1,'2019-11-11',1,1,'mobile'),(502,1,'2019-11-11',16,7,'desktop'),(503,1,'2019-11-12',15,4,'desktop'),(504,1,'2019-11-12',5,3,'mobile'),(505,1,'2019-11-12',5,5,'tablet'),(506,3,'2019-11-12',2,1,'mobile'),(507,1,'2019-11-13',16,10,'desktop'),(508,1,'2019-11-13',3,2,'mobile'),(509,3,'2019-11-13',10,1,'desktop'),(510,1,'2019-11-13',2,1,'tablet'),(511,3,'2019-11-13',24,1,'tablet'),(512,1,'2019-11-14',44,8,'desktop'),(513,3,'2019-11-14',8,2,'desktop'),(514,1,'2019-11-14',21,4,'mobile'),(515,3,'2019-11-14',9,1,'mobile'),(516,1,'2019-11-15',18,8,'desktop'),(517,1,'2019-11-15',4,2,'mobile'),(518,1,'2019-11-15',2,2,'tablet'),(519,1,'2019-11-16',6,3,'desktop'),(520,3,'2019-11-16',65,1,'tablet'),(521,1,'2019-11-16',65,1,'tablet'),(522,1,'2019-11-17',6,4,'desktop'),(523,1,'2019-11-17',4,4,'mobile'),(524,3,'2019-11-17',4,1,'mobile'),(525,1,'2019-11-18',19,7,'desktop'),(526,3,'2019-11-18',13,1,'desktop'),(527,1,'2019-11-18',2,1,'mobile'),(528,1,'2019-11-19',9,7,'mobile'),(529,3,'2019-11-19',2,1,'mobile'),(530,1,'2019-11-19',8,5,'desktop'),(531,1,'2019-11-20',10,9,'tablet'),(532,1,'2019-11-20',1,1,'mobile'),(533,1,'2019-11-20',19,7,'desktop'),(534,3,'2019-11-20',2,1,'tablet'),(535,1,'2019-11-21',8,7,'desktop'),(536,1,'2019-11-21',2,2,'mobile'),(537,1,'2019-11-22',6,1,'mobile'),(538,1,'2019-11-22',9,4,'desktop'),(539,1,'2019-11-22',12,10,'tablet'),(540,3,'2019-11-23',65,1,'tablet'),(541,1,'2019-11-23',66,1,'tablet'),(542,1,'2019-11-24',1,1,'mobile'),(543,1,'2019-11-24',2,1,'tablet'),(544,1,'2019-11-24',1,1,'desktop'),(545,3,'2019-11-24',2,1,'desktop'),(546,3,'2019-11-25',16,1,'desktop'),(547,1,'2019-11-25',1,1,'mobile'),(548,1,'2019-11-25',29,6,'desktop'),(549,1,'2019-11-25',6,2,'tablet'),(550,1,'2019-11-26',26,8,'desktop'),(551,1,'2019-11-26',10,8,'tablet'),(552,1,'2019-11-27',24,7,'desktop'),(553,1,'2019-11-27',4,2,'mobile'),(554,1,'2019-11-28',10,6,'desktop'),(555,3,'2019-11-28',7,1,'desktop'),(556,1,'2019-11-28',1,1,'mobile'),(557,1,'2019-11-29',4,3,'desktop'),(558,3,'2019-11-29',2,1,'desktop'),(559,1,'2019-11-29',3,3,'mobile'),(560,1,'2019-11-29',5,5,'tablet'),(561,3,'2019-11-30',65,1,'tablet'),(562,1,'2019-11-30',68,4,'tablet'),(563,1,'2019-12-01',3,3,'desktop'),(564,1,'2019-12-01',3,2,'mobile'),(565,1,'2019-12-02',4,4,'mobile'),(566,1,'2019-12-02',15,6,'desktop'),(567,3,'2019-12-02',6,1,'desktop'),(568,1,'2019-12-03',1,1,'mobile'),(569,1,'2019-12-03',18,6,'desktop'),(570,1,'2019-12-04',5,5,'tablet'),(571,1,'2019-12-04',4,4,'desktop'),(572,3,'2019-12-04',3,1,'desktop'),(573,1,'2019-12-05',8,4,'mobile'),(574,1,'2019-12-05',3,2,'desktop'),(575,1,'2019-12-05',8,1,'tablet'),(576,1,'2019-12-06',6,5,'desktop'),(577,3,'2019-12-06',22,1,'desktop'),(578,1,'2019-12-07',4,4,'desktop'),(579,3,'2019-12-07',65,1,'tablet'),(580,1,'2019-12-07',75,10,'tablet'),(581,1,'2019-12-08',1,1,'mobile'),(582,1,'2019-12-08',2,2,'tablet'),(583,1,'2019-12-09',9,6,'desktop'),(584,1,'2019-12-10',4,3,'mobile'),(585,3,'2019-12-10',23,1,'mobile'),(586,1,'2019-12-10',11,4,'desktop'),(587,3,'2019-12-10',18,1,'desktop'),(588,1,'2019-12-11',21,6,'desktop'),(589,1,'2019-12-11',7,5,'mobile'),(590,1,'2019-12-12',6,5,'desktop'),(591,3,'2019-12-12',11,1,'desktop'),(592,1,'2019-12-12',2,1,'tablet'),(593,1,'2019-12-13',3,3,'desktop'),(594,1,'2019-12-13',2,2,'mobile'),(595,1,'2019-12-14',10,3,'desktop'),(596,1,'2019-12-14',68,3,'tablet'),(597,3,'2019-12-14',65,1,'tablet'),(598,1,'2019-12-15',6,2,'mobile'),(599,1,'2019-12-15',1,1,'desktop'),(600,1,'2019-12-15',3,2,'tablet'),(601,1,'2019-12-16',12,4,'desktop'),(602,1,'2019-12-17',4,4,'desktop'),(603,1,'2019-12-17',2,2,'mobile'),(604,3,'2019-12-17',7,1,'mobile'),(605,1,'2019-12-18',3,2,'mobile'),(606,1,'2019-12-18',40,17,'tablet'),(607,1,'2019-12-18',13,6,'desktop'),(608,3,'2019-12-18',13,1,'desktop'),(609,1,'2019-12-19',12,3,'mobile'),(610,1,'2019-12-19',1,1,'desktop'),(611,1,'2019-12-19',1,1,'tablet'),(612,1,'2019-12-20',8,2,'desktop'),(613,3,'2019-12-20',1,1,'desktop'),(614,1,'2019-12-20',1,1,'mobile'),(615,1,'2019-12-21',1,1,'desktop'),(616,1,'2019-12-21',65,1,'tablet'),(617,3,'2019-12-21',65,1,'tablet'),(618,1,'2019-12-22',2,2,'desktop'),(619,1,'2019-12-22',1,1,'mobile'),(620,1,'2019-12-23',12,3,'mobile'),(621,3,'2019-12-23',5,1,'mobile'),(622,3,'2019-12-23',3,1,'desktop'),(623,1,'2019-12-23',1,1,'desktop'),(624,1,'2019-12-25',1,1,'mobile'),(625,1,'2019-12-25',6,3,'desktop'),(626,3,'2019-12-25',3,1,'desktop'),(627,1,'2019-12-26',2,2,'desktop'),(628,1,'2019-12-26',1,1,'mobile'),(629,1,'2019-12-27',7,6,'tablet'),(630,1,'2019-12-27',2,2,'desktop'),(631,1,'2019-12-28',2,2,'desktop'),(632,3,'2019-12-28',5,1,'desktop'),(633,1,'2019-12-28',66,2,'tablet'),(634,3,'2019-12-28',65,1,'tablet'),(635,1,'2019-12-28',2,2,'mobile'),(636,1,'2019-12-29',3,2,'desktop'),(637,1,'2019-12-30',3,3,'mobile'),(638,1,'2019-12-30',7,2,'desktop'),(639,3,'2019-12-30',5,2,'desktop'),(640,1,'2019-12-31',1,1,'tablet'),(641,1,'2019-12-31',2,2,'desktop'),(642,1,'2020-01-01',3,2,'tablet'),(643,1,'2020-01-01',2,2,'desktop'),(644,1,'2020-01-01',4,2,'mobile'),(645,1,'2020-01-02',4,4,'desktop'),(646,1,'2020-01-02',8,4,'mobile'),(647,3,'2020-01-02',4,1,'desktop'),(648,1,'2020-01-02',1,1,'tablet'),(649,1,'2020-01-03',10,4,'desktop'),(650,3,'2020-01-03',3,1,'desktop'),(651,1,'2020-01-04',2,2,'desktop'),(652,3,'2020-01-04',2,1,'desktop'),(653,1,'2020-01-04',65,1,'tablet'),(654,3,'2020-01-04',65,1,'tablet'),(655,1,'2020-01-05',4,4,'desktop'),(656,1,'2020-01-05',2,2,'mobile'),(657,3,'2020-01-05',2,1,'desktop'),(658,1,'2020-01-05',1,1,'tablet'),(659,1,'2020-01-06',30,2,'desktop'),(660,3,'2020-01-06',2,2,'desktop'),(661,1,'2020-01-06',1,1,'tablet'),(662,1,'2020-01-07',6,5,'desktop'),(663,3,'2020-01-07',9,1,'desktop'),(664,1,'2020-01-07',3,2,'tablet'),(665,3,'2020-01-07',3,1,'tablet'),(666,3,'2020-01-08',34,1,'desktop'),(667,1,'2020-01-08',47,10,'desktop'),(668,1,'2020-01-08',7,2,'mobile'),(669,1,'2020-01-08',4,2,'tablet'),(670,3,'2020-01-09',10,2,'desktop'),(671,1,'2020-01-09',8,7,'desktop'),(672,1,'2020-01-09',3,1,'tablet'),(673,1,'2020-01-09',3,1,'mobile'),(674,1,'2020-01-09',3,1,'mobile'),(675,1,'2020-01-10',2,1,'tablet'),(676,1,'2020-01-10',21,6,'desktop'),(677,3,'2020-01-10',30,1,'desktop'),(678,1,'2020-01-10',10,3,'mobile'),(679,1,'2020-01-11',16,8,'mobile'),(680,1,'2020-01-11',65,1,'tablet'),(681,3,'2020-01-11',65,1,'tablet'),(682,3,'2020-01-11',8,1,'mobile'),(683,1,'2020-01-11',7,1,'desktop'),(684,1,'2020-01-12',2,2,'desktop'),(685,3,'2020-01-13',1,1,'desktop'),(686,1,'2020-01-13',2,1,'desktop');

--
-- Table structure for table `s_user`
--

CREATE TABLE `s_user` (
  `id` int(11) NOT NULL AUTO_INCREMENT,
  `password` varchar(1024) COLLATE utf8_unicode_ci NOT NULL,
  `encoder` varchar(255) COLLATE utf8_unicode_ci NOT NULL DEFAULT 'md5',
  `email` varchar(70) COLLATE utf8_unicode_ci NOT NULL,
  `active` int(1) NOT NULL DEFAULT '0',
  `accountmode` int(11) NOT NULL,
  `confirmationkey` varchar(100) COLLATE utf8_unicode_ci NOT NULL,
  `paymentID` int(11) NOT NULL DEFAULT '0',
  `doubleOptinRegister` tinyint(1) DEFAULT '0',
  `doubleOptinEmailSentDate` datetime DEFAULT NULL,
  `doubleOptinConfirmDate` datetime DEFAULT NULL,
  `firstlogin` date NOT NULL DEFAULT '0000-00-00',
  `lastlogin` datetime NOT NULL DEFAULT '0000-00-00 00:00:00',
  `sessionID` varchar(128) COLLATE utf8_unicode_ci DEFAULT NULL,
  `newsletter` int(1) NOT NULL DEFAULT '0',
  `validation` varchar(255) COLLATE utf8_unicode_ci NOT NULL DEFAULT '0',
  `affiliate` int(10) NOT NULL DEFAULT '0',
  `customergroup` varchar(15) COLLATE utf8_unicode_ci NOT NULL,
  `paymentpreset` int(11) NOT NULL,
  `language` varchar(10) COLLATE utf8_unicode_ci NOT NULL,
  `subshopID` int(11) NOT NULL,
  `referer` varchar(255) COLLATE utf8_unicode_ci NOT NULL,
  `pricegroupID` int(11) unsigned DEFAULT NULL,
  `internalcomment` mediumtext COLLATE utf8_unicode_ci NOT NULL,
  `failedlogins` int(11) NOT NULL,
  `lockeduntil` datetime DEFAULT NULL,
  `default_billing_address_id` int(11) DEFAULT NULL,
  `default_shipping_address_id` int(11) DEFAULT NULL,
  `title` varchar(100) COLLATE utf8_unicode_ci DEFAULT NULL,
  `salutation` varchar(30) COLLATE utf8_unicode_ci DEFAULT NULL,
  `firstname` varchar(255) COLLATE utf8_unicode_ci DEFAULT NULL,
  `lastname` varchar(255) COLLATE utf8_unicode_ci DEFAULT NULL,
  `birthday` date DEFAULT NULL,
  `customernumber` varchar(30) COLLATE utf8_unicode_ci DEFAULT NULL,
  `login_token` varchar(250) COLLATE utf8_unicode_ci DEFAULT NULL,
  `changed` datetime DEFAULT NULL,
  PRIMARY KEY (`id`),
  KEY `email` (`email`),
  KEY `sessionID` (`sessionID`),
  KEY `firstlogin` (`firstlogin`),
  KEY `lastlogin` (`lastlogin`),
  KEY `pricegroupID` (`pricegroupID`),
  KEY `customergroup` (`customergroup`),
  KEY `validation` (`validation`),
  KEY `default_billing_address_id` (`default_billing_address_id`),
  KEY `default_shipping_address_id` (`default_shipping_address_id`)
) ENGINE=InnoDB AUTO_INCREMENT=23 DEFAULT CHARSET=utf8 COLLATE=utf8_unicode_ci;

--
-- Dumping data for table `s_user`
--

INSERT INTO `s_user` VALUES (1,'$2y$10$06JUw.zWDQFSP3vAkB59Vu5DcAtMKH1DqgzmKRSg40Re063CN1TEa','bcrypt','christopher.stahl@dupp.de',1,1,'',5,NULL,NULL,NULL,'2019-03-06','2019-03-06 13:04:07','5a2f74dfa990d975fd90fbeb01a18d73',0,'',0,'EK',0,'1',1,'',NULL,'',0,NULL,1,1,'','mr','Christopher','Stahl',NULL,'20003','d917eb9f-d257-4a7f-9a6a-bd7d5299a68a.1','2019-03-06 14:04:07'),(2,'$2y$10$xCnwzr3Xkp6/ow3/HKVRDugY/6XlssVRR55WInqa1YFxDy/OzKhVm','bcrypt','bortey@merx-gmbh.com',1,1,'',5,NULL,NULL,NULL,'2019-04-11','2019-04-11 04:57:55','b39d959717435489679cfa7d1ace68d9',0,'',0,'EK',0,'1',1,'',NULL,'',0,NULL,2,2,'','mr','Maurice','Bortey',NULL,'20004','49ebd781-7898-4a79-add4-92880325add0.1','2019-04-11 06:57:55'),(3,'$2y$10$W3g9RxxOUaDQjGDUIwUxEuuG6i0ziDWNGwelSBAnxKTqiTjAvd7MK','bcrypt','info@merx-gmbh.com',1,1,'',5,NULL,NULL,NULL,'2019-05-13','2019-05-13 11:26:11','a47b1fdcd3998015f2f3671193768dba',0,'',0,'EK',0,'1',1,'',NULL,'',0,NULL,3,3,'','mr','Maurice','Bortey',NULL,'20005','2084750b-e832-408b-b418-d9e78ff147bd.1','2019-05-13 13:26:11'),(4,'$2y$10$lylcUTTtQNMWcUAj2M.6KefQrZb.DpVB7l.qrjFkQs709r5pCq8Dq','bcrypt','blabla@blupp.de',1,1,'',5,NULL,NULL,NULL,'2019-05-13','2019-05-13 11:48:28','a47b1fdcd3998015f2f3671193768dba',0,'',0,'EK',0,'1',1,'',NULL,'',0,NULL,4,4,'','mr','Peter','Klöppel',NULL,'20006','806832c8-ea39-438f-96c2-bd1b10a48e03.1','2019-05-13 13:48:28'),(5,'$2y$10$4qpGqBjwpJO7w.g9Kn8CmeiOs69PzyHBBFGdxyq6VTtra0.hqrj9O','bcrypt','info@merx-gmbh.com',1,1,'',5,NULL,NULL,NULL,'2019-06-03','2019-06-03 11:56:13','08cfb939fb50f4e5e5bc53d6b4c5c5e2',0,'',0,'EK',0,'1',1,'',NULL,'',0,NULL,5,5,'','mr','Maurice','Bortey',NULL,'20007','dad1c59b-b030-44d4-bb76-177ea2f9f893.1','2019-06-03 13:56:13'),(6,'$2y$10$lCZzn8x79sxTF2nu3Ciaje311U7YKWMq30IupL8IE9ftGK7Khd4K2','bcrypt','info@merx-gmbh.com',1,1,'',5,NULL,NULL,NULL,'2019-06-04','2019-06-04 07:01:30','08cfb939fb50f4e5e5bc53d6b4c5c5e2',0,'',0,'EK',0,'1',1,'',NULL,'',0,NULL,6,6,'','mr','Maurice','Bortey',NULL,'20008','60d601cd-e33d-47f1-bcfe-2b60667911bf.1','2019-06-04 09:01:30'),(7,'$2y$10$8c8N0cWrDU8noiGWLKa/f.rtqButcTbt33WGPqp0J2yyFCZvxLr.W','bcrypt','bortey@merx-gmbh.com',1,1,'',5,NULL,NULL,NULL,'2019-06-08','2019-06-08 09:07:31','c1530652952c4dd0126930bc710c0e4e',0,'',0,'EK',0,'1',1,'',NULL,'',0,NULL,7,7,'','mr','Maurice','Bortey',NULL,'20009','4e8ede4d-d6c4-4102-b110-133afabe9473.1','2019-06-08 11:07:31'),(8,'$2y$10$FH.aS.qwEXFQ3a2xC6YgF..LgW3NHyp22ZQmH.vpcU4TzbFvSZ3.q','bcrypt','decher@merx-gmbh.com',1,1,'',5,NULL,NULL,NULL,'2019-06-08','2019-06-08 09:09:34','c1530652952c4dd0126930bc710c0e4e',0,'',0,'EK',0,'1',1,'',NULL,'',0,NULL,8,8,'','mr','Oliver','Decher',NULL,'20010','4d935fab-05ab-4eaf-9830-07218f5e816b.1','2019-06-08 11:09:33'),(9,'$2y$10$OV8LOeoXPaYiy5Fim6nfNeWh2bjxLnVBr40WTv5EFzHaMu9szZ0KK','bcrypt','davani@dem.com',1,1,'',5,NULL,NULL,NULL,'2019-06-08','2019-06-08 09:15:07','c1530652952c4dd0126930bc710c0e4e',0,'',0,'EK',0,'1',1,'',NULL,'',0,NULL,9,9,'','mr','Keyvan','Davani',NULL,'20011','54bbc9c8-1605-408b-b70e-d7cc65187d97.1','2019-06-08 11:15:06'),(10,'$2y$10$igx0EN1G8uqcuFmfqy4LHuslIM.r1j6eLmJ1H5fmpGXrQPPXs6EaW','bcrypt','bortey@merx-gmbh.com',1,0,'',5,1,'2019-06-19 19:41:51','2019-06-19 19:42:20','2019-06-19','2019-07-12 07:19:05','199c29a9ce79ba85599a750b50365afb',0,'',0,'EK',0,'1',1,'',NULL,'',0,NULL,10,11,NULL,'mr','Maurice','Bortey',NULL,'20012','6db7969f-9f64-4494-8842-fbbb214ae93f.1','2019-06-19 19:42:20'),(16,'$2y$10$.cnVOHFRd367LEEn/DL1BuuQBONTUGlWXUJT7lOaQ5BTBpmuunSQK','bcrypt','decher@merx-gmbh.com',1,1,'',5,NULL,NULL,NULL,'2019-09-03','2019-09-03 09:28:22','752f336369ff805c5158178d67e5b59d',0,'',0,'EK',0,'1',1,'',NULL,'',0,NULL,12,12,'','mr','Oliver','Decher',NULL,'20013','e5e3d9b6-8b53-4be1-965b-400c772c2767.1','2019-09-03 11:28:22'),(17,'$2y$10$jPfZT0jC9bNjOJC1O8GdEensn0EqFHFIOM90wAtBhEZ8yaiVf64va','bcrypt','decher@merx-gmbh.com',1,1,'',5,NULL,NULL,NULL,'2019-09-04','2019-09-04 08:31:08','2cfc0970315d842a0e86e647a156e572',0,'',0,'EK',0,'1',1,'',NULL,'',0,NULL,13,13,'','mr','Oliver','Decher',NULL,'20014','72b09bdf-de2d-4061-a9d8-4b260691a4ea.1','2019-09-04 10:31:08'),(18,'$2y$10$nquNt0Miri3eT/gqe2UXoOeOBEtaSwkcdJtr9E.4f7wggDtOIgiRO','bcrypt','lukaperpar@yahoo.com',1,1,'',5,NULL,NULL,NULL,'2019-09-04','2019-09-04 17:18:22','3b81536146a2000c2e08a078957aee06',0,'',0,'EK',0,'1',1,'',NULL,'',0,NULL,14,14,'','mr','Luka','Perpar Samsa',NULL,'20015','45dcbe12-f0ff-4ff5-808f-45e588851602.1','2019-09-04 19:18:22'),(19,'$2y$10$To.XRdzDHdVeHfhfKxByxe4bfux16Z5VwuCMvHQltguTY2jF3HtPa','bcrypt','mark@drinksoma.co.za',1,1,'',5,NULL,NULL,NULL,'2019-11-18','2019-11-18 10:35:27','98a3807b4b4e5a0eac3e2c030c907b17',0,'',0,'EK',0,'1',1,'',NULL,'',0,NULL,15,15,'','mr','Mark','Naude',NULL,'20016','a3722568-f01f-4f18-b53f-27880b0333d1.1','2019-11-18 11:35:27'),(20,'$2y$10$634Kb.haFZdcOmTqH6iLw.X/hy6QAMdBOmQXrDmAH4abikMOJldwq','bcrypt','maxim.kuzlyakin@mols.kz',1,1,'',5,NULL,NULL,NULL,'2019-12-06','2019-12-06 10:53:48','ea3898e4764a001689a792ad2605dcb1',0,'',0,'EK',0,'1',1,'',NULL,'',0,NULL,16,16,'','mr','Maxim','Kuzlyakin',NULL,'20017','2839cad3-615e-4514-9ff7-8b8995389a05.1','2019-12-06 11:53:48'),(21,'$2y$10$vUnWmqjxEbR3Z1H0QXWX6OgtPZ/esSKBaPJfAZNBlri2Rj7i60yPC','bcrypt','maxim.kuzlyakin@mols.kz',1,1,'',5,NULL,NULL,NULL,'2019-12-06','2019-12-06 10:58:01','ea3898e4764a001689a792ad2605dcb1',0,'',0,'EK',0,'1',1,'',NULL,'',0,NULL,17,17,'','mr','Maxim','Kuzlyakin',NULL,'20018','7b79ec32-0f10-42b0-90cb-ccb5122f8006.1','2019-12-06 11:58:01'),(22,'$2y$10$hIaTSs6TgPywqf2qYy/XF.vMC.LYtewDl5siJv9SHvCQXKncw3Q3u','bcrypt','maxim.kuzlyakin@mols.kz',1,1,'',5,NULL,NULL,NULL,'2019-12-10','2019-12-10 11:01:59','52e6517e03410eac042b233aceccae55',0,'',0,'EK',0,'1',1,'',NULL,'',0,NULL,18,18,'','mr','Maxim','Kuzlyakin',NULL,'20019','e53cc4b8-7b6c-41fd-81d3-c7d7c97077c4.1','2019-12-10 12:01:59');

--
-- Table structure for table `s_user_addresses`
--

CREATE TABLE `s_user_addresses` (
  `id` int(11) NOT NULL AUTO_INCREMENT,
  `user_id` int(11) NOT NULL,
  `company` varchar(255) COLLATE utf8_unicode_ci DEFAULT NULL,
  `department` varchar(35) COLLATE utf8_unicode_ci DEFAULT NULL,
  `salutation` varchar(30) COLLATE utf8_unicode_ci NOT NULL,
  `title` varchar(100) COLLATE utf8_unicode_ci DEFAULT NULL,
  `firstname` varchar(50) COLLATE utf8_unicode_ci NOT NULL,
  `lastname` varchar(60) COLLATE utf8_unicode_ci NOT NULL,
  `street` varchar(255) COLLATE utf8_unicode_ci DEFAULT NULL,
  `zipcode` varchar(50) COLLATE utf8_unicode_ci NOT NULL,
  `city` varchar(70) COLLATE utf8_unicode_ci NOT NULL,
  `country_id` int(11) NOT NULL,
  `state_id` int(11) DEFAULT NULL,
  `ustid` varchar(50) COLLATE utf8_unicode_ci DEFAULT NULL,
  `phone` varchar(40) COLLATE utf8_unicode_ci DEFAULT NULL,
  `additional_address_line1` varchar(255) COLLATE utf8_unicode_ci DEFAULT NULL,
  `additional_address_line2` varchar(255) COLLATE utf8_unicode_ci DEFAULT NULL,
  PRIMARY KEY (`id`),
  KEY `user_id` (`user_id`),
  KEY `country_id` (`country_id`),
  KEY `state_id` (`state_id`),
  CONSTRAINT `s_user_addresses_ibfk_1` FOREIGN KEY (`country_id`) REFERENCES `s_core_countries` (`id`) ON UPDATE CASCADE,
  CONSTRAINT `s_user_addresses_ibfk_2` FOREIGN KEY (`state_id`) REFERENCES `s_core_countries_states` (`id`) ON DELETE SET NULL ON UPDATE CASCADE,
  CONSTRAINT `s_user_addresses_ibfk_3` FOREIGN KEY (`user_id`) REFERENCES `s_user` (`id`) ON DELETE CASCADE ON UPDATE CASCADE
) ENGINE=InnoDB AUTO_INCREMENT=19 DEFAULT CHARSET=utf8 COLLATE=utf8_unicode_ci;

--
-- Dumping data for table `s_user_addresses`
--

INSERT INTO `s_user_addresses` VALUES (1,1,NULL,NULL,'mr',NULL,'Christopher','Stahl',' ',' ',' ',2,NULL,NULL,'0277392090',NULL,NULL),(2,2,NULL,NULL,'mr',NULL,'Maurice','Bortey','Raboisen','20095','Hamburg',2,NULL,NULL,'040 469667883',NULL,NULL),(3,3,NULL,NULL,'mr',NULL,'Maurice','Bortey','Raboisen, 16','20095','Hamburg',2,NULL,NULL,'469667880',NULL,NULL),(4,4,NULL,NULL,'mr',NULL,'Peter','Klöppel','Knübbelstraße','11111','Deutsch',2,NULL,NULL,'',NULL,NULL),(5,5,NULL,NULL,'mr',NULL,'Maurice','Bortey','Raboisen, 16','20095','Hamburg',2,NULL,NULL,'469667880',NULL,NULL),(6,6,NULL,NULL,'mr',NULL,'Maurice','Bortey','Raboisen, 16','20095','Hamburg',2,NULL,NULL,'469667880',NULL,NULL),(7,7,NULL,NULL,'mr',NULL,'Maurice','Bortey','Raboisen 16','20095','Hamburg',2,NULL,NULL,'',NULL,NULL),(8,8,NULL,NULL,'mr',NULL,'Oliver','Decher','Musterstraße 14','22586','Hamburg',2,NULL,NULL,'',NULL,NULL),(9,9,NULL,NULL,'mr',NULL,'Keyvan','Davani','Moos Straße 35','13695','Berlin',2,NULL,NULL,'',NULL,NULL),(10,10,'Merx Handel & Industrie GmbH','Operation','mr',NULL,'Maurice','Bortey','Raboisen, 16','20095','Hamburg',2,NULL,NULL,NULL,NULL,NULL),(11,10,'Merx Handel & Industrie GmbH',NULL,'mr',NULL,'Maurice','Bortey','Soltauer Straße 36','27432','Visselhövede',2,NULL,NULL,NULL,NULL,NULL),(12,16,NULL,NULL,'mr',NULL,'Oliver','Decher','raboisen 16','20095','Hamburg',2,NULL,NULL,'0125421254142',NULL,NULL),(13,17,NULL,NULL,'mr',NULL,'Oliver','Decher','raboisen 16','20095','Hamburg',2,NULL,NULL,'017644559851',NULL,NULL),(14,18,NULL,NULL,'mr',NULL,'Luka','Perpar Samsa','Ljubljanska 18','1351','Brezovica',2,NULL,NULL,'',NULL,NULL),(15,19,NULL,NULL,'mr',NULL,'Mark','Naude','Unit 7 Waterstone, 61 Capricorn Drive, Capricorn Park','7945','Cape Town',2,NULL,NULL,'+27736464425',NULL,NULL),(16,20,NULL,NULL,'mr',NULL,'Maxim','Kuzlyakin','Akhremenko Street, 15','150010','Petropavlovsk',2,NULL,NULL,'+77057560600',NULL,NULL),(17,21,NULL,NULL,'mr',NULL,'Maxim','Kuzlyakin','Akhremenko Street, 15','150010','Petropavlovsk',2,NULL,NULL,'+77057560600',NULL,NULL),(18,22,NULL,NULL,'mr',NULL,'Maxim','Kuzlyakin','Akhremenko Street, 15','150010','Petropavlovsk',2,NULL,NULL,'+77057560600',NULL,NULL);

--
-- Table structure for table `s_user_addresses_attributes`
--

CREATE TABLE `s_user_addresses_attributes` (
  `id` int(11) NOT NULL AUTO_INCREMENT,
  `address_id` int(11) NOT NULL,
  `text1` text COLLATE utf8_unicode_ci,
  `text2` text COLLATE utf8_unicode_ci,
  `text3` text COLLATE utf8_unicode_ci,
  `text4` text COLLATE utf8_unicode_ci,
  `text5` text COLLATE utf8_unicode_ci,
  `text6` text COLLATE utf8_unicode_ci,
  PRIMARY KEY (`id`),
  UNIQUE KEY `address_id` (`address_id`),
  CONSTRAINT `s_user_addresses_attributes_ibfk_1` FOREIGN KEY (`address_id`) REFERENCES `s_user_addresses` (`id`) ON DELETE CASCADE ON UPDATE NO ACTION
) ENGINE=InnoDB AUTO_INCREMENT=19 DEFAULT CHARSET=utf8 COLLATE=utf8_unicode_ci;

--
-- Dumping data for table `s_user_addresses_attributes`
--

INSERT INTO `s_user_addresses_attributes` VALUES (1,1,NULL,NULL,NULL,NULL,NULL,NULL),(2,2,NULL,NULL,NULL,NULL,NULL,NULL),(3,3,NULL,NULL,NULL,NULL,NULL,NULL),(4,4,NULL,NULL,NULL,NULL,NULL,NULL),(5,5,NULL,NULL,NULL,NULL,NULL,NULL),(6,6,NULL,NULL,NULL,NULL,NULL,NULL),(7,7,NULL,NULL,NULL,NULL,NULL,NULL),(8,8,NULL,NULL,NULL,NULL,NULL,NULL),(9,9,NULL,NULL,NULL,NULL,NULL,NULL),(10,10,NULL,NULL,NULL,NULL,NULL,NULL),(11,11,NULL,NULL,NULL,NULL,NULL,NULL),(12,12,NULL,NULL,NULL,NULL,NULL,NULL),(13,13,NULL,NULL,NULL,NULL,NULL,NULL),(14,14,NULL,NULL,NULL,NULL,NULL,NULL),(15,15,NULL,NULL,NULL,NULL,NULL,NULL),(16,16,NULL,NULL,NULL,NULL,NULL,NULL),(17,17,NULL,NULL,NULL,NULL,NULL,NULL),(18,18,NULL,NULL,NULL,NULL,NULL,NULL);

--
-- Table structure for table `s_user_attributes`
--

CREATE TABLE `s_user_attributes` (
  `id` int(11) NOT NULL AUTO_INCREMENT,
  `userID` int(11) DEFAULT NULL,
  PRIMARY KEY (`id`),
  UNIQUE KEY `userID` (`userID`),
  CONSTRAINT `s_user_attributes_ibfk_1` FOREIGN KEY (`userID`) REFERENCES `s_user` (`id`) ON DELETE CASCADE ON UPDATE NO ACTION
) ENGINE=InnoDB AUTO_INCREMENT=2 DEFAULT CHARSET=utf8 COLLATE=utf8_unicode_ci;

--
-- Dumping data for table `s_user_attributes`
--

INSERT INTO `s_user_attributes` VALUES (1,10);

--
-- Table structure for table `s_user_billingaddress`
--

CREATE TABLE `s_user_billingaddress` (
  `id` int(11) NOT NULL AUTO_INCREMENT,
  `userID` int(11) NOT NULL DEFAULT '0',
  `company` varchar(255) COLLATE utf8_unicode_ci NOT NULL,
  `department` varchar(35) COLLATE utf8_unicode_ci NOT NULL,
  `salutation` varchar(30) COLLATE utf8_unicode_ci NOT NULL,
  `firstname` varchar(50) COLLATE utf8_unicode_ci NOT NULL,
  `lastname` varchar(60) COLLATE utf8_unicode_ci NOT NULL,
  `street` varchar(255) COLLATE utf8_unicode_ci DEFAULT NULL,
  `zipcode` varchar(50) COLLATE utf8_unicode_ci NOT NULL,
  `city` varchar(70) COLLATE utf8_unicode_ci NOT NULL,
  `phone` varchar(40) COLLATE utf8_unicode_ci NOT NULL,
  `countryID` int(11) NOT NULL DEFAULT '0',
  `stateID` int(11) DEFAULT NULL,
  `ustid` varchar(50) COLLATE utf8_unicode_ci DEFAULT NULL,
  `additional_address_line1` varchar(255) COLLATE utf8_unicode_ci DEFAULT NULL,
  `additional_address_line2` varchar(255) COLLATE utf8_unicode_ci DEFAULT NULL,
  `title` varchar(100) COLLATE utf8_unicode_ci DEFAULT NULL,
  PRIMARY KEY (`id`),
  UNIQUE KEY `userID` (`userID`)
) ENGINE=InnoDB DEFAULT CHARSET=utf8 COLLATE=utf8_unicode_ci;

--
-- Dumping data for table `s_user_billingaddress`
--


--
-- Table structure for table `s_user_billingaddress_attributes`
--

CREATE TABLE `s_user_billingaddress_attributes` (
  `id` int(11) NOT NULL AUTO_INCREMENT,
  `billingID` int(11) DEFAULT NULL,
  `text1` text COLLATE utf8_unicode_ci,
  `text2` text COLLATE utf8_unicode_ci,
  `text3` text COLLATE utf8_unicode_ci,
  `text4` text COLLATE utf8_unicode_ci,
  `text5` text COLLATE utf8_unicode_ci,
  `text6` text COLLATE utf8_unicode_ci,
  PRIMARY KEY (`id`),
  UNIQUE KEY `billingID` (`billingID`),
  CONSTRAINT `s_user_billingaddress_attributes_ibfk_1` FOREIGN KEY (`billingID`) REFERENCES `s_user_billingaddress` (`id`) ON DELETE CASCADE ON UPDATE NO ACTION
) ENGINE=InnoDB DEFAULT CHARSET=utf8 COLLATE=utf8_unicode_ci;

--
-- Dumping data for table `s_user_billingaddress_attributes`
--


--
-- Table structure for table `s_user_shippingaddress`
--

CREATE TABLE `s_user_shippingaddress` (
  `id` int(11) NOT NULL AUTO_INCREMENT,
  `userID` int(11) NOT NULL DEFAULT '0',
  `company` varchar(255) COLLATE utf8_unicode_ci NOT NULL,
  `department` varchar(35) COLLATE utf8_unicode_ci NOT NULL,
  `salutation` varchar(30) COLLATE utf8_unicode_ci NOT NULL,
  `firstname` varchar(50) COLLATE utf8_unicode_ci NOT NULL,
  `lastname` varchar(60) COLLATE utf8_unicode_ci NOT NULL,
  `street` varchar(255) COLLATE utf8_unicode_ci DEFAULT NULL,
  `zipcode` varchar(50) COLLATE utf8_unicode_ci NOT NULL,
  `city` varchar(70) COLLATE utf8_unicode_ci NOT NULL,
  `countryID` int(11) DEFAULT NULL,
  `stateID` int(11) DEFAULT NULL,
  `additional_address_line1` varchar(255) COLLATE utf8_unicode_ci DEFAULT NULL,
  `additional_address_line2` varchar(255) COLLATE utf8_unicode_ci DEFAULT NULL,
  `title` varchar(100) COLLATE utf8_unicode_ci DEFAULT NULL,
  PRIMARY KEY (`id`),
  UNIQUE KEY `userID` (`userID`)
) ENGINE=InnoDB DEFAULT CHARSET=utf8 COLLATE=utf8_unicode_ci;

--
-- Dumping data for table `s_user_shippingaddress`
--


--
-- Table structure for table `s_user_shippingaddress_attributes`
--

CREATE TABLE `s_user_shippingaddress_attributes` (
  `id` int(11) NOT NULL AUTO_INCREMENT,
  `shippingID` int(11) DEFAULT NULL,
  `text1` text COLLATE utf8_unicode_ci,
  `text2` text COLLATE utf8_unicode_ci,
  `text3` text COLLATE utf8_unicode_ci,
  `text4` text COLLATE utf8_unicode_ci,
  `text5` text COLLATE utf8_unicode_ci,
  `text6` text COLLATE utf8_unicode_ci,
  PRIMARY KEY (`id`),
  UNIQUE KEY `shippingID` (`shippingID`),
  CONSTRAINT `s_user_shippingaddress_attributes_ibfk_1` FOREIGN KEY (`shippingID`) REFERENCES `s_user_shippingaddress` (`id`) ON DELETE CASCADE ON UPDATE NO ACTION
) ENGINE=InnoDB DEFAULT CHARSET=utf8 COLLATE=utf8_unicode_ci;

--
-- Dumping data for table `s_user_shippingaddress_attributes`
--



