--
-- Host: localhost    Database: default_uqqw1
-- ------------------------------------------------------


--
-- Table structure for table `s_addon_premiums`
--

CREATE TABLE `s_addon_premiums` (
  `id` int(6) NOT NULL AUTO_INCREMENT,
  `startprice` double NOT NULL DEFAULT '0',
  `ordernumber` varchar(255) COLLATE utf8_unicode_ci NOT NULL DEFAULT '0',
  `ordernumber_export` varchar(255) COLLATE utf8_unicode_ci NOT NULL,
  `subshopID` int(11) NOT NULL,
  PRIMARY KEY (`id`)
) ENGINE=InnoDB DEFAULT CHARSET=utf8 COLLATE=utf8_unicode_ci;

--
-- Dumping data for table `s_addon_premiums`
--


--
-- Table structure for table `s_article_configurator_dependencies`
--

CREATE TABLE `s_article_configurator_dependencies` (
  `id` int(11) unsigned NOT NULL AUTO_INCREMENT,
  `configurator_set_id` int(10) unsigned NOT NULL,
  `parent_id` int(11) unsigned DEFAULT NULL,
  `child_id` int(11) unsigned DEFAULT NULL,
  PRIMARY KEY (`id`),
  KEY `configurator_set_id` (`configurator_set_id`)
) ENGINE=InnoDB DEFAULT CHARSET=utf8 COLLATE=utf8_unicode_ci;

--
-- Dumping data for table `s_article_configurator_dependencies`
--


--
-- Table structure for table `s_article_configurator_groups`
--

CREATE TABLE `s_article_configurator_groups` (
  `id` int(11) unsigned NOT NULL AUTO_INCREMENT,
  `name` varchar(255) COLLATE utf8_unicode_ci NOT NULL,
  `description` text COLLATE utf8_unicode_ci,
  `position` int(11) NOT NULL,
  PRIMARY KEY (`id`)
) ENGINE=InnoDB DEFAULT CHARSET=utf8 COLLATE=utf8_unicode_ci;

--
-- Dumping data for table `s_article_configurator_groups`
--


--
-- Table structure for table `s_article_configurator_groups_attributes`
--

CREATE TABLE `s_article_configurator_groups_attributes` (
  `id` int(11) NOT NULL AUTO_INCREMENT,
  `groupID` int(11) unsigned NOT NULL,
  PRIMARY KEY (`id`),
  KEY `groupID` (`groupID`),
  CONSTRAINT `s_article_configurator_groups_attributes_ibfk_1` FOREIGN KEY (`groupID`) REFERENCES `s_article_configurator_groups` (`id`) ON DELETE CASCADE ON UPDATE NO ACTION
) ENGINE=InnoDB DEFAULT CHARSET=utf8 COLLATE=utf8_unicode_ci;

--
-- Dumping data for table `s_article_configurator_groups_attributes`
--


--
-- Table structure for table `s_article_configurator_option_relations`
--

CREATE TABLE `s_article_configurator_option_relations` (
  `id` int(11) unsigned NOT NULL AUTO_INCREMENT,
  `article_id` int(11) unsigned NOT NULL,
  `option_id` int(11) unsigned NOT NULL,
  PRIMARY KEY (`id`),
  UNIQUE KEY `article_id` (`article_id`,`option_id`)
) ENGINE=InnoDB DEFAULT CHARSET=utf8 COLLATE=utf8_unicode_ci;

--
-- Dumping data for table `s_article_configurator_option_relations`
--


--
-- Table structure for table `s_article_configurator_options`
--

CREATE TABLE `s_article_configurator_options` (
  `id` int(11) unsigned NOT NULL AUTO_INCREMENT,
  `group_id` int(11) unsigned DEFAULT NULL,
  `name` varchar(255) COLLATE utf8_unicode_ci NOT NULL,
  `position` int(11) NOT NULL,
  `media_id` int(11) DEFAULT NULL,
  PRIMARY KEY (`id`),
  UNIQUE KEY `group_id` (`group_id`,`name`)
) ENGINE=InnoDB DEFAULT CHARSET=utf8 COLLATE=utf8_unicode_ci;

--
-- Dumping data for table `s_article_configurator_options`
--


--
-- Table structure for table `s_article_configurator_options_attributes`
--

CREATE TABLE `s_article_configurator_options_attributes` (
  `id` int(11) NOT NULL AUTO_INCREMENT,
  `optionID` int(11) unsigned NOT NULL,
  PRIMARY KEY (`id`),
  KEY `optionID` (`optionID`),
  CONSTRAINT `s_article_configurator_options_attributes_ibfk_1` FOREIGN KEY (`optionID`) REFERENCES `s_article_configurator_options` (`id`) ON DELETE CASCADE ON UPDATE NO ACTION
) ENGINE=InnoDB DEFAULT CHARSET=utf8 COLLATE=utf8_unicode_ci;

--
-- Dumping data for table `s_article_configurator_options_attributes`
--


--
-- Table structure for table `s_article_configurator_price_variations`
--

CREATE TABLE `s_article_configurator_price_variations` (
  `id` int(11) unsigned NOT NULL AUTO_INCREMENT,
  `configurator_set_id` int(10) unsigned NOT NULL,
  `variation` decimal(10,3) NOT NULL,
  `options` text COLLATE utf8_unicode_ci,
  `is_gross` int(1) DEFAULT '0',
  PRIMARY KEY (`id`),
  KEY `configurator_set_id` (`configurator_set_id`)
) ENGINE=InnoDB DEFAULT CHARSET=utf8 COLLATE=utf8_unicode_ci;

--
-- Dumping data for table `s_article_configurator_price_variations`
--


--
-- Table structure for table `s_article_configurator_set_group_relations`
--

CREATE TABLE `s_article_configurator_set_group_relations` (
  `set_id` int(11) unsigned NOT NULL DEFAULT '0',
  `group_id` int(11) unsigned NOT NULL DEFAULT '0',
  PRIMARY KEY (`set_id`,`group_id`)
) ENGINE=InnoDB DEFAULT CHARSET=utf8 COLLATE=utf8_unicode_ci;

--
-- Dumping data for table `s_article_configurator_set_group_relations`
--


--
-- Table structure for table `s_article_configurator_set_option_relations`
--

CREATE TABLE `s_article_configurator_set_option_relations` (
  `set_id` int(11) unsigned NOT NULL DEFAULT '0',
  `option_id` int(11) unsigned NOT NULL DEFAULT '0',
  PRIMARY KEY (`set_id`,`option_id`)
) ENGINE=InnoDB DEFAULT CHARSET=utf8 COLLATE=utf8_unicode_ci;

--
-- Dumping data for table `s_article_configurator_set_option_relations`
--


--
-- Table structure for table `s_article_configurator_sets`
--

CREATE TABLE `s_article_configurator_sets` (
  `id` int(11) unsigned NOT NULL AUTO_INCREMENT,
  `name` varchar(255) COLLATE utf8_unicode_ci NOT NULL,
  `public` tinyint(1) NOT NULL,
  `type` int(11) NOT NULL DEFAULT '0',
  PRIMARY KEY (`id`),
  KEY `name` (`name`)
) ENGINE=InnoDB DEFAULT CHARSET=utf8 COLLATE=utf8_unicode_ci;

--
-- Dumping data for table `s_article_configurator_sets`
--


--
-- Table structure for table `s_article_configurator_template_prices`
--

CREATE TABLE `s_article_configurator_template_prices` (
  `id` int(11) unsigned NOT NULL AUTO_INCREMENT,
  `template_id` int(10) unsigned DEFAULT NULL,
  `customer_group_key` varchar(30) COLLATE utf8_unicode_ci NOT NULL,
  `from` int(10) unsigned NOT NULL,
  `to` varchar(30) COLLATE utf8_unicode_ci NOT NULL,
  `price` double NOT NULL DEFAULT '0',
  `pseudoprice` double DEFAULT NULL,
  `percent` decimal(10,2) DEFAULT NULL,
  PRIMARY KEY (`id`),
  KEY `pricegroup_2` (`customer_group_key`,`from`),
  KEY `pricegroup` (`customer_group_key`,`to`),
  KEY `template_id` (`template_id`)
) ENGINE=InnoDB DEFAULT CHARSET=utf8 COLLATE=utf8_unicode_ci;

--
-- Dumping data for table `s_article_configurator_template_prices`
--


--
-- Table structure for table `s_article_configurator_template_prices_attributes`
--

CREATE TABLE `s_article_configurator_template_prices_attributes` (
  `id` int(11) NOT NULL AUTO_INCREMENT,
  `template_price_id` int(11) unsigned DEFAULT NULL,
  PRIMARY KEY (`id`),
  UNIQUE KEY `priceID` (`template_price_id`),
  CONSTRAINT `s_article_configurator_template_prices_attributes_ibfk_1` FOREIGN KEY (`template_price_id`) REFERENCES `s_article_configurator_template_prices` (`id`) ON DELETE CASCADE ON UPDATE NO ACTION
) ENGINE=InnoDB DEFAULT CHARSET=utf8 COLLATE=utf8_unicode_ci;

--
-- Dumping data for table `s_article_configurator_template_prices_attributes`
--


--
-- Table structure for table `s_article_configurator_templates`
--

CREATE TABLE `s_article_configurator_templates` (
  `id` int(11) unsigned NOT NULL AUTO_INCREMENT,
  `article_id` int(11) unsigned NOT NULL DEFAULT '0',
  `order_number` varchar(255) COLLATE utf8_unicode_ci NOT NULL,
  `suppliernumber` varchar(255) COLLATE utf8_unicode_ci DEFAULT NULL,
  `additionaltext` varchar(255) COLLATE utf8_unicode_ci DEFAULT NULL,
  `impressions` int(11) NOT NULL DEFAULT '0',
  `sales` int(11) NOT NULL DEFAULT '0',
  `active` int(11) unsigned NOT NULL DEFAULT '0',
  `instock` int(11) DEFAULT NULL,
  `stockmin` int(11) unsigned DEFAULT NULL,
  `laststock` tinyint(4) NOT NULL DEFAULT '0',
  `weight` decimal(10,3) unsigned DEFAULT NULL,
  `position` int(11) unsigned NOT NULL,
  `width` decimal(10,3) unsigned DEFAULT NULL,
  `height` decimal(10,3) unsigned DEFAULT NULL,
  `length` decimal(10,3) unsigned DEFAULT NULL,
  `ean` varchar(255) COLLATE utf8_unicode_ci DEFAULT NULL,
  `unit_id` int(11) unsigned DEFAULT NULL,
  `purchasesteps` int(11) unsigned DEFAULT NULL,
  `maxpurchase` int(11) unsigned DEFAULT NULL,
  `minpurchase` int(11) unsigned DEFAULT NULL,
  `purchaseunit` decimal(11,4) unsigned DEFAULT NULL,
  `referenceunit` decimal(10,3) unsigned DEFAULT NULL,
  `packunit` varchar(255) COLLATE utf8_unicode_ci DEFAULT NULL,
  `releasedate` date DEFAULT NULL,
  `shippingfree` int(1) unsigned NOT NULL DEFAULT '0',
  `shippingtime` varchar(11) COLLATE utf8_unicode_ci DEFAULT NULL,
  `purchaseprice` double NOT NULL DEFAULT '0',
  PRIMARY KEY (`id`),
  KEY `articleID` (`article_id`)
) ENGINE=InnoDB DEFAULT CHARSET=utf8 COLLATE=utf8_unicode_ci;

--
-- Dumping data for table `s_article_configurator_templates`
--


--
-- Table structure for table `s_article_configurator_templates_attributes`
--

CREATE TABLE `s_article_configurator_templates_attributes` (
  `id` int(11) NOT NULL AUTO_INCREMENT,
  `template_id` int(11) unsigned DEFAULT NULL,
  `attr1` text COLLATE utf8_unicode_ci,
  `attr2` text COLLATE utf8_unicode_ci,
  `attr3` text COLLATE utf8_unicode_ci,
  `attr4` text COLLATE utf8_unicode_ci,
  `attr5` text COLLATE utf8_unicode_ci,
  `attr6` text COLLATE utf8_unicode_ci,
  `attr7` text COLLATE utf8_unicode_ci,
  `attr8` text COLLATE utf8_unicode_ci,
  `attr9` text COLLATE utf8_unicode_ci,
  `attr10` text COLLATE utf8_unicode_ci,
  `attr11` text COLLATE utf8_unicode_ci,
  `attr12` text COLLATE utf8_unicode_ci,
  `attr13` text COLLATE utf8_unicode_ci,
  `attr14` text COLLATE utf8_unicode_ci,
  `attr15` text COLLATE utf8_unicode_ci,
  `attr16` text COLLATE utf8_unicode_ci,
  `attr17` text COLLATE utf8_unicode_ci,
  `attr18` text COLLATE utf8_unicode_ci,
  `attr19` text COLLATE utf8_unicode_ci,
  `attr20` text COLLATE utf8_unicode_ci,
  `dcondition` text COLLATE utf8_unicode_ci,
  `dreferencenumber` text COLLATE utf8_unicode_ci,
  `dmachinetype` text COLLATE utf8_unicode_ci,
  `dmodel` text COLLATE utf8_unicode_ci,
  `dserialnumber` text COLLATE utf8_unicode_ci,
  `dvideo` text COLLATE utf8_unicode_ci,
  `merxikapinl` double DEFAULT NULL,
  `merxikapoukg` double DEFAULT NULL,
  `merxikapinkg` double DEFAULT NULL,
  `merxikapoul` double DEFAULT NULL,
  `merxifass` double DEFAULT NULL,
  `merxikapunit` double DEFAULT NULL,
  `merximodell` text COLLATE utf8_unicode_ci,
  `merxiproduct` text COLLATE utf8_unicode_ci,
  `merxiasept` text COLLATE utf8_unicode_ci,
  PRIMARY KEY (`id`),
  KEY `templateID` (`template_id`),
  CONSTRAINT `s_article_configurator_templates_attributes_ibfk_1` FOREIGN KEY (`template_id`) REFERENCES `s_article_configurator_templates` (`id`) ON DELETE CASCADE ON UPDATE NO ACTION
) ENGINE=InnoDB DEFAULT CHARSET=utf8 COLLATE=utf8_unicode_ci;

--
-- Dumping data for table `s_article_configurator_templates_attributes`
--


--
-- Table structure for table `s_article_img_mapping_rules`
--

CREATE TABLE `s_article_img_mapping_rules` (
  `id` int(11) NOT NULL AUTO_INCREMENT,
  `mapping_id` int(11) NOT NULL,
  `option_id` int(11) NOT NULL,
  PRIMARY KEY (`id`),
  KEY `mapping_id` (`mapping_id`),
  KEY `option_id` (`option_id`)
) ENGINE=InnoDB DEFAULT CHARSET=utf8 COLLATE=utf8_unicode_ci;

--
-- Dumping data for table `s_article_img_mapping_rules`
--


--
-- Table structure for table `s_article_img_mappings`
--

CREATE TABLE `s_article_img_mappings` (
  `id` int(11) NOT NULL AUTO_INCREMENT,
  `image_id` int(11) NOT NULL,
  PRIMARY KEY (`id`),
  KEY `image_id` (`image_id`)
) ENGINE=InnoDB DEFAULT CHARSET=utf8 COLLATE=utf8_unicode_ci;

--
-- Dumping data for table `s_article_img_mappings`
--


--
-- Table structure for table `s_articles`
--

CREATE TABLE `s_articles` (
  `id` int(11) unsigned NOT NULL AUTO_INCREMENT,
  `supplierID` int(11) unsigned DEFAULT NULL,
  `name` varchar(100) COLLATE utf8_unicode_ci NOT NULL,
  `description` mediumtext COLLATE utf8_unicode_ci,
  `description_long` mediumtext COLLATE utf8_unicode_ci,
  `shippingtime` varchar(11) COLLATE utf8_unicode_ci DEFAULT NULL,
  `datum` date DEFAULT NULL,
  `active` int(1) unsigned NOT NULL DEFAULT '0',
  `taxID` int(11) unsigned DEFAULT NULL,
  `pseudosales` int(11) NOT NULL DEFAULT '0',
  `topseller` int(1) unsigned NOT NULL DEFAULT '0',
  `metaTitle` varchar(255) COLLATE utf8_unicode_ci DEFAULT NULL,
  `keywords` varchar(255) COLLATE utf8_unicode_ci DEFAULT NULL,
  `changetime` datetime NOT NULL,
  `pricegroupID` int(11) unsigned DEFAULT NULL,
  `pricegroupActive` int(1) unsigned NOT NULL,
  `filtergroupID` int(11) unsigned DEFAULT NULL,
  `laststock` int(1) NOT NULL,
  `crossbundlelook` int(1) unsigned NOT NULL,
  `notification` int(1) unsigned NOT NULL COMMENT 'send notification',
  `template` varchar(255) COLLATE utf8_unicode_ci NOT NULL,
  `mode` int(11) NOT NULL,
  `main_detail_id` int(11) unsigned DEFAULT NULL,
  `available_from` datetime DEFAULT NULL,
  `available_to` datetime DEFAULT NULL,
  `configurator_set_id` int(11) unsigned DEFAULT NULL,
  PRIMARY KEY (`id`),
  UNIQUE KEY `main_detailID` (`main_detail_id`),
  KEY `datum` (`datum`),
  KEY `name` (`name`),
  KEY `supplierID` (`supplierID`),
  KEY `shippingtime` (`shippingtime`),
  KEY `changetime` (`changetime`),
  KEY `configurator_set_id` (`configurator_set_id`),
  KEY `articles_by_category_sort_release` (`datum`,`id`),
  KEY `articles_by_category_sort_name` (`name`,`id`),
  KEY `product_newcomer` (`active`,`datum`),
  KEY `get_category_filters` (`active`,`filtergroupID`)
) ENGINE=InnoDB AUTO_INCREMENT=81 DEFAULT CHARSET=utf8 COLLATE=utf8_unicode_ci;

--
-- Dumping data for table `s_articles`
--

INSERT INTO `s_articles` VALUES (23,39,'Verpaco VPS 120 Butter - Verpackungsmaschine','','',NULL,'2019-01-03',0,1,0,0,'','','2019-10-11 13:51:03',NULL,0,5,1,0,0,'',0,23,NULL,NULL,NULL),(24,19,'GEA Westfalia SA 20-06-076 - Klarifikator','','Es handelt sich bei dieser Maschine um einen Klarifikator. Klarifikatoren werden eingesetzt, um die unterschiedlichen Phasen von Gemischen zu trennen, wobei ein hoher Dichteunterschied von Feststoff zu Flüssigkeit Voraussetzung ist.<br /><br />Dies ist ein gebrauchter, selbstreinigender GEA Westfalia SA 20-06-076 Klarifikator mit einer Kapazität von 10.000 l/h. Die Machine wurde zuletzt für die Verarbeitung von Milch eingesetzt. Sie ist in einem guten gebrauchtem Zustand und kann auf Anfrage überholt werden.<br /><br />Inklusive Werkzeuge und Bodenplatte<sync4-upload uploaded=\"23.07.2019 10:12:29\" version=\"9.0.5.1\"></sync4-upload>',NULL,'2019-01-03',1,1,0,0,'','','2019-07-23 10:12:31',NULL,0,5,0,0,0,'',0,24,NULL,NULL,NULL),(25,19,'GEA Westfalia MSB 14 - Klarifikator','','Es handelt sich bei dieser Maschine um einen Klarifikator. Klarifikatoren werden eingesetzt, um die unterschiedlichen Phasen von Gemischen zu trennen, wobei ein hoher Dichteunterschied von Feststoff zu Flüssigkeit Voraussetzung ist. <br /><br />Dieser gebrauchte GEA Westfalia MSB 14 Klarifikator hat eine Kapazität von 9.000 l/h. Die Maschine wurde zuletzt für die Verarbeitung von Milch eingesetzt. Sie ist in einem guten gebrauchtem Zustand und kann auf Anfrage auch überholt werden.<br /><br />inklusive Bodenplatte, Kontroll Tafel und Werkzeugen<sync4-upload uploaded=\"17.07.2019 14:15:32\" version=\"9.0.5.1\"></sync4-upload>',NULL,'2019-01-03',1,1,0,0,'','','2019-07-17 14:15:33',NULL,0,5,0,0,0,'',0,25,NULL,NULL,NULL),(26,19,'GEA Westfalia MSB 14 - Klarifikator','','Es handelt sich bei dieser Maschine um einen Klarifikator. Klarifikatoren werden eingesetzt, um die unterschiedlichen Phasen von Gemischen zu trennen, wobei ein hoher Dichteunterschied von Feststoff zu Flüssigkeit Voraussetzung ist.<br /><br />Dieser gebrauchter GEA Westfalia MSB 14 Klarifikator hat eine Kapazität von 9.000 l/h. Die Machine wurde zuletzt für die Verarbeitung von Milch eingesetzt. Sie ist in einem guten gebrauchtem Zustand und kann auf Anfrage überholt werden.<br /><br />inklusive Bodenplatte, Kontroll Tafel und Werkzeugen.<sync4-upload uploaded=\"17.07.2019 14:41:49\" version=\"9.0.5.1\"></sync4-upload>',NULL,'2019-01-03',1,1,0,0,'','','2019-07-17 14:41:51',NULL,0,5,0,0,0,'',0,26,NULL,NULL,NULL),(27,6,'APV Gaulin MC 120-3TPS Homogenisator','','Es handelt sich bei dieser Maschine um einen Homogenisator für Milch. Homogenisatoren werden eingesetzt, um Produkte in ihrer Konsistenz durch Homogenisieren zu stabilisieren und zu standardtisieren.<br /><br />Dies ist ein gebrauchter APV Gaulin MC 120-3TPS Homogenisator mit einer Kapazität von 20.000 l/h. Diese Maschine wurde zuletzt für die Verarbeitung von Milch eingesetzt. Sie ist in einem guten gebrauchten Zustand und kann auf Anfrage auch überholt werden.<sync4-upload uploaded=\"24.07.2019 12:56:53\" version=\"9.0.5.1\"></sync4-upload>',NULL,'2019-01-03',1,1,0,0,'','','2019-07-24 12:56:55',NULL,0,5,0,0,0,'',0,27,NULL,NULL,NULL),(28,37,'Trepko XPG-40 Butter Verpackungsmaschine','','Bei dieser Maschine handelt es sich um eine Verpackungsmaschine zum Abfüllen und Verpacken von Butter, Magerine usw. in Aluminiumfolie oder Pergamentpapier.<br /><br />Diese Trepko XPG-40 Verpackungsmaschine hat eine Kapazität von ca. 1000 Kg/h und eine Taktung von ca. 4000 Einheiten pro stunde. Die Maschine wird bei Kaufinteresse extra für Sie neu aufgebaut und nach Ihren wünschen konfiguriert.<sync4-upload uploaded=\"25.07.2019 10:40:15\" version=\"9.0.5.1\"></sync4-upload>',NULL,'2019-01-03',1,1,0,0,'','','2019-07-25 10:40:17',NULL,0,5,0,0,0,'',0,28,NULL,NULL,NULL),(29,19,'GEA Westfalia MSD 50-01-076 - Entrahmer','','Bei dieser Maschine handelt es sich um einen Entrahmer. Entrahmer werden eingesetzt um Rohmilch in Magermilch und Rahmen zu trennen. Die Trennung in Magermilch und Rahmen ist nötig um im weiteren Prozess das Mischungsverhältnis bestimmen zu können.<br /><br />Dies ist ein gebrauchter GEA Westfalia MSD 50-01-076 Entrahmer mit einer Kapazität von 5.000 l/h. Die Maschine wurde zuletzt für die Verarbeitung von Milch eingesetzt. Sie ist in einem guten gebrauchtem Zustand und kann auf Anfrage überholt werden.<sync4-upload uploaded=\"17.07.2019 14:42:51\" version=\"9.0.5.1\"></sync4-upload>',NULL,'2019-01-03',1,1,0,0,'','','2019-07-17 14:42:53',NULL,0,5,0,0,0,'',0,29,NULL,NULL,NULL),(30,19,'GEA Westfalia MSD 60-01-076 Entrahmer','','Bei dieser Maschine handelt es sich um einen Entrahmer. Entrahmer werden eingesetzt um Rohmilch in Magermilch und Rahmen zu trennen. Die Trennung in Magermilch und Rahmen ist nötig um im weiteren Prozess das Mischungsverhältnis bestimmen zu können.<br /><br />Dies ist ein gebrauchter GEA Westfalia MSD 60 Entrahmer mit einer Kapazität von 6000 l/h. Diese Maschine wurde zuletzt für die Verarbeitung von Milch eingesetzt. Sie ist in einem guten gebrauchten Zustand und kann auf Anfrage auch überholt werden.<br /><br />Inklusive Ventile, Bodenplatte, Werkzeuge und zubehör. Kontrolltafel ist nicht vorhanden.<sync4-upload uploaded=\"17.07.2019 14:43:09\" version=\"9.0.5.1\"></sync4-upload>',NULL,'2019-01-03',1,1,0,0,'','','2019-07-17 14:43:10',NULL,0,5,0,0,0,'',0,30,NULL,NULL,NULL),(31,2,'Alfa Laval HMRPX 610 HGV-74C - Entrahmer','','<p>Bei dieser Maschine handelt es sich um einen Entrahmer. Entrahmer werden eingesetzt um Rohmilch in Magermilch und Rahmen zu trennen. Die Trennung in Magermilch und Rahmen ist nötig um im weiteren Prozess das Mischungsverhältnis bestimmen zu können.<br><br>Dies ist ein gebrauchter Alfa Laval HMRPX 610 HGV-74C Entrahmer mit einer Kapazität von 7000 l/h. Diese Maschine wurde zuletzt für die Verarbeitung von Milch eingesetzt. Sie ist generalüberholt und wird auf einem Stahlrahmen montiert geliefert.<br><br>Inklusive Ventile, Transmitter und Wasserbox</p>',NULL,'2019-01-03',0,1,0,0,'','','2019-10-11 12:10:18',NULL,0,5,0,0,0,'',0,31,NULL,NULL,NULL),(32,16,'GEA Ahlborn VT 40 - Plattenwärmetauscher','','Es handelt sich bei dieser Maschine um einen Wärmetauscher. Ein Wärmetauscher ist ein Apparat, der dazu dient, Wärme von einem Fluid auf ein anderes Fluid zu übertragen. Wobei die Fluide dabei räumlich von einander getrennt sind.<br /><br />Dieser gebrauchte GEA Ahlborn VT 40 Plattenwärmetauscher hat eine Kapazität von 6000 l/h. Die Maschine wurde zuletzt für die verarbeitung von Milch eingesetzt. Er ist in einem guten gebrauchtem Zustand und kann auf Anfrage auch überholt werden.<sync4-upload uploaded=\"17.07.2019 14:44:04\" version=\"9.0.5.1\"></sync4-upload>',NULL,'2019-01-03',1,1,0,0,'','','2019-07-17 14:44:05',NULL,0,5,0,0,0,'',0,32,NULL,NULL,NULL),(33,1,'Schröder UTK 18 200-2a-2e - Kombinator','','<sync4-upload uploaded=\"17.07.2019 14:44:21\" version=\"9.0.5.1\"></sync4-upload>',NULL,'2019-01-03',1,1,0,0,'','','2019-07-17 14:44:23',NULL,0,5,0,0,0,'',0,33,NULL,NULL,NULL),(34,1,'Schröder UTK 18 200-2a-2e - Kombinator','','<sync4-upload uploaded=\"17.07.2019 14:44:34\" version=\"9.0.5.1\"></sync4-upload>',NULL,'2019-01-03',1,1,0,0,'','','2019-07-17 14:44:36',NULL,0,5,0,0,0,'',0,34,NULL,NULL,NULL),(35,13,'Dima Compact 200 V - Koch-Knet- und Formmaschine','','Bei dieser Maschine handelt es sich um eine kontinuierlich beschickbare Koch- Knet- und Formmaschine zum Schnetzeln des Käsebruchs, Kochen, Kneten und Formen von jeder Art von Pasta Filata Käse wie Mozzarella, “Fior di Latte”, “Mozzarella di Bufala”, Pizzakäse, Provolone, Scamorza, Chechil, Suluguni, Ostiepok, Parenica, Oaxaca,<br /><br />Dies ist eine gebrauchte Dima Compact 200 V mit einer Kapazität von 200 Kg/h. Diese Maschine war für die Verarbeitung von Mozzarella gedacht, wurde jedoch nie eingesetzt. Sie ist in einem sehr gutem Zustand und sofort einsatzbereit.<sync4-upload uploaded=\"30.08.2019 11:25:46\" version=\"9.0.7.3\"></sync4-upload>',NULL,'2019-01-03',0,1,0,0,'','','2019-10-11 13:51:49',NULL,0,5,0,0,0,'',0,35,NULL,NULL,NULL),(36,6,'APV Gaulin MC 18-3TPS - Homogenisator','','<sync4-upload uploaded=\"24.07.2019 12:57:55\" version=\"9.0.5.1\"></sync4-upload>',NULL,'2019-01-03',1,1,0,0,'','','2019-07-24 12:57:56',NULL,0,5,0,0,0,'',0,36,NULL,NULL,NULL),(37,6,'APV Gaulin MC 45-5TPS - Homogenisator','','<sync4-upload uploaded=\"24.07.2019 12:58:14\" version=\"9.0.5.1\"></sync4-upload>',NULL,'2019-01-03',1,1,0,0,'','','2019-07-24 12:58:16',NULL,0,5,0,0,0,'',0,37,NULL,NULL,NULL),(38,6,'APV Gaulin MC 45-5TPSX - Homogenisator','','<sync4-upload uploaded=\"24.07.2019 12:58:29\" version=\"9.0.5.1\"></sync4-upload>',NULL,'2019-01-03',1,1,0,0,'','','2019-07-24 12:58:31',NULL,0,5,0,0,0,'',0,38,NULL,NULL,NULL),(39,36,'Tetra Pak - Kartonierer','','<sync4-upload uploaded=\"19.06.2019 11:46:47\" version=\"9.0.5.1\"></sync4-upload>',NULL,'2019-01-03',1,1,0,0,'','','2019-06-19 11:46:49',NULL,0,5,0,0,0,'',0,39,NULL,NULL,NULL),(40,36,'Tetra Pak - Kartonierer','','<sync4-upload uploaded=\"19.06.2019 11:46:52\" version=\"9.0.5.1\"></sync4-upload>',NULL,'2019-01-03',1,1,0,0,'','','2019-06-19 11:46:54',NULL,0,5,0,0,0,'',0,40,NULL,NULL,NULL),(41,31,'Simon Freres Contimab MC 5 - Buttermaschine','','<sync4-upload uploaded=\"19.06.2019 11:47:08\" version=\"9.0.5.1\"></sync4-upload>',NULL,'2019-01-03',1,1,0,0,'','','2019-06-19 11:47:10',NULL,0,5,0,0,0,'',0,41,NULL,NULL,NULL),(42,2,'Alfa Laval QMRKX 517 SGV-34C-50 - Quarkseparator','','Bei dieser Maschine handelt es sich um einen Quarkseparator. Quarkseparatoren werden verwendet um die festen Bestandteile fermentierter Magermilch von den flüssigen abzutrennen.<br /><br />Dies ist ein gebrauchter Alfa Laval QMRKX 517 SGV-34C-50 Quarkseparator mit einer Kapazität von 10000 l/h Ausgangsprodukt zu 2000 Kg/h Endprodukt. Der Separator wurde generalüberholt  und wird auf einem Stahlrahmen montiert geliefert.<br /><br />Inklusive Werkzeugen und Wasserbox.<sync4-upload uploaded=\"24.07.2019 12:58:55\" version=\"9.0.5.1\"></sync4-upload>',NULL,'2019-01-03',1,1,0,0,'','','2019-07-24 12:58:57',NULL,0,5,0,0,0,'',0,42,NULL,NULL,NULL),(43,7,'APV LAB 15 M - Homogenisator','','Es handelt sich bei dieser Maschine um einen Homogenisator für Milch. Homogenisatoren werden eingesetzt, um Produkte in ihrer Konsistenz durch Homogenisieren zu stabilisieren und zu standardisieren.<br /><br />Dies ist ein gebrauchter APV 15 M Lab Homogenisator mit einer Kapazität von 50 l/h. Diese Maschine wurde zuletzt für die Verarbeitung von Milch eingesetzt. Sie ist gerneralüberholt in einem sehr gutem Zustand.<sync4-upload uploaded=\"24.07.2019 12:59:16\" version=\"9.0.5.1\"></sync4-upload>',NULL,'2019-01-03',1,1,0,0,'','','2019-07-24 12:59:18',NULL,0,5,0,0,0,'',0,43,NULL,NULL,NULL),(44,10,'Benhil 8204 - Becherfüller','','<sync4-upload uploaded=\"17.07.2019 14:46:12\" version=\"9.0.5.1\"></sync4-upload>',NULL,'2019-01-03',1,1,0,0,'','','2019-07-17 14:46:13',NULL,0,5,0,0,0,'',0,44,NULL,NULL,NULL),(45,34,'Stephan - Frischkäse-Quark-Mischer','','<sync4-upload uploaded=\"30.08.2019 11:26:08\" version=\"9.0.7.3\"></sync4-upload>',NULL,'2019-01-03',1,1,0,0,'','','2019-08-30 11:26:11',NULL,0,5,0,0,0,'',0,45,NULL,NULL,NULL),(46,1,'Kustner YH 8/8 Tringular - Käseverpackungsmaschine','','<sync4-upload uploaded=\"17.07.2019 14:21:32\" version=\"9.0.5.1\"></sync4-upload>',NULL,'2019-01-03',1,1,0,0,'','','2019-07-17 14:21:34',NULL,0,5,0,0,0,'',0,46,NULL,NULL,NULL),(47,15,'Flottweg Z42-3/401 - Dekanter','','Es handelt sich bei dieser Maschine um einen Dekanter. Dekanter werden eingesetzt, um Feststoffe aus Suspensionen mit einem hohen Feststoffanteil durch Wirkung von Zentrifugalkräfte abzutrennen.<br /><br />Dies ist ein gebrauchter Flottweg Z42-3/401 Dekanter mit einer Zulaufapazität von 1800 l/h. Diese Maschine wurde zuletzt für die Verarbeitung von Milch eingesetzt. Sie ist in einem technisch guten Zustand und kann auf Anfrage auch überholt werden.<sync4-upload uploaded=\"31.07.2019 15:10:19\" version=\"9.0.5.1\"></sync4-upload>',NULL,'2019-01-03',1,1,0,0,'','','2019-07-31 15:10:22',NULL,0,5,0,0,0,'',0,47,NULL,NULL,NULL),(48,1,'UF 70 - Ultra Filtrationsanlage','','Ultrafiltrationsanlagen werden eingesetzt um makromolekulare Substanzen und kleine Partikel durch Membrantechnik aus unterschiedlichen Medien abzutrennen und zu konzentrieren. Sie kommen in unterschiedlichen Awendungsbreichen zum Einsatz u.a. bei der Konzentration von Milch zu Herstellung von Käse.<br /><br />Dies ist eine gebrauchte Ultrafiltrationsanlage mit einer Kapazität von 10.000 l/h. Diese Maschine wurde zuletzt für die Herstellung von Käse eingesetzt. Sie ist in einem guten gebrauchten Zustand und kann auf Anfrage auch überholt werden.<sync4-upload uploaded=\"12.08.2019 09:37:18\" version=\"9.0.7.3\"></sync4-upload>',NULL,'2019-01-03',1,1,0,0,'','','2019-08-12 09:37:21',NULL,0,5,0,0,0,'',0,48,NULL,NULL,NULL),(49,1,'ABAB ST6 - Aseptischer Tank','','<sync4-upload uploaded=\"17.07.2019 14:22:09\" version=\"9.0.5.1\"></sync4-upload>',NULL,'2019-01-03',1,1,0,0,'','','2019-07-17 14:22:11',NULL,0,5,0,0,0,'',0,49,NULL,NULL,NULL),(50,6,'APV Gaulin MC 18-3TPS - Homogenisator','','<sync4-upload uploaded=\"31.07.2019 15:10:51\" version=\"9.0.5.1\"></sync4-upload>',NULL,'2019-01-03',1,1,0,0,'','','2019-07-31 15:10:52',NULL,0,5,0,0,0,'',0,50,NULL,NULL,NULL),(51,10,'Benhil 8206 - Butterverpackungsmaschine','','<sync4-upload uploaded=\"31.07.2019 15:11:15\" version=\"9.0.5.1\"></sync4-upload>',NULL,'2019-01-03',1,1,0,0,'','','2019-07-31 15:11:16',NULL,0,5,0,0,0,'',0,51,NULL,NULL,NULL),(52,30,'Sig F140 - Butterverpackungsmaschine','','Bei dieser Maschine handelt es sich um eine Verpackungsmaschine zum Abfüllen und Verpacken von Butter in Aluminiumfolie oder Pergamentpapier.<br /><br />Dies ist ein gebrauchte SIG F140 mit einer Kapazität von ca. 900 Kg/h. Dies Maschine ist in einem guten gebrauchten Zustand und kann auf Anfrage auch überholt werden.<sync4-upload uploaded=\"31.07.2019 15:11:22\" version=\"9.0.5.1\"></sync4-upload>',NULL,'2019-01-03',1,1,0,0,'','','2019-07-31 15:11:24',NULL,0,5,0,0,0,'',0,52,NULL,NULL,NULL),(53,36,'Tetra Pak AL CIP 20 - Reinigungseinheit','','<sync4-upload uploaded=\"31.07.2019 15:11:51\" version=\"9.0.5.1\"></sync4-upload>',NULL,'2019-01-03',1,1,0,0,'','','2019-07-31 15:11:52',NULL,0,5,0,0,0,'',0,53,NULL,NULL,NULL),(54,2,'Alfa Laval BMRPX 714 HGV-14C - Bactofuge','','<sync4-upload uploaded=\"19.06.2019 19:47:02\" version=\"9.0.5.1\"></sync4-upload>',NULL,'2019-01-03',1,1,0,0,'','','2019-06-19 19:47:03',NULL,0,5,0,0,0,'',0,54,NULL,NULL,NULL),(55,2,'Alfa Laval - Aspetischer Tank','','<sync4-upload uploaded=\"17.07.2019 15:07:52\" version=\"9.0.5.1\"></sync4-upload>',NULL,'2019-01-03',1,1,0,0,'','','2019-07-17 15:07:53',NULL,0,5,0,0,0,'',0,55,NULL,NULL,NULL),(56,5,'Anhydro CE 250 - Atomisierer','','<sync4-upload uploaded=\"17.07.2019 14:23:26\" version=\"9.0.5.1\"></sync4-upload>',NULL,'2019-01-03',1,1,0,0,'','','2019-07-17 14:23:27',NULL,0,5,0,0,0,'',0,56,NULL,NULL,NULL),(57,16,'GEA Ahlborn 311/2000 - Buttermaschine','','Bei dieser Maschine handelt es sich um eine kontinuierliche Buttermaschine. Buttermaschinen werden verwendet um den von der Milch abgetrennten Rahmen zu Butter zu verarbeiten.<br /><br />Dies ist eine gebrauchte GEA Ahlborn 311/2000 mit einer Kapazität von 2.000 Kg/h. Die Maschine ist in einem guten gebrauchten Zustand und kann auf Anfrage auch überholt werden.<sync4-upload uploaded=\"12.08.2019 09:37:31\" version=\"9.0.7.3\"></sync4-upload>',NULL,'2019-01-03',1,1,0,0,'','','2019-08-12 09:37:32',NULL,0,5,0,0,0,'',0,57,NULL,NULL,NULL),(58,31,'Simon Freres MB 2 - Buttermaschine','','<sync4-upload uploaded=\"17.07.2019 14:23:56\" version=\"9.0.5.1\"></sync4-upload>',NULL,'2019-01-03',1,1,0,0,'','','2019-07-17 14:23:57',NULL,0,5,0,0,0,'',0,58,NULL,NULL,NULL),(59,21,'Kustner YH Square - Käseverpackungsmaschine','','Bei dieser Maschine handelt es sich um eine Verpackungsmaschine zum Abfüllen und Verpacken von Käse in Aluminiumfolie oder Pergamentpapier.<sync4-upload uploaded=\"30.08.2019 11:26:24\" version=\"9.0.7.3\"></sync4-upload>',NULL,'2019-01-03',1,1,0,0,'','','2019-08-30 11:26:27',NULL,0,5,0,0,0,'',0,59,NULL,NULL,NULL),(61,2,'Alfa Laval BMRPX 618 HGV-14C-50 - Bactofuge','','<sync4-upload uploaded=\"17.07.2019 14:24:16\" version=\"9.0.5.1\"></sync4-upload>',NULL,'2019-01-03',1,1,0,0,'','','2019-07-17 14:24:17',NULL,0,5,0,0,0,'',0,61,NULL,NULL,NULL),(62,1,'Landteknikk 9V - Tank','','<sync4-upload uploaded=\"17.07.2019 14:24:33\" version=\"9.0.5.1\"></sync4-upload>',NULL,'2019-01-03',1,1,0,0,'','','2019-07-17 14:24:35',NULL,0,5,0,0,0,'',0,62,NULL,NULL,NULL),(63,1,'Dietzel T15/30 EA 1400/80 - Walzentrockner','','<sync4-upload uploaded=\"17.07.2019 14:24:41\" version=\"9.0.5.1\"></sync4-upload>',NULL,'2019-01-03',1,1,0,0,'','','2019-07-17 14:24:42',NULL,0,5,0,0,0,'',0,63,NULL,NULL,NULL),(64,1,'AK 160 - Kutter','','<sync4-upload uploaded=\"17.07.2019 14:24:55\" version=\"9.0.5.1\"></sync4-upload>',NULL,'2019-01-03',1,1,0,0,'','','2019-07-17 14:24:56',NULL,0,5,0,0,0,'',0,64,NULL,NULL,NULL),(65,6,'APV Gaulin MC 7 3-TBS - Homogenisator','','<sync4-upload uploaded=\"24.07.2019 13:00:01\" version=\"9.0.5.1\"></sync4-upload>',NULL,'2019-01-03',1,1,0,0,'','','2019-07-24 13:00:02',NULL,0,5,0,0,0,'',0,65,NULL,NULL,NULL),(68,21,'Kustner Micropac ET - Butterverpackungsmaschine','','<sync4-upload uploaded=\"17.07.2019 14:25:30\" version=\"9.0.5.1\"></sync4-upload>',NULL,'2019-01-03',1,1,0,0,'','','2019-07-17 14:25:31',NULL,0,5,0,0,0,'',0,68,NULL,NULL,NULL),(69,10,'Benhil 8219 - Butterverpackungsmaschine','','<sync4-upload uploaded=\"17.07.2019 14:25:51\" version=\"9.0.5.1\"></sync4-upload>',NULL,'2019-01-03',1,1,0,0,'','','2019-07-17 14:25:52',NULL,0,5,0,0,0,'',0,69,NULL,NULL,NULL),(70,20,'Hamba 6000 - Becherfüller','','<sync4-upload uploaded=\"17.07.2019 14:26:13\" version=\"9.0.5.1\"></sync4-upload>',NULL,'2019-01-03',1,1,0,0,'','','2019-07-17 14:26:14',NULL,0,5,0,0,0,'',0,70,NULL,NULL,NULL),(71,31,'Simon Freres MB 5 - Buttermaschine','','<sync4-upload uploaded=\"12.08.2019 09:38:06\" version=\"9.0.7.3\"></sync4-upload>',NULL,'2019-01-03',1,1,0,0,'','','2019-08-12 09:38:07',NULL,0,5,0,0,0,'',0,71,NULL,NULL,NULL),(73,19,'GEA Westfalia BUC 1500 - Buttermaschine','','',NULL,'2019-08-01',0,1,0,0,'','','2019-10-11 12:07:52',NULL,0,5,1,0,0,'',0,73,NULL,NULL,NULL),(76,6,'APV Gaulin MC 18-3 TPS - Homogenisator','','<sync4-upload uploaded=\"24.07.2019 13:00:15\" version=\"9.0.5.1\"></sync4-upload>',NULL,'2019-01-03',1,1,0,0,'','','2019-07-24 13:00:16',NULL,0,5,0,0,0,'',0,76,NULL,NULL,NULL),(77,1,'Stephan UMM/SK 40 E - Kutter','','<sync4-upload uploaded=\"17.07.2019 14:27:10\" version=\"9.0.5.1\"></sync4-upload>',NULL,'2019-01-03',1,1,0,0,'','','2019-07-17 14:27:11',NULL,0,5,0,0,0,'',0,77,NULL,NULL,NULL),(78,1,'Risco RS 305 - Vakuumfüller','','<sync4-upload uploaded=\"19.06.2019 11:54:02\" version=\"9.0.5.1\"></sync4-upload>',NULL,'2019-01-03',1,1,0,0,'','','2019-06-19 11:54:03',NULL,0,5,0,0,0,'',0,78,NULL,NULL,NULL),(79,2,'Alfa Laval HMRPX 614 HGV-74C - Entrahmer','','Bei dieser Maschine handelt es sich um einen Entrahmer. Entrahmer werden eingesetzt um Rohmilch in Magermilch und Rahmen zu trennen. Die Trennung in Magermilch und Rahmen ist nötig um im weiteren Prozess das Mischungsverhältnis bestimmen zu können.<br /><br />Dies ist ein gebrauchter GEA Westfalia HMRPX 614 HGV-74C mit einer Kapazität von 8000. Diese Maschine wurde zuletzt für die Verarbeitung von Milch eingesetzt. Sie ist generalüberholt und wird auf einem Stahlrahmen montiert geliefert.<br /><br />Inklusive Werkzeuge und Handbuch<sync4-upload uploaded=\"17.07.2019 14:43:43\" version=\"9.0.5.1\"></sync4-upload>',NULL,'2019-01-03',1,1,0,0,'','','2019-07-17 14:43:45',NULL,0,5,0,0,0,'',0,79,NULL,NULL,NULL),(80,34,'Stephan UMM/SK 40 E - Kutter','','<p>Stephan Universalmaschinen sind kompakte und hoch flexible Prozessanlagen. Sie übernehmen fast alle Arbeiten, die bei der Produktion von Schmelzkäse, Convenience Food und Süßwaren anfallen: vom Mischen und Zerkleinern, über das Emulgieren und Vakuumisieren bis zum Heizen und Kühlen. Kennzeichnend für die STEPHAN Universalmaschinen ist ihre Vielseitigkeit.<br><br>Diese Stephan Universalmaschine des Types UMM SK 40 E hat ein Fassungsvermögen von ca. 30 L und einen Stundenleistung von ca. 120 Kg/h. Sie ist in einem sehr guten gebrauchtem Zustand und kann auf Anfrage überholt werden.<br><br>Inklusive Vakuumpumpeund Kontrollpult</p>',NULL,'2019-08-11',1,1,0,0,'','','2019-09-24 10:56:43',NULL,0,5,0,0,0,'',0,80,NULL,NULL,NULL);

--
-- Table structure for table `s_articles_also_bought_ro`
--

CREATE TABLE `s_articles_also_bought_ro` (
  `id` int(11) NOT NULL AUTO_INCREMENT,
  `article_id` int(11) unsigned NOT NULL,
  `related_article_id` int(11) NOT NULL,
  `sales` int(11) unsigned NOT NULL DEFAULT '0',
  PRIMARY KEY (`id`),
  UNIQUE KEY `bought_combination` (`article_id`,`related_article_id`),
  KEY `related_article_id` (`related_article_id`),
  KEY `article_id` (`article_id`),
  KEY `get_also_bought_articles` (`article_id`,`sales`,`related_article_id`)
) ENGINE=InnoDB AUTO_INCREMENT=11 DEFAULT CHARSET=utf8 COLLATE=utf8_unicode_ci;

--
-- Dumping data for table `s_articles_also_bought_ro`
--

INSERT INTO `s_articles_also_bought_ro` VALUES (5,42,73,1),(6,42,78,1),(2,54,55,1),(1,55,54,1),(3,59,76,1),(7,73,42,1),(8,73,78,1),(4,76,59,1),(9,78,42,1),(10,78,73,1);

--
-- Table structure for table `s_articles_attributes`
--

CREATE TABLE `s_articles_attributes` (
  `id` int(11) NOT NULL AUTO_INCREMENT,
  `articleID` int(11) unsigned DEFAULT NULL,
  `articledetailsID` int(11) unsigned DEFAULT NULL,
  `attr1` text COLLATE utf8_unicode_ci,
  `attr2` text COLLATE utf8_unicode_ci,
  `attr3` text COLLATE utf8_unicode_ci,
  `attr4` text COLLATE utf8_unicode_ci,
  `attr5` text COLLATE utf8_unicode_ci,
  `attr6` text COLLATE utf8_unicode_ci,
  `attr7` text COLLATE utf8_unicode_ci,
  `attr8` text COLLATE utf8_unicode_ci,
  `attr9` text COLLATE utf8_unicode_ci,
  `attr10` text COLLATE utf8_unicode_ci,
  `attr11` text COLLATE utf8_unicode_ci,
  `attr12` text COLLATE utf8_unicode_ci,
  `attr13` text COLLATE utf8_unicode_ci,
  `attr14` text COLLATE utf8_unicode_ci,
  `attr15` text COLLATE utf8_unicode_ci,
  `attr16` text COLLATE utf8_unicode_ci,
  `attr17` text COLLATE utf8_unicode_ci,
  `attr18` text COLLATE utf8_unicode_ci,
  `attr19` text COLLATE utf8_unicode_ci,
  `attr20` text COLLATE utf8_unicode_ci,
  `dcondition` text COLLATE utf8_unicode_ci,
  `dreferencenumber` text COLLATE utf8_unicode_ci,
  `dmachinetype` text COLLATE utf8_unicode_ci,
  `dmodel` text COLLATE utf8_unicode_ci,
  `dserialnumber` text COLLATE utf8_unicode_ci,
  `dvideo` text COLLATE utf8_unicode_ci,
  `pix_inquiry_only` mediumtext COLLATE utf8_unicode_ci,
  `merxikapinl` double DEFAULT NULL,
  `merxikapoukg` double DEFAULT NULL,
  `merxikapinkg` double DEFAULT NULL,
  `merxikapoul` double DEFAULT NULL,
  `merxifass` double DEFAULT NULL,
  `merxikapunit` double DEFAULT NULL,
  `merximodell` text COLLATE utf8_unicode_ci,
  `merxiproduct` text COLLATE utf8_unicode_ci,
  `merxiasept` text COLLATE utf8_unicode_ci,
  `dreisc_seo_url` text COLLATE utf8_unicode_ci,
  `dreisc_seo_title` text COLLATE utf8_unicode_ci,
  `dreisc_seo_title_replace` int(1) DEFAULT '0',
  `dreisc_seo_breadcrumb` text COLLATE utf8_unicode_ci,
  `dreisc_canonical_link` text COLLATE utf8_unicode_ci,
  `dreisc_robots_tag` text COLLATE utf8_unicode_ci,
  `dreisc_facebook_description` text COLLATE utf8_unicode_ci,
  `dreisc_twitter_description` text COLLATE utf8_unicode_ci,
  `dreisc_facebook_image` text COLLATE utf8_unicode_ci,
  `dreisc_twitter_image` text COLLATE utf8_unicode_ci,
  PRIMARY KEY (`id`),
  UNIQUE KEY `articledetailsID` (`articledetailsID`),
  KEY `articleID` (`articleID`),
  CONSTRAINT `s_articles_attributes_ibfk_1` FOREIGN KEY (`articleID`) REFERENCES `s_articles` (`id`) ON DELETE CASCADE ON UPDATE NO ACTION,
  CONSTRAINT `s_articles_attributes_ibfk_2` FOREIGN KEY (`articledetailsID`) REFERENCES `s_articles_details` (`id`) ON DELETE CASCADE ON UPDATE NO ACTION
) ENGINE=InnoDB AUTO_INCREMENT=81 DEFAULT CHARSET=utf8 COLLATE=utf8_unicode_ci;

--
-- Dumping data for table `s_articles_attributes`
--

INSERT INTO `s_articles_attributes` VALUES (23,23,23,'Gebraucht/Überholt','','',NULL,NULL,NULL,NULL,NULL,NULL,NULL,NULL,NULL,NULL,NULL,NULL,NULL,NULL,NULL,NULL,NULL,'','','','','','',NULL,345,345,1000,1000,500,17200,'VPS 120','Butter','Nein',NULL,NULL,0,NULL,NULL,NULL,NULL,NULL,NULL,NULL),(24,24,24,'Gebraucht','','',NULL,NULL,NULL,NULL,NULL,NULL,NULL,NULL,NULL,NULL,NULL,NULL,NULL,NULL,NULL,NULL,NULL,'','','','','','',NULL,10000,NULL,NULL,NULL,NULL,NULL,'SA 20-06-076','Milch','',NULL,NULL,0,NULL,NULL,NULL,NULL,NULL,NULL,NULL),(25,25,25,'Gebraucht',NULL,NULL,NULL,NULL,NULL,NULL,NULL,NULL,NULL,NULL,NULL,NULL,NULL,NULL,NULL,NULL,NULL,NULL,NULL,NULL,NULL,NULL,NULL,NULL,NULL,NULL,9000,NULL,NULL,NULL,NULL,NULL,'MSB 14','Milch','',NULL,NULL,0,NULL,NULL,NULL,NULL,NULL,NULL,NULL),(26,26,26,'Gebraucht',NULL,NULL,NULL,NULL,NULL,NULL,NULL,NULL,NULL,NULL,NULL,NULL,NULL,NULL,NULL,NULL,NULL,NULL,NULL,NULL,NULL,NULL,NULL,NULL,NULL,NULL,9000,NULL,NULL,NULL,NULL,NULL,'MSB 14','Milch','',NULL,NULL,0,NULL,NULL,NULL,NULL,NULL,NULL,NULL),(27,27,27,'Gebraucht',NULL,NULL,NULL,NULL,NULL,NULL,NULL,NULL,NULL,NULL,NULL,NULL,NULL,NULL,NULL,NULL,NULL,NULL,NULL,NULL,NULL,NULL,NULL,NULL,NULL,NULL,20000,NULL,NULL,NULL,NULL,NULL,'MC 120-3TPS','Milch','',NULL,NULL,0,NULL,NULL,NULL,NULL,NULL,NULL,NULL),(28,28,28,'Gebraucht/Überholt',NULL,NULL,NULL,NULL,NULL,NULL,NULL,NULL,NULL,NULL,NULL,NULL,NULL,NULL,NULL,NULL,NULL,NULL,NULL,NULL,NULL,NULL,NULL,NULL,NULL,NULL,NULL,1000,NULL,NULL,NULL,4200,'XPG-40','Butter','Nein',NULL,NULL,0,NULL,NULL,NULL,NULL,NULL,NULL,NULL),(29,29,29,'Gebraucht',NULL,NULL,NULL,NULL,NULL,NULL,NULL,NULL,NULL,NULL,NULL,NULL,NULL,NULL,NULL,NULL,NULL,NULL,NULL,NULL,NULL,NULL,NULL,NULL,NULL,NULL,5000,NULL,NULL,NULL,NULL,NULL,'MSD 50-01-076','Milch','',NULL,NULL,0,NULL,NULL,NULL,NULL,NULL,NULL,NULL),(30,30,30,'Gebraucht',NULL,NULL,NULL,NULL,NULL,NULL,NULL,NULL,NULL,NULL,NULL,NULL,NULL,NULL,NULL,NULL,NULL,NULL,NULL,NULL,NULL,NULL,NULL,NULL,NULL,NULL,6000,NULL,NULL,NULL,NULL,NULL,'MSD 60-01-076','Milch','',NULL,NULL,0,NULL,NULL,NULL,NULL,NULL,NULL,NULL),(31,31,31,'Gebraucht/Überholt','','',NULL,NULL,NULL,NULL,NULL,NULL,NULL,NULL,NULL,NULL,NULL,NULL,NULL,NULL,NULL,NULL,NULL,'',NULL,NULL,NULL,NULL,'',NULL,7000,0,0,0,0,0,'HMRPX 610 HGV-74C','Milch','',NULL,NULL,0,NULL,NULL,NULL,NULL,NULL,NULL,NULL),(32,32,32,'Gebraucht',NULL,NULL,NULL,NULL,NULL,NULL,NULL,NULL,NULL,NULL,NULL,NULL,NULL,NULL,NULL,NULL,NULL,NULL,NULL,NULL,NULL,NULL,NULL,NULL,NULL,NULL,6000,NULL,NULL,NULL,NULL,NULL,'VT 40','Milch','',NULL,NULL,0,NULL,NULL,NULL,NULL,NULL,NULL,NULL),(33,33,33,'',NULL,NULL,NULL,NULL,NULL,NULL,NULL,NULL,NULL,NULL,NULL,NULL,NULL,NULL,NULL,NULL,NULL,NULL,NULL,NULL,NULL,NULL,NULL,NULL,NULL,NULL,NULL,1200,NULL,NULL,NULL,NULL,'UTK 18 200-2a-2e','Verschieden','',NULL,NULL,0,NULL,NULL,NULL,NULL,NULL,NULL,NULL),(34,34,34,'',NULL,NULL,NULL,NULL,NULL,NULL,NULL,NULL,NULL,NULL,NULL,NULL,NULL,NULL,NULL,NULL,NULL,NULL,NULL,NULL,NULL,NULL,NULL,NULL,NULL,NULL,NULL,1200,NULL,NULL,NULL,NULL,'UTK 18 200-2a-2e','Quark','',NULL,NULL,0,NULL,NULL,NULL,NULL,NULL,NULL,NULL),(35,35,35,'Neu',NULL,NULL,NULL,NULL,NULL,NULL,NULL,NULL,NULL,NULL,NULL,NULL,NULL,NULL,NULL,NULL,NULL,NULL,NULL,NULL,NULL,NULL,NULL,NULL,NULL,NULL,NULL,200,NULL,NULL,NULL,NULL,'Compact 200 V','Mozzarella','',NULL,NULL,0,NULL,NULL,NULL,NULL,NULL,NULL,NULL),(36,36,36,'Gebraucht',NULL,NULL,NULL,NULL,NULL,NULL,NULL,NULL,NULL,NULL,NULL,NULL,NULL,NULL,NULL,NULL,NULL,NULL,NULL,NULL,NULL,NULL,NULL,NULL,NULL,NULL,7500,NULL,NULL,NULL,NULL,NULL,'MC 18-3TPS','Milch','',NULL,NULL,0,NULL,NULL,NULL,NULL,NULL,NULL,NULL),(37,37,37,'Gebraucht',NULL,NULL,NULL,NULL,NULL,NULL,NULL,NULL,NULL,NULL,NULL,NULL,NULL,NULL,NULL,NULL,NULL,NULL,NULL,NULL,NULL,NULL,NULL,NULL,NULL,NULL,11600,NULL,NULL,NULL,NULL,NULL,'MC 45-5TPS','Milch','',NULL,NULL,0,NULL,NULL,NULL,NULL,NULL,NULL,NULL),(38,38,38,'Gebraucht',NULL,NULL,NULL,NULL,NULL,NULL,NULL,NULL,NULL,NULL,NULL,NULL,NULL,NULL,NULL,NULL,NULL,NULL,NULL,NULL,NULL,NULL,NULL,NULL,NULL,NULL,7500,NULL,NULL,NULL,NULL,NULL,'MC 45-5TPSX','Milch','',NULL,NULL,0,NULL,NULL,NULL,NULL,NULL,NULL,NULL),(39,39,39,'',NULL,NULL,NULL,NULL,NULL,NULL,NULL,NULL,NULL,NULL,NULL,NULL,NULL,NULL,NULL,NULL,NULL,NULL,NULL,NULL,NULL,NULL,NULL,NULL,NULL,NULL,NULL,NULL,NULL,NULL,NULL,NULL,'','','',NULL,NULL,0,NULL,NULL,NULL,NULL,NULL,NULL,NULL),(40,40,40,'',NULL,NULL,NULL,NULL,NULL,NULL,NULL,NULL,NULL,NULL,NULL,NULL,NULL,NULL,NULL,NULL,NULL,NULL,NULL,NULL,NULL,NULL,NULL,NULL,NULL,NULL,NULL,NULL,NULL,NULL,NULL,NULL,'','','',NULL,NULL,0,NULL,NULL,NULL,NULL,NULL,NULL,NULL),(41,41,41,'Gebraucht/Überholt',NULL,NULL,NULL,NULL,NULL,NULL,NULL,NULL,NULL,NULL,NULL,NULL,NULL,NULL,NULL,NULL,NULL,NULL,NULL,NULL,NULL,NULL,NULL,NULL,NULL,NULL,NULL,800,NULL,NULL,NULL,NULL,'Contimab MC 5','Butter','',NULL,NULL,0,NULL,NULL,NULL,NULL,NULL,NULL,NULL),(42,42,42,'Gebraucht/Überholt',NULL,NULL,NULL,NULL,NULL,NULL,NULL,NULL,NULL,NULL,NULL,NULL,NULL,NULL,NULL,NULL,NULL,NULL,NULL,NULL,NULL,NULL,NULL,NULL,NULL,NULL,10000,2000,NULL,NULL,NULL,NULL,'QMRKX 517 SGV-34C-50','Quark','',NULL,NULL,0,NULL,NULL,NULL,NULL,NULL,NULL,NULL),(43,43,43,'Gebraucht/Überholt',NULL,NULL,NULL,NULL,NULL,NULL,NULL,NULL,NULL,NULL,NULL,NULL,NULL,NULL,NULL,NULL,NULL,NULL,NULL,NULL,NULL,NULL,NULL,NULL,NULL,NULL,50,NULL,NULL,NULL,NULL,NULL,'LAB 15 M','Milch','',NULL,NULL,0,NULL,NULL,NULL,NULL,NULL,NULL,NULL),(44,44,44,'Gebraucht',NULL,NULL,NULL,NULL,NULL,NULL,NULL,NULL,NULL,NULL,NULL,NULL,NULL,NULL,NULL,NULL,NULL,NULL,NULL,NULL,NULL,NULL,NULL,NULL,NULL,NULL,NULL,NULL,NULL,NULL,NULL,2400,'8204','Butter','',NULL,NULL,0,NULL,NULL,NULL,NULL,NULL,NULL,NULL),(45,45,45,'Gebraucht',NULL,NULL,NULL,NULL,NULL,NULL,NULL,NULL,NULL,NULL,NULL,NULL,NULL,NULL,NULL,NULL,NULL,NULL,NULL,NULL,NULL,NULL,NULL,NULL,NULL,NULL,NULL,NULL,NULL,NULL,80,NULL,'','Frischkäse','',NULL,NULL,0,NULL,NULL,NULL,NULL,NULL,NULL,NULL),(46,46,46,'Gebraucht/Überholt',NULL,NULL,NULL,NULL,NULL,NULL,NULL,NULL,NULL,NULL,NULL,NULL,NULL,NULL,NULL,NULL,NULL,NULL,NULL,NULL,NULL,NULL,NULL,NULL,NULL,NULL,NULL,NULL,NULL,NULL,NULL,NULL,'YH 8/8 Tringular','Käse','',NULL,NULL,0,NULL,NULL,NULL,NULL,NULL,NULL,NULL),(47,47,47,'Gebraucht',NULL,NULL,NULL,NULL,NULL,NULL,NULL,NULL,NULL,NULL,NULL,NULL,NULL,NULL,NULL,NULL,NULL,NULL,NULL,NULL,NULL,NULL,NULL,NULL,NULL,NULL,1800,NULL,NULL,NULL,NULL,NULL,'Z42-3/401','','',NULL,NULL,0,NULL,NULL,NULL,NULL,NULL,NULL,NULL),(48,48,48,'',NULL,NULL,NULL,NULL,NULL,NULL,NULL,NULL,NULL,NULL,NULL,NULL,NULL,NULL,NULL,NULL,NULL,NULL,NULL,NULL,NULL,NULL,NULL,NULL,NULL,NULL,10000,NULL,NULL,NULL,NULL,NULL,'UF 70','Käse','',NULL,NULL,0,NULL,NULL,NULL,NULL,NULL,NULL,NULL),(49,49,49,'',NULL,NULL,NULL,NULL,NULL,NULL,NULL,NULL,NULL,NULL,NULL,NULL,NULL,NULL,NULL,NULL,NULL,NULL,NULL,NULL,NULL,NULL,NULL,NULL,NULL,NULL,NULL,NULL,NULL,NULL,15000,NULL,'ST6','Milch','Ja',NULL,NULL,0,NULL,NULL,NULL,NULL,NULL,NULL,NULL),(50,50,50,'',NULL,NULL,NULL,NULL,NULL,NULL,NULL,NULL,NULL,NULL,NULL,NULL,NULL,NULL,NULL,NULL,NULL,NULL,NULL,NULL,NULL,NULL,NULL,NULL,NULL,NULL,6000,NULL,NULL,NULL,NULL,NULL,'MC 18-3TPS','Milch','',NULL,NULL,0,NULL,NULL,NULL,NULL,NULL,NULL,NULL),(51,51,51,'',NULL,NULL,NULL,NULL,NULL,NULL,NULL,NULL,NULL,NULL,NULL,NULL,NULL,NULL,NULL,NULL,NULL,NULL,NULL,NULL,NULL,NULL,NULL,NULL,NULL,NULL,NULL,NULL,NULL,NULL,NULL,NULL,'8206','Butter','',NULL,NULL,0,NULL,NULL,NULL,NULL,NULL,NULL,NULL),(52,52,52,'Gebraucht',NULL,NULL,NULL,NULL,NULL,NULL,NULL,NULL,NULL,NULL,NULL,NULL,NULL,NULL,NULL,NULL,NULL,NULL,NULL,NULL,NULL,NULL,NULL,NULL,NULL,NULL,NULL,900,NULL,NULL,NULL,3600,'F140','Butter','',NULL,NULL,0,NULL,NULL,NULL,NULL,NULL,NULL,NULL),(53,53,53,'',NULL,NULL,NULL,NULL,NULL,NULL,NULL,NULL,NULL,NULL,NULL,NULL,NULL,NULL,NULL,NULL,NULL,NULL,NULL,NULL,NULL,NULL,NULL,NULL,NULL,NULL,NULL,NULL,NULL,NULL,NULL,NULL,'AL CIP 20','','',NULL,NULL,0,NULL,NULL,NULL,NULL,NULL,NULL,NULL),(54,54,54,'',NULL,NULL,NULL,NULL,NULL,NULL,NULL,NULL,NULL,NULL,NULL,NULL,NULL,NULL,NULL,NULL,NULL,NULL,NULL,NULL,NULL,NULL,NULL,NULL,NULL,NULL,15000,NULL,NULL,NULL,NULL,NULL,'BMRPX 714 HGV-14C','Milch','',NULL,NULL,0,NULL,NULL,NULL,NULL,NULL,NULL,NULL),(55,55,55,'Gebraucht',NULL,NULL,NULL,NULL,NULL,NULL,NULL,NULL,NULL,NULL,NULL,NULL,NULL,NULL,NULL,NULL,NULL,NULL,NULL,NULL,NULL,NULL,NULL,NULL,NULL,NULL,NULL,NULL,NULL,NULL,9000,NULL,'','Milch','Ja',NULL,NULL,0,NULL,NULL,NULL,NULL,NULL,NULL,NULL),(56,56,56,'Gebraucht',NULL,NULL,NULL,NULL,NULL,NULL,NULL,NULL,NULL,NULL,NULL,NULL,NULL,NULL,NULL,NULL,NULL,NULL,NULL,NULL,NULL,NULL,NULL,NULL,NULL,NULL,NULL,1500,NULL,NULL,NULL,NULL,'CE 250','Milch','',NULL,NULL,0,NULL,NULL,NULL,NULL,NULL,NULL,NULL),(57,57,57,'Gebraucht/Überholt',NULL,NULL,NULL,NULL,NULL,NULL,NULL,NULL,NULL,NULL,NULL,NULL,NULL,NULL,NULL,NULL,NULL,NULL,NULL,NULL,NULL,NULL,NULL,NULL,NULL,NULL,NULL,2000,NULL,NULL,NULL,NULL,'311/2000','Butter','',NULL,NULL,0,NULL,NULL,NULL,NULL,NULL,NULL,NULL),(58,58,58,'Gebraucht',NULL,NULL,NULL,NULL,NULL,NULL,NULL,NULL,NULL,NULL,NULL,NULL,NULL,NULL,NULL,NULL,NULL,NULL,NULL,NULL,NULL,NULL,NULL,NULL,NULL,NULL,NULL,600,NULL,NULL,NULL,NULL,'MB 2','Butter','',NULL,NULL,0,NULL,NULL,NULL,NULL,NULL,NULL,NULL),(59,59,59,'Überholt',NULL,NULL,NULL,NULL,NULL,NULL,NULL,NULL,NULL,NULL,NULL,NULL,NULL,NULL,NULL,NULL,NULL,NULL,NULL,NULL,NULL,NULL,NULL,NULL,NULL,NULL,NULL,130,NULL,NULL,NULL,3600,'YH Square','Käse','',NULL,NULL,0,NULL,NULL,NULL,NULL,NULL,NULL,NULL),(61,61,61,'Gebraucht',NULL,NULL,NULL,NULL,NULL,NULL,NULL,NULL,NULL,NULL,NULL,NULL,NULL,NULL,NULL,NULL,NULL,NULL,NULL,NULL,NULL,NULL,NULL,NULL,NULL,NULL,25000,NULL,NULL,NULL,NULL,NULL,'BMRPX 618 HGV-14C-50','Milch','',NULL,NULL,0,NULL,NULL,NULL,NULL,NULL,NULL,NULL),(62,62,62,'Gebraucht',NULL,NULL,NULL,NULL,NULL,NULL,NULL,NULL,NULL,NULL,NULL,NULL,NULL,NULL,NULL,NULL,NULL,NULL,NULL,NULL,NULL,NULL,NULL,NULL,NULL,NULL,NULL,NULL,NULL,NULL,900,NULL,'9V','Milch','',NULL,NULL,0,NULL,NULL,NULL,NULL,NULL,NULL,NULL),(63,63,63,'Gebraucht',NULL,NULL,NULL,NULL,NULL,NULL,NULL,NULL,NULL,NULL,NULL,NULL,NULL,NULL,NULL,NULL,NULL,NULL,NULL,NULL,NULL,NULL,NULL,NULL,NULL,NULL,NULL,NULL,NULL,NULL,NULL,NULL,'EA 1400/80','','',NULL,NULL,0,NULL,NULL,NULL,NULL,NULL,NULL,NULL),(64,64,64,'Gebraucht',NULL,NULL,NULL,NULL,NULL,NULL,NULL,NULL,NULL,NULL,NULL,NULL,NULL,NULL,NULL,NULL,NULL,NULL,NULL,NULL,NULL,NULL,NULL,NULL,NULL,NULL,NULL,520,NULL,NULL,160,NULL,'AK 160','Käse','',NULL,NULL,0,NULL,NULL,NULL,NULL,NULL,NULL,NULL),(65,65,65,'Gebraucht',NULL,NULL,NULL,NULL,NULL,NULL,NULL,NULL,NULL,NULL,NULL,NULL,NULL,NULL,NULL,NULL,NULL,NULL,NULL,NULL,NULL,NULL,NULL,NULL,NULL,NULL,2000,NULL,NULL,NULL,NULL,NULL,'MC 7 3-TBS','Milch','',NULL,NULL,0,NULL,NULL,NULL,NULL,NULL,NULL,NULL),(68,68,68,'Gebraucht/Überholt',NULL,NULL,NULL,NULL,NULL,NULL,NULL,NULL,NULL,NULL,NULL,NULL,NULL,NULL,NULL,NULL,NULL,NULL,NULL,NULL,NULL,NULL,NULL,NULL,NULL,NULL,NULL,NULL,NULL,NULL,NULL,3600,'Micropac ET','Butter','',NULL,NULL,0,NULL,NULL,NULL,NULL,NULL,NULL,NULL),(69,69,69,'Gebraucht/Überholt',NULL,NULL,NULL,NULL,NULL,NULL,NULL,NULL,NULL,NULL,NULL,NULL,NULL,NULL,NULL,NULL,NULL,NULL,NULL,NULL,NULL,NULL,NULL,NULL,NULL,NULL,NULL,NULL,NULL,NULL,NULL,7000,'8219','Butter','',NULL,NULL,0,NULL,NULL,NULL,NULL,NULL,NULL,NULL),(70,70,70,'Gebraucht/Überholt','','',NULL,NULL,NULL,NULL,NULL,NULL,NULL,NULL,NULL,NULL,NULL,NULL,NULL,NULL,NULL,NULL,NULL,'',NULL,NULL,NULL,NULL,'Gfxb-Q4OAAg',NULL,0,0,0,0,0,5000,'6000','Joghurt','',NULL,NULL,0,NULL,NULL,NULL,NULL,NULL,NULL,NULL),(71,71,71,'Gebraucht',NULL,NULL,NULL,NULL,NULL,NULL,NULL,NULL,NULL,NULL,NULL,NULL,NULL,NULL,NULL,NULL,NULL,NULL,NULL,NULL,NULL,NULL,NULL,NULL,NULL,NULL,NULL,800,NULL,NULL,NULL,NULL,'MB 5','Butter','',NULL,NULL,0,NULL,NULL,NULL,NULL,NULL,NULL,NULL),(73,73,73,'Gebraucht','','',NULL,NULL,NULL,NULL,NULL,NULL,NULL,NULL,NULL,NULL,NULL,NULL,NULL,NULL,NULL,NULL,NULL,'',NULL,NULL,NULL,NULL,'',NULL,0,1500,0,0,0,0,'BUC 1500','Butter','',NULL,NULL,0,NULL,NULL,NULL,NULL,NULL,NULL,NULL),(76,76,76,'',NULL,NULL,NULL,NULL,NULL,NULL,NULL,NULL,NULL,NULL,NULL,NULL,NULL,NULL,NULL,NULL,NULL,NULL,NULL,NULL,NULL,NULL,NULL,NULL,NULL,NULL,7500,NULL,NULL,NULL,NULL,NULL,'MC 18-3 TPS','Milch','',NULL,NULL,0,NULL,NULL,NULL,NULL,NULL,NULL,NULL),(77,77,77,'',NULL,NULL,NULL,NULL,NULL,NULL,NULL,NULL,NULL,NULL,NULL,NULL,NULL,NULL,NULL,NULL,NULL,NULL,NULL,NULL,NULL,NULL,NULL,NULL,NULL,NULL,NULL,130,NULL,NULL,40,NULL,'UMM/SK 40 E','Käse','',NULL,NULL,0,NULL,NULL,NULL,NULL,NULL,NULL,NULL),(78,78,78,'Gebraucht/Überholt',NULL,NULL,NULL,NULL,NULL,NULL,NULL,NULL,NULL,NULL,NULL,NULL,NULL,NULL,NULL,NULL,NULL,NULL,NULL,NULL,NULL,NULL,NULL,NULL,NULL,NULL,NULL,NULL,4900,NULL,NULL,NULL,'RS 305','Käse','',NULL,NULL,0,NULL,NULL,NULL,NULL,NULL,NULL,NULL),(79,79,79,'Gebraucht/Überholt',NULL,NULL,NULL,NULL,NULL,NULL,NULL,NULL,NULL,NULL,NULL,NULL,NULL,NULL,NULL,NULL,NULL,NULL,NULL,NULL,NULL,NULL,NULL,NULL,NULL,NULL,8000,NULL,NULL,NULL,NULL,NULL,'614 HGV-74C','Milch','',NULL,NULL,0,NULL,NULL,NULL,NULL,NULL,NULL,NULL),(80,80,80,'Gebraucht','','',NULL,NULL,NULL,NULL,NULL,NULL,NULL,NULL,NULL,NULL,NULL,NULL,NULL,NULL,NULL,NULL,NULL,'',NULL,NULL,NULL,NULL,'',NULL,0,120,0,0,30,0,'UMM/SK 40 E','Frischkäse','Nein',NULL,NULL,0,NULL,NULL,NULL,NULL,NULL,NULL,NULL);

--
-- Table structure for table `s_articles_avoid_customergroups`
--

CREATE TABLE `s_articles_avoid_customergroups` (
  `articleID` int(11) NOT NULL,
  `customergroupID` int(11) NOT NULL,
  UNIQUE KEY `articleID` (`articleID`,`customergroupID`)
) ENGINE=InnoDB DEFAULT CHARSET=utf8 COLLATE=utf8_unicode_ci;

--
-- Dumping data for table `s_articles_avoid_customergroups`
--


--
-- Table structure for table `s_articles_categories`
--

CREATE TABLE `s_articles_categories` (
  `id` int(11) unsigned NOT NULL AUTO_INCREMENT,
  `articleID` int(11) unsigned NOT NULL,
  `categoryID` int(11) unsigned NOT NULL,
  PRIMARY KEY (`id`),
  UNIQUE KEY `articleID` (`articleID`,`categoryID`),
  KEY `categoryID` (`categoryID`),
  KEY `articleID_2` (`articleID`)
) ENGINE=InnoDB AUTO_INCREMENT=2208 DEFAULT CHARSET=utf8 COLLATE=utf8_unicode_ci;

--
-- Dumping data for table `s_articles_categories`
--

INSERT INTO `s_articles_categories` VALUES (1932,23,97),(1933,23,110),(1934,23,133),(1935,23,134),(2094,24,102),(2095,24,115),(1938,25,95),(1939,25,108),(2036,26,102),(2037,26,115),(2110,27,106),(2111,27,119),(2138,28,97),(2139,28,110),(2140,28,133),(2141,28,134),(2044,29,102),(2045,29,115),(2046,30,102),(2047,30,115),(2204,31,102),(2205,31,115),(2206,31,133),(2207,31,134),(2054,32,103),(2055,32,116),(2056,33,131),(2057,33,132),(2058,34,131),(2059,34,132),(2178,35,105),(2179,35,118),(2120,36,106),(2121,36,119),(2122,37,106),(2123,37,119),(2124,38,106),(2125,38,119),(1704,39,131),(1705,39,132),(1706,40,131),(1707,40,132),(1708,41,97),(1709,41,110),(1710,41,133),(1711,41,134),(2128,42,102),(2129,42,115),(2126,42,133),(2127,42,134),(2130,43,106),(2131,43,119),(2070,44,99),(2071,44,112),(2180,45,105),(2181,45,118),(1986,46,105),(1987,46,118),(1984,46,133),(1985,46,134),(2146,47,102),(2147,47,115),(2160,48,96),(2161,48,109),(1992,49,101),(1993,49,114),(2148,50,106),(2149,50,119),(2150,51,97),(2151,51,110),(2152,52,97),(2153,52,110),(2154,53,131),(2155,53,132),(1898,54,102),(1899,54,115),(1896,54,133),(1897,54,134),(2084,55,101),(2085,55,114),(2002,56,129),(2003,56,130),(2162,57,97),(2163,57,110),(2006,58,97),(2007,58,110),(2182,59,105),(2183,59,118),(2010,61,102),(2011,61,115),(2012,62,101),(2013,62,114),(2014,63,129),(2015,63,130),(2016,64,105),(2017,64,118),(2134,65,106),(2135,65,119),(2020,68,97),(2021,68,110),(2022,69,97),(2023,69,110),(2024,70,99),(2025,70,112),(2164,71,97),(2165,71,110),(2202,73,97),(2203,73,110),(2136,76,106),(2137,76,119),(2032,77,105),(2033,77,118),(1772,78,105),(1773,78,118),(2052,79,102),(2053,79,115),(2200,80,105),(2201,80,118);

--
-- Table structure for table `s_articles_categories_ro`
--

CREATE TABLE `s_articles_categories_ro` (
  `id` int(11) unsigned NOT NULL AUTO_INCREMENT,
  `articleID` int(11) unsigned NOT NULL,
  `categoryID` int(11) unsigned NOT NULL,
  `parentCategoryID` int(11) unsigned NOT NULL,
  PRIMARY KEY (`id`),
  UNIQUE KEY `articleID` (`articleID`,`categoryID`,`parentCategoryID`),
  KEY `categoryID` (`categoryID`),
  KEY `articleID_2` (`articleID`),
  KEY `categoryID_2` (`categoryID`,`parentCategoryID`),
  KEY `category_id_by_article_id` (`articleID`,`id`),
  KEY `elastic_search` (`categoryID`,`articleID`)
) ENGINE=InnoDB AUTO_INCREMENT=6273 DEFAULT CHARSET=utf8 COLLATE=utf8_unicode_ci;

--
-- Dumping data for table `s_articles_categories_ro`
--

INSERT INTO `s_articles_categories_ro` VALUES (5413,23,3,97),(5419,23,3,133),(5416,23,11,110),(5422,23,11,134),(5412,23,95,97),(5418,23,95,133),(5411,23,97,97),(5415,23,108,110),(5421,23,108,134),(5414,23,110,110),(5417,23,133,133),(5420,23,134,134),(5993,24,3,102),(5996,24,11,115),(5992,24,95,102),(5991,24,102,102),(5995,24,108,115),(5994,24,115,115),(5526,25,3,95),(5528,25,11,108),(5525,25,95,95),(5527,25,108,108),(5819,26,3,102),(5822,26,11,115),(5818,26,95,102),(5817,26,102,102),(5821,26,108,115),(5820,26,115,115),(6041,27,3,106),(6044,27,11,119),(6040,27,95,106),(6039,27,106,106),(6043,27,108,119),(6042,27,119,119),(6125,28,3,97),(6131,28,3,133),(6128,28,11,110),(6134,28,11,134),(6124,28,95,97),(6130,28,95,133),(6123,28,97,97),(6127,28,108,110),(6133,28,108,134),(6126,28,110,110),(6129,28,133,133),(6132,28,134,134),(5843,29,3,102),(5846,29,11,115),(5842,29,95,102),(5841,29,102,102),(5845,29,108,115),(5844,29,115,115),(5849,30,3,102),(5852,30,11,115),(5848,30,95,102),(5847,30,102,102),(5851,30,108,115),(5850,30,115,115),(6065,31,3,102),(6059,31,3,133),(6068,31,11,115),(6062,31,11,134),(6064,31,95,102),(6058,31,95,133),(6063,31,102,102),(6067,31,108,115),(6061,31,108,134),(6066,31,115,115),(6057,31,133,133),(6060,31,134,134),(5873,32,3,103),(5876,32,11,116),(5872,32,95,103),(5871,32,103,103),(5875,32,108,116),(5874,32,116,116),(5879,33,3,131),(5882,33,11,132),(5878,33,95,131),(5881,33,108,132),(5877,33,131,131),(5880,33,132,132),(5885,34,3,131),(5888,34,11,132),(5884,34,95,131),(5887,34,108,132),(5883,34,131,131),(5886,34,132,132),(6245,35,3,105),(6248,35,11,118),(6244,35,95,105),(6243,35,105,105),(6247,35,108,118),(6246,35,118,118),(6071,36,3,106),(6074,36,11,119),(6070,36,95,106),(6069,36,106,106),(6073,36,108,119),(6072,36,119,119),(6077,37,3,106),(6080,37,11,119),(6076,37,95,106),(6075,37,106,106),(6079,37,108,119),(6078,37,119,119),(6083,38,3,106),(6086,38,11,119),(6082,38,95,106),(6081,38,106,106),(6085,38,108,119),(6084,38,119,119),(4885,39,3,131),(4888,39,11,132),(4884,39,95,131),(4887,39,108,132),(4883,39,131,131),(4886,39,132,132),(4891,40,3,131),(4894,40,11,132),(4890,40,95,131),(4893,40,108,132),(4889,40,131,131),(4892,40,132,132),(4897,41,3,97),(4903,41,3,133),(4900,41,11,110),(4906,41,11,134),(4896,41,95,97),(4902,41,95,133),(4895,41,97,97),(4899,41,108,110),(4905,41,108,134),(4898,41,110,110),(4901,41,133,133),(4904,41,134,134),(6095,42,3,102),(6089,42,3,133),(6098,42,11,115),(6092,42,11,134),(6094,42,95,102),(6088,42,95,133),(6093,42,102,102),(6097,42,108,115),(6091,42,108,134),(6096,42,115,115),(6087,42,133,133),(6090,42,134,134),(6101,43,3,106),(6104,43,11,119),(6100,43,95,106),(6099,43,106,106),(6103,43,108,119),(6102,43,119,119),(5921,44,3,99),(5924,44,11,112),(5920,44,95,99),(5919,44,99,99),(5923,44,108,112),(5922,44,112,112),(6251,45,3,105),(6254,45,11,118),(6250,45,95,105),(6249,45,105,105),(6253,45,108,118),(6252,45,118,118),(5669,46,3,105),(5663,46,3,133),(5672,46,11,118),(5666,46,11,134),(5668,46,95,105),(5662,46,95,133),(5667,46,105,105),(5671,46,108,118),(5665,46,108,134),(5670,46,118,118),(5661,46,133,133),(5664,46,134,134),(6149,47,3,102),(6152,47,11,115),(6148,47,95,102),(6147,47,102,102),(6151,47,108,115),(6150,47,115,115),(6191,48,3,96),(6194,48,11,109),(6190,48,95,96),(6189,48,96,96),(6193,48,108,109),(6192,48,109,109),(5687,49,3,101),(5690,49,11,114),(5686,49,95,101),(5685,49,101,101),(5689,49,108,114),(5688,49,114,114),(6155,50,3,106),(6158,50,11,119),(6154,50,95,106),(6153,50,106,106),(6157,50,108,119),(6156,50,119,119),(6161,51,3,97),(6164,51,11,110),(6160,51,95,97),(6159,51,97,97),(6163,51,108,110),(6162,51,110,110),(6167,52,3,97),(6170,52,11,110),(6166,52,95,97),(6165,52,97,97),(6169,52,108,110),(6168,52,110,110),(6173,53,3,131),(6176,53,11,132),(6172,53,95,131),(6175,53,108,132),(6171,53,131,131),(6174,53,132,132),(5467,54,3,102),(5461,54,3,133),(5470,54,11,115),(5464,54,11,134),(5466,54,95,102),(5460,54,95,133),(5465,54,102,102),(5469,54,108,115),(5463,54,108,134),(5468,54,115,115),(5459,54,133,133),(5462,54,134,134),(5963,55,3,101),(5966,55,11,114),(5962,55,95,101),(5961,55,101,101),(5965,55,108,114),(5964,55,114,114),(5717,56,3,129),(5720,56,11,130),(5716,56,95,129),(5719,56,108,130),(5715,56,129,129),(5718,56,130,130),(6197,57,3,97),(6200,57,11,110),(6196,57,95,97),(6195,57,97,97),(6199,57,108,110),(6198,57,110,110),(5729,58,3,97),(5732,58,11,110),(5728,58,95,97),(5727,58,97,97),(5731,58,108,110),(5730,58,110,110),(6257,59,3,105),(6260,59,11,118),(6256,59,95,105),(6255,59,105,105),(6259,59,108,118),(6258,59,118,118),(5741,61,3,102),(5744,61,11,115),(5740,61,95,102),(5739,61,102,102),(5743,61,108,115),(5742,61,115,115),(5747,62,3,101),(5750,62,11,114),(5746,62,95,101),(5745,62,101,101),(5749,62,108,114),(5748,62,114,114),(5753,63,3,129),(5756,63,11,130),(5752,63,95,129),(5755,63,108,130),(5751,63,129,129),(5754,63,130,130),(5759,64,3,105),(5762,64,11,118),(5758,64,95,105),(5757,64,105,105),(5761,64,108,118),(5760,64,118,118),(6113,65,3,106),(6116,65,11,119),(6112,65,95,106),(6111,65,106,106),(6115,65,108,119),(6114,65,119,119),(5771,68,3,97),(5774,68,11,110),(5770,68,95,97),(5769,68,97,97),(5773,68,108,110),(5772,68,110,110),(5777,69,3,97),(5780,69,11,110),(5776,69,95,97),(5775,69,97,97),(5779,69,108,110),(5778,69,110,110),(5783,70,3,99),(5786,70,11,112),(5782,70,95,99),(5781,70,99,99),(5785,70,108,112),(5784,70,112,112),(6203,71,3,97),(6206,71,11,110),(6202,71,95,97),(6201,71,97,97),(6205,71,108,110),(6204,71,110,110),(5795,73,3,97),(5798,73,11,110),(5794,73,95,97),(5793,73,97,97),(5797,73,108,110),(5796,73,110,110),(6119,76,3,106),(6122,76,11,119),(6118,76,95,106),(6117,76,106,106),(6121,76,108,119),(6120,76,119,119),(5807,77,3,105),(5810,77,11,118),(5806,77,95,105),(5805,77,105,105),(5809,77,108,118),(5808,77,118,118),(5089,78,3,105),(5092,78,11,118),(5088,78,95,105),(5087,78,105,105),(5091,78,108,118),(5090,78,118,118),(5867,79,3,102),(5870,79,11,115),(5866,79,95,102),(5865,79,102,102),(5869,79,108,115),(5868,79,115,115),(6269,80,3,105),(6272,80,11,118),(6268,80,95,105),(6267,80,105,105),(6271,80,108,118),(6270,80,118,118);

--
-- Table structure for table `s_articles_categories_seo`
--

CREATE TABLE `s_articles_categories_seo` (
  `id` int(11) NOT NULL AUTO_INCREMENT,
  `shop_id` int(11) NOT NULL,
  `article_id` int(11) NOT NULL,
  `category_id` int(11) NOT NULL,
  PRIMARY KEY (`id`),
  KEY `shop_article` (`shop_id`,`article_id`)
) ENGINE=InnoDB DEFAULT CHARSET=utf8 COLLATE=utf8_unicode_ci;

--
-- Dumping data for table `s_articles_categories_seo`
--


--
-- Table structure for table `s_articles_details`
--

CREATE TABLE `s_articles_details` (
  `id` int(11) unsigned NOT NULL AUTO_INCREMENT,
  `articleID` int(11) unsigned NOT NULL DEFAULT '0',
  `ordernumber` varchar(255) COLLATE utf8_unicode_ci NOT NULL,
  `suppliernumber` varchar(255) COLLATE utf8_unicode_ci DEFAULT NULL,
  `kind` int(1) NOT NULL DEFAULT '0',
  `additionaltext` varchar(255) COLLATE utf8_unicode_ci DEFAULT NULL,
  `sales` int(11) NOT NULL DEFAULT '0',
  `active` int(11) unsigned NOT NULL DEFAULT '0',
  `instock` int(11) NOT NULL DEFAULT '0',
  `stockmin` int(11) unsigned DEFAULT NULL,
  `laststock` int(1) NOT NULL DEFAULT '0',
  `weight` decimal(10,3) unsigned DEFAULT NULL,
  `position` int(11) unsigned NOT NULL,
  `width` decimal(10,3) unsigned DEFAULT NULL,
  `height` decimal(10,3) unsigned DEFAULT NULL,
  `length` decimal(10,3) unsigned DEFAULT NULL,
  `ean` varchar(255) COLLATE utf8_unicode_ci DEFAULT NULL,
  `unitID` int(11) unsigned DEFAULT NULL,
  `purchasesteps` int(11) unsigned DEFAULT NULL,
  `maxpurchase` int(11) unsigned DEFAULT NULL,
  `minpurchase` int(11) unsigned NOT NULL DEFAULT '1',
  `purchaseunit` decimal(11,4) unsigned DEFAULT NULL,
  `referenceunit` decimal(10,3) unsigned DEFAULT NULL,
  `packunit` varchar(255) COLLATE utf8_unicode_ci DEFAULT NULL,
  `releasedate` date DEFAULT NULL,
  `shippingfree` int(1) unsigned NOT NULL DEFAULT '0',
  `shippingtime` varchar(11) COLLATE utf8_unicode_ci DEFAULT NULL,
  `purchaseprice` double NOT NULL DEFAULT '0',
  PRIMARY KEY (`id`),
  UNIQUE KEY `ordernumber` (`ordernumber`),
  KEY `articleID` (`articleID`),
  KEY `releasedate` (`releasedate`),
  KEY `articles_by_category_sort_popularity` (`sales`,`articleID`),
  KEY `get_similar_articles` (`kind`,`sales`)
) ENGINE=InnoDB AUTO_INCREMENT=81 DEFAULT CHARSET=utf8 COLLATE=utf8_unicode_ci;

--
-- Dumping data for table `s_articles_details`
--

INSERT INTO `s_articles_details` VALUES (23,23,'A100012','',1,'',0,0,0,0,1,3500.000,1,NULL,NULL,NULL,'',NULL,1,NULL,1,NULL,NULL,'',NULL,0,'',0),(24,24,'A100015','',1,'',0,1,1,0,0,0.000,0,NULL,NULL,NULL,'',NULL,1,NULL,1,NULL,NULL,'',NULL,0,'',0),(25,25,'A100017','',1,NULL,0,1,1,NULL,0,0.000,0,NULL,NULL,NULL,'',NULL,1,NULL,1,NULL,NULL,NULL,NULL,0,'',0),(26,26,'A100018','',1,NULL,0,1,1,NULL,0,0.000,0,NULL,NULL,NULL,'',NULL,1,NULL,1,NULL,NULL,NULL,NULL,0,'',0),(27,27,'A100028','',1,NULL,0,1,1,NULL,0,0.000,0,NULL,NULL,NULL,'',NULL,1,NULL,1,NULL,NULL,NULL,NULL,0,'',0),(28,28,'A100101','',1,NULL,0,1,4,NULL,0,0.000,0,NULL,NULL,NULL,'',NULL,1,NULL,1,NULL,NULL,NULL,NULL,0,'',0),(29,29,'A100140','',1,NULL,0,1,1,NULL,0,0.000,3,NULL,NULL,NULL,'',NULL,1,NULL,1,NULL,NULL,NULL,NULL,0,'',0),(30,30,'A100141','',1,NULL,0,1,1,NULL,0,0.000,0,NULL,NULL,NULL,'',NULL,1,NULL,1,NULL,NULL,NULL,NULL,0,'',0),(31,31,'A100162','',1,'',0,0,1,0,0,0.000,0,NULL,NULL,NULL,'',NULL,1,NULL,1,NULL,NULL,'',NULL,0,'',0),(32,32,'A100187','',1,NULL,0,1,1,NULL,0,0.000,0,NULL,NULL,NULL,'',NULL,1,NULL,1,NULL,NULL,NULL,NULL,0,'',0),(33,33,'A100193','',1,NULL,0,1,1,NULL,0,0.000,0,NULL,NULL,NULL,'',NULL,1,NULL,1,NULL,NULL,NULL,NULL,0,'',0),(34,34,'A100194','',1,NULL,0,1,1,NULL,0,0.000,0,NULL,NULL,NULL,'',NULL,1,NULL,1,NULL,NULL,NULL,NULL,0,'',0),(35,35,'A100200','',1,NULL,0,0,1,NULL,0,0.000,0,NULL,NULL,NULL,'',NULL,1,NULL,1,NULL,NULL,NULL,NULL,0,'',0),(36,36,'A100235','',1,NULL,0,1,0,NULL,0,0.000,0,NULL,NULL,NULL,'',NULL,1,NULL,1,NULL,NULL,NULL,NULL,0,'',0),(37,37,'A100236','',1,NULL,0,1,1,NULL,0,0.000,0,NULL,NULL,NULL,'',NULL,1,NULL,1,NULL,NULL,NULL,NULL,0,'',0),(38,38,'A100240','',1,NULL,0,1,0,NULL,0,0.000,0,NULL,NULL,NULL,'',NULL,1,NULL,1,NULL,NULL,NULL,NULL,0,'',0),(39,39,'A100244','',1,NULL,0,1,1,NULL,0,0.000,0,NULL,NULL,NULL,'',NULL,1,NULL,1,NULL,NULL,NULL,NULL,0,'',0),(40,40,'A100245','',1,NULL,0,1,1,NULL,0,0.000,0,NULL,NULL,NULL,'',NULL,1,NULL,1,NULL,NULL,NULL,NULL,0,'',0),(41,41,'A100254','',1,NULL,0,1,1,NULL,0,0.000,0,NULL,NULL,NULL,'',NULL,1,NULL,1,NULL,NULL,NULL,NULL,0,'',0),(42,42,'A100256','',1,NULL,0,1,1,NULL,0,0.000,0,NULL,NULL,NULL,'',NULL,1,NULL,1,NULL,NULL,NULL,NULL,0,'',0),(43,43,'A100264','',1,NULL,0,1,1,NULL,0,0.000,0,NULL,NULL,NULL,'',NULL,1,NULL,1,NULL,NULL,NULL,NULL,0,'',0),(44,44,'A100272','',1,NULL,0,1,1,NULL,0,0.000,0,NULL,NULL,NULL,'',NULL,1,NULL,1,NULL,NULL,NULL,NULL,0,'',0),(45,45,'A100275','',1,NULL,0,1,1,NULL,0,0.000,0,NULL,NULL,NULL,'',NULL,1,NULL,1,NULL,NULL,NULL,NULL,0,'',0),(46,46,'A100281','',1,NULL,0,1,1,NULL,0,0.000,0,NULL,NULL,NULL,'',NULL,1,NULL,1,NULL,NULL,NULL,NULL,0,'',0),(47,47,'A100282','',1,NULL,0,1,1,NULL,0,0.000,0,NULL,NULL,NULL,'',NULL,1,NULL,1,NULL,NULL,NULL,NULL,0,'',0),(48,48,'A100284','',1,NULL,0,1,1,NULL,0,0.000,0,NULL,NULL,NULL,'',NULL,1,NULL,1,NULL,NULL,NULL,NULL,0,'',0),(49,49,'A100290','',1,NULL,0,1,0,NULL,0,0.000,0,NULL,NULL,NULL,'',NULL,1,NULL,1,NULL,NULL,NULL,NULL,0,'',0),(50,50,'A100296','',1,NULL,0,1,0,NULL,0,0.000,0,NULL,NULL,NULL,'',NULL,1,NULL,1,NULL,NULL,NULL,NULL,0,'',0),(51,51,'A100299','',1,NULL,0,1,1,NULL,0,0.000,0,NULL,NULL,NULL,'',NULL,1,NULL,1,NULL,NULL,NULL,NULL,0,'',0),(52,52,'A100300','',1,NULL,0,1,1,NULL,0,0.000,0,NULL,NULL,NULL,'',NULL,1,NULL,1,NULL,NULL,NULL,NULL,0,'',0),(53,53,'A100302','',1,NULL,0,1,1,NULL,0,0.000,0,NULL,NULL,NULL,'',NULL,1,NULL,1,NULL,NULL,NULL,NULL,0,'',0),(54,54,'A100303','',1,NULL,0,1,0,NULL,0,0.000,0,NULL,NULL,NULL,'',NULL,1,NULL,1,NULL,NULL,NULL,NULL,0,'',0),(55,55,'A100210','',1,NULL,0,1,1,NULL,0,0.000,0,NULL,NULL,NULL,'',NULL,1,NULL,1,NULL,NULL,NULL,NULL,0,'',0),(56,56,'A100313','',1,NULL,0,1,1,NULL,0,0.000,0,NULL,NULL,NULL,'',NULL,1,NULL,1,NULL,NULL,NULL,NULL,0,'',0),(57,57,'A100319','',1,NULL,0,1,1,NULL,0,0.000,0,NULL,NULL,NULL,'',NULL,1,NULL,1,NULL,NULL,NULL,NULL,0,'',0),(58,58,'A100331','',1,NULL,0,1,1,NULL,0,0.000,0,NULL,NULL,NULL,'',NULL,1,NULL,1,NULL,NULL,NULL,NULL,0,'',0),(59,59,'A100343','',1,NULL,0,1,1,NULL,0,0.000,0,NULL,NULL,NULL,'',NULL,1,NULL,1,NULL,NULL,NULL,NULL,0,'',0),(61,61,'A100354','',1,NULL,0,1,1,NULL,0,0.000,0,NULL,NULL,NULL,'',NULL,1,NULL,1,NULL,NULL,NULL,NULL,0,'',0),(62,62,'A100357','',1,NULL,0,1,1,NULL,0,0.000,0,NULL,NULL,NULL,'',NULL,1,NULL,1,NULL,NULL,NULL,NULL,0,'',0),(63,63,'A100359','',1,NULL,0,1,1,NULL,0,0.000,0,NULL,NULL,NULL,'',NULL,NULL,NULL,1,NULL,NULL,NULL,NULL,0,'',0),(64,64,'A100363','',1,NULL,0,1,1,NULL,0,0.000,0,NULL,NULL,NULL,'',NULL,1,NULL,1,NULL,NULL,NULL,NULL,0,'',0),(65,65,'A100369','',1,NULL,0,1,1,NULL,0,0.000,0,NULL,NULL,NULL,'',NULL,1,NULL,1,NULL,NULL,NULL,NULL,0,'',0),(68,68,'A100379','',1,NULL,0,1,1,NULL,0,0.000,0,NULL,NULL,NULL,'',NULL,1,NULL,1,NULL,NULL,NULL,NULL,0,'',0),(69,69,'A100380','',1,NULL,0,1,1,NULL,0,0.000,0,NULL,NULL,NULL,'',NULL,1,NULL,1,NULL,NULL,NULL,NULL,0,'',0),(70,70,'A100381','',1,'',0,1,1,0,0,0.000,0,NULL,NULL,NULL,'',NULL,1,NULL,1,NULL,NULL,'',NULL,0,'',0),(71,71,'A100382','',1,NULL,0,1,1,NULL,0,0.000,0,NULL,NULL,NULL,'',NULL,1,NULL,1,NULL,NULL,NULL,NULL,0,'',0),(73,73,'A100386','',1,'',0,0,1,0,1,0.000,0,NULL,NULL,NULL,'',NULL,1,NULL,1,NULL,NULL,'',NULL,0,'',0),(76,76,'A100413','',1,NULL,0,1,1,NULL,0,0.000,0,NULL,NULL,NULL,'',NULL,1,NULL,1,NULL,NULL,NULL,NULL,0,'',0),(77,77,'A100414','',1,NULL,0,1,1,NULL,0,0.000,0,NULL,NULL,NULL,'',NULL,1,NULL,1,NULL,NULL,NULL,NULL,0,'',0),(78,78,'A100423','',1,NULL,0,1,1,NULL,0,0.000,0,NULL,NULL,NULL,'',NULL,1,NULL,1,NULL,NULL,NULL,NULL,0,'',0),(79,79,'A100185','',1,NULL,0,1,1,NULL,0,0.000,0,NULL,NULL,NULL,'',NULL,1,NULL,1,NULL,NULL,NULL,NULL,0,'',0),(80,80,'A100441','',1,'',0,1,1,0,0,0.000,0,NULL,NULL,NULL,'',NULL,1,NULL,1,NULL,NULL,'',NULL,0,'',0);

--
-- Table structure for table `s_articles_downloads`
--

CREATE TABLE `s_articles_downloads` (
  `id` int(11) unsigned NOT NULL AUTO_INCREMENT,
  `articleID` int(11) unsigned NOT NULL,
  `description` varchar(255) COLLATE utf8_unicode_ci NOT NULL,
  `filename` varchar(255) COLLATE utf8_unicode_ci NOT NULL,
  `size` double NOT NULL,
  PRIMARY KEY (`id`),
  KEY `articleID` (`articleID`)
) ENGINE=InnoDB DEFAULT CHARSET=utf8 COLLATE=utf8_unicode_ci;

--
-- Dumping data for table `s_articles_downloads`
--


--
-- Table structure for table `s_articles_downloads_attributes`
--

CREATE TABLE `s_articles_downloads_attributes` (
  `id` int(11) NOT NULL AUTO_INCREMENT,
  `downloadID` int(11) unsigned DEFAULT NULL,
  PRIMARY KEY (`id`),
  UNIQUE KEY `downloadID` (`downloadID`),
  CONSTRAINT `s_articles_downloads_attributes_ibfk_1` FOREIGN KEY (`downloadID`) REFERENCES `s_articles_downloads` (`id`) ON DELETE CASCADE ON UPDATE NO ACTION
) ENGINE=InnoDB DEFAULT CHARSET=utf8 COLLATE=utf8_unicode_ci;

--
-- Dumping data for table `s_articles_downloads_attributes`
--


--
-- Table structure for table `s_articles_esd`
--

CREATE TABLE `s_articles_esd` (
  `id` int(11) NOT NULL AUTO_INCREMENT,
  `articleID` int(11) NOT NULL DEFAULT '0',
  `articledetailsID` int(11) NOT NULL DEFAULT '0',
  `file` varchar(255) COLLATE utf8_unicode_ci NOT NULL,
  `serials` int(1) NOT NULL DEFAULT '0',
  `notification` int(1) NOT NULL DEFAULT '0',
  `maxdownloads` int(11) NOT NULL DEFAULT '0',
  `datum` datetime NOT NULL,
  PRIMARY KEY (`id`),
  KEY `articleID` (`articleID`),
  KEY `articledetailsID` (`articledetailsID`)
) ENGINE=InnoDB DEFAULT CHARSET=utf8 COLLATE=utf8_unicode_ci;

--
-- Dumping data for table `s_articles_esd`
--


--
-- Table structure for table `s_articles_esd_attributes`
--

CREATE TABLE `s_articles_esd_attributes` (
  `id` int(11) NOT NULL AUTO_INCREMENT,
  `esdID` int(11) DEFAULT NULL,
  PRIMARY KEY (`id`),
  UNIQUE KEY `esdID` (`esdID`),
  CONSTRAINT `s_articles_esd_attributes_ibfk_1` FOREIGN KEY (`esdID`) REFERENCES `s_articles_esd` (`id`) ON DELETE CASCADE ON UPDATE NO ACTION
) ENGINE=InnoDB DEFAULT CHARSET=utf8 COLLATE=utf8_unicode_ci;

--
-- Dumping data for table `s_articles_esd_attributes`
--


--
-- Table structure for table `s_articles_esd_serials`
--

CREATE TABLE `s_articles_esd_serials` (
  `id` int(11) NOT NULL AUTO_INCREMENT,
  `serialnumber` varchar(255) COLLATE utf8_unicode_ci NOT NULL,
  `esdID` int(11) NOT NULL DEFAULT '0',
  PRIMARY KEY (`id`),
  KEY `esdID` (`esdID`)
) ENGINE=InnoDB DEFAULT CHARSET=utf8 COLLATE=utf8_unicode_ci;

--
-- Dumping data for table `s_articles_esd_serials`
--


--
-- Table structure for table `s_articles_img`
--

CREATE TABLE `s_articles_img` (
  `id` int(11) NOT NULL AUTO_INCREMENT,
  `articleID` int(11) DEFAULT NULL,
  `img` varchar(255) COLLATE utf8_unicode_ci DEFAULT NULL,
  `main` int(1) NOT NULL,
  `description` varchar(255) COLLATE utf8_unicode_ci NOT NULL,
  `position` int(11) NOT NULL,
  `width` int(11) NOT NULL,
  `height` int(11) NOT NULL,
  `relations` mediumtext COLLATE utf8_unicode_ci NOT NULL,
  `extension` varchar(255) COLLATE utf8_unicode_ci NOT NULL,
  `parent_id` int(10) unsigned DEFAULT NULL,
  `article_detail_id` int(10) unsigned DEFAULT NULL,
  `media_id` int(10) unsigned DEFAULT NULL,
  PRIMARY KEY (`id`),
  KEY `artikel_id` (`articleID`),
  KEY `article_detail_id` (`article_detail_id`),
  KEY `parent_id` (`parent_id`),
  KEY `media_id` (`media_id`),
  KEY `article_images_query` (`articleID`,`position`),
  KEY `article_cover_image_query` (`articleID`,`main`,`position`)
) ENGINE=InnoDB AUTO_INCREMENT=3282 DEFAULT CHARSET=utf8 COLLATE=utf8_unicode_ci;

--
-- Dumping data for table `s_articles_img`
--

INSERT INTO `s_articles_img` VALUES (410,NULL,NULL,3,'IMG_3564.jpg',3,0,0,'','',NULL,NULL,NULL),(479,NULL,NULL,2,'IMG_4496.jpg',2,0,0,'','',NULL,NULL,NULL),(641,NULL,NULL,1,'IMG_0048.jpg',1,0,0,'','',NULL,NULL,NULL),(645,NULL,NULL,5,'IMG_0052.jpg',5,0,0,'','',NULL,NULL,NULL),(659,NULL,NULL,2,'100381_3.jpg',2,0,0,'','',NULL,NULL,NULL),(672,NULL,NULL,1,'103970696_b_a_3_126_buc_2.jpg',1,0,0,'','',NULL,NULL,NULL),(685,NULL,NULL,1,'WhatsApp_Image_2018_07_26_at_12_28_44_1.jpeg',1,0,0,'','',NULL,NULL,NULL),(1593,NULL,NULL,4,'100028_11.jpg',4,0,0,'','',NULL,NULL,NULL),(2054,39,'Tetra_Pak_Tray_Packer_100244_9',1,'Tetra_Pak_Tray_Packer_100244_9.jpg',1,0,0,'','jpg',NULL,NULL,268),(2055,39,'Tetra_Pak_Tray_Packer_100244_12',2,'Tetra_Pak_Tray_Packer_100244_12.jpg',2,0,0,'','jpg',NULL,NULL,319),(2056,39,'Tetra_Pak_Tray_Packer_100244_2',3,'Tetra_Pak_Tray_Packer_100244_2.jpg',3,0,0,'','jpg',NULL,NULL,320),(2057,39,'Tetra_Pak_Tray_Packer_100244_3',4,'Tetra_Pak_Tray_Packer_100244_3.jpg',4,0,0,'','jpg',NULL,NULL,321),(2058,39,'Tetra_Pak_Tray_Packer_100244_9',5,'Tetra_Pak_Tray_Packer_100244_9.jpg',5,0,0,'','jpg',NULL,NULL,268),(2059,39,'Tetra_Pak_Tray_Packer_100244_11',6,'Tetra_Pak_Tray_Packer_100244_11.jpg',6,0,0,'','jpg',NULL,NULL,472),(2060,39,'Tetra_Pak_Tray_Packer_100244_12',7,'Tetra_Pak_Tray_Packer_100244_12.jpg',7,0,0,'','jpg',NULL,NULL,319),(2061,40,'Tetra_Pak_Tray_Packer_100245_3',1,'Tetra_Pak_Tray_Packer_100245_3.jpg',1,0,0,'','jpg',NULL,NULL,269),(2062,40,'Tetra_Pak_Tray_Packer_100245_6',2,'Tetra_Pak_Tray_Packer_100245_6.jpg',2,0,0,'','jpg',NULL,NULL,322),(2063,40,'Tetra_Pak_Tray_Packer_100245_4',3,'Tetra_Pak_Tray_Packer_100245_4.jpg',3,0,0,'','jpg',NULL,NULL,323),(2064,40,'Tetra_Pak_Tray_Packer_100245_3',4,'Tetra_Pak_Tray_Packer_100245_3.jpg',4,0,0,'','jpg',NULL,NULL,269),(2065,40,'Tetra_Pak_Tray_Packer_100245_4',5,'Tetra_Pak_Tray_Packer_100245_4.jpg',5,0,0,'','jpg',NULL,NULL,323),(2066,40,'Tetra_Pak_Tray_Packer_100245_6',6,'Tetra_Pak_Tray_Packer_100245_6.jpg',6,0,0,'','jpg',NULL,NULL,322),(2067,41,'100254_2',1,'100254_2.jpg',1,0,0,'','jpg',NULL,NULL,270),(2068,41,'100254_3',2,'100254_3.jpg',2,0,0,'','jpg',NULL,NULL,324),(2069,41,'100254_1',3,'100254_1.jpg',3,0,0,'','jpg',NULL,NULL,325),(2070,41,'100254_5',4,'100254_5.jpg',4,0,0,'','jpg',NULL,NULL,326),(2071,41,'100254_2',5,'100254_2.jpg',5,0,0,'','jpg',NULL,NULL,270),(2072,41,'100254_1',6,'100254_1.jpg',6,0,0,'','jpg',NULL,NULL,325),(2073,41,'100254_3',7,'100254_3.jpg',7,0,0,'','jpg',NULL,NULL,324),(2074,41,'100254_41',8,'100254_41.jpg',8,0,0,'','jpg',NULL,NULL,490),(2213,78,'WhatsApp_Image_2018_07_26_at_12_28_44_1',1,'WhatsApp_Image_2018_07_26_at_12_28_44_1.jpeg',1,0,0,'','jpeg',NULL,NULL,434),(2214,78,'WhatsApp_Image_2018_07_26_at_12_28_44',2,'WhatsApp_Image_2018_07_26_at_12_28_44.jpeg',2,0,0,'','jpeg',NULL,NULL,435),(2215,78,'WhatsApp_Image_2018_07_26_at_12_28_45_1',3,'WhatsApp_Image_2018_07_26_at_12_28_45_1.jpeg',3,0,0,'','jpeg',NULL,NULL,436),(2476,23,'100012_3',1,'100012_3.jpg',1,0,0,'','jpg',NULL,NULL,246),(2477,23,'100012_1',2,'100012_1.jpg',2,0,0,'','jpg',NULL,NULL,247),(2478,23,'100012_2',3,'100012_2.jpg',3,0,0,'','jpg',NULL,NULL,248),(2479,23,'100012_4',4,'100012_4.jpg',4,0,0,'','jpg',NULL,NULL,249),(2480,23,'100012_10',5,'100012_10.jpg',5,0,0,'','jpg',NULL,NULL,250),(2481,23,'100012_11',6,'100012_11.jpg',6,0,0,'','jpg',NULL,NULL,251),(2482,23,'100012_31',7,'100012_31.jpg',7,0,0,'','jpg',NULL,NULL,451),(2483,23,'100012_4',8,'100012_4.jpg',8,0,0,'','jpg',NULL,NULL,249),(2484,23,'100012_6',9,'100012_6.jpg',9,0,0,'','jpg',NULL,NULL,452),(2485,23,'100012_9',10,'100012_9.jpg',10,0,0,'','jpg',NULL,NULL,453),(2521,54,'WhatsApp_Image_2017_10_13_at_14_56_38',1,'WhatsApp_Image_2017_10_13_at_14_56_38.jpeg',1,0,0,'','jpeg',NULL,NULL,283),(2522,54,'WhatsApp_Image_2017_10_13_at_14_56_37',2,'WhatsApp_Image_2017_10_13_at_14_56_37.jpeg',2,0,0,'','jpeg',NULL,NULL,357),(2523,54,'WhatsApp_Image_2017_10_13_at_14_56_36',3,'WhatsApp_Image_2017_10_13_at_14_56_36.jpeg',3,0,0,'','jpeg',NULL,NULL,358),(2583,25,'IMG_3548',1,'IMG_3548.jpg',1,0,0,'','jpg',NULL,NULL,530),(2584,25,'MSB_14_EINS_3',2,'MSB_14_EINS_3.jpg',2,0,0,'','jpg',NULL,NULL,580),(2585,25,'MSB_14_EINS_5',3,'MSB_14_EINS_5.jpg',3,0,0,'','jpg',NULL,NULL,531),(2586,25,'MSB_14_EINS_6',4,'MSB_14_EINS_6.jpg',4,0,0,'','jpg',NULL,NULL,532),(2707,46,'IMG_4494',1,'IMG_4494.jpg',1,0,0,'','jpg',NULL,NULL,651),(2708,46,'IMG_4496',2,'IMG_4496.jpg',2,0,0,'','jpg',NULL,NULL,652),(2709,46,'IMG_4497',3,'IMG_4497.jpg',3,0,0,'','jpg',NULL,NULL,653),(2710,46,'IMG_4501',4,'IMG_4501.jpg',4,0,0,'','jpg',NULL,NULL,654),(2711,46,'IMG_4499',5,'IMG_4499.jpg',5,0,0,'','jpg',NULL,NULL,655),(2726,49,'ABAB_ST6___100290_3',1,'ABAB_ST6___100290_3.jpeg',1,0,0,'','jpeg',NULL,NULL,670),(2727,49,'ABAB_ST6___100290_5',2,'ABAB_ST6___100290_5.jpeg',2,0,0,'','jpeg',NULL,NULL,671),(2728,49,'ABAB_ST6___100290_1',3,'ABAB_ST6___100290_1.jpeg',3,0,0,'','jpeg',NULL,NULL,672),(2729,49,'ABAB_ST6___100290_2',4,'ABAB_ST6___100290_2.jpeg',4,0,0,'','jpeg',NULL,NULL,673),(2743,56,'IMG_20161115_172505',1,'IMG_20161115_172505.jpg',1,0,0,'','jpg',NULL,NULL,686),(2744,56,'IMG_20161115_172530',2,'IMG_20161115_172530.jpg',2,0,0,'','jpg',NULL,NULL,687),(2745,56,'IMG_20161115_180306',3,'IMG_20161115_180306.jpg',3,0,0,'','jpg',NULL,NULL,688),(2746,56,'IMG_20161115_180321',4,'IMG_20161115_180321.jpg',4,0,0,'','jpg',NULL,NULL,689),(2747,56,'IMG_20161115_180250',5,'IMG_20161115_180250.jpg',5,0,0,'','jpg',NULL,NULL,690),(2753,58,'100331_1PRKrM42pqYJN7',1,'100331_1.jpg',1,0,0,'','jpg',NULL,NULL,700),(2754,58,'100331_2',2,'100331_2.jpg',2,0,0,'','jpg',NULL,NULL,697),(2755,58,'100331_4',3,'100331_4.jpg',3,0,0,'','jpg',NULL,NULL,698),(2756,58,'100331_5',4,'100331_5.jpg',4,0,0,'','jpg',NULL,NULL,699),(2757,58,'100331_1PRKrM42pqYJN7',5,'100331_1.jpg',5,0,0,'','jpg',NULL,NULL,700),(2764,61,'BM_618',1,'BM_618.jpg',1,0,0,'','jpg',NULL,NULL,707),(2765,61,'BM_618_2wqAQR4mHzearX',2,'BM_618_2.jpg',2,0,0,'','jpg',NULL,NULL,709),(2766,61,'BM_618_2wqAQR4mHzearX',3,'BM_618_2.jpg',3,0,0,'','jpg',NULL,NULL,709),(2767,62,'100357_1UPBhox1qzduRo',1,'100357_1.jpg',1,0,0,'','jpg',NULL,NULL,712),(2768,62,'100357_3',2,'100357_3.jpg',2,0,0,'','jpg',NULL,NULL,711),(2769,62,'100357_5',3,'100357_5.jpg',3,0,0,'','jpg',NULL,NULL,772),(2770,62,'100357_1UPBhox1qzduRo',4,'100357_1.jpg',4,0,0,'','jpg',NULL,NULL,712),(2771,63,'dietzel_2',1,'dietzel_2.jpg',1,0,0,'','jpg',NULL,NULL,713),(2772,63,'dietzel_3',2,'dietzel_3.jpg',2,0,0,'','jpg',NULL,NULL,714),(2773,63,'dietzel',3,'dietzel.jpg',3,0,0,'','jpg',NULL,NULL,715),(2774,63,'dietzel_2_1jAG7uc4wXF11c',4,'dietzel_2_1.jpg',4,0,0,'','jpg',NULL,NULL,716),(2775,64,'100363_76ozuq7lp5WmqC',1,'100363_7.jpg',1,0,0,'','jpg',NULL,NULL,721),(2776,64,'100363_5',2,'100363_5.jpg',2,0,0,'','jpg',NULL,NULL,718),(2777,64,'100363_3',3,'100363_3.jpg',3,0,0,'','jpg',NULL,NULL,719),(2778,64,'100363_1',4,'100363_1.jpg',4,0,0,'','jpg',NULL,NULL,720),(2779,64,'100363_76ozuq7lp5WmqC',5,'100363_7.jpg',5,0,0,'','jpg',NULL,NULL,721),(2785,68,'100379_1',1,'100379_1.jpg',1,0,0,'','jpg',NULL,NULL,726),(2786,68,'100379_3',2,'100379_3.jpg',2,0,0,'','jpg',NULL,NULL,727),(2787,68,'100379_4',3,'100379_4.jpg',3,0,0,'','jpg',NULL,NULL,728),(2788,68,'100379_5',4,'100379_5.jpg',4,0,0,'','jpg',NULL,NULL,729),(2789,68,'100379_6',5,'100379_6.jpg',5,0,0,'','jpg',NULL,NULL,730),(2790,68,'100379_8',6,'100379_8.jpg',6,0,0,'','jpg',NULL,NULL,731),(2791,69,'100380_3',1,'100380_3.jpg',1,0,0,'','jpg',NULL,NULL,732),(2792,69,'100380_2',2,'100380_2.jpg',2,0,0,'','jpg',NULL,NULL,733),(2793,69,'100380_5',3,'100380_5.jpg',3,0,0,'','jpg',NULL,NULL,734),(2794,69,'100380_6',4,'100380_6.jpg',4,0,0,'','jpg',NULL,NULL,773),(2795,69,'100380_9',5,'100380_9.jpg',5,0,0,'','jpg',NULL,NULL,735),(2796,69,'100380_10',6,'100380_10.jpg',6,0,0,'','jpg',NULL,NULL,736),(2797,70,'100381_1',1,'100381_1.jpg',1,0,0,'','jpg',NULL,NULL,737),(2798,70,'100381_3',2,'100381_3.jpg',2,0,0,'','jpg',NULL,NULL,738),(2799,70,'100381_5',3,'100381_5.jpg',3,0,0,'','jpg',NULL,NULL,739),(2800,70,'100381_7',4,'100381_7.jpg',4,0,0,'','jpg',NULL,NULL,740),(2801,70,'100381_9',5,'100381_9.jpg',5,0,0,'','jpg',NULL,NULL,741),(2802,70,'100381_13',6,'100381_13.jpg',6,0,0,'','jpg',NULL,NULL,742),(2803,70,'100381_14',7,'100381_14.jpg',7,0,0,'','jpg',NULL,NULL,743),(2811,73,'103970696_c_a_3_126_buc_3',1,'103970696_c_a_3_126_buc_3.jpg',1,0,0,'','jpg',NULL,NULL,751),(2812,73,'103970696_b_a_3_126_buc_2',2,'103970696_b_a_3_126_buc_2.jpg',2,0,0,'','jpg',NULL,NULL,752),(2813,73,'103970696_a_a_3_126_buc_1',3,'103970696_a_a_3_126_buc_1.jpg',3,0,0,'','jpg',NULL,NULL,753),(2814,73,'103970696_d_a_3_126_buc_4',4,'103970696_d_a_3_126_buc_4.jpg',4,0,0,'','jpg',NULL,NULL,754),(2820,77,'20180130_140351',1,'20180130_140351.jpg',1,0,0,'','jpg',NULL,NULL,760),(2821,77,'20180130_140421',2,'20180130_140421.jpg',2,0,0,'','jpg',NULL,NULL,761),(2822,77,'20180130_140429',3,'20180130_140429.jpg',3,0,0,'','jpg',NULL,NULL,762),(2823,77,'20180130_140437',4,'20180130_140437.jpg',4,0,0,'','jpg',NULL,NULL,763),(2831,26,'IMG_3555',1,'IMG_3555.jpg',1,0,0,'','jpg',NULL,NULL,533),(2832,26,'MSB_14_ZWEI_3',2,'MSB_14_ZWEI_3.jpg',2,0,0,'','jpg',NULL,NULL,534),(2833,26,'MSB_14_ZWEI_4',3,'MSB_14_ZWEI_4.jpg',3,0,0,'','jpg',NULL,NULL,535),(2834,26,'MSB_14_ZWEI_5',4,'MSB_14_ZWEI_5.jpg',4,0,0,'','jpg',NULL,NULL,536),(2835,26,'MSB_14_ZWEI_6',5,'MSB_14_ZWEI_6.jpg',5,0,0,'','jpg',NULL,NULL,537),(2848,29,'100140_1',1,'100140_1.jpg',1,0,0,'','jpg',NULL,NULL,549),(2849,29,'100140_2',2,'100140_2.jpg',2,0,0,'','jpg',NULL,NULL,550),(2850,29,'100140_3dTPcBroBMQPWc',3,'100140_3.jpg',3,0,0,'','jpg',NULL,NULL,555),(2851,29,'100140_4yaMkRi5cVGhfm',4,'100140_4.jpg',4,0,0,'','jpg',NULL,NULL,556),(2852,29,'100140_11',5,'100140_11.jpg',5,0,0,'','jpg',NULL,NULL,553),(2853,29,'100140_21',6,'100140_21.jpg',6,0,0,'','jpg',NULL,NULL,554),(2854,29,'100140_3dTPcBroBMQPWc',7,'100140_3.jpg',7,0,0,'','jpg',NULL,NULL,555),(2855,29,'100140_4yaMkRi5cVGhfm',8,'100140_4.jpg',8,0,0,'','jpg',NULL,NULL,556),(2856,30,'100141_114pTHamqwdfQg',1,'100141_1.jpg',1,0,0,'','jpg',NULL,NULL,560),(2857,30,'100141_2EfP8lPcDbOns8',2,'100141_2.jpg',2,0,0,'','jpg',NULL,NULL,561),(2858,30,'100141_4CYfjfdzNkoiaB',3,'100141_4.jpg',3,0,0,'','jpg',NULL,NULL,563),(2859,30,'100141_114pTHamqwdfQg',4,'100141_1.jpg',4,0,0,'','jpg',NULL,NULL,560),(2860,30,'100141_2EfP8lPcDbOns8',5,'100141_2.jpg',5,0,0,'','jpg',NULL,NULL,561),(2861,30,'100141_3',6,'100141_3.jpg',6,0,0,'','jpg',NULL,NULL,562),(2862,30,'100141_4CYfjfdzNkoiaB',7,'100141_4.jpg',7,0,0,'','jpg',NULL,NULL,563),(2863,30,'100141_11',8,'100141_11.jpg',8,0,0,'','jpg',NULL,NULL,564),(2873,79,'614HGV1_002_1bxQDZ2AeICm2r',1,'614HGV1_002_1.jpg',1,0,0,'','jpg',NULL,NULL,577),(2874,79,'614HGV1_005MO6SxP6eFahQb',2,'614HGV1_005.jpg',2,0,0,'','jpg',NULL,NULL,578),(2875,79,'614HGV1_002_11',3,'614HGV1_002_11.jpg',3,0,0,'','jpg',NULL,NULL,576),(2876,79,'614HGV1_002_1bxQDZ2AeICm2r',4,'614HGV1_002_1.jpg',4,0,0,'','jpg',NULL,NULL,577),(2877,79,'614HGV1_005MO6SxP6eFahQb',5,'614HGV1_005.jpg',5,0,0,'','jpg',NULL,NULL,578),(2878,79,'614HGV1_001',6,'614HGV1_001.jpg',6,0,0,'','jpg',NULL,NULL,579),(2879,32,'100187_1G5PNZ0GneGrBp',1,'100187_1.jpg',1,0,0,'','jpg',NULL,NULL,585),(2880,32,'100187_2W4DsKwvvPXz5e',2,'100187_2.jpg',2,0,0,'','jpg',NULL,NULL,586),(2881,32,'100187_3P7rKOwKyEct0Q',3,'100187_3.jpg',3,0,0,'','jpg',NULL,NULL,587),(2882,32,'100187_1G5PNZ0GneGrBp',4,'100187_1.jpg',4,0,0,'','jpg',NULL,NULL,585),(2883,32,'100187_2W4DsKwvvPXz5e',5,'100187_2.jpg',5,0,0,'','jpg',NULL,NULL,586),(2884,32,'100187_3P7rKOwKyEct0Q',6,'100187_3.jpg',6,0,0,'','jpg',NULL,NULL,587),(2885,32,'100187_11',7,'100187_11.jpg',7,0,0,'','jpg',NULL,NULL,588),(2886,33,'100193_1yhJy45lKppbRm',1,'100193_1.jpg',1,0,0,'','jpg',NULL,NULL,592),(2887,33,'100193_4JyuhCStXd48hr',2,'100193_4.jpg',2,0,0,'','jpg',NULL,NULL,595),(2888,33,'100193_3xt86vt2KVQzQZ',3,'100193_3.jpg',3,0,0,'','jpg',NULL,NULL,594),(2889,33,'100193_1yhJy45lKppbRm',4,'100193_1.jpg',4,0,0,'','jpg',NULL,NULL,592),(2890,33,'100193_2',5,'100193_2.jpg',5,0,0,'','jpg',NULL,NULL,593),(2891,33,'100193_3xt86vt2KVQzQZ',6,'100193_3.jpg',6,0,0,'','jpg',NULL,NULL,594),(2892,33,'100193_4JyuhCStXd48hr',7,'100193_4.jpg',7,0,0,'','jpg',NULL,NULL,595),(2893,34,'100194_1fvJlXxiKQ1iYX',1,'100194_1.jpg',1,0,0,'','jpg',NULL,NULL,600),(2894,34,'100194_2qWriJVX3YKuAM',2,'100194_2.jpg',2,0,0,'','jpg',NULL,NULL,601),(2895,34,'100194_4nDP9kftwP7wIh',3,'100194_4.jpg',3,0,0,'','jpg',NULL,NULL,602),(2896,34,'100194_6',4,'100194_6.jpg',4,0,0,'','jpg',NULL,NULL,599),(2897,34,'100194_1fvJlXxiKQ1iYX',5,'100194_1.jpg',5,0,0,'','jpg',NULL,NULL,600),(2898,34,'100194_2qWriJVX3YKuAM',6,'100194_2.jpg',6,0,0,'','jpg',NULL,NULL,601),(2899,34,'100194_4nDP9kftwP7wIh',7,'100194_4.jpg',7,0,0,'','jpg',NULL,NULL,602),(2900,34,'100194_5',8,'100194_5.jpg',8,0,0,'','jpg',NULL,NULL,603),(2935,44,'100272_1ci414mge3ubzF',1,'100272_1.jpg',1,0,0,'','jpg',NULL,NULL,640),(2936,44,'100272_1ci414mge3ubzF',2,'100272_1.jpg',2,0,0,'','jpg',NULL,NULL,640),(2937,44,'100272_2',3,'100272_2.jpg',3,0,0,'','jpg',NULL,NULL,641),(2938,44,'100272_7',4,'100272_7.jpg',4,0,0,'','jpg',NULL,NULL,642),(2939,44,'100272_8',5,'100272_8.jpg',5,0,0,'','jpg',NULL,NULL,643),(2940,44,'100272_11',6,'100272_11.jpg',6,0,0,'','jpg',NULL,NULL,644),(2970,55,'100210_7',1,'100210_7.jpg',1,0,0,'','jpg',NULL,NULL,618),(2971,55,'100210_92ezZCtYrnaGzP',2,'100210_9.jpg',2,0,0,'','jpg',NULL,NULL,619),(2972,55,'100210_8oBYqLUreB39mG',3,'100210_8.jpg',3,0,0,'','jpg',NULL,NULL,620),(2973,55,'100210_11ccOKULEVsD9N9',4,'100210_11.jpg',4,0,0,'','jpg',NULL,NULL,621),(2974,55,'100210_7',5,'100210_7.jpg',5,0,0,'','jpg',NULL,NULL,618),(2975,55,'100210_92ezZCtYrnaGzP',6,'100210_9.jpg',6,0,0,'','jpg',NULL,NULL,619),(2976,55,'100210_8oBYqLUreB39mG',7,'100210_8.jpg',7,0,0,'','jpg',NULL,NULL,620),(2977,55,'100210_11ccOKULEVsD9N9',8,'100210_11.jpg',8,0,0,'','jpg',NULL,NULL,621),(2978,55,'100210_71',9,'100210_71.jpg',9,0,0,'','jpg',NULL,NULL,622),(2991,24,'GEA_Westfalia_SA_20_1280x1024_100015_1',1,'GEA_Westfalia_SA_20_1280x1024_100015_1.jpg',1,0,0,'','jpg',NULL,NULL,520),(2992,24,'IMG_3567',2,'IMG_3567.jpg',2,0,0,'','jpg',NULL,NULL,521),(2993,24,'IMG_3564',3,'IMG_3564.jpg',3,0,0,'','jpg',NULL,NULL,522),(2994,24,'IMG_3565',4,'IMG_3565.jpg',4,0,0,'','jpg',NULL,NULL,523),(2995,24,'SA_20_11',5,'SA_20_11.jpg',5,0,0,'','jpg',NULL,NULL,524),(2996,24,'SA_20_21',6,'SA_20_21.jpg',6,0,0,'','jpg',NULL,NULL,525),(2997,24,'SA_20_31',7,'SA_20_31.jpg',7,0,0,'','jpg',NULL,NULL,526),(2998,24,'SA_20_41',8,'SA_20_41.jpg',8,0,0,'','jpg',NULL,NULL,527),(2999,24,'SA_20_51',9,'SA_20_51.jpg',9,0,0,'','jpg',NULL,NULL,528),(3000,24,'SA_20_61',10,'SA_20_61.jpg',10,0,0,'','jpg',NULL,NULL,529),(3031,27,'100028_1',1,'100028_1.jpg',1,0,0,'','jpg',NULL,NULL,581),(3032,27,'100028_2uZ2dJMED01BM6',2,'100028_2.jpg',2,0,0,'','jpg',NULL,NULL,541),(3033,27,'100028_3YtyAQSc3GOPDb',3,'100028_3.jpg',3,0,0,'','jpg',NULL,NULL,542),(3034,27,'100028_11',4,'100028_11.jpg',4,0,0,'','jpg',NULL,NULL,540),(3035,27,'100028_2uZ2dJMED01BM6',5,'100028_2.jpg',5,0,0,'','jpg',NULL,NULL,541),(3036,27,'100028_3YtyAQSc3GOPDb',6,'100028_3.jpg',6,0,0,'','jpg',NULL,NULL,542),(3043,31,'file',1,'file.jpeg',1,0,0,'','jpeg',NULL,NULL,565),(3044,31,'file2',2,'file2.jpeg',2,0,0,'','jpeg',NULL,NULL,566),(3045,31,'file3',3,'file3.jpeg',3,0,0,'','jpeg',NULL,NULL,567),(3046,31,'file5',4,'file5.jpeg',4,0,0,'','jpeg',NULL,NULL,568),(3047,31,'file1',5,'file1.jpg',5,0,0,'','jpg',NULL,NULL,569),(3048,31,'fileIKhSUIPd7tvLT',6,'file.jpg',6,0,0,'','jpg',NULL,NULL,570),(3049,31,'file2Xmt5ZxTex1fuQ',7,'file2.jpg',7,0,0,'','jpg',NULL,NULL,571),(3050,31,'file3Mccf6irLpLGOl',8,'file3.jpg',8,0,0,'','jpg',NULL,NULL,572),(3051,31,'file5AWu5IfXttgtB0',9,'file5.jpg',9,0,0,'','jpg',NULL,NULL,573),(3052,36,'100235_1',1,'100235_1.jpg',1,0,0,'','jpg',NULL,NULL,623),(3053,37,'100236_1',1,'100236_1.jpg',1,0,0,'','jpg',NULL,NULL,624),(3054,38,'100240_1',1,'100240_1.jpg',1,0,0,'','jpg',NULL,NULL,625),(3055,42,'QMRKX_517___1d4WJDxsyNtd7B',1,'QMRKX_517___1.jpg',1,0,0,'','jpg',NULL,NULL,629),(3056,42,'QMRKX_517___233b8XmLn3FbQW',2,'QMRKX_517___2.jpg',2,0,0,'','jpg',NULL,NULL,630),(3057,42,'QMRKX_517___3F5eOtngjeU63v',3,'QMRKX_517___3.jpg',3,0,0,'','jpg',NULL,NULL,631),(3058,42,'QMRKX_517___1d4WJDxsyNtd7B',4,'QMRKX_517___1.jpg',4,0,0,'','jpg',NULL,NULL,629),(3059,42,'QMRKX_517___233b8XmLn3FbQW',5,'QMRKX_517___2.jpg',5,0,0,'','jpg',NULL,NULL,630),(3060,42,'QMRKX_517___3F5eOtngjeU63v',6,'QMRKX_517___3.jpg',6,0,0,'','jpg',NULL,NULL,631),(3061,42,'QMRKX_517___4',7,'QMRKX_517___4.jpg',7,0,0,'','jpg',NULL,NULL,632),(3062,42,'QMRKX_517___41',8,'QMRKX_517___41.jpg',8,0,0,'','jpg',NULL,NULL,633),(3063,43,'IMG_20160831_WA0001',1,'IMG_20160831_WA0001.jpg',1,0,0,'','jpg',NULL,NULL,634),(3064,43,'IMG_20160831_WA0000INRCx7Qoxx1gF',2,'IMG_20160831_WA0000.jpg',2,0,0,'','jpg',NULL,NULL,636),(3065,43,'IMG_20160831_WA0000INRCx7Qoxx1gF',3,'IMG_20160831_WA0000.jpg',3,0,0,'','jpg',NULL,NULL,636),(3066,43,'IMG_20160831_WA0001_2',4,'IMG_20160831_WA0001_2.jpg',4,0,0,'','jpg',NULL,NULL,637),(3067,43,'IMG_20160831_WA00001',5,'IMG_20160831_WA00001.jpg',5,0,0,'','jpg',NULL,NULL,638),(3069,65,'IMG_0048',1,'IMG_0048.jpg',1,0,0,'','jpg',NULL,NULL,722),(3070,65,'IMG_0049',2,'IMG_0049.jpg',2,0,0,'','jpg',NULL,NULL,441),(3071,65,'IMG_0050',3,'IMG_0050.jpg',3,0,0,'','jpg',NULL,NULL,723),(3072,65,'IMG_0051',4,'IMG_0051.jpg',4,0,0,'','jpg',NULL,NULL,724),(3073,65,'IMG_0052',5,'IMG_0052.jpg',5,0,0,'','jpg',NULL,NULL,725),(3074,76,'IMG_0070',1,'IMG_0070.jpg',1,0,0,'','jpg',NULL,NULL,755),(3075,76,'IMG_0071',2,'IMG_0071.jpg',2,0,0,'','jpg',NULL,NULL,756),(3076,76,'IMG_0073',3,'IMG_0073.jpg',3,0,0,'','jpg',NULL,NULL,757),(3077,76,'IMG_0074',4,'IMG_0074.jpg',4,0,0,'','jpg',NULL,NULL,758),(3078,76,'IMG_0072',5,'IMG_0072.jpg',5,0,0,'','jpg',NULL,NULL,759),(3079,28,'XPG_40_1',1,'XPG_40_1.jpg',1,0,0,'','jpg',NULL,NULL,543),(3080,28,'XPG_40_2aeF1HpWTvH5dE',2,'XPG_40_2.jpg',2,0,0,'','jpg',NULL,NULL,547),(3081,28,'XPG_40_3o4977NSZL5oDj',3,'XPG_40_3.jpg',3,0,0,'','jpg',NULL,NULL,548),(3082,28,'XPG_40_11',4,'XPG_40_11.jpg',4,0,0,'','jpg',NULL,NULL,546),(3083,28,'XPG_40_2aeF1HpWTvH5dE',5,'XPG_40_2.jpg',5,0,0,'','jpg',NULL,NULL,547),(3084,28,'XPG_40_3o4977NSZL5oDj',6,'XPG_40_3.jpg',6,0,0,'','jpg',NULL,NULL,548),(3101,47,'Used_Decanter_100282_2713nEGwZY0Trn',1,'Used_Decanter_100282_2.jpg',1,0,0,'','jpg',NULL,NULL,660),(3102,47,'WhatsApp_Image_2018_02_16_at_15_19_23',2,'WhatsApp_Image_2018_02_16_at_15_19_23.jpeg',2,0,0,'','jpeg',NULL,NULL,657),(3103,47,'WhatsApp_Image_2018_02_16_at_15_19_26_1',3,'WhatsApp_Image_2018_02_16_at_15_19_26_1.jpeg',3,0,0,'','jpeg',NULL,NULL,658),(3104,47,'WhatsApp_Image_2018_02_16_at_15_19_27_1',4,'WhatsApp_Image_2018_02_16_at_15_19_27_1.jpeg',4,0,0,'','jpeg',NULL,NULL,659),(3105,47,'Used_Decanter_100282_2713nEGwZY0Trn',5,'Used_Decanter_100282_2.jpg',5,0,0,'','jpg',NULL,NULL,660),(3106,47,'WhatsApp_Image_2018_02_16_at_15_19_23D9xR0EH2Uibtb',6,'WhatsApp_Image_2018_02_16_at_15_19_23.jpg',6,0,0,'','jpg',NULL,NULL,661),(3107,47,'WhatsApp_Image_2018_02_16_at_15_19_26_1gV6ZY2Np3Kl8O',7,'WhatsApp_Image_2018_02_16_at_15_19_26_1.jpg',7,0,0,'','jpg',NULL,NULL,662),(3108,47,'WhatsApp_Image_2018_02_16_at_15_19_27_13tYJIVNq4A0Nv',8,'WhatsApp_Image_2018_02_16_at_15_19_27_1.jpg',8,0,0,'','jpg',NULL,NULL,663),(3109,47,'Used_Decanter_100282_1n9R1tbT4JuvOo',9,'Used_Decanter_100282_1.jpg',9,0,0,'','jpg',NULL,NULL,775),(3110,50,'100296_1',1,'100296_1.jpg',1,0,0,'','jpg',NULL,NULL,674),(3111,51,'100299_1',1,'100299_1.jpg',1,0,0,'','jpg',NULL,NULL,675),(3112,51,'100299_3',2,'100299_3.jpg',2,0,0,'','jpg',NULL,NULL,676),(3113,51,'100299_5',3,'100299_5.jpg',3,0,0,'','jpg',NULL,NULL,677),(3114,51,'100299_8',4,'100299_8.jpg',4,0,0,'','jpg',NULL,NULL,678),(3115,51,'100299_1',5,'100299_1.jpg',5,0,0,'','jpg',NULL,NULL,675),(3116,51,'100299_11',6,'100299_11.jpg',6,0,0,'','jpg',NULL,NULL,778),(3117,51,'100299_2',7,'100299_2.jpg',7,0,0,'','jpg',NULL,NULL,779),(3118,51,'100299_5',8,'100299_5.jpg',8,0,0,'','jpg',NULL,NULL,677),(3119,51,'100299_8',9,'100299_8.jpg',9,0,0,'','jpg',NULL,NULL,678),(3120,52,'100300_1',1,'100300_1.jpg',1,0,0,'','jpg',NULL,NULL,679),(3121,52,'100300_2',2,'100300_2.jpg',2,0,0,'','jpg',NULL,NULL,680),(3122,52,'100300_3',3,'100300_3.jpg',3,0,0,'','jpg',NULL,NULL,681),(3123,52,'100300_4',4,'100300_4.jpg',4,0,0,'','jpg',NULL,NULL,682),(3124,52,'100300_1',5,'100300_1.jpg',5,0,0,'','jpg',NULL,NULL,679),(3125,52,'100300_11',6,'100300_11.jpg',6,0,0,'','jpg',NULL,NULL,780),(3126,52,'100300_2',7,'100300_2.jpg',7,0,0,'','jpg',NULL,NULL,680),(3127,52,'100300_3',8,'100300_3.jpg',8,0,0,'','jpg',NULL,NULL,681),(3128,52,'100300_4',9,'100300_4.jpg',9,0,0,'','jpg',NULL,NULL,682),(3129,53,'100302_4',1,'100302_4.jpg',1,0,0,'','jpg',NULL,NULL,683),(3130,53,'100302_3',2,'100302_3.jpg',2,0,0,'','jpg',NULL,NULL,684),(3131,53,'100302_1',3,'100302_1.jpg',3,0,0,'','jpg',NULL,NULL,771),(3132,53,'100302_2',4,'100302_2.jpg',4,0,0,'','jpg',NULL,NULL,685),(3133,53,'100302_4',5,'100302_4.jpg',5,0,0,'','jpg',NULL,NULL,683),(3134,53,'100302_41',6,'100302_41.jpg',6,0,0,'','jpg',NULL,NULL,781),(3135,53,'100302_3',7,'100302_3.jpg',7,0,0,'','jpg',NULL,NULL,684),(3136,53,'100302_5',8,'100302_5.jpg',8,0,0,'','jpg',NULL,NULL,782),(3162,48,'DSC03580',1,'DSC03580.jpg',1,0,0,'','jpg',NULL,NULL,664),(3163,48,'DSC03579',2,'DSC03579.jpg',2,0,0,'','jpg',NULL,NULL,665),(3164,48,'DSC03581',3,'DSC03581.jpg',3,0,0,'','jpg',NULL,NULL,666),(3165,48,'DSC03582',4,'DSC03582.jpg',4,0,0,'','jpg',NULL,NULL,667),(3166,48,'small_DSC09070',5,'small_DSC09070.jpg',5,0,0,'','jpg',NULL,NULL,668),(3167,48,'small_DSC09074',6,'small_DSC09074.jpg',6,0,0,'','jpg',NULL,NULL,669),(3168,48,'DSC03579',7,'DSC03579.jpg',7,0,0,'','jpg',NULL,NULL,665),(3169,48,'DSC035791',8,'DSC035791.jpg',8,0,0,'','jpg',NULL,NULL,776),(3170,48,'DSC03580',9,'DSC03580.jpg',9,0,0,'','jpg',NULL,NULL,664),(3171,48,'DSC03581',10,'DSC03581.jpg',10,0,0,'','jpg',NULL,NULL,666),(3172,48,'DSC03582',11,'DSC03582.jpg',11,0,0,'','jpg',NULL,NULL,667),(3173,48,'DSC03583',12,'DSC03583.jpg',12,0,0,'','jpg',NULL,NULL,777),(3174,57,'GEA_Ahlborn_311_2000_100319_1',1,'GEA_Ahlborn_311_2000_100319_1.jpg',1,0,0,'','jpg',NULL,NULL,691),(3175,57,'GEA_Ahlborn_311_2000_100319_2',2,'GEA_Ahlborn_311_2000_100319_2.jpg',2,0,0,'','jpg',NULL,NULL,692),(3176,57,'GEA_Ahlborn_311_2000_100319_3',3,'GEA_Ahlborn_311_2000_100319_3.jpg',3,0,0,'','jpg',NULL,NULL,693),(3177,57,'GEA_Ahlborn_311_2000_100319_4',4,'GEA_Ahlborn_311_2000_100319_4.jpg',4,0,0,'','jpg',NULL,NULL,694),(3178,57,'GEA_Ahlborn_311_2000_100319_5',5,'GEA_Ahlborn_311_2000_100319_5.jpg',5,0,0,'','jpg',NULL,NULL,695),(3179,57,'GEA_Ahlborn_311_2000_100319_1',6,'GEA_Ahlborn_311_2000_100319_1.jpg',6,0,0,'','jpg',NULL,NULL,691),(3180,57,'GEA_Ahlborn_311_2000_100319_11',7,'GEA_Ahlborn_311_2000_100319_11.jpg',7,0,0,'','jpg',NULL,NULL,783),(3181,57,'GEA_Ahlborn_311_2000_100319_2',8,'GEA_Ahlborn_311_2000_100319_2.jpg',8,0,0,'','jpg',NULL,NULL,692),(3182,57,'GEA_Ahlborn_311_2000_100319_3',9,'GEA_Ahlborn_311_2000_100319_3.jpg',9,0,0,'','jpg',NULL,NULL,693),(3183,57,'GEA_Ahlborn_311_2000_100319_4',10,'GEA_Ahlborn_311_2000_100319_4.jpg',10,0,0,'','jpg',NULL,NULL,694),(3184,57,'GEA_Ahlborn_311_2000_100319_5',11,'GEA_Ahlborn_311_2000_100319_5.jpg',11,0,0,'','jpg',NULL,NULL,695),(3185,71,'100382_1',1,'100382_1.jpeg',1,0,0,'','jpeg',NULL,NULL,744),(3186,71,'100382_2',2,'100382_2.jpeg',2,0,0,'','jpeg',NULL,NULL,745),(3187,71,'100382_3',3,'100382_3.jpeg',3,0,0,'','jpeg',NULL,NULL,746),(3188,71,'100382_4',4,'100382_4.jpeg',4,0,0,'','jpeg',NULL,NULL,747),(3189,71,'100382_5',5,'100382_5.jpeg',5,0,0,'','jpeg',NULL,NULL,748),(3190,71,'100382_6',6,'100382_6.jpeg',6,0,0,'','jpeg',NULL,NULL,749),(3191,71,'100382_7',7,'100382_7.jpeg',7,0,0,'','jpeg',NULL,NULL,750),(3192,71,'100382_1WSQhEY6yN0edS',8,'100382_1.jpg',8,0,0,'','jpg',NULL,NULL,786),(3193,71,'100382_2iaZJ28JsoSo71',9,'100382_2.jpg',9,0,0,'','jpg',NULL,NULL,787),(3194,71,'100382_3JmdAoRUttF49o',10,'100382_3.jpg',10,0,0,'','jpg',NULL,NULL,788),(3195,71,'100382_4vCmKTWuBrBrLg',11,'100382_4.jpg',11,0,0,'','jpg',NULL,NULL,789),(3196,71,'100382_5ZXUmNoSmrzEQQ',12,'100382_5.jpg',12,0,0,'','jpg',NULL,NULL,790),(3197,71,'100382_6k7EZulyysBj7y',13,'100382_6.jpg',13,0,0,'','jpg',NULL,NULL,791),(3198,71,'100382_7H2eJB5HlJBfzO',14,'100382_7.jpg',14,0,0,'','jpg',NULL,NULL,792),(3241,35,'Dima_1kEFpqId2RzxOU',1,'Dima_1.jpg',1,0,0,'','jpg',NULL,NULL,607),(3242,35,'Dima_2PC7F0zwHpsXh7',2,'Dima_2.jpg',2,0,0,'','jpg',NULL,NULL,608),(3243,35,'Dima_4',3,'Dima_4.jpg',3,0,0,'','jpg',NULL,NULL,610),(3244,35,'Dima_5',4,'Dima_5.jpg',4,0,0,'','jpg',NULL,NULL,606),(3245,35,'Dima_1kEFpqId2RzxOU',5,'Dima_1.jpg',5,0,0,'','jpg',NULL,NULL,607),(3246,35,'Dima_2PC7F0zwHpsXh7',6,'Dima_2.jpg',6,0,0,'','jpg',NULL,NULL,608),(3247,35,'Dima_3',7,'Dima_3.jpg',7,0,0,'','jpg',NULL,NULL,609),(3248,35,'Dima_4',8,'Dima_4.jpg',8,0,0,'','jpg',NULL,NULL,610),(3249,35,'20151008_103739',9,'20151008_103739.jpg',9,0,0,'','jpg',NULL,NULL,611),(3250,35,'20151008_103649',10,'20151008_103649.jpg',10,0,0,'','jpg',NULL,NULL,612),(3251,35,'20151008_103823',11,'20151008_103823.jpg',11,0,0,'','jpg',NULL,NULL,613),(3252,35,'20151008_1036251',12,'20151008_1036251.jpg',12,0,0,'','jpg',NULL,NULL,614),(3253,45,'100275_1',1,'100275_1.jpg',1,0,0,'','jpg',NULL,NULL,645),(3254,45,'100275_21PdSVkEbkNDZp',2,'100275_2.jpg',2,0,0,'','jpg',NULL,NULL,648),(3255,45,'100275_4dAs1LEnuZXKOT',3,'100275_4.jpg',3,0,0,'','jpg',NULL,NULL,650),(3256,45,'100275_1',4,'100275_1.jpg',4,0,0,'','jpg',NULL,NULL,645),(3257,45,'100275_21PdSVkEbkNDZp',5,'100275_2.jpg',5,0,0,'','jpg',NULL,NULL,648),(3258,45,'100275_3',6,'100275_3.jpg',6,0,0,'','jpg',NULL,NULL,649),(3259,45,'100275_4dAs1LEnuZXKOT',7,'100275_4.jpg',7,0,0,'','jpg',NULL,NULL,650),(3260,45,'100275_11',8,'100275_11.jpg',8,0,0,'','jpg',NULL,NULL,774),(3261,59,'IMG_4494_1',1,'IMG_4494_1.jpg',1,0,0,'','jpg',NULL,NULL,701),(3262,59,'IMG_4495',2,'IMG_4495.jpg',2,0,0,'','jpg',NULL,NULL,702),(3263,59,'IMG_4500lLpc7tbqJw38z',3,'IMG_4500.jpg',3,0,0,'','jpg',NULL,NULL,703),(3264,59,'IMG_4501_1',4,'IMG_4501_1.jpg',4,0,0,'','jpg',NULL,NULL,704),(3265,59,'IMG_4492',5,'IMG_4492.jpg',5,0,0,'','jpg',NULL,NULL,705),(3266,59,'IMG_4499_1',6,'IMG_4499_1.jpg',6,0,0,'','jpg',NULL,NULL,706),(3267,59,'IMG_44951',7,'IMG_44951.jpg',7,0,0,'','jpg',NULL,NULL,784),(3268,59,'IMG_4495',8,'IMG_4495.jpg',8,0,0,'','jpg',NULL,NULL,702),(3269,59,'IMG_4494',9,'IMG_4494.jpg',9,0,0,'','jpg',NULL,NULL,651),(3270,59,'IMG_4492',10,'IMG_4492.jpg',10,0,0,'','jpg',NULL,NULL,705),(3271,59,'IMG_4489',11,'IMG_4489.jpg',11,0,0,'','jpg',NULL,NULL,785),(3272,59,'IMG_4497',12,'IMG_4497.jpg',12,0,0,'','jpg',NULL,NULL,653),(3273,59,'IMG_4500lLpc7tbqJw38z',13,'IMG_4500.jpg',13,0,0,'','jpg',NULL,NULL,703),(3274,59,'IMG_4499',14,'IMG_4499.jpg',14,0,0,'','jpg',NULL,NULL,655),(3275,80,'Stephan_Cutter_UM_40_81',1,'Stephan_Cutter_UM_40_81.jpg',1,0,0,'','jpg',NULL,NULL,764),(3276,80,'Stephan_Cutter_UM_40_3',2,'Stephan_Cutter_UM_40_3.jpg',2,0,0,'','jpg',NULL,NULL,765),(3277,80,'Stephan_Cutter_UM_40_4',3,'Stephan_Cutter_UM_40_4.jpg',3,0,0,'','jpg',NULL,NULL,766),(3278,80,'Stephan_Cutter_UM_40_5',4,'Stephan_Cutter_UM_40_5.jpg',4,0,0,'','jpg',NULL,NULL,767),(3279,80,'Stephan_Cutter_UM_40_2fEYsVouVORxB4',5,'Stephan_Cutter_UM_40_2.jpeg',5,0,0,'','jpeg',NULL,NULL,768),(3280,80,'Stephan_Cutter_UM_40_9',6,'Stephan_Cutter_UM_40_9.jpg',6,0,0,'','jpg',NULL,NULL,769),(3281,80,'Stephan_Cutter_UM_40_2iILJDF2NqKodV',7,'Stephan_Cutter_UM_40_2.jpg',7,0,0,'','jpg',NULL,NULL,770);

--
-- Table structure for table `s_articles_img_attributes`
--

CREATE TABLE `s_articles_img_attributes` (
  `id` int(11) NOT NULL AUTO_INCREMENT,
  `imageID` int(11) DEFAULT NULL,
  `attribute1` text COLLATE utf8_unicode_ci,
  `attribute2` text COLLATE utf8_unicode_ci,
  `attribute3` text COLLATE utf8_unicode_ci,
  PRIMARY KEY (`id`),
  UNIQUE KEY `imageID` (`imageID`),
  CONSTRAINT `s_articles_img_attributes_ibfk_1` FOREIGN KEY (`imageID`) REFERENCES `s_articles_img` (`id`) ON DELETE CASCADE ON UPDATE NO ACTION
) ENGINE=InnoDB DEFAULT CHARSET=utf8 COLLATE=utf8_unicode_ci;

--
-- Dumping data for table `s_articles_img_attributes`
--


--
-- Table structure for table `s_articles_information`
--

CREATE TABLE `s_articles_information` (
  `id` int(11) NOT NULL AUTO_INCREMENT,
  `articleID` int(11) NOT NULL DEFAULT '0',
  `description` varchar(255) COLLATE utf8_unicode_ci NOT NULL,
  `link` varchar(255) COLLATE utf8_unicode_ci NOT NULL,
  `target` varchar(30) COLLATE utf8_unicode_ci NOT NULL,
  PRIMARY KEY (`id`),
  KEY `hauptid` (`articleID`)
) ENGINE=InnoDB DEFAULT CHARSET=utf8 COLLATE=utf8_unicode_ci;

--
-- Dumping data for table `s_articles_information`
--


--
-- Table structure for table `s_articles_information_attributes`
--

CREATE TABLE `s_articles_information_attributes` (
  `id` int(11) NOT NULL AUTO_INCREMENT,
  `informationID` int(11) DEFAULT NULL,
  PRIMARY KEY (`id`),
  UNIQUE KEY `informationID` (`informationID`),
  CONSTRAINT `s_articles_information_attributes_ibfk_1` FOREIGN KEY (`informationID`) REFERENCES `s_articles_information` (`id`) ON DELETE CASCADE ON UPDATE NO ACTION
) ENGINE=InnoDB DEFAULT CHARSET=utf8 COLLATE=utf8_unicode_ci;

--
-- Dumping data for table `s_articles_information_attributes`
--


--
-- Table structure for table `s_articles_notification`
--

CREATE TABLE `s_articles_notification` (
  `id` int(11) unsigned NOT NULL AUTO_INCREMENT,
  `ordernumber` varchar(255) COLLATE utf8_unicode_ci NOT NULL,
  `date` datetime NOT NULL,
  `mail` varchar(255) COLLATE utf8_unicode_ci NOT NULL,
  `send` int(1) unsigned NOT NULL,
  `language` varchar(255) COLLATE utf8_unicode_ci NOT NULL,
  `shopLink` varchar(255) COLLATE utf8_unicode_ci NOT NULL,
  PRIMARY KEY (`id`)
) ENGINE=InnoDB DEFAULT CHARSET=utf8 COLLATE=utf8_unicode_ci;

--
-- Dumping data for table `s_articles_notification`
--


--
-- Table structure for table `s_articles_notification_attributes`
--

CREATE TABLE `s_articles_notification_attributes` (
  `id` int(11) NOT NULL AUTO_INCREMENT,
  `notificationID` int(11) unsigned NOT NULL,
  PRIMARY KEY (`id`),
  KEY `notificationID` (`notificationID`),
  CONSTRAINT `s_articles_notification_attributesibfk_1` FOREIGN KEY (`notificationID`) REFERENCES `s_articles_notification` (`id`) ON DELETE CASCADE ON UPDATE NO ACTION
) ENGINE=InnoDB DEFAULT CHARSET=utf8 COLLATE=utf8_unicode_ci;

--
-- Dumping data for table `s_articles_notification_attributes`
--


--
-- Table structure for table `s_articles_prices`
--

CREATE TABLE `s_articles_prices` (
  `id` int(11) unsigned NOT NULL AUTO_INCREMENT,
  `pricegroup` varchar(30) COLLATE utf8_unicode_ci NOT NULL,
  `from` int(10) unsigned NOT NULL,
  `to` varchar(30) COLLATE utf8_unicode_ci NOT NULL,
  `articleID` int(11) NOT NULL DEFAULT '0',
  `articledetailsID` int(11) NOT NULL DEFAULT '0',
  `price` double NOT NULL DEFAULT '0',
  `pseudoprice` double DEFAULT NULL,
  `baseprice` double DEFAULT NULL,
  `percent` decimal(10,2) DEFAULT NULL,
  PRIMARY KEY (`id`),
  KEY `articleID` (`articleID`),
  KEY `articledetailsID` (`articledetailsID`),
  KEY `pricegroup_2` (`pricegroup`,`from`,`articledetailsID`),
  KEY `pricegroup` (`pricegroup`,`to`,`articledetailsID`),
  KEY `product_prices` (`articledetailsID`,`from`)
) ENGINE=InnoDB AUTO_INCREMENT=1807 DEFAULT CHARSET=utf8 COLLATE=utf8_unicode_ci;

--
-- Dumping data for table `s_articles_prices`
--

INSERT INTO `s_articles_prices` VALUES (1425,'EK',1,'beliebig',39,39,1500,0,NULL,0.00),(1426,'H',1,'beliebig',39,39,1500,0,NULL,0.00),(1427,'EK',1,'beliebig',40,40,1500,0,NULL,0.00),(1428,'H',1,'beliebig',40,40,1500,0,NULL,0.00),(1429,'EK',1,'beliebig',41,41,6141.33,0,NULL,0.00),(1430,'H',1,'beliebig',41,41,6141.33,0,NULL,0.00),(1485,'EK',1,'beliebig',78,78,6500,0,NULL,0.00),(1486,'H',1,'beliebig',78,78,6500,0,NULL,0.00),(1563,'EK',1,'beliebig',23,23,51000,0,NULL,0.00),(1564,'H',1,'beliebig',23,23,51000,0,NULL,0.00),(1575,'EK',1,'beliebig',54,54,29460,0,NULL,0.00),(1576,'H',1,'beliebig',54,54,29460,0,NULL,0.00),(1593,'EK',1,'beliebig',25,25,6500,0,NULL,0.00),(1594,'H',1,'beliebig',25,25,6500,0,NULL,0.00),(1633,'EK',1,'beliebig',46,46,6000,0,NULL,0.00),(1634,'H',1,'beliebig',46,46,6000,0,NULL,0.00),(1639,'EK',1,'beliebig',49,49,20000,0,NULL,0.00),(1640,'H',1,'beliebig',49,49,20000,0,NULL,0.00),(1649,'EK',1,'beliebig',56,56,5750,0,NULL,0.00),(1650,'H',1,'beliebig',56,56,5750,0,NULL,0.00),(1653,'EK',1,'beliebig',58,58,15000,0,NULL,0.00),(1654,'H',1,'beliebig',58,58,15000,0,NULL,0.00),(1657,'EK',1,'beliebig',61,61,40000,0,NULL,0.00),(1658,'H',1,'beliebig',61,61,40000,0,NULL,0.00),(1659,'EK',1,'beliebig',62,62,540,0,NULL,0.00),(1660,'H',1,'beliebig',62,62,540,0,NULL,0.00),(1661,'EK',1,'beliebig',63,63,10000,0,NULL,0.00),(1662,'H',1,'beliebig',63,63,10000,0,NULL,0.00),(1663,'EK',1,'beliebig',64,64,6000,0,NULL,0.00),(1664,'H',1,'beliebig',64,64,6000,0,NULL,0.00),(1667,'EK',1,'beliebig',68,68,4425,0,NULL,0.00),(1668,'H',1,'beliebig',68,68,4425,0,NULL,0.00),(1669,'EK',1,'beliebig',69,69,4425,0,NULL,0.00),(1670,'H',1,'beliebig',69,69,4425,0,NULL,0.00),(1671,'EK',1,'beliebig',70,70,4425,0,NULL,0.00),(1672,'H',1,'beliebig',70,70,4425,0,NULL,0.00),(1675,'EK',1,'beliebig',73,73,20000,0,NULL,0.00),(1676,'H',1,'beliebig',73,73,20000,0,NULL,0.00),(1679,'EK',1,'beliebig',77,77,2400,0,NULL,0.00),(1680,'H',1,'beliebig',77,77,2400,0,NULL,0.00),(1683,'EK',1,'beliebig',26,26,17230.5,0,NULL,0.00),(1684,'H',1,'beliebig',26,26,17230.5,0,NULL,0.00),(1689,'EK',1,'beliebig',29,29,23677.5,0,NULL,0.00),(1690,'H',1,'beliebig',29,29,23677.5,0,NULL,0.00),(1691,'EK',1,'beliebig',30,30,23124,0,NULL,0.00),(1692,'H',1,'beliebig',30,30,23124,0,NULL,0.00),(1695,'EK',1,'beliebig',79,79,111586.3,0,NULL,0.00),(1696,'H',1,'beliebig',79,79,111586.3,0,NULL,0.00),(1697,'EK',1,'beliebig',32,32,2767.5,0,NULL,0.00),(1698,'H',1,'beliebig',32,32,2767.5,0,NULL,0.00),(1699,'EK',1,'beliebig',33,33,14145,0,NULL,0.00),(1700,'H',1,'beliebig',33,33,14145,0,NULL,0.00),(1701,'EK',1,'beliebig',34,34,14145,0,NULL,0.00),(1702,'H',1,'beliebig',34,34,14145,0,NULL,0.00),(1711,'EK',1,'beliebig',44,44,6798.75,0,NULL,0.00),(1712,'H',1,'beliebig',44,44,6798.75,0,NULL,0.00),(1721,'EK',1,'beliebig',55,55,16297.5,0,NULL,0.00),(1722,'H',1,'beliebig',55,55,16297.5,0,NULL,0.00),(1727,'EK',1,'beliebig',24,24,16402.05,0,NULL,0.00),(1728,'H',1,'beliebig',24,24,16402.05,0,NULL,0.00),(1737,'EK',1,'beliebig',27,27,37077.12,0,NULL,0.00),(1738,'H',1,'beliebig',27,27,37077.12,0,NULL,0.00),(1741,'EK',1,'beliebig',31,31,26906.25,0,NULL,0.00),(1742,'H',1,'beliebig',31,31,26906.25,0,NULL,0.00),(1743,'EK',1,'beliebig',36,36,17000,0,NULL,0.00),(1744,'H',1,'beliebig',36,36,17000,0,NULL,0.00),(1745,'EK',1,'beliebig',37,37,19700,0,NULL,0.00),(1746,'H',1,'beliebig',37,37,19700,0,NULL,0.00),(1747,'EK',1,'beliebig',38,38,15000,0,NULL,0.00),(1748,'H',1,'beliebig',38,38,15000,0,NULL,0.00),(1749,'EK',1,'beliebig',42,42,170000.32,0,NULL,0.00),(1750,'H',1,'beliebig',42,42,170000.32,0,NULL,0.00),(1751,'EK',1,'beliebig',43,43,2022.3,0,NULL,0.00),(1752,'H',1,'beliebig',43,43,2022.3,0,NULL,0.00),(1755,'EK',1,'beliebig',65,65,5000,0,NULL,0.00),(1756,'H',1,'beliebig',65,65,5000,0,NULL,0.00),(1757,'EK',1,'beliebig',76,76,12000,0,NULL,0.00),(1758,'H',1,'beliebig',76,76,12000,0,NULL,0.00),(1759,'EK',1,'beliebig',28,28,46000,0,NULL,0.00),(1760,'H',1,'beliebig',28,28,46000,0,NULL,0.00),(1765,'EK',1,'beliebig',47,47,23182.5,0,NULL,0.00),(1766,'H',1,'beliebig',47,47,23182.5,0,NULL,0.00),(1767,'EK',1,'beliebig',50,50,25999.92,0,NULL,0.00),(1768,'H',1,'beliebig',50,50,25999.92,0,NULL,0.00),(1769,'EK',1,'beliebig',51,51,21535,0,NULL,0.00),(1770,'H',1,'beliebig',51,51,21535,0,NULL,0.00),(1771,'EK',1,'beliebig',52,52,11070,0,NULL,0.00),(1772,'H',1,'beliebig',52,52,11070,0,NULL,0.00),(1773,'EK',1,'beliebig',53,53,38220,0,NULL,0.00),(1774,'H',1,'beliebig',53,53,38220,0,NULL,0.00),(1779,'EK',1,'beliebig',48,48,139360,0,NULL,0.00),(1780,'H',1,'beliebig',48,48,139360,0,NULL,0.00),(1781,'EK',1,'beliebig',57,57,14000,0,NULL,0.00),(1782,'H',1,'beliebig',57,57,14000,0,NULL,0.00),(1783,'EK',1,'beliebig',71,71,10000,0,NULL,0.00),(1784,'H',1,'beliebig',71,71,10000,0,NULL,0.00),(1797,'EK',1,'beliebig',35,35,23000.14,0,NULL,0.00),(1798,'H',1,'beliebig',35,35,23000.14,0,NULL,0.00),(1799,'EK',1,'beliebig',45,45,7770,0,NULL,0.00),(1800,'H',1,'beliebig',45,45,7770,0,NULL,0.00),(1801,'EK',1,'beliebig',59,59,170337.5,0,NULL,0.00),(1802,'H',1,'beliebig',59,59,170337.5,0,NULL,0.00),(1805,'EK',1,'beliebig',80,80,24500,0,NULL,0.00),(1806,'H',1,'beliebig',80,80,24500,0,NULL,0.00);

--
-- Table structure for table `s_articles_prices_attributes`
--

CREATE TABLE `s_articles_prices_attributes` (
  `id` int(11) NOT NULL AUTO_INCREMENT,
  `priceID` int(11) unsigned DEFAULT NULL,
  PRIMARY KEY (`id`),
  UNIQUE KEY `priceID` (`priceID`),
  CONSTRAINT `s_articles_prices_attributes_ibfk_1` FOREIGN KEY (`priceID`) REFERENCES `s_articles_prices` (`id`) ON DELETE CASCADE ON UPDATE NO ACTION
) ENGINE=InnoDB DEFAULT CHARSET=utf8 COLLATE=utf8_unicode_ci;

--
-- Dumping data for table `s_articles_prices_attributes`
--


--
-- Table structure for table `s_articles_relationships`
--

CREATE TABLE `s_articles_relationships` (
  `id` int(11) NOT NULL AUTO_INCREMENT,
  `articleID` int(30) NOT NULL,
  `relatedarticle` varchar(30) COLLATE utf8_unicode_ci NOT NULL,
  PRIMARY KEY (`id`),
  UNIQUE KEY `articleID` (`articleID`,`relatedarticle`)
) ENGINE=InnoDB DEFAULT CHARSET=utf8 COLLATE=utf8_unicode_ci;

--
-- Dumping data for table `s_articles_relationships`
--


--
-- Table structure for table `s_articles_similar`
--

CREATE TABLE `s_articles_similar` (
  `id` int(11) NOT NULL AUTO_INCREMENT,
  `articleID` int(30) NOT NULL,
  `relatedarticle` varchar(255) COLLATE utf8_unicode_ci NOT NULL,
  PRIMARY KEY (`id`),
  UNIQUE KEY `articleID` (`articleID`,`relatedarticle`)
) ENGINE=InnoDB DEFAULT CHARSET=utf8 COLLATE=utf8_unicode_ci;

--
-- Dumping data for table `s_articles_similar`
--


--
-- Table structure for table `s_articles_similar_shown_ro`
--

CREATE TABLE `s_articles_similar_shown_ro` (
  `id` int(11) NOT NULL AUTO_INCREMENT,
  `article_id` int(11) unsigned NOT NULL,
  `related_article_id` int(11) NOT NULL,
  `viewed` int(11) unsigned NOT NULL DEFAULT '0',
  `init_date` datetime NOT NULL,
  PRIMARY KEY (`id`),
  UNIQUE KEY `viewed_combination` (`article_id`,`related_article_id`),
  KEY `viewed` (`viewed`,`related_article_id`,`article_id`)
) ENGINE=InnoDB AUTO_INCREMENT=94619 DEFAULT CHARSET=utf8 COLLATE=utf8_unicode_ci;

--
-- Dumping data for table `s_articles_similar_shown_ro`
--

INSERT INTO `s_articles_similar_shown_ro` VALUES (60933,32,31,2,'2019-10-05 14:19:00'),(60934,31,32,2,'2019-10-05 14:19:00'),(60935,32,24,8,'2019-10-05 14:19:00'),(60936,24,32,8,'2019-10-05 14:19:00'),(60943,32,26,9,'2019-10-05 14:19:00'),(60944,26,32,9,'2019-10-05 14:19:00'),(61225,78,47,8,'2019-10-05 14:19:45'),(61226,47,78,8,'2019-10-05 14:19:45'),(62145,28,32,10,'2019-10-05 14:20:56'),(62146,32,28,10,'2019-10-05 14:20:56'),(62285,68,24,8,'2019-10-05 14:21:05'),(62286,24,68,8,'2019-10-05 14:21:05'),(62617,63,24,8,'2019-10-05 14:21:25'),(62618,24,63,8,'2019-10-05 14:21:25'),(62667,63,73,2,'2019-10-05 14:21:25'),(62668,73,63,2,'2019-10-05 14:21:25'),(62681,63,68,30,'2019-10-05 14:21:25'),(62682,68,63,30,'2019-10-05 14:21:25'),(74873,80,44,2,'2019-10-26 14:27:32'),(74874,44,80,2,'2019-10-26 14:27:32'),(74885,80,42,2,'2019-10-26 14:27:32'),(74886,42,80,2,'2019-10-26 14:27:32'),(79637,43,80,22,'2019-11-02 14:30:34'),(79638,80,43,22,'2019-11-02 14:30:34'),(79649,43,78,22,'2019-11-02 14:30:34'),(79650,78,43,22,'2019-11-02 14:30:34'),(80721,42,47,20,'2019-11-09 14:02:10'),(80722,47,42,20,'2019-11-09 14:02:10'),(80781,29,47,20,'2019-11-09 14:02:29'),(80782,47,29,20,'2019-11-09 14:02:29'),(80783,29,42,20,'2019-11-09 14:02:29'),(80784,42,29,20,'2019-11-09 14:02:29'),(81105,48,80,20,'2019-11-09 14:04:08'),(81106,80,48,20,'2019-11-09 14:04:08'),(81125,48,43,20,'2019-11-09 14:04:08'),(81126,43,48,20,'2019-11-09 14:04:08'),(81383,42,28,20,'2019-11-09 14:05:38'),(81384,28,42,20,'2019-11-09 14:05:38'),(82795,52,57,18,'2019-11-16 14:06:07'),(82796,57,52,18,'2019-11-16 14:06:07'),(84123,59,80,16,'2019-11-23 14:09:40'),(84124,80,59,16,'2019-11-23 14:09:40'),(89793,64,80,9,'2019-12-14 14:28:20'),(89794,80,64,9,'2019-12-14 14:28:20'),(89799,64,77,9,'2019-12-14 14:28:20'),(89800,77,64,9,'2019-12-14 14:28:20'),(89829,50,80,9,'2019-12-14 14:28:36'),(89830,80,50,9,'2019-12-14 14:28:36'),(89863,65,80,9,'2019-12-14 14:28:45'),(89864,80,65,9,'2019-12-14 14:28:45'),(89877,65,50,9,'2019-12-14 14:28:45'),(89878,50,65,9,'2019-12-14 14:28:45'),(89955,36,80,9,'2019-12-14 14:29:06'),(89956,80,36,9,'2019-12-14 14:29:06'),(89969,36,50,9,'2019-12-14 14:29:06'),(89970,50,36,9,'2019-12-14 14:29:06'),(89973,36,65,9,'2019-12-14 14:29:06'),(89974,65,36,9,'2019-12-14 14:29:06'),(90389,70,44,8,'2019-12-21 14:02:07'),(90390,44,70,8,'2019-12-21 14:02:07'),(90391,55,44,8,'2019-12-21 14:02:11'),(90392,44,55,8,'2019-12-21 14:02:11'),(90393,55,70,8,'2019-12-21 14:02:11'),(90394,70,55,8,'2019-12-21 14:02:11'),(90395,62,44,8,'2019-12-21 14:02:18'),(90396,44,62,8,'2019-12-21 14:02:18'),(90397,62,70,8,'2019-12-21 14:02:18'),(90398,70,62,8,'2019-12-21 14:02:18'),(90399,62,55,8,'2019-12-21 14:02:18'),(90400,55,62,8,'2019-12-21 14:02:18'),(90401,49,44,8,'2019-12-21 14:02:21'),(90402,44,49,8,'2019-12-21 14:02:21'),(90403,49,70,8,'2019-12-21 14:02:21'),(90404,70,49,8,'2019-12-21 14:02:21'),(90405,49,55,8,'2019-12-21 14:02:21'),(90406,55,49,8,'2019-12-21 14:02:21'),(90407,49,62,8,'2019-12-21 14:02:21'),(90408,62,49,8,'2019-12-21 14:02:21'),(90409,47,44,8,'2019-12-21 14:02:27'),(90410,44,47,8,'2019-12-21 14:02:27'),(90411,47,70,8,'2019-12-21 14:02:27'),(90412,70,47,8,'2019-12-21 14:02:27'),(90413,47,55,8,'2019-12-21 14:02:27'),(90414,55,47,8,'2019-12-21 14:02:27'),(90415,47,62,8,'2019-12-21 14:02:27'),(90416,62,47,8,'2019-12-21 14:02:27'),(90417,47,49,8,'2019-12-21 14:02:27'),(90418,49,47,8,'2019-12-21 14:02:27'),(90419,42,44,8,'2019-12-21 14:02:32'),(90420,44,42,8,'2019-12-21 14:02:32'),(90421,42,70,8,'2019-12-21 14:02:32'),(90422,70,42,8,'2019-12-21 14:02:32'),(90423,42,55,8,'2019-12-21 14:02:32'),(90424,55,42,8,'2019-12-21 14:02:32'),(90425,42,62,8,'2019-12-21 14:02:32'),(90426,62,42,8,'2019-12-21 14:02:32'),(90427,42,49,8,'2019-12-21 14:02:32'),(90428,49,42,8,'2019-12-21 14:02:32'),(90431,24,44,8,'2019-12-21 14:02:35'),(90432,44,24,8,'2019-12-21 14:02:35'),(90433,24,70,8,'2019-12-21 14:02:35'),(90434,70,24,8,'2019-12-21 14:02:35'),(90437,24,62,8,'2019-12-21 14:02:35'),(90438,62,24,8,'2019-12-21 14:02:35'),(90439,24,49,8,'2019-12-21 14:02:35'),(90440,49,24,8,'2019-12-21 14:02:35'),(90441,24,47,8,'2019-12-21 14:02:35'),(90442,47,24,8,'2019-12-21 14:02:35'),(90443,24,42,8,'2019-12-21 14:02:35'),(90444,42,24,8,'2019-12-21 14:02:35'),(90445,79,44,8,'2019-12-21 14:02:39'),(90446,44,79,8,'2019-12-21 14:02:39'),(90447,79,70,8,'2019-12-21 14:02:39'),(90448,70,79,8,'2019-12-21 14:02:39'),(90449,79,55,8,'2019-12-21 14:02:39'),(90450,55,79,8,'2019-12-21 14:02:39'),(90451,79,62,8,'2019-12-21 14:02:39'),(90452,62,79,8,'2019-12-21 14:02:39'),(90453,79,49,8,'2019-12-21 14:02:39'),(90454,49,79,8,'2019-12-21 14:02:39'),(90455,79,47,8,'2019-12-21 14:02:39'),(90456,47,79,8,'2019-12-21 14:02:39'),(90457,79,42,8,'2019-12-21 14:02:39'),(90458,42,79,8,'2019-12-21 14:02:39'),(90459,79,24,8,'2019-12-21 14:02:39'),(90460,24,79,8,'2019-12-21 14:02:39'),(90461,30,44,8,'2019-12-21 14:02:45'),(90462,44,30,8,'2019-12-21 14:02:45'),(90465,30,55,8,'2019-12-21 14:02:45'),(90466,55,30,8,'2019-12-21 14:02:45'),(90467,30,62,8,'2019-12-21 14:02:45'),(90468,62,30,8,'2019-12-21 14:02:45'),(90469,30,49,8,'2019-12-21 14:02:45'),(90470,49,30,8,'2019-12-21 14:02:45'),(90471,30,47,8,'2019-12-21 14:02:45'),(90472,47,30,8,'2019-12-21 14:02:45'),(90473,30,42,8,'2019-12-21 14:02:45'),(90474,42,30,8,'2019-12-21 14:02:45'),(90477,30,79,8,'2019-12-21 14:02:45'),(90478,79,30,8,'2019-12-21 14:02:45'),(90479,29,44,8,'2019-12-21 14:02:52'),(90480,44,29,8,'2019-12-21 14:02:52'),(90483,29,55,8,'2019-12-21 14:02:52'),(90484,55,29,8,'2019-12-21 14:02:52'),(90485,29,62,8,'2019-12-21 14:02:52'),(90486,62,29,8,'2019-12-21 14:02:52'),(90487,29,49,8,'2019-12-21 14:02:52'),(90488,49,29,8,'2019-12-21 14:02:52'),(90493,29,24,8,'2019-12-21 14:02:52'),(90494,24,29,8,'2019-12-21 14:02:52'),(90495,29,79,8,'2019-12-21 14:02:52'),(90496,79,29,8,'2019-12-21 14:02:52'),(90499,26,44,8,'2019-12-21 14:02:59'),(90500,44,26,8,'2019-12-21 14:02:59'),(90505,26,62,8,'2019-12-21 14:02:59'),(90506,62,26,8,'2019-12-21 14:02:59'),(90507,26,49,8,'2019-12-21 14:02:59'),(90508,49,26,8,'2019-12-21 14:02:59'),(90509,26,47,8,'2019-12-21 14:02:59'),(90510,47,26,8,'2019-12-21 14:02:59'),(90511,26,42,8,'2019-12-21 14:02:59'),(90512,42,26,8,'2019-12-21 14:02:59'),(90515,26,79,8,'2019-12-21 14:02:59'),(90516,79,26,8,'2019-12-21 14:02:59'),(90519,26,29,8,'2019-12-21 14:02:59'),(90520,29,26,8,'2019-12-21 14:02:59'),(90521,61,44,8,'2019-12-21 14:03:02'),(90522,44,61,8,'2019-12-21 14:03:02'),(90523,61,70,8,'2019-12-21 14:03:02'),(90524,70,61,8,'2019-12-21 14:03:02'),(90525,61,55,8,'2019-12-21 14:03:02'),(90526,55,61,8,'2019-12-21 14:03:02'),(90527,61,62,8,'2019-12-21 14:03:02'),(90528,62,61,8,'2019-12-21 14:03:02'),(90529,61,49,8,'2019-12-21 14:03:02'),(90530,49,61,8,'2019-12-21 14:03:02'),(90531,61,47,8,'2019-12-21 14:03:02'),(90532,47,61,8,'2019-12-21 14:03:02'),(90533,61,42,8,'2019-12-21 14:03:02'),(90534,42,61,8,'2019-12-21 14:03:02'),(90535,61,24,8,'2019-12-21 14:03:02'),(90536,24,61,8,'2019-12-21 14:03:03'),(90537,61,79,8,'2019-12-21 14:03:03'),(90538,79,61,8,'2019-12-21 14:03:03'),(90539,61,30,8,'2019-12-21 14:03:03'),(90540,30,61,8,'2019-12-21 14:03:03'),(90541,61,29,8,'2019-12-21 14:03:03'),(90542,29,61,8,'2019-12-21 14:03:03'),(90543,61,26,8,'2019-12-21 14:03:03'),(90544,26,61,8,'2019-12-21 14:03:03'),(90545,54,44,8,'2019-12-21 14:03:07'),(90546,44,54,8,'2019-12-21 14:03:07'),(90547,54,70,8,'2019-12-21 14:03:07'),(90548,70,54,8,'2019-12-21 14:03:07'),(90549,54,55,8,'2019-12-21 14:03:07'),(90550,55,54,8,'2019-12-21 14:03:07'),(90551,54,62,8,'2019-12-21 14:03:07'),(90552,62,54,8,'2019-12-21 14:03:07'),(90553,54,49,8,'2019-12-21 14:03:07'),(90554,49,54,8,'2019-12-21 14:03:07'),(90555,54,47,8,'2019-12-21 14:03:07'),(90556,47,54,8,'2019-12-21 14:03:07'),(90557,54,42,16,'2019-12-21 14:03:07'),(90558,42,54,16,'2019-12-21 14:03:07'),(90561,54,79,8,'2019-12-21 14:03:07'),(90562,79,54,8,'2019-12-21 14:03:07'),(90563,54,30,8,'2019-12-21 14:03:07'),(90564,30,54,8,'2019-12-21 14:03:07'),(90565,54,29,8,'2019-12-21 14:03:07'),(90566,29,54,8,'2019-12-21 14:03:07'),(90567,54,26,8,'2019-12-21 14:03:07'),(90568,26,54,8,'2019-12-21 14:03:07'),(90569,54,61,8,'2019-12-21 14:03:07'),(90570,61,54,8,'2019-12-21 14:03:07'),(90571,80,32,8,'2019-12-21 14:03:19'),(90572,32,80,8,'2019-12-21 14:03:19'),(90573,59,32,8,'2019-12-21 14:03:26'),(90574,32,59,8,'2019-12-21 14:03:26'),(90577,45,32,8,'2019-12-21 14:03:29'),(90578,32,45,8,'2019-12-21 14:03:29'),(90579,45,80,8,'2019-12-21 14:03:29'),(90580,80,45,8,'2019-12-21 14:03:29'),(90581,45,59,8,'2019-12-21 14:03:29'),(90582,59,45,8,'2019-12-21 14:03:29'),(90583,77,32,8,'2019-12-21 14:03:34'),(90584,32,77,8,'2019-12-21 14:03:34'),(90587,77,59,8,'2019-12-21 14:03:34'),(90588,59,77,8,'2019-12-21 14:03:34'),(90589,77,45,8,'2019-12-21 14:03:34'),(90590,45,77,8,'2019-12-21 14:03:34'),(90591,64,32,8,'2019-12-21 14:03:38'),(90592,32,64,8,'2019-12-21 14:03:38'),(90595,64,59,8,'2019-12-21 14:03:38'),(90596,59,64,8,'2019-12-21 14:03:38'),(90597,64,45,8,'2019-12-21 14:03:38'),(90598,45,64,8,'2019-12-21 14:03:38'),(90601,46,32,8,'2019-12-21 14:03:43'),(90602,32,46,8,'2019-12-21 14:03:43'),(90603,46,80,8,'2019-12-21 14:03:43'),(90604,80,46,8,'2019-12-21 14:03:43'),(90605,46,59,8,'2019-12-21 14:03:43'),(90606,59,46,8,'2019-12-21 14:03:43'),(90607,46,45,8,'2019-12-21 14:03:43'),(90608,45,46,8,'2019-12-21 14:03:43'),(90609,46,77,8,'2019-12-21 14:03:43'),(90610,77,46,8,'2019-12-21 14:03:43'),(90611,46,64,8,'2019-12-21 14:03:43'),(90612,64,46,8,'2019-12-21 14:03:43'),(90613,78,32,8,'2019-12-21 14:03:51'),(90614,32,78,8,'2019-12-21 14:03:51'),(90619,78,45,8,'2019-12-21 14:03:51'),(90620,45,78,8,'2019-12-21 14:03:51'),(90623,78,64,8,'2019-12-21 14:03:51'),(90624,64,78,8,'2019-12-21 14:03:51'),(90625,78,46,8,'2019-12-21 14:03:51'),(90626,46,78,8,'2019-12-21 14:03:51'),(90627,50,32,8,'2019-12-21 14:03:54'),(90628,32,50,8,'2019-12-21 14:03:54'),(90631,50,59,8,'2019-12-21 14:03:54'),(90632,59,50,8,'2019-12-21 14:03:54'),(90633,50,45,8,'2019-12-21 14:03:54'),(90634,45,50,8,'2019-12-21 14:03:54'),(90635,50,77,8,'2019-12-21 14:03:54'),(90636,77,50,8,'2019-12-21 14:03:54'),(90637,50,64,8,'2019-12-21 14:03:54'),(90638,64,50,8,'2019-12-21 14:03:54'),(90639,50,46,8,'2019-12-21 14:03:54'),(90640,46,50,8,'2019-12-21 14:03:54'),(90641,50,78,8,'2019-12-21 14:03:54'),(90642,78,50,8,'2019-12-21 14:03:54'),(90643,76,32,8,'2019-12-21 14:03:58'),(90644,32,76,8,'2019-12-21 14:03:58'),(90649,76,45,8,'2019-12-21 14:03:58'),(90650,45,76,8,'2019-12-21 14:03:58'),(90653,76,64,8,'2019-12-21 14:03:58'),(90654,64,76,8,'2019-12-21 14:03:58'),(90655,76,46,8,'2019-12-21 14:03:58'),(90656,46,76,8,'2019-12-21 14:03:58'),(90659,76,50,8,'2019-12-21 14:03:58'),(90660,50,76,8,'2019-12-21 14:03:58'),(90661,65,32,8,'2019-12-21 14:04:05'),(90662,32,65,8,'2019-12-21 14:04:05'),(90665,65,59,8,'2019-12-21 14:04:05'),(90666,59,65,8,'2019-12-21 14:04:05'),(90667,65,45,8,'2019-12-21 14:04:05'),(90668,45,65,8,'2019-12-21 14:04:05'),(90669,65,77,8,'2019-12-21 14:04:05'),(90670,77,65,8,'2019-12-21 14:04:05'),(90671,65,64,8,'2019-12-21 14:04:05'),(90672,64,65,8,'2019-12-21 14:04:05'),(90673,65,46,8,'2019-12-21 14:04:05'),(90674,46,65,8,'2019-12-21 14:04:05'),(90675,65,78,8,'2019-12-21 14:04:05'),(90676,78,65,8,'2019-12-21 14:04:05'),(90679,65,76,8,'2019-12-21 14:04:05'),(90680,76,65,8,'2019-12-21 14:04:05'),(90681,43,32,8,'2019-12-21 14:04:08'),(90682,32,43,8,'2019-12-21 14:04:08'),(90685,43,59,8,'2019-12-21 14:04:08'),(90686,59,43,8,'2019-12-21 14:04:08'),(90687,43,45,8,'2019-12-21 14:04:08'),(90688,45,43,8,'2019-12-21 14:04:08'),(90689,43,77,8,'2019-12-21 14:04:08'),(90690,77,43,8,'2019-12-21 14:04:08'),(90691,43,64,8,'2019-12-21 14:04:08'),(90692,64,43,8,'2019-12-21 14:04:08'),(90693,43,46,8,'2019-12-21 14:04:08'),(90694,46,43,8,'2019-12-21 14:04:08'),(90697,43,50,8,'2019-12-21 14:04:08'),(90698,50,43,8,'2019-12-21 14:04:08'),(90699,43,76,8,'2019-12-21 14:04:08'),(90700,76,43,8,'2019-12-21 14:04:08'),(90701,43,65,8,'2019-12-21 14:04:08'),(90702,65,43,8,'2019-12-21 14:04:08'),(90703,38,32,8,'2019-12-21 14:04:14'),(90704,32,38,8,'2019-12-21 14:04:14'),(90705,38,80,8,'2019-12-21 14:04:14'),(90706,80,38,8,'2019-12-21 14:04:14'),(90707,38,59,8,'2019-12-21 14:04:14'),(90708,59,38,8,'2019-12-21 14:04:14'),(90709,38,45,8,'2019-12-21 14:04:14'),(90710,45,38,8,'2019-12-21 14:04:14'),(90711,38,77,8,'2019-12-21 14:04:14'),(90712,77,38,8,'2019-12-21 14:04:14'),(90713,38,64,8,'2019-12-21 14:04:14'),(90714,64,38,8,'2019-12-21 14:04:14'),(90715,38,46,8,'2019-12-21 14:04:14'),(90716,46,38,8,'2019-12-21 14:04:14'),(90717,38,78,8,'2019-12-21 14:04:14'),(90718,78,38,8,'2019-12-21 14:04:14'),(90719,38,50,8,'2019-12-21 14:04:14'),(90720,50,38,8,'2019-12-21 14:04:14'),(90721,38,76,8,'2019-12-21 14:04:14'),(90722,76,38,8,'2019-12-21 14:04:14'),(90723,38,65,8,'2019-12-21 14:04:14'),(90724,65,38,8,'2019-12-21 14:04:14'),(90725,38,43,8,'2019-12-21 14:04:14'),(90726,43,38,8,'2019-12-21 14:04:14'),(90727,37,32,8,'2019-12-21 14:04:17'),(90728,32,37,8,'2019-12-21 14:04:17'),(90729,37,80,8,'2019-12-21 14:04:17'),(90730,80,37,8,'2019-12-21 14:04:17'),(90731,37,59,8,'2019-12-21 14:04:17'),(90732,59,37,8,'2019-12-21 14:04:17'),(90733,37,45,8,'2019-12-21 14:04:17'),(90734,45,37,8,'2019-12-21 14:04:17'),(90735,37,77,8,'2019-12-21 14:04:17'),(90736,77,37,8,'2019-12-21 14:04:17'),(90737,37,64,8,'2019-12-21 14:04:17'),(90738,64,37,8,'2019-12-21 14:04:17'),(90739,37,46,8,'2019-12-21 14:04:17'),(90740,46,37,8,'2019-12-21 14:04:17'),(90741,37,78,8,'2019-12-21 14:04:17'),(90742,78,37,8,'2019-12-21 14:04:17'),(90743,37,50,8,'2019-12-21 14:04:17'),(90744,50,37,8,'2019-12-21 14:04:17'),(90745,37,76,8,'2019-12-21 14:04:17'),(90746,76,37,8,'2019-12-21 14:04:17'),(90747,37,65,8,'2019-12-21 14:04:17'),(90748,65,37,8,'2019-12-21 14:04:17'),(90749,37,43,8,'2019-12-21 14:04:17'),(90750,43,37,8,'2019-12-21 14:04:17'),(90751,37,38,8,'2019-12-21 14:04:17'),(90752,38,37,8,'2019-12-21 14:04:17'),(90753,36,32,8,'2019-12-21 14:04:21'),(90754,32,36,8,'2019-12-21 14:04:21'),(90757,36,59,8,'2019-12-21 14:04:21'),(90758,59,36,8,'2019-12-21 14:04:21'),(90759,36,45,8,'2019-12-21 14:04:21'),(90760,45,36,8,'2019-12-21 14:04:21'),(90761,36,77,8,'2019-12-21 14:04:21'),(90762,77,36,8,'2019-12-21 14:04:21'),(90763,36,64,8,'2019-12-21 14:04:21'),(90764,64,36,8,'2019-12-21 14:04:21'),(90765,36,46,8,'2019-12-21 14:04:21'),(90766,46,36,8,'2019-12-21 14:04:21'),(90767,36,78,8,'2019-12-21 14:04:21'),(90768,78,36,8,'2019-12-21 14:04:21'),(90771,36,76,8,'2019-12-21 14:04:21'),(90772,76,36,8,'2019-12-21 14:04:21'),(90775,36,43,8,'2019-12-21 14:04:21'),(90776,43,36,8,'2019-12-21 14:04:21'),(90777,36,38,8,'2019-12-21 14:04:21'),(90778,38,36,8,'2019-12-21 14:04:21'),(90779,36,37,8,'2019-12-21 14:04:21'),(90780,37,36,8,'2019-12-21 14:04:21'),(90781,27,32,8,'2019-12-21 14:04:26'),(90782,32,27,8,'2019-12-21 14:04:26'),(90785,27,59,8,'2019-12-21 14:04:26'),(90786,59,27,8,'2019-12-21 14:04:26'),(90787,27,45,8,'2019-12-21 14:04:26'),(90788,45,27,8,'2019-12-21 14:04:26'),(90791,27,64,8,'2019-12-21 14:04:26'),(90792,64,27,8,'2019-12-21 14:04:26'),(90793,27,46,8,'2019-12-21 14:04:26'),(90794,46,27,8,'2019-12-21 14:04:26'),(90795,27,78,8,'2019-12-21 14:04:26'),(90796,78,27,8,'2019-12-21 14:04:26'),(90797,27,50,8,'2019-12-21 14:04:26'),(90798,50,27,8,'2019-12-21 14:04:26'),(90801,27,65,8,'2019-12-21 14:04:26'),(90802,65,27,8,'2019-12-21 14:04:26'),(90803,27,43,8,'2019-12-21 14:04:26'),(90804,43,27,8,'2019-12-21 14:04:26'),(90807,27,37,8,'2019-12-21 14:04:26'),(90808,37,27,8,'2019-12-21 14:04:26'),(90809,27,36,8,'2019-12-21 14:04:26'),(90810,36,27,8,'2019-12-21 14:04:26'),(90811,48,32,8,'2019-12-21 14:04:29'),(90812,32,48,8,'2019-12-21 14:04:29'),(90815,48,59,8,'2019-12-21 14:04:29'),(90816,59,48,8,'2019-12-21 14:04:29'),(90817,48,45,8,'2019-12-21 14:04:29'),(90818,45,48,8,'2019-12-21 14:04:29'),(90819,48,77,8,'2019-12-21 14:04:29'),(90820,77,48,8,'2019-12-21 14:04:29'),(90821,48,64,8,'2019-12-21 14:04:29'),(90822,64,48,8,'2019-12-21 14:04:29'),(90823,48,46,8,'2019-12-21 14:04:29'),(90824,46,48,8,'2019-12-21 14:04:29'),(90825,48,78,8,'2019-12-21 14:04:29'),(90826,78,48,8,'2019-12-21 14:04:29'),(90827,48,50,8,'2019-12-21 14:04:29'),(90828,50,48,8,'2019-12-21 14:04:29'),(90829,48,76,8,'2019-12-21 14:04:29'),(90830,76,48,8,'2019-12-21 14:04:29'),(90831,48,65,8,'2019-12-21 14:04:29'),(90832,65,48,8,'2019-12-21 14:04:29'),(90835,48,38,8,'2019-12-21 14:04:29'),(90836,38,48,8,'2019-12-21 14:04:29'),(90837,48,37,8,'2019-12-21 14:04:29'),(90838,37,48,8,'2019-12-21 14:04:29'),(90839,48,36,8,'2019-12-21 14:04:29'),(90840,36,48,8,'2019-12-21 14:04:29'),(90841,48,27,8,'2019-12-21 14:04:29'),(90842,27,48,8,'2019-12-21 14:04:29'),(90843,57,71,8,'2019-12-21 14:04:39'),(90844,71,57,8,'2019-12-21 14:04:39'),(90845,52,71,8,'2019-12-21 14:04:44'),(90846,71,52,8,'2019-12-21 14:04:44'),(90849,51,71,8,'2019-12-21 14:04:48'),(90850,71,51,8,'2019-12-21 14:04:48'),(90851,51,57,8,'2019-12-21 14:04:48'),(90852,57,51,8,'2019-12-21 14:04:48'),(90853,51,52,8,'2019-12-21 14:04:48'),(90854,52,51,8,'2019-12-21 14:04:48'),(90855,28,71,8,'2019-12-21 14:04:52'),(90856,71,28,8,'2019-12-21 14:04:52'),(90857,28,57,8,'2019-12-21 14:04:52'),(90858,57,28,8,'2019-12-21 14:04:52'),(90859,28,52,8,'2019-12-21 14:04:52'),(90860,52,28,8,'2019-12-21 14:04:52'),(90861,28,51,8,'2019-12-21 14:04:52'),(90862,51,28,8,'2019-12-21 14:04:52'),(90863,69,71,8,'2019-12-21 14:04:58'),(90864,71,69,8,'2019-12-21 14:04:58'),(90865,69,57,8,'2019-12-21 14:04:58'),(90866,57,69,8,'2019-12-21 14:04:58'),(90867,69,52,8,'2019-12-21 14:04:58'),(90868,52,69,8,'2019-12-21 14:04:58'),(90869,69,51,8,'2019-12-21 14:04:58'),(90870,51,69,8,'2019-12-21 14:04:58'),(90871,69,28,8,'2019-12-21 14:04:58'),(90872,28,69,8,'2019-12-21 14:04:58'),(90873,68,71,8,'2019-12-21 14:05:02'),(90874,71,68,8,'2019-12-21 14:05:02'),(90875,68,57,8,'2019-12-21 14:05:02'),(90876,57,68,8,'2019-12-21 14:05:02'),(90877,68,52,8,'2019-12-21 14:05:02'),(90878,52,68,8,'2019-12-21 14:05:02'),(90879,68,51,8,'2019-12-21 14:05:02'),(90880,51,68,8,'2019-12-21 14:05:02'),(90881,68,28,8,'2019-12-21 14:05:02'),(90882,28,68,8,'2019-12-21 14:05:02'),(90883,68,69,8,'2019-12-21 14:05:02'),(90884,69,68,8,'2019-12-21 14:05:02'),(90885,58,71,8,'2019-12-21 14:05:08'),(90886,71,58,8,'2019-12-21 14:05:08'),(90887,58,57,8,'2019-12-21 14:05:08'),(90888,57,58,8,'2019-12-21 14:05:08'),(90889,58,52,8,'2019-12-21 14:05:08'),(90890,52,58,8,'2019-12-21 14:05:08'),(90891,58,51,8,'2019-12-21 14:05:08'),(90892,51,58,8,'2019-12-21 14:05:08'),(90893,58,28,8,'2019-12-21 14:05:08'),(90894,28,58,8,'2019-12-21 14:05:08'),(90895,58,69,8,'2019-12-21 14:05:08'),(90896,69,58,8,'2019-12-21 14:05:08'),(90897,58,68,8,'2019-12-21 14:05:08'),(90898,68,58,8,'2019-12-21 14:05:08'),(90899,41,71,8,'2019-12-21 14:05:15'),(90900,71,41,8,'2019-12-21 14:05:15'),(90901,41,57,8,'2019-12-21 14:05:15'),(90902,57,41,8,'2019-12-21 14:05:15'),(90903,41,52,8,'2019-12-21 14:05:15'),(90904,52,41,8,'2019-12-21 14:05:15'),(90905,41,51,8,'2019-12-21 14:05:15'),(90906,51,41,8,'2019-12-21 14:05:15'),(90907,41,28,8,'2019-12-21 14:05:15'),(90908,28,41,8,'2019-12-21 14:05:15'),(90909,41,69,8,'2019-12-21 14:05:15'),(90910,69,41,8,'2019-12-21 14:05:15'),(90911,41,68,8,'2019-12-21 14:05:15'),(90912,68,41,8,'2019-12-21 14:05:15'),(90913,41,58,8,'2019-12-21 14:05:15'),(90914,58,41,8,'2019-12-21 14:05:15'),(90915,63,71,8,'2019-12-21 14:05:20'),(90916,71,63,8,'2019-12-21 14:05:20'),(90917,63,57,8,'2019-12-21 14:05:20'),(90918,57,63,8,'2019-12-21 14:05:20'),(90919,63,52,8,'2019-12-21 14:05:20'),(90920,52,63,8,'2019-12-21 14:05:20'),(90921,63,51,8,'2019-12-21 14:05:20'),(90922,51,63,8,'2019-12-21 14:05:20'),(90923,63,28,8,'2019-12-21 14:05:21'),(90924,28,63,8,'2019-12-21 14:05:21'),(90925,63,69,8,'2019-12-21 14:05:21'),(90926,69,63,8,'2019-12-21 14:05:21'),(90929,63,58,8,'2019-12-21 14:05:21'),(90930,58,63,8,'2019-12-21 14:05:21'),(90931,63,41,8,'2019-12-21 14:05:21'),(90932,41,63,8,'2019-12-21 14:05:21'),(90933,56,71,8,'2019-12-21 14:05:28'),(90934,71,56,8,'2019-12-21 14:05:28'),(90935,56,57,8,'2019-12-21 14:05:28'),(90936,57,56,8,'2019-12-21 14:05:28'),(90937,56,52,8,'2019-12-21 14:05:28'),(90938,52,56,8,'2019-12-21 14:05:28'),(90939,56,51,8,'2019-12-21 14:05:28'),(90940,51,56,8,'2019-12-21 14:05:28'),(90941,56,28,8,'2019-12-21 14:05:28'),(90942,28,56,8,'2019-12-21 14:05:28'),(90943,56,69,8,'2019-12-21 14:05:28'),(90944,69,56,8,'2019-12-21 14:05:28'),(90945,56,68,8,'2019-12-21 14:05:28'),(90946,68,56,8,'2019-12-21 14:05:28'),(90947,56,58,8,'2019-12-21 14:05:28'),(90948,58,56,8,'2019-12-21 14:05:28'),(90949,56,41,8,'2019-12-21 14:05:28'),(90950,41,56,8,'2019-12-21 14:05:28'),(90951,56,63,8,'2019-12-21 14:05:28'),(90952,63,56,8,'2019-12-21 14:05:28'),(90953,53,71,8,'2019-12-21 14:05:30'),(90954,71,53,8,'2019-12-21 14:05:30'),(90955,53,57,8,'2019-12-21 14:05:30'),(90956,57,53,8,'2019-12-21 14:05:30'),(90957,53,52,8,'2019-12-21 14:05:30'),(90958,52,53,8,'2019-12-21 14:05:30'),(90959,53,51,8,'2019-12-21 14:05:30'),(90960,51,53,8,'2019-12-21 14:05:30'),(90961,53,28,8,'2019-12-21 14:05:30'),(90962,28,53,8,'2019-12-21 14:05:30'),(90963,53,69,8,'2019-12-21 14:05:30'),(90964,69,53,8,'2019-12-21 14:05:30'),(90965,53,68,8,'2019-12-21 14:05:30'),(90966,68,53,8,'2019-12-21 14:05:30'),(90967,53,58,8,'2019-12-21 14:05:30'),(90968,58,53,8,'2019-12-21 14:05:30'),(90969,53,41,8,'2019-12-21 14:05:30'),(90970,41,53,8,'2019-12-21 14:05:30'),(90971,53,63,8,'2019-12-21 14:05:30'),(90972,63,53,8,'2019-12-21 14:05:30'),(90973,53,56,8,'2019-12-21 14:05:30'),(90974,56,53,8,'2019-12-21 14:05:30'),(90975,34,71,8,'2019-12-21 14:05:34'),(90976,71,34,8,'2019-12-21 14:05:34'),(90977,34,57,8,'2019-12-21 14:05:34'),(90978,57,34,8,'2019-12-21 14:05:34'),(90979,34,52,8,'2019-12-21 14:05:34'),(90980,52,34,8,'2019-12-21 14:05:34'),(90981,34,51,8,'2019-12-21 14:05:34'),(90982,51,34,8,'2019-12-21 14:05:34'),(90983,34,28,8,'2019-12-21 14:05:34'),(90984,28,34,8,'2019-12-21 14:05:35'),(90985,34,69,8,'2019-12-21 14:05:35'),(90986,69,34,8,'2019-12-21 14:05:35'),(90987,34,68,8,'2019-12-21 14:05:35'),(90988,68,34,8,'2019-12-21 14:05:35'),(90989,34,58,8,'2019-12-21 14:05:35'),(90990,58,34,8,'2019-12-21 14:05:35'),(90991,34,41,8,'2019-12-21 14:05:35'),(90992,41,34,8,'2019-12-21 14:05:35'),(90993,34,63,8,'2019-12-21 14:05:35'),(90994,63,34,8,'2019-12-21 14:05:35'),(90995,34,56,8,'2019-12-21 14:05:35'),(90996,56,34,8,'2019-12-21 14:05:35'),(90997,34,53,8,'2019-12-21 14:05:35'),(90998,53,34,8,'2019-12-21 14:05:35'),(90999,33,71,8,'2019-12-21 14:05:39'),(91000,71,33,8,'2019-12-21 14:05:39'),(91001,33,57,8,'2019-12-21 14:05:39'),(91002,57,33,8,'2019-12-21 14:05:39'),(91003,33,52,8,'2019-12-21 14:05:39'),(91004,52,33,8,'2019-12-21 14:05:39'),(91005,33,51,8,'2019-12-21 14:05:39'),(91006,51,33,8,'2019-12-21 14:05:39'),(91007,33,28,8,'2019-12-21 14:05:39'),(91008,28,33,8,'2019-12-21 14:05:39'),(91009,33,69,8,'2019-12-21 14:05:39'),(91010,69,33,8,'2019-12-21 14:05:39'),(91011,33,68,8,'2019-12-21 14:05:39'),(91012,68,33,8,'2019-12-21 14:05:39'),(91013,33,58,8,'2019-12-21 14:05:39'),(91014,58,33,8,'2019-12-21 14:05:39'),(91015,33,41,8,'2019-12-21 14:05:39'),(91016,41,33,8,'2019-12-21 14:05:39'),(91017,33,63,8,'2019-12-21 14:05:39'),(91018,63,33,8,'2019-12-21 14:05:39'),(91019,33,56,8,'2019-12-21 14:05:39'),(91020,56,33,8,'2019-12-21 14:05:39'),(91021,33,53,8,'2019-12-21 14:05:39'),(91022,53,33,8,'2019-12-21 14:05:39'),(91023,33,34,8,'2019-12-21 14:05:39'),(91024,34,33,8,'2019-12-21 14:05:39'),(91025,40,71,8,'2019-12-21 14:05:43'),(91026,71,40,8,'2019-12-21 14:05:43'),(91027,40,57,8,'2019-12-21 14:05:43'),(91028,57,40,8,'2019-12-21 14:05:43'),(91029,40,52,8,'2019-12-21 14:05:43'),(91030,52,40,8,'2019-12-21 14:05:43'),(91031,40,51,8,'2019-12-21 14:05:43'),(91032,51,40,8,'2019-12-21 14:05:43'),(91033,40,28,8,'2019-12-21 14:05:43'),(91034,28,40,8,'2019-12-21 14:05:43'),(91035,40,69,8,'2019-12-21 14:05:43'),(91036,69,40,8,'2019-12-21 14:05:43'),(91037,40,68,8,'2019-12-21 14:05:43'),(91038,68,40,8,'2019-12-21 14:05:43'),(91039,40,58,8,'2019-12-21 14:05:43'),(91040,58,40,8,'2019-12-21 14:05:43'),(91041,40,41,8,'2019-12-21 14:05:43'),(91042,41,40,8,'2019-12-21 14:05:43'),(91043,40,63,8,'2019-12-21 14:05:43'),(91044,63,40,8,'2019-12-21 14:05:43'),(91045,40,56,8,'2019-12-21 14:05:43'),(91046,56,40,8,'2019-12-21 14:05:43'),(91047,40,53,8,'2019-12-21 14:05:43'),(91048,53,40,8,'2019-12-21 14:05:43'),(91049,40,34,8,'2019-12-21 14:05:43'),(91050,34,40,8,'2019-12-21 14:05:43'),(91051,40,33,8,'2019-12-21 14:05:43'),(91052,33,40,8,'2019-12-21 14:05:43'),(91053,39,71,8,'2019-12-21 14:05:50'),(91054,71,39,8,'2019-12-21 14:05:50'),(91055,39,57,8,'2019-12-21 14:05:50'),(91056,57,39,8,'2019-12-21 14:05:50'),(91057,39,52,8,'2019-12-21 14:05:50'),(91058,52,39,8,'2019-12-21 14:05:50'),(91059,39,51,8,'2019-12-21 14:05:50'),(91060,51,39,8,'2019-12-21 14:05:50'),(91061,39,28,8,'2019-12-21 14:05:50'),(91062,28,39,8,'2019-12-21 14:05:50'),(91063,39,69,8,'2019-12-21 14:05:50'),(91064,69,39,8,'2019-12-21 14:05:50'),(91065,39,68,8,'2019-12-21 14:05:50'),(91066,68,39,8,'2019-12-21 14:05:50'),(91067,39,58,8,'2019-12-21 14:05:50'),(91068,58,39,8,'2019-12-21 14:05:50'),(91069,39,41,8,'2019-12-21 14:05:50'),(91070,41,39,8,'2019-12-21 14:05:50'),(91071,39,63,8,'2019-12-21 14:05:50'),(91072,63,39,8,'2019-12-21 14:05:50'),(91073,39,56,8,'2019-12-21 14:05:50'),(91074,56,39,8,'2019-12-21 14:05:50'),(91075,39,53,8,'2019-12-21 14:05:50'),(91076,53,39,8,'2019-12-21 14:05:50'),(91077,39,34,8,'2019-12-21 14:05:50'),(91078,34,39,8,'2019-12-21 14:05:50'),(91079,39,33,8,'2019-12-21 14:05:50'),(91080,33,39,8,'2019-12-21 14:05:50'),(91081,39,40,8,'2019-12-21 14:05:50'),(91082,40,39,8,'2019-12-21 14:05:50'),(91083,42,71,8,'2019-12-21 14:05:59'),(91084,71,42,8,'2019-12-21 14:05:59'),(91085,42,57,8,'2019-12-21 14:05:59'),(91086,57,42,8,'2019-12-21 14:05:59'),(91087,42,52,8,'2019-12-21 14:05:59'),(91088,52,42,8,'2019-12-21 14:06:00'),(91089,42,51,8,'2019-12-21 14:06:00'),(91090,51,42,8,'2019-12-21 14:06:00'),(91093,42,69,8,'2019-12-21 14:06:00'),(91094,69,42,8,'2019-12-21 14:06:00'),(91095,42,68,8,'2019-12-21 14:06:00'),(91096,68,42,8,'2019-12-21 14:06:00'),(91097,42,58,8,'2019-12-21 14:06:00'),(91098,58,42,8,'2019-12-21 14:06:00'),(91099,42,41,8,'2019-12-21 14:06:00'),(91100,41,42,8,'2019-12-21 14:06:00'),(91101,42,63,8,'2019-12-21 14:06:00'),(91102,63,42,8,'2019-12-21 14:06:00'),(91103,42,56,8,'2019-12-21 14:06:00'),(91104,56,42,8,'2019-12-21 14:06:00'),(91105,42,53,8,'2019-12-21 14:06:00'),(91106,53,42,8,'2019-12-21 14:06:00'),(91107,42,34,8,'2019-12-21 14:06:00'),(91108,34,42,8,'2019-12-21 14:06:00'),(91109,42,33,8,'2019-12-21 14:06:00'),(91110,33,42,8,'2019-12-21 14:06:00'),(91111,42,40,8,'2019-12-21 14:06:00'),(91112,40,42,8,'2019-12-21 14:06:00'),(91113,42,39,8,'2019-12-21 14:06:00'),(91114,39,42,8,'2019-12-21 14:06:00'),(91115,46,71,8,'2019-12-21 14:06:05'),(91116,71,46,8,'2019-12-21 14:06:05'),(91117,46,57,8,'2019-12-21 14:06:05'),(91118,57,46,8,'2019-12-21 14:06:05'),(91119,46,52,8,'2019-12-21 14:06:05'),(91120,52,46,8,'2019-12-21 14:06:05'),(91121,46,51,8,'2019-12-21 14:06:05'),(91122,51,46,8,'2019-12-21 14:06:05'),(91123,46,28,8,'2019-12-21 14:06:05'),(91124,28,46,8,'2019-12-21 14:06:05'),(91125,46,69,8,'2019-12-21 14:06:05'),(91126,69,46,8,'2019-12-21 14:06:05'),(91127,46,68,8,'2019-12-21 14:06:05'),(91128,68,46,8,'2019-12-21 14:06:05'),(91129,46,58,8,'2019-12-21 14:06:05'),(91130,58,46,8,'2019-12-21 14:06:05'),(91131,46,41,8,'2019-12-21 14:06:05'),(91132,41,46,8,'2019-12-21 14:06:05'),(91133,46,63,8,'2019-12-21 14:06:05'),(91134,63,46,8,'2019-12-21 14:06:05'),(91135,46,56,8,'2019-12-21 14:06:05'),(91136,56,46,8,'2019-12-21 14:06:05'),(91137,46,53,8,'2019-12-21 14:06:05'),(91138,53,46,8,'2019-12-21 14:06:05'),(91139,46,34,8,'2019-12-21 14:06:05'),(91140,34,46,8,'2019-12-21 14:06:05'),(91141,46,33,8,'2019-12-21 14:06:05'),(91142,33,46,8,'2019-12-21 14:06:05'),(91143,46,40,8,'2019-12-21 14:06:05'),(91144,40,46,8,'2019-12-21 14:06:05'),(91145,46,39,8,'2019-12-21 14:06:05'),(91146,39,46,8,'2019-12-21 14:06:05'),(91147,46,42,8,'2019-12-21 14:06:05'),(91148,42,46,8,'2019-12-21 14:06:05'),(91149,54,71,8,'2019-12-21 14:06:10'),(91150,71,54,8,'2019-12-21 14:06:10'),(91151,54,57,8,'2019-12-21 14:06:10'),(91152,57,54,8,'2019-12-21 14:06:10'),(91153,54,52,8,'2019-12-21 14:06:10'),(91154,52,54,8,'2019-12-21 14:06:10'),(91155,54,51,8,'2019-12-21 14:06:10'),(91156,51,54,8,'2019-12-21 14:06:10'),(91159,54,69,8,'2019-12-21 14:06:10'),(91160,69,54,8,'2019-12-21 14:06:10'),(91161,54,68,8,'2019-12-21 14:06:10'),(91162,68,54,8,'2019-12-21 14:06:10'),(91163,54,58,8,'2019-12-21 14:06:10'),(91164,58,54,8,'2019-12-21 14:06:10'),(91165,54,41,8,'2019-12-21 14:06:10'),(91166,41,54,8,'2019-12-21 14:06:10'),(91167,54,63,8,'2019-12-21 14:06:10'),(91168,63,54,8,'2019-12-21 14:06:10'),(91169,54,56,8,'2019-12-21 14:06:10'),(91170,56,54,8,'2019-12-21 14:06:10'),(91171,54,53,8,'2019-12-21 14:06:10'),(91172,53,54,8,'2019-12-21 14:06:10'),(91173,54,34,8,'2019-12-21 14:06:10'),(91174,34,54,8,'2019-12-21 14:06:10'),(91175,54,33,8,'2019-12-21 14:06:10'),(91176,33,54,8,'2019-12-21 14:06:10'),(91177,54,40,8,'2019-12-21 14:06:10'),(91178,40,54,8,'2019-12-21 14:06:10'),(91179,54,39,8,'2019-12-21 14:06:10'),(91180,39,54,8,'2019-12-21 14:06:10'),(91183,54,46,8,'2019-12-21 14:06:10'),(91184,46,54,8,'2019-12-21 14:06:10'),(91983,69,80,1,'2019-12-23 13:13:41'),(91984,80,69,1,'2019-12-23 13:13:41'),(91985,69,29,1,'2019-12-23 13:13:41'),(91986,29,69,1,'2019-12-23 13:13:41'),(92403,27,38,6,'2019-12-28 14:21:17'),(92404,38,27,6,'2019-12-28 14:21:17'),(93807,78,59,4,'2020-01-04 14:16:54'),(93808,59,78,4,'2020-01-04 14:16:54'),(93837,76,59,4,'2020-01-04 14:17:03'),(93838,59,76,4,'2020-01-04 14:17:03'),(93847,76,78,4,'2020-01-04 14:17:03'),(93848,78,76,4,'2020-01-04 14:17:03'),(93895,24,55,2,'2020-01-11 14:12:23'),(93896,55,24,2,'2020-01-11 14:12:23'),(93923,30,70,2,'2020-01-11 14:12:31'),(93924,70,30,2,'2020-01-11 14:12:31'),(93935,30,24,2,'2020-01-11 14:12:31'),(93936,24,30,2,'2020-01-11 14:12:31'),(93941,29,70,2,'2020-01-11 14:12:37'),(93942,70,29,2,'2020-01-11 14:12:37'),(93957,29,30,2,'2020-01-11 14:12:37'),(93958,30,29,2,'2020-01-11 14:12:37'),(93961,26,70,2,'2020-01-11 14:12:44'),(93962,70,26,2,'2020-01-11 14:12:44'),(93963,26,55,2,'2020-01-11 14:12:44'),(93964,55,26,2,'2020-01-11 14:12:44'),(93973,26,24,2,'2020-01-11 14:12:44'),(93974,24,26,2,'2020-01-11 14:12:44'),(93977,26,30,2,'2020-01-11 14:12:44'),(93978,30,26,2,'2020-01-11 14:12:44'),(94019,54,24,2,'2020-01-11 14:12:52'),(94020,24,54,2,'2020-01-11 14:12:52'),(94045,77,80,2,'2020-01-11 14:13:17'),(94046,80,77,2,'2020-01-11 14:13:17'),(94075,78,80,2,'2020-01-11 14:13:34'),(94076,80,78,2,'2020-01-11 14:13:34'),(94081,78,77,2,'2020-01-11 14:13:34'),(94082,77,78,2,'2020-01-11 14:13:34'),(94105,76,80,2,'2020-01-11 14:13:41'),(94106,80,76,2,'2020-01-11 14:13:41'),(94111,76,77,2,'2020-01-11 14:13:41'),(94112,77,76,2,'2020-01-11 14:13:41'),(94243,27,80,2,'2020-01-11 14:14:09'),(94244,80,27,2,'2020-01-11 14:14:09'),(94249,27,77,2,'2020-01-11 14:14:09'),(94250,77,27,2,'2020-01-11 14:14:09'),(94259,27,76,2,'2020-01-11 14:14:09'),(94260,76,27,2,'2020-01-11 14:14:09'),(94617,54,28,2,'2020-01-11 14:15:51'),(94618,28,54,2,'2020-01-11 14:15:51');

--
-- Table structure for table `s_articles_supplier`
--

CREATE TABLE `s_articles_supplier` (
  `id` int(11) NOT NULL AUTO_INCREMENT,
  `name` varchar(100) COLLATE utf8_unicode_ci NOT NULL,
  `img` varchar(255) COLLATE utf8_unicode_ci NOT NULL,
  `link` varchar(100) COLLATE utf8_unicode_ci NOT NULL,
  `description` longtext COLLATE utf8_unicode_ci,
  `meta_title` varchar(255) COLLATE utf8_unicode_ci DEFAULT NULL,
  `meta_description` varchar(255) COLLATE utf8_unicode_ci DEFAULT NULL,
  `meta_keywords` varchar(255) COLLATE utf8_unicode_ci DEFAULT NULL,
  `changed` datetime NOT NULL DEFAULT '2018-12-03 08:40:32',
  PRIMARY KEY (`id`)
) ENGINE=InnoDB AUTO_INCREMENT=41 DEFAULT CHARSET=utf8 COLLATE=utf8_unicode_ci;

--
-- Dumping data for table `s_articles_supplier`
--

INSERT INTO `s_articles_supplier` VALUES (1,'Nicht angegeben','','',NULL,NULL,NULL,NULL,'2019-01-11 10:41:53'),(2,'Alfa Laval','media/image/alfalaval.png','','','','','','2019-02-08 08:40:26'),(3,'Alpma','media/image/Alpma.png','','','','','','2019-02-08 08:41:31'),(4,'Ampack Amman','','','','','','','2019-02-06 19:02:55'),(5,'Anhydro','media/image/anhydrologo.png','','','','','','2019-02-08 08:56:42'),(6,'APV Gaulin','media/image/APV.jpg','','','','','','2019-02-08 09:01:39'),(7,'APV','media/image/APV.jpg','','','','','','2019-02-08 09:02:07'),(8,'APV Manton','media/image/APV.jpg','','','','','','2019-02-08 09:02:29'),(9,'APV Rannie','media/image/APV.jpg','','','','','','2019-02-08 09:02:48'),(10,'Benhil','media/image/Benhil.jpg','','','','','','2019-02-08 09:11:27'),(11,'Choteborske','','','','','','','2019-02-06 19:04:23'),(12,'Dietzel','','','','','','','2019-02-06 19:04:38'),(13,'Dima','media/image/Dima.jpg','','','','','','2019-02-08 09:16:32'),(14,'FASA','media/image/fasa.jpg','','','','','','2019-02-08 09:21:32'),(15,'Flottweg','media/image/Flottweg-logo.jpg','','','','','','2019-02-08 09:23:07'),(16,'GEA Ahlborn','','','','','','','2019-02-06 19:05:27'),(17,'GEA Niro','','','','','','','2019-02-06 19:05:57'),(18,'GEA Niro & Soavi','','','','GEA Niro & Soavi','','','2019-02-06 19:06:32'),(19,'GEA Westfalia','media/image/gea.jpg','','','GEA Westfalia','','','2019-02-08 08:38:46'),(20,'Hamba','','','','Hamba','','','2019-02-06 19:07:00'),(21,'Kustner','','','','Kustner','','','2019-02-06 19:07:12'),(22,'Kustner Freres','','','','Kustner Freres','','','2019-02-06 19:07:24'),(23,'Manton Gaulin','','','','Manton Gaulin','','','2019-02-06 19:07:36'),(24,'Nagema','','','','Nagema','','','2019-02-06 19:07:45'),(25,'Niro','','','','','','','2019-02-06 19:07:55'),(26,'PAASCH & Silkeborg','','','','PAASCH & Silkeborg','','','2019-02-06 19:08:10'),(27,'Risco','','','','Risco','','','2019-02-06 19:08:31'),(28,'Scheffers','','','','Scheffers','','','2019-02-06 19:08:49'),(29,'Schmidt Sigma','','','','Schmidt Sigma','','','2019-02-06 19:09:00'),(30,'Sig','','','','Sig','','','2019-02-06 19:09:25'),(31,'Simon Freres','','','','Simon Freres','','','2019-02-06 19:09:36'),(32,'Niro & Soavi','','','','Niro & Soavi','','','2019-02-06 19:09:46'),(33,'Sposmasz','','','','Sposmasz','','','2019-02-06 19:10:01'),(34,'Stephan','','','','Stephan','','','2019-02-06 19:25:25'),(35,'Tetra Alex','','','','Tetra Alex','','','2019-02-06 19:25:37'),(36,'Tetra Pak','','','','Tetra Pak','','','2019-02-06 19:25:49'),(37,'Trepko','','','','Trepko','','','2019-02-06 19:26:05'),(38,'Tuchenhagen','','','','Tuchenhagen','','','2019-02-06 19:26:18'),(39,'Verpaco','media/image/verpaco-logo.jpg','','','Verpaco','','','2019-03-01 10:44:03'),(40,'Waldner','','','','Waldner','','','2019-02-06 19:26:43');

--
-- Table structure for table `s_articles_supplier_attributes`
--

CREATE TABLE `s_articles_supplier_attributes` (
  `id` int(11) NOT NULL AUTO_INCREMENT,
  `supplierID` int(11) DEFAULT NULL,
  PRIMARY KEY (`id`),
  UNIQUE KEY `supplierID` (`supplierID`),
  CONSTRAINT `s_articles_supplier_attributes_ibfk_1` FOREIGN KEY (`supplierID`) REFERENCES `s_articles_supplier` (`id`) ON DELETE CASCADE ON UPDATE NO ACTION
) ENGINE=InnoDB DEFAULT CHARSET=utf8 COLLATE=utf8_unicode_ci;

--
-- Dumping data for table `s_articles_supplier_attributes`
--


--
-- Table structure for table `s_articles_top_seller_ro`
--

CREATE TABLE `s_articles_top_seller_ro` (
  `id` int(11) NOT NULL AUTO_INCREMENT,
  `article_id` int(11) unsigned NOT NULL,
  `sales` int(11) unsigned NOT NULL DEFAULT '0',
  `last_cleared` datetime DEFAULT NULL,
  PRIMARY KEY (`id`),
  UNIQUE KEY `article_id` (`article_id`),
  KEY `sales` (`sales`),
  KEY `listing_query` (`sales`,`article_id`)
) ENGINE=InnoDB AUTO_INCREMENT=2 DEFAULT CHARSET=utf8 COLLATE=utf8_unicode_ci;

--
-- Dumping data for table `s_articles_top_seller_ro`
--

INSERT INTO `s_articles_top_seller_ro` VALUES (1,1,0,'2019-01-11 09:41:54');

--
-- Table structure for table `s_articles_translations`
--

CREATE TABLE `s_articles_translations` (
  `id` int(11) NOT NULL AUTO_INCREMENT,
  `articleID` int(11) NOT NULL,
  `languageID` int(11) NOT NULL,
  `name` varchar(255) COLLATE utf8_unicode_ci NOT NULL,
  `keywords` mediumtext COLLATE utf8_unicode_ci NOT NULL,
  `description` mediumtext COLLATE utf8_unicode_ci NOT NULL,
  `description_long` mediumtext COLLATE utf8_unicode_ci NOT NULL,
  `description_clear` mediumtext COLLATE utf8_unicode_ci NOT NULL,
  `shippingtime` mediumtext COLLATE utf8_unicode_ci NOT NULL,
  `attr1` varchar(255) COLLATE utf8_unicode_ci NOT NULL,
  `attr2` varchar(255) COLLATE utf8_unicode_ci NOT NULL,
  `attr3` varchar(255) COLLATE utf8_unicode_ci NOT NULL,
  `attr4` varchar(255) COLLATE utf8_unicode_ci NOT NULL,
  `attr5` varchar(255) COLLATE utf8_unicode_ci NOT NULL,
  `dcondition` text COLLATE utf8_unicode_ci,
  `dreferencenumber` text COLLATE utf8_unicode_ci,
  `dmachinetype` text COLLATE utf8_unicode_ci,
  `dmodel` text COLLATE utf8_unicode_ci,
  `dserialnumber` text COLLATE utf8_unicode_ci,
  `dvideo` text COLLATE utf8_unicode_ci,
  `merxikapinl` double DEFAULT NULL,
  `merxikapoukg` double DEFAULT NULL,
  `merxikapinkg` double DEFAULT NULL,
  `merxikapoul` double DEFAULT NULL,
  `merxifass` double DEFAULT NULL,
  `merxikapunit` double DEFAULT NULL,
  `merximodell` text COLLATE utf8_unicode_ci,
  `merxiproduct` text COLLATE utf8_unicode_ci,
  `merxiasept` text COLLATE utf8_unicode_ci,
  PRIMARY KEY (`id`),
  UNIQUE KEY `articleID` (`articleID`,`languageID`)
) ENGINE=InnoDB AUTO_INCREMENT=14000 DEFAULT CHARSET=utf8 COLLATE=utf8_unicode_ci;

--
-- Dumping data for table `s_articles_translations`
--

INSERT INTO `s_articles_translations` VALUES (13942,23,3,'Verpaco VPS 120 Butter - Packaging Machine','','','<sync4-upload uploaded=\"19.06.2019 19:45:03\" version=\"9.0.5.1\"></sync4-upload>','','','Gebraucht/Überholt','','','','',NULL,NULL,NULL,NULL,NULL,NULL,345,345,1000,1000,500,17200,NULL,NULL,'Nein'),(13943,24,3,'GEA Westfalia SA 20-06-076 - Clarifyer','','','This is a used self cleaning GEA Westfalia SA 20-06-076 clarifyer, with a capacity of 10,000 l/h. This machine was previously running on milk and is in good used condition. It can be overhauled on request.<sync4-upload uploaded=\"23.07.2019 10:12:29\" version=\"9.0.5.1\"></sync4-upload>','','','Gebraucht','','','','',NULL,NULL,NULL,NULL,NULL,NULL,10000,NULL,NULL,NULL,NULL,NULL,NULL,NULL,'nein'),(13944,25,3,'GEA Westfalia MSB 14 Clarifyer','','','This is a used GEA Westfalia MSB 14 clarifyer, with a capacity of 9,000 l/h. This machine was previously running on milk and is in good used condition. It can be overhauled on request.<sync4-upload uploaded=\"17.07.2019 14:15:32\" version=\"9.0.5.1\"></sync4-upload>','','','Gebraucht','','','','',NULL,NULL,NULL,NULL,NULL,NULL,9000,NULL,NULL,NULL,NULL,NULL,NULL,NULL,'nein'),(13945,26,3,'GEA Westfalia MSB 14 - Clarifyer','','','This is a used GEA Westfalia MSB 14 clarifyer, with a capacity of 9,000 l/h. This machine was previously running on milk and is in good used condition. The machine can be overhauled on request.<sync4-upload uploaded=\"17.07.2019 14:41:49\" version=\"9.0.5.1\"></sync4-upload>','','','Gebraucht','','','','',NULL,NULL,NULL,NULL,NULL,NULL,9000,NULL,NULL,NULL,NULL,NULL,NULL,NULL,'nein'),(13946,27,3,'APV Gaulin MC 120-3TPS Homogeniser','','','APV Gaulin MC 120-3TPS Homogeniser<sync4-upload uploaded=\"24.07.2019 12:56:54\" version=\"9.0.5.1\"></sync4-upload>','','','Gebraucht','','','','',NULL,NULL,NULL,NULL,NULL,NULL,20000,NULL,NULL,NULL,NULL,NULL,NULL,NULL,'nein'),(13947,28,3,'Trepko XPG-40 Butter Packaging Machine','','','Trepko XPG-40 Packaging Machine<sync4-upload uploaded=\"25.07.2019 10:40:15\" version=\"9.0.5.1\"></sync4-upload>','','','Gebraucht/Überholt','','','','',NULL,NULL,NULL,NULL,NULL,NULL,NULL,1000,NULL,NULL,NULL,4200,NULL,NULL,'Nein'),(13948,29,3,'GEA Westfalia MSD 50-01-076 Skimmer','','','GEA Westfalia MSD 50-01-076 Skimmer<sync4-upload uploaded=\"17.07.2019 14:42:51\" version=\"9.0.5.1\"></sync4-upload>','','','Gebraucht','','','','',NULL,NULL,NULL,NULL,NULL,NULL,5000,NULL,NULL,NULL,NULL,NULL,NULL,NULL,'nein'),(13949,30,3,'GEA Westfalia MSD 60-01-076 Skimmer','','','<sync4-upload uploaded=\"17.07.2019 14:43:09\" version=\"9.0.5.1\"></sync4-upload>','','','Gebraucht','','','','',NULL,NULL,NULL,NULL,NULL,NULL,6000,NULL,NULL,NULL,NULL,NULL,NULL,NULL,'nein'),(13950,31,3,'Alfa Laval HMRPX 610 HGV-74C - Cream Separator','','','<sync4-upload uploaded=\"24.07.2019 12:57:40\" version=\"9.0.5.1\"></sync4-upload>','','','Gebraucht/Überholt','','','','',NULL,NULL,NULL,NULL,NULL,NULL,7000,NULL,NULL,NULL,NULL,NULL,NULL,NULL,'nein'),(13951,32,3,'GEA Ahlborn VT 40 - Pasteuriser','','','<sync4-upload uploaded=\"17.07.2019 14:44:04\" version=\"9.0.5.1\"></sync4-upload>','','','Gebraucht','','','','',NULL,NULL,NULL,NULL,NULL,NULL,6000,NULL,NULL,NULL,NULL,NULL,NULL,NULL,'nein'),(13952,33,3,'Schröder UTK 18 200-2a-2e - Combiner','','','<sync4-upload uploaded=\"17.07.2019 14:44:22\" version=\"9.0.5.1\"></sync4-upload>','','','','','','','',NULL,NULL,NULL,NULL,NULL,NULL,NULL,1200,NULL,NULL,NULL,NULL,NULL,NULL,'nein'),(13953,34,3,'Schröder UTK 18 200-2a-2e - Combiner','','','<sync4-upload uploaded=\"17.07.2019 14:44:34\" version=\"9.0.5.1\"></sync4-upload>','','','','','','','',NULL,NULL,NULL,NULL,NULL,NULL,NULL,1200,NULL,NULL,NULL,NULL,NULL,NULL,'nein'),(13954,35,3,'Dima Compact 200 V - Cook, kneading and molding machine','','','<sync4-upload uploaded=\"30.08.2019 11:25:46\" version=\"9.0.7.3\"></sync4-upload>','','','New','','','','',NULL,NULL,NULL,NULL,NULL,NULL,NULL,200,NULL,NULL,NULL,NULL,NULL,'Mozzarella','nein'),(13955,36,3,'APV Gaulin MC 18-3TPS - Homogeniser','','','<sync4-upload uploaded=\"24.07.2019 12:57:55\" version=\"9.0.5.1\"></sync4-upload>','','','Gebraucht','','','','',NULL,NULL,NULL,NULL,NULL,NULL,7500,NULL,NULL,NULL,NULL,NULL,NULL,NULL,'nein'),(13956,37,3,'APV Gaulin MC 45-5TPS - Homogeniser','','','<sync4-upload uploaded=\"24.07.2019 12:58:14\" version=\"9.0.5.1\"></sync4-upload>','','','Gebraucht','','','','',NULL,NULL,NULL,NULL,NULL,NULL,11600,NULL,NULL,NULL,NULL,NULL,NULL,NULL,'nein'),(13957,38,3,'APV Gaulin MC 45-5TPSX - Homogeniser','','','<sync4-upload uploaded=\"24.07.2019 12:58:29\" version=\"9.0.5.1\"></sync4-upload>','','','Gebraucht','','','','',NULL,NULL,NULL,NULL,NULL,NULL,7500,NULL,NULL,NULL,NULL,NULL,NULL,NULL,'nein'),(13958,39,3,'Tetra Pak - Cardon Packer','','','<sync4-upload uploaded=\"19.06.2019 11:46:48\" version=\"9.0.5.1\"></sync4-upload>','','','','','','','',NULL,NULL,NULL,NULL,NULL,NULL,NULL,NULL,NULL,NULL,NULL,NULL,NULL,NULL,'nein'),(13959,40,3,'Tetra Pak - Cardon Packer','','','<sync4-upload uploaded=\"19.06.2019 11:46:53\" version=\"9.0.5.1\"></sync4-upload>','','','','','','','',NULL,NULL,NULL,NULL,NULL,NULL,NULL,NULL,NULL,NULL,NULL,NULL,NULL,NULL,'nein'),(13960,41,3,'Simon Freres Contimab MC 5 - CBM','','','<sync4-upload uploaded=\"19.06.2019 11:47:09\" version=\"9.0.5.1\"></sync4-upload>','','','Gebraucht/Überholt','','','','',NULL,NULL,NULL,NULL,NULL,NULL,NULL,800,NULL,NULL,NULL,NULL,NULL,NULL,'nein'),(13961,42,3,'Alfa Laval QMRKX 517 SGV-34C-50 - Quarkseparator','','','<sync4-upload uploaded=\"24.07.2019 12:58:55\" version=\"9.0.5.1\"></sync4-upload>','','','Gebraucht/Überholt','','','','',NULL,NULL,NULL,NULL,NULL,NULL,10000,2000,NULL,NULL,NULL,NULL,NULL,NULL,'nein'),(13962,43,3,'APV LAB 15 M - Homogeniser','','','<sync4-upload uploaded=\"24.07.2019 12:59:16\" version=\"9.0.5.1\"></sync4-upload>','','','Gebraucht/Überholt','','','','',NULL,NULL,NULL,NULL,NULL,NULL,50,NULL,NULL,NULL,NULL,NULL,NULL,NULL,'nein'),(13963,44,3,'Benhil 8204 - Cup Filler','','','<sync4-upload uploaded=\"17.07.2019 14:46:12\" version=\"9.0.5.1\"></sync4-upload>','','','Gebraucht','','','','',NULL,NULL,NULL,NULL,NULL,NULL,NULL,NULL,NULL,NULL,NULL,2400,NULL,NULL,'nein'),(13964,45,3,'Stephan - Cream Cheese - Quark Mixer','','','<sync4-upload uploaded=\"30.08.2019 11:26:08\" version=\"9.0.7.3\"></sync4-upload>','','','Used','','','','',NULL,NULL,NULL,NULL,NULL,NULL,NULL,NULL,NULL,NULL,80,NULL,NULL,'Cream Cheese','nein'),(13965,46,3,'Kustner YH 8/8 Tringular - Cheese Packaging Machine','','','<sync4-upload uploaded=\"17.07.2019 14:21:32\" version=\"9.0.5.1\"></sync4-upload>','','','Gebraucht/Überholt','','','','',NULL,NULL,NULL,NULL,NULL,NULL,NULL,NULL,NULL,NULL,NULL,NULL,NULL,NULL,'nein'),(13966,47,3,'Flottweg Z42-3/401 - Decanter','','','<sync4-upload uploaded=\"31.07.2019 15:10:20\" version=\"9.0.5.1\"></sync4-upload>','','','Gebraucht','','','','',NULL,NULL,NULL,NULL,NULL,NULL,1800,NULL,NULL,NULL,NULL,NULL,NULL,NULL,'nein'),(13967,48,3,'UF 70 - Ultra Filtration Line','','','<sync4-upload uploaded=\"12.08.2019 09:37:19\" version=\"9.0.7.3\"></sync4-upload>','','','','','','','',NULL,NULL,NULL,NULL,NULL,NULL,10000,NULL,NULL,NULL,NULL,NULL,NULL,NULL,'nein'),(13968,49,3,'ABAB ST6 - Aseptic Tank','','','<sync4-upload uploaded=\"17.07.2019 14:22:09\" version=\"9.0.5.1\"></sync4-upload>','','','','','','','',NULL,NULL,NULL,NULL,NULL,NULL,NULL,NULL,NULL,NULL,15000,NULL,NULL,NULL,'Ja'),(13969,50,3,'APV Gaulin MC 18-3TPS - Homogeniser','','','<sync4-upload uploaded=\"31.07.2019 15:10:51\" version=\"9.0.5.1\"></sync4-upload>','','','','','','','',NULL,NULL,NULL,NULL,NULL,NULL,6000,NULL,NULL,NULL,NULL,NULL,NULL,NULL,'nein'),(13970,51,3,'Benhil 8206 - Butter Packaging Machine','','','<sync4-upload uploaded=\"31.07.2019 15:11:15\" version=\"9.0.5.1\"></sync4-upload>','','','','','','','',NULL,NULL,NULL,NULL,NULL,NULL,NULL,NULL,NULL,NULL,NULL,NULL,NULL,NULL,'nein'),(13971,52,3,'Sig F140 - Butter Packaging Machine','','','<sync4-upload uploaded=\"31.07.2019 15:11:23\" version=\"9.0.5.1\"></sync4-upload>','','','Gebraucht','','','','',NULL,NULL,NULL,NULL,NULL,NULL,NULL,900,NULL,NULL,NULL,3600,NULL,NULL,'nein'),(13972,53,3,'Tetra Pak AL CIP 20 - Cleaning Unit','','','<sync4-upload uploaded=\"31.07.2019 15:11:51\" version=\"9.0.5.1\"></sync4-upload>','','','','','','','',NULL,NULL,NULL,NULL,NULL,NULL,NULL,NULL,NULL,NULL,NULL,NULL,NULL,NULL,'nein'),(13973,54,3,'Alfa Laval BMRPX 714 HGV-14C - Bactofuge','','','<sync4-upload uploaded=\"19.06.2019 19:47:02\" version=\"9.0.5.1\"></sync4-upload>','','','','','','','',NULL,NULL,NULL,NULL,NULL,NULL,15000,NULL,NULL,NULL,NULL,NULL,NULL,NULL,'nein'),(13974,55,3,'Alfa Laval - Aspetic Tank','','','<sync4-upload uploaded=\"17.07.2019 15:07:52\" version=\"9.0.5.1\"></sync4-upload>','','','Gebraucht','','','','',NULL,NULL,NULL,NULL,NULL,NULL,NULL,NULL,NULL,NULL,9000,NULL,NULL,NULL,'Ja'),(13975,56,3,'Anhydro CE 250 - Atomizer','','','<sync4-upload uploaded=\"17.07.2019 14:23:26\" version=\"9.0.5.1\"></sync4-upload>','','','Gebraucht','','','','',NULL,NULL,NULL,NULL,NULL,NULL,NULL,1500,NULL,NULL,NULL,NULL,NULL,NULL,NULL),(13976,57,3,'GEA Ahlborn 311/2000 - CBM','','','<sync4-upload uploaded=\"12.08.2019 09:37:31\" version=\"9.0.7.3\"></sync4-upload>','','','Gebraucht/Überholt','','','','',NULL,NULL,NULL,NULL,NULL,NULL,NULL,2000,NULL,NULL,NULL,NULL,NULL,NULL,NULL),(13977,58,3,'Simon Freres MB 2 - CBM','','','<sync4-upload uploaded=\"17.07.2019 14:23:56\" version=\"9.0.5.1\"></sync4-upload>','','','Gebraucht','','','','',NULL,NULL,NULL,NULL,NULL,NULL,NULL,600,NULL,NULL,NULL,NULL,NULL,NULL,NULL),(13978,59,3,'Kustner YH Square - Cheese Packaging Machine','','','<sync4-upload uploaded=\"30.08.2019 11:26:24\" version=\"9.0.7.3\"></sync4-upload>','','','Overhauled','','','','',NULL,NULL,NULL,NULL,NULL,NULL,NULL,130,NULL,NULL,NULL,3600,NULL,'Cheese',NULL),(13980,61,3,'Alfa Laval BMRPX 618 HGV-14C-50 - Bactofuge','','','<sync4-upload uploaded=\"17.07.2019 14:24:16\" version=\"9.0.5.1\"></sync4-upload>','','','Gebraucht','','','','',NULL,NULL,NULL,NULL,NULL,NULL,25000,NULL,NULL,NULL,NULL,NULL,NULL,NULL,NULL),(13981,62,3,'LAndteknikk 9V - Tank','','','<sync4-upload uploaded=\"17.07.2019 14:24:34\" version=\"9.0.5.1\"></sync4-upload>','','','Gebraucht','','','','',NULL,NULL,NULL,NULL,NULL,NULL,NULL,NULL,NULL,NULL,900,NULL,NULL,NULL,NULL),(13982,63,3,'Dietzel T15/30 EA 1400/80 - Drum Dryer','','','<sync4-upload uploaded=\"17.07.2019 14:24:41\" version=\"9.0.5.1\"></sync4-upload>','','','Gebraucht','','','','',NULL,NULL,NULL,NULL,NULL,NULL,NULL,NULL,NULL,NULL,NULL,NULL,NULL,NULL,NULL),(13983,64,3,'AK 160 - Cutter','','','<sync4-upload uploaded=\"17.07.2019 14:24:55\" version=\"9.0.5.1\"></sync4-upload>','','','Gebraucht','','','','',NULL,NULL,NULL,NULL,NULL,NULL,NULL,520,NULL,NULL,160,NULL,NULL,NULL,NULL),(13984,65,3,'APV Gaulin MC 7 3-TBS - Homogeniser','','','<sync4-upload uploaded=\"24.07.2019 13:00:01\" version=\"9.0.5.1\"></sync4-upload>','','','Gebraucht','','','','',NULL,NULL,NULL,NULL,NULL,NULL,2000,NULL,NULL,NULL,NULL,NULL,NULL,NULL,NULL),(13987,68,3,'Kustner Micropac ET - Butter Packaging Machine','','','<sync4-upload uploaded=\"17.07.2019 14:25:30\" version=\"9.0.5.1\"></sync4-upload>','','','Gebraucht/Überholt','','','','',NULL,NULL,NULL,NULL,NULL,NULL,NULL,NULL,NULL,NULL,NULL,3600,NULL,NULL,NULL),(13988,69,3,'Benhil 8219 - Butter Packaging Machine','','','<sync4-upload uploaded=\"17.07.2019 14:25:51\" version=\"9.0.5.1\"></sync4-upload>','','','Gebraucht/Überholt','','','','',NULL,NULL,NULL,NULL,NULL,NULL,NULL,NULL,NULL,NULL,NULL,7000,NULL,NULL,NULL),(13989,70,3,'Hamba 6000 - Cup Filling Machine','','','<sync4-upload uploaded=\"17.07.2019 14:26:13\" version=\"9.0.5.1\"></sync4-upload>','','','Gebraucht/Überholt','','','','',NULL,NULL,NULL,NULL,NULL,NULL,NULL,NULL,NULL,NULL,NULL,5000,NULL,NULL,NULL),(13990,71,3,'Simon Freres MB 5 - CBM','','','<sync4-upload uploaded=\"12.08.2019 09:38:06\" version=\"9.0.7.3\"></sync4-upload>','','','Gebraucht','','','','',NULL,NULL,NULL,NULL,NULL,NULL,NULL,800,NULL,NULL,NULL,NULL,NULL,NULL,NULL),(13992,73,3,'GEA Westfalia BUC 1500 - CBM','','','<sync4-upload uploaded=\"17.07.2019 14:26:46\" version=\"9.0.5.1\"></sync4-upload>','','','Gebraucht','','','','',NULL,NULL,NULL,NULL,NULL,NULL,NULL,1500,NULL,NULL,NULL,NULL,NULL,NULL,NULL),(13995,76,3,'APV Gaulin MC 18-3 TPS - Homogeniser','','','<sync4-upload uploaded=\"24.07.2019 13:00:15\" version=\"9.0.5.1\"></sync4-upload>','','','','','','','',NULL,NULL,NULL,NULL,NULL,NULL,7500,NULL,NULL,NULL,NULL,NULL,NULL,NULL,NULL),(13996,77,3,'Stephan UMM/SK 40 E - Cutter','','','<sync4-upload uploaded=\"17.07.2019 14:27:10\" version=\"9.0.5.1\"></sync4-upload>','','','','','','','',NULL,NULL,NULL,NULL,NULL,NULL,NULL,130,NULL,NULL,40,NULL,NULL,NULL,NULL),(13997,78,3,'Risco RS 305 - Vacuum Filler','','','<sync4-upload uploaded=\"19.06.2019 11:54:02\" version=\"9.0.5.1\"></sync4-upload>','','','Gebraucht/Überholt','','','','',NULL,NULL,NULL,NULL,NULL,NULL,NULL,NULL,4900,NULL,NULL,NULL,NULL,NULL,NULL),(13998,79,3,'Alfa Laval HMRPX 614 HGV-74C - Skimmer','','','<sync4-upload uploaded=\"17.07.2019 14:43:43\" version=\"9.0.5.1\"></sync4-upload>','','','Gebraucht/Überholt','','','','',NULL,NULL,NULL,NULL,NULL,NULL,8000,NULL,NULL,NULL,NULL,NULL,NULL,NULL,NULL),(13999,80,3,'Stephan UMM/SK 40 E - Cutter','','','<sync4-upload uploaded=\"30.08.2019 11:26:55\" version=\"9.0.7.3\"></sync4-upload>','','','Used','','','','',NULL,NULL,NULL,NULL,NULL,NULL,NULL,120,NULL,NULL,30,NULL,NULL,'Cream Cheese','No');

--
-- Table structure for table `s_articles_vote`
--

CREATE TABLE `s_articles_vote` (
  `id` int(11) NOT NULL AUTO_INCREMENT,
  `articleID` int(11) NOT NULL,
  `name` varchar(255) COLLATE utf8_unicode_ci NOT NULL,
  `headline` varchar(255) COLLATE utf8_unicode_ci NOT NULL,
  `comment` mediumtext COLLATE utf8_unicode_ci NOT NULL,
  `points` double NOT NULL,
  `datum` datetime NOT NULL,
  `active` int(11) NOT NULL,
  `email` varchar(255) COLLATE utf8_unicode_ci NOT NULL,
  `answer` text COLLATE utf8_unicode_ci NOT NULL,
  `answer_date` datetime DEFAULT NULL,
  `shop_id` int(11) DEFAULT NULL,
  PRIMARY KEY (`id`),
  KEY `articleID` (`articleID`),
  KEY `get_articles_votes` (`articleID`,`active`,`datum`),
  KEY `vote_average` (`points`)
) ENGINE=InnoDB DEFAULT CHARSET=utf8 COLLATE=utf8_unicode_ci;

--
-- Dumping data for table `s_articles_vote`
--


--
-- Table structure for table `s_attribute_configuration`
--

CREATE TABLE `s_attribute_configuration` (
  `id` int(11) NOT NULL AUTO_INCREMENT,
  `table_name` varchar(255) COLLATE utf8_unicode_ci NOT NULL,
  `column_name` varchar(255) COLLATE utf8_unicode_ci NOT NULL,
  `column_type` varchar(255) COLLATE utf8_unicode_ci NOT NULL,
  `default_value` varchar(500) COLLATE utf8_unicode_ci DEFAULT NULL,
  `position` int(11) NOT NULL,
  `translatable` int(1) NOT NULL,
  `display_in_backend` int(1) NOT NULL,
  `custom` int(1) NOT NULL,
  `help_text` text COLLATE utf8_unicode_ci,
  `support_text` varchar(500) COLLATE utf8_unicode_ci DEFAULT NULL,
  `label` varchar(255) COLLATE utf8_unicode_ci DEFAULT NULL,
  `entity` varchar(500) COLLATE utf8_unicode_ci DEFAULT NULL,
  `array_store` mediumtext COLLATE utf8_unicode_ci,
  PRIMARY KEY (`id`),
  KEY `table_name` (`table_name`)
) ENGINE=InnoDB AUTO_INCREMENT=111 DEFAULT CHARSET=utf8 COLLATE=utf8_unicode_ci;

--
-- Dumping data for table `s_attribute_configuration`
--

INSERT INTO `s_attribute_configuration` VALUES (1,'s_articles_attributes','attr3','text',NULL,3,1,1,0,'Optionaler Kommentar','','Kommentar','NULL',NULL),(2,'s_articles_attributes','attr1','text',NULL,1,1,1,0,'Freitext zur Anzeige auf der Detailseite','','Freitext-1','NULL',NULL),(3,'s_articles_attributes','attr2','text',NULL,2,1,1,0,'Freitext zur Anzeige auf der Detailseite','','Freitext-2','NULL',NULL),(4,'s_articles_attributes','dcondition','string',NULL,0,1,1,1,'','','Zustand','',''),(5,'s_article_configurator_templates_attributes','dcondition','string',NULL,0,1,1,1,'','','Zustand','',''),(6,'s_articles_translations','dcondition','string',NULL,0,1,1,1,'','','Zustand','',''),(7,'s_articles_attributes','dreferencenumber','string',NULL,0,1,0,1,'','','Referenz-Nr.','',''),(8,'s_article_configurator_templates_attributes','dreferencenumber','string',NULL,0,1,0,1,'','','Referenz-Nr.','',''),(9,'s_articles_translations','dreferencenumber','string',NULL,0,1,0,1,'','','Referenz-Nr.','',''),(10,'s_articles_attributes','dmachinetype','string',NULL,0,1,0,1,'','','Maschinen-Typ','',''),(11,'s_article_configurator_templates_attributes','dmachinetype','string',NULL,0,1,0,1,'','','Maschinen-Typ','',''),(12,'s_articles_translations','dmachinetype','string',NULL,0,1,0,1,'','','Maschinen-Typ','',''),(13,'s_articles_attributes','dmodel','string',NULL,0,1,0,1,'','','Model','',''),(14,'s_article_configurator_templates_attributes','dmodel','string',NULL,0,1,0,1,'','','Model','',''),(15,'s_articles_translations','dmodel','string',NULL,0,1,0,1,'','','Model','',''),(16,'s_articles_attributes','dserialnumber','string',NULL,0,1,0,1,'','','Serien-Nr.','',''),(17,'s_article_configurator_templates_attributes','dserialnumber','string',NULL,0,1,0,1,'','','Serien-Nr.','',''),(18,'s_articles_translations','dserialnumber','string',NULL,0,1,0,1,'','','Serien-Nr.','',''),(19,'s_articles_attributes','dvideo','string',NULL,0,1,1,1,'','Youtube Video ID für Video in Tab','Video-ID','',''),(20,'s_article_configurator_templates_attributes','dvideo','string',NULL,0,1,1,1,'','Youtube Video ID für Video in Tab','Video-ID','',''),(21,'s_articles_translations','dvideo','string',NULL,0,1,1,1,'','Youtube Video ID für Video in Tab','Video-ID','',''),(22,'s_categories_attributes','six_display_framemenu','boolean',NULL,0,0,1,1,NULL,NULL,'Unterkat. im Kategorielisting ausblenden',NULL,NULL),(26,'s_articles_attributes','pix_inquiry_only','combobox',NULL,100,1,1,0,NULL,NULL,'Artikel nur auf Anfrage',NULL,'[{\"key\":\"0\",\"value\":\"Standardverhalten\"},{\"key\":\"1\",\"value\":\"Nur auf Anfrage\"},{\"key\":\"2\",\"value\":\"Nur auf Anfrage und Preis ausblenden\"}]'),(27,'s_order_attributes','pix_inquiry_files','text',NULL,100,0,1,0,NULL,NULL,'Hochgeladene Dateien',NULL,NULL),(28,'s_articles_attributes','merxikapinl','float',NULL,0,0,1,1,'','','Kapazität Input in l/h','',''),(29,'s_article_configurator_templates_attributes','merxikapinl','float',NULL,0,0,1,1,'','','Kapazität Input in l/h','',''),(30,'s_articles_translations','merxikapinl','float',NULL,0,0,1,1,'','','Kapazität Input in l/h','',''),(31,'s_articles_attributes','merxikapoukg','float',NULL,0,0,1,1,'','','Kapazität Output in Kg/h','',''),(32,'s_article_configurator_templates_attributes','merxikapoukg','float',NULL,0,0,1,1,'','','Kapazität Output in Kg/h','',''),(33,'s_articles_translations','merxikapoukg','float',NULL,0,0,1,1,'','','Kapazität Output in Kg/h','',''),(34,'s_articles_attributes','merxikapinkg','float',NULL,0,0,1,1,'','','Kapazität Input in Kg/h','',''),(35,'s_article_configurator_templates_attributes','merxikapinkg','float',NULL,0,0,1,1,'','','Kapazität Input in Kg/h','',''),(36,'s_articles_translations','merxikapinkg','float',NULL,0,0,1,1,'','','Kapazität Input in Kg/h','',''),(37,'s_articles_attributes','merxikapoul','float',NULL,0,0,1,1,'','','Kapazität Output in l/h','',''),(38,'s_article_configurator_templates_attributes','merxikapoul','float',NULL,0,0,1,1,'','','Kapazität Output in l/h','',''),(39,'s_articles_translations','merxikapoul','float',NULL,0,0,1,1,'','','Kapazität Output in l/h','',''),(40,'s_articles_attributes','merxifass','float',NULL,0,0,1,1,'','','Fassungsvermögen in l','',''),(41,'s_article_configurator_templates_attributes','merxifass','float',NULL,0,0,1,1,'','','Fassungsvermögen in l','',''),(42,'s_articles_translations','merxifass','float',NULL,0,0,1,1,'','','Fassungsvermögen in l','',''),(43,'s_articles_attributes','merxikapunit','float',NULL,0,0,1,1,'','','Kapazität Output in Einheiten/h','',''),(44,'s_article_configurator_templates_attributes','merxikapunit','float',NULL,0,0,1,1,'','','Kapazität Output in Einheiten/h','',''),(45,'s_articles_translations','merxikapunit','float',NULL,0,0,1,1,'','','Kapazität Output in Einheiten/h','',''),(46,'s_articles_attributes','merximodell','string',NULL,0,0,1,1,'','','Modell','',''),(47,'s_article_configurator_templates_attributes','merximodell','string',NULL,0,0,1,1,'','','Modell','',''),(48,'s_articles_translations','merximodell','string',NULL,0,0,1,1,'','','Modell','',''),(49,'s_articles_attributes','merxiproduct','string',NULL,0,1,1,1,'','','Zu verarbeitendes / produzierendes Produkt','',''),(50,'s_article_configurator_templates_attributes','merxiproduct','string',NULL,0,1,1,1,'','','Zu verarbeitendes / produzierendes Produkt','',''),(51,'s_articles_translations','merxiproduct','string',NULL,0,1,1,1,'','','Zu verarbeitendes / produzierendes Produkt','',''),(52,'s_articles_attributes','merxiasept','string',NULL,0,1,1,1,'','','Aseptisch','',''),(53,'s_article_configurator_templates_attributes','merxiasept','string',NULL,0,1,1,1,'','','Aseptisch','',''),(54,'s_articles_translations','merxiasept','string',NULL,0,1,1,1,'','','Aseptisch','',''),(55,'s_articles_attributes','dreisc_seo_url','text',NULL,0,0,0,0,NULL,NULL,NULL,NULL,NULL),(56,'s_articles_attributes','dreisc_seo_title','text',NULL,0,0,0,0,NULL,NULL,NULL,NULL,NULL),(57,'s_articles_attributes','dreisc_seo_title_replace','boolean',NULL,0,0,0,0,NULL,NULL,NULL,NULL,NULL),(58,'s_articles_attributes','dreisc_seo_breadcrumb','text',NULL,0,0,0,0,NULL,NULL,NULL,NULL,NULL),(59,'s_articles_attributes','dreisc_canonical_link','text',NULL,0,0,0,0,NULL,NULL,NULL,NULL,NULL),(60,'s_articles_attributes','dreisc_robots_tag','text',NULL,0,0,0,0,NULL,NULL,NULL,NULL,NULL),(61,'s_articles_attributes','dreisc_facebook_description','text',NULL,0,0,0,0,NULL,NULL,NULL,NULL,NULL),(62,'s_articles_attributes','dreisc_twitter_description','text',NULL,0,0,0,0,NULL,NULL,NULL,NULL,NULL),(63,'s_articles_attributes','dreisc_facebook_image','text',NULL,0,0,0,0,NULL,NULL,NULL,NULL,NULL),(64,'s_articles_attributes','dreisc_twitter_image','text',NULL,0,0,0,0,NULL,NULL,NULL,NULL,NULL),(65,'s_blog_attributes','dreisc_seo_url','text',NULL,0,0,0,0,NULL,NULL,NULL,NULL,NULL),(66,'s_blog_attributes','dreisc_seo_title','text',NULL,0,0,0,0,NULL,NULL,NULL,NULL,NULL),(67,'s_blog_attributes','dreisc_seo_title_replace','boolean',NULL,0,0,0,0,NULL,NULL,NULL,NULL,NULL),(68,'s_blog_attributes','dreisc_seo_breadcrumb','text',NULL,0,0,0,0,NULL,NULL,NULL,NULL,NULL),(69,'s_blog_attributes','dreisc_canonical_link','text',NULL,0,0,0,0,NULL,NULL,NULL,NULL,NULL),(70,'s_blog_attributes','dreisc_robots_tag','text',NULL,0,0,0,0,NULL,NULL,NULL,NULL,NULL),(71,'s_blog_attributes','dreisc_facebook_description','text',NULL,0,0,0,0,NULL,NULL,NULL,NULL,NULL),(72,'s_blog_attributes','dreisc_twitter_description','text',NULL,0,0,0,0,NULL,NULL,NULL,NULL,NULL),(73,'s_blog_attributes','dreisc_facebook_image','text',NULL,0,0,0,0,NULL,NULL,NULL,NULL,NULL),(74,'s_blog_attributes','dreisc_twitter_image','text',NULL,0,0,0,0,NULL,NULL,NULL,NULL,NULL),(75,'s_categories_attributes','dreisc_seo_url','text',NULL,0,0,0,0,NULL,NULL,NULL,NULL,NULL),(76,'s_categories_attributes','dreisc_seo_title','text',NULL,0,0,0,0,NULL,NULL,NULL,NULL,NULL),(77,'s_categories_attributes','dreisc_seo_title_replace','boolean',NULL,0,0,0,0,NULL,NULL,NULL,NULL,NULL),(78,'s_categories_attributes','dreisc_seo_breadcrumb','text',NULL,0,0,0,0,NULL,NULL,NULL,NULL,NULL),(79,'s_categories_attributes','dreisc_canonical_link','text',NULL,0,0,0,0,NULL,NULL,NULL,NULL,NULL),(80,'s_categories_attributes','dreisc_robots_tag','text',NULL,0,0,0,0,NULL,NULL,NULL,NULL,NULL),(81,'s_categories_attributes','dreisc_facebook_description','text',NULL,0,0,0,0,NULL,NULL,NULL,NULL,NULL),(82,'s_categories_attributes','dreisc_twitter_description','text',NULL,0,0,0,0,NULL,NULL,NULL,NULL,NULL),(83,'s_categories_attributes','dreisc_facebook_image','text',NULL,0,0,0,0,NULL,NULL,NULL,NULL,NULL),(84,'s_categories_attributes','dreisc_twitter_image','text',NULL,0,0,0,0,NULL,NULL,NULL,NULL,NULL),(85,'s_categories_attributes','dreisc_category_level','integer',NULL,0,0,0,0,NULL,NULL,NULL,NULL,NULL),(86,'s_cms_static_attributes','dreisc_seo_url','text',NULL,0,0,0,0,NULL,NULL,NULL,NULL,NULL),(87,'s_cms_static_attributes','dreisc_seo_title','text',NULL,0,0,0,0,NULL,NULL,NULL,NULL,NULL),(88,'s_cms_static_attributes','dreisc_seo_title_replace','boolean',NULL,0,0,0,0,NULL,NULL,NULL,NULL,NULL),(89,'s_cms_static_attributes','dreisc_seo_breadcrumb','text',NULL,0,0,0,0,NULL,NULL,NULL,NULL,NULL),(90,'s_cms_static_attributes','dreisc_canonical_link','text',NULL,0,0,0,0,NULL,NULL,NULL,NULL,NULL),(91,'s_cms_static_attributes','dreisc_robots_tag','text',NULL,0,0,0,0,NULL,NULL,NULL,NULL,NULL),(92,'s_cms_support_attributes','dreisc_seo_url','text',NULL,0,0,0,0,NULL,NULL,NULL,NULL,NULL),(93,'s_cms_support_attributes','dreisc_seo_title','text',NULL,0,0,0,0,NULL,NULL,NULL,NULL,NULL),(94,'s_cms_support_attributes','dreisc_seo_title_replace','boolean',NULL,0,0,0,0,NULL,NULL,NULL,NULL,NULL),(95,'s_cms_support_attributes','dreisc_seo_breadcrumb','text',NULL,0,0,0,0,NULL,NULL,NULL,NULL,NULL),(96,'s_cms_support_attributes','dreisc_canonical_link','text',NULL,0,0,0,0,NULL,NULL,NULL,NULL,NULL),(97,'s_cms_support_attributes','dreisc_robots_tag','text',NULL,0,0,0,0,NULL,NULL,NULL,NULL,NULL),(98,'s_emotion_attributes','dreisc_seo_url','text',NULL,0,0,0,0,NULL,NULL,NULL,NULL,NULL),(99,'s_emotion_attributes','dreisc_seo_title','text',NULL,0,0,0,0,NULL,NULL,NULL,NULL,NULL),(100,'s_emotion_attributes','dreisc_seo_title_replace','boolean',NULL,0,0,0,0,NULL,NULL,NULL,NULL,NULL),(101,'s_emotion_attributes','dreisc_seo_breadcrumb','text',NULL,0,0,0,0,NULL,NULL,NULL,NULL,NULL),(102,'s_emotion_attributes','dreisc_canonical_link','text',NULL,0,0,0,0,NULL,NULL,NULL,NULL,NULL),(103,'s_emotion_attributes','dreisc_robots_tag','text',NULL,0,0,0,0,NULL,NULL,NULL,NULL,NULL),(104,'s_filter_options_attributes','dreisc_seo_filter_active','boolean',NULL,0,0,0,0,NULL,NULL,NULL,NULL,NULL),(105,'s_filter_options_attributes','dreisc_seo_filter_important','boolean',NULL,0,0,0,0,NULL,NULL,NULL,NULL,NULL),(106,'s_filter_options_attributes','dreisc_seo_filter_priority','integer',NULL,0,0,0,0,NULL,NULL,NULL,NULL,NULL),(107,'s_filter_options_attributes','dreisc_seo_filter_prefix','text',NULL,0,0,0,0,NULL,NULL,NULL,NULL,NULL),(108,'s_filter_options_attributes','dreisc_seo_filter_suffix','text',NULL,0,0,0,0,NULL,NULL,NULL,NULL,NULL),(109,'s_filter_values_attributes','dreisc_seo_filter_alt_value','text',NULL,0,0,0,0,NULL,NULL,NULL,NULL,NULL),(110,'s_filter_values_attributes','dreisc_seo_filter_priority','integer',NULL,0,0,0,0,NULL,NULL,NULL,NULL,NULL);

--
-- Table structure for table `s_benchmark_config`
--

CREATE TABLE `s_benchmark_config` (
  `id` binary(16) NOT NULL,
  `shop_id` int(11) NOT NULL,
  `active` tinyint(1) NOT NULL DEFAULT '0',
  `last_sent` datetime NOT NULL,
  `last_received` datetime NOT NULL,
  `last_order_id` int(11) NOT NULL,
  `last_customer_id` int(11) NOT NULL,
  `last_product_id` int(11) NOT NULL,
  `last_analytics_id` int(11) NOT NULL,
  `last_updated_orders_date` datetime DEFAULT NULL,
  `batch_size` int(11) NOT NULL,
  `industry` int(11) DEFAULT NULL,
  `type` varchar(20) COLLATE utf8_unicode_ci DEFAULT NULL,
  `response_token` varchar(200) COLLATE utf8_unicode_ci DEFAULT NULL,
  `cached_template` longtext COLLATE utf8_unicode_ci,
  `locked` datetime DEFAULT NULL,
  PRIMARY KEY (`id`),
  UNIQUE KEY `id` (`id`),
  UNIQUE KEY `shop_id` (`shop_id`)
) ENGINE=InnoDB DEFAULT CHARSET=utf8 COLLATE=utf8_unicode_ci;

--
-- Dumping data for table `s_benchmark_config`
--


--
-- Table structure for table `s_billing_template`
--

CREATE TABLE `s_billing_template` (
  `ID` int(11) NOT NULL AUTO_INCREMENT,
  `name` varchar(255) COLLATE utf8_unicode_ci NOT NULL,
  `value` mediumtext COLLATE utf8_unicode_ci NOT NULL,
  `typ` mediumint(11) NOT NULL,
  `group` varchar(255) COLLATE utf8_unicode_ci NOT NULL,
  `desc` varchar(255) COLLATE utf8_unicode_ci NOT NULL,
  `position` int(11) NOT NULL,
  `show` int(1) NOT NULL DEFAULT '1',
  PRIMARY KEY (`ID`)
) ENGINE=InnoDB AUTO_INCREMENT=23 DEFAULT CHARSET=utf8 COLLATE=utf8_unicode_ci;

--
-- Dumping data for table `s_billing_template`
--

INSERT INTO `s_billing_template` VALUES (1,'top','1cm',2,'margin','Seitenabstand oben',0,1),(2,'right','0.81cm',2,'margin','Seitenrand rechts',0,1),(3,'bottom','0cm',2,'margin','Seitenabstand unten',0,1),(4,'left','2.41cm',2,'margin','Seitenabstand links',0,1),(5,'top2','5cm',2,'header','Logohöhe',6,1),(7,'margin','1cm',2,'headline','Überschrift Abstand zur Anschrift',0,1),(8,'left','0cm',2,'sender','Abstand links (negativ Wert möglich)',0,1),(9,'footer','<table style=\"height: 90px;\" border=\"0\" width=\"100%\">\r\n<tbody>\r\n<tr valign=\"top\">\r\n<td style=\"width: 25%;\">\r\n<p><span style=\"font-size: xx-small;\">Demo GmbH</span></p>\r\n<p><span style=\"font-size: xx-small;\">Steuer-Nr <br />UST-ID: <br />Finanzamt </span><span style=\"font-size: xx-small;\">Musterstadt</span></p>\r\n</td>\r\n<td style=\"width: 25%;\">\r\n<p><span style=\"font-size: xx-small;\">Bankverbindung</span></p>\r\n<p><span style=\"font-size: xx-small;\">Sparkasse Musterstadt<br />BLZ: <br />Konto: </span></p>\r\n<span style=\"font-size: xx-small;\">aaaa<br /></span></td>\r\n<td style=\"width: 25%;\">\r\n<p><span style=\"font-size: xx-small;\">AGB<br /></span></p>\r\n<p><span style=\"font-size: xx-small;\">Gerichtsstand ist Musterstadt<br />Erf&uuml;llungsort Musterstadt<br />Gelieferte Ware bleibt bis zur vollst&auml;ndigen Bezahlung unser Eigentum</span></p>\r\n</td>\r\n<td style=\"width: 25%;\">\r\n<p><span style=\"font-size: xx-small;\">Gesch&auml;ftsf&uuml;hrer</span></p>\r\n<p><span style=\"font-size: xx-small;\">Max Mustermann</span></p>\r\n</td>\r\n</tr>\r\n</tbody>\r\n</table>',1,'footer','Fusszeile',2,1),(13,'right','<p><strong>Demo GmbH </strong><br /> Max Mustermann<br /> Stra&szlig;e 3<br /> 00000 Musterstadt<br /> Fon: 01234 / 56789<br /> Fax: 01234 / 56780<br />info@demo.de<br />www.demo.de</p>',1,'header','Briefkopf rechts',9,1),(14,'sender','Demo GmbH - Straße 3 - 00000 Musterstadt',2,'sender','Absender',0,1),(15,'left','100px',2,'footer','Abstand links',0,1),(16,'bottom','100px',2,'footer','Abstand unten',1,1),(17,'number','10',2,'content_middle','Anzahl angezeigter Postionen',2,1),(18,'text','',1,'content_middle','Freitext',4,1),(19,'height','12cm',2,'content_middle','Inhaltsabstand zum obigen Seitenrand',0,1),(20,'top','<p><img src=\"http://www.shopwaredemo.de/eMail_logo.jpg\" alt=\"\" width=\"393\" height=\"78\" /></p>',1,'header','Logo oben',7,1),(21,'top','1cm',2,'sender','Abstand unten zum Logo (negativ Wert möglich)',0,1),(22,'margin','2.2cm',2,'header','Abstand rechts (negativ Wert möglich)',8,1);

--
-- Table structure for table `s_blog`
--

CREATE TABLE `s_blog` (
  `id` int(11) unsigned NOT NULL AUTO_INCREMENT,
  `title` varchar(255) COLLATE utf8_unicode_ci NOT NULL,
  `author_id` int(11) DEFAULT NULL,
  `active` int(1) NOT NULL,
  `short_description` text COLLATE utf8_unicode_ci NOT NULL,
  `description` mediumtext COLLATE utf8_unicode_ci NOT NULL,
  `views` int(11) unsigned DEFAULT NULL,
  `display_date` datetime NOT NULL,
  `category_id` int(11) unsigned DEFAULT NULL,
  `template` varchar(255) COLLATE utf8_unicode_ci NOT NULL,
  `meta_keywords` varchar(255) COLLATE utf8_unicode_ci DEFAULT NULL,
  `meta_description` varchar(150) COLLATE utf8_unicode_ci DEFAULT NULL,
  `meta_title` varchar(255) COLLATE utf8_unicode_ci DEFAULT NULL,
  PRIMARY KEY (`id`),
  KEY `emotion_get_blog_entry` (`display_date`)
) ENGINE=InnoDB DEFAULT CHARSET=utf8 COLLATE=utf8_unicode_ci;

--
-- Dumping data for table `s_blog`
--


--
-- Table structure for table `s_blog_assigned_articles`
--

CREATE TABLE `s_blog_assigned_articles` (
  `id` int(11) unsigned NOT NULL AUTO_INCREMENT,
  `blog_id` int(11) unsigned NOT NULL,
  `article_id` int(11) unsigned NOT NULL,
  PRIMARY KEY (`id`),
  KEY `blog_id` (`blog_id`)
) ENGINE=InnoDB DEFAULT CHARSET=utf8 COLLATE=utf8_unicode_ci;

--
-- Dumping data for table `s_blog_assigned_articles`
--


--
-- Table structure for table `s_blog_attributes`
--

CREATE TABLE `s_blog_attributes` (
  `id` int(11) NOT NULL AUTO_INCREMENT,
  `blog_id` int(11) unsigned DEFAULT NULL,
  `attribute1` text COLLATE utf8_unicode_ci,
  `attribute2` text COLLATE utf8_unicode_ci,
  `attribute3` text COLLATE utf8_unicode_ci,
  `attribute4` text COLLATE utf8_unicode_ci,
  `attribute5` text COLLATE utf8_unicode_ci,
  `attribute6` text COLLATE utf8_unicode_ci,
  `dreisc_seo_url` text COLLATE utf8_unicode_ci,
  `dreisc_seo_title` text COLLATE utf8_unicode_ci,
  `dreisc_seo_title_replace` int(1) DEFAULT '0',
  `dreisc_seo_breadcrumb` text COLLATE utf8_unicode_ci,
  `dreisc_canonical_link` text COLLATE utf8_unicode_ci,
  `dreisc_robots_tag` text COLLATE utf8_unicode_ci,
  `dreisc_facebook_description` text COLLATE utf8_unicode_ci,
  `dreisc_twitter_description` text COLLATE utf8_unicode_ci,
  `dreisc_facebook_image` text COLLATE utf8_unicode_ci,
  `dreisc_twitter_image` text COLLATE utf8_unicode_ci,
  PRIMARY KEY (`id`),
  KEY `blog_id` (`blog_id`),
  CONSTRAINT `s_blog_attributes_ibfk_1` FOREIGN KEY (`blog_id`) REFERENCES `s_blog` (`id`) ON DELETE CASCADE ON UPDATE NO ACTION
) ENGINE=InnoDB DEFAULT CHARSET=utf8 COLLATE=utf8_unicode_ci;

--
-- Dumping data for table `s_blog_attributes`
--


--
-- Table structure for table `s_blog_comments`
--

CREATE TABLE `s_blog_comments` (
  `id` int(11) NOT NULL AUTO_INCREMENT,
  `blog_id` int(11) unsigned DEFAULT NULL,
  `name` varchar(255) COLLATE utf8_unicode_ci NOT NULL,
  `headline` varchar(255) COLLATE utf8_unicode_ci NOT NULL,
  `comment` mediumtext COLLATE utf8_unicode_ci NOT NULL,
  `creation_date` datetime NOT NULL,
  `active` int(1) NOT NULL,
  `email` varchar(255) COLLATE utf8_unicode_ci NOT NULL,
  `points` double NOT NULL,
  `shop_id` int(11) DEFAULT NULL,
  PRIMARY KEY (`id`)
) ENGINE=InnoDB DEFAULT CHARSET=utf8 COLLATE=utf8_unicode_ci;

--
-- Dumping data for table `s_blog_comments`
--


--
-- Table structure for table `s_blog_media`
--

CREATE TABLE `s_blog_media` (
  `id` int(11) unsigned NOT NULL AUTO_INCREMENT,
  `blog_id` int(11) unsigned NOT NULL,
  `media_id` int(11) unsigned NOT NULL,
  `preview` int(1) NOT NULL,
  PRIMARY KEY (`id`),
  KEY `blogID` (`blog_id`)
) ENGINE=InnoDB DEFAULT CHARSET=utf8 COLLATE=utf8_unicode_ci;

--
-- Dumping data for table `s_blog_media`
--


--
-- Table structure for table `s_blog_tags`
--

CREATE TABLE `s_blog_tags` (
  `id` int(11) unsigned NOT NULL AUTO_INCREMENT,
  `blog_id` int(11) unsigned DEFAULT NULL,
  `name` varchar(255) COLLATE utf8_unicode_ci NOT NULL,
  PRIMARY KEY (`id`),
  KEY `blogID` (`blog_id`)
) ENGINE=InnoDB DEFAULT CHARSET=utf8 COLLATE=utf8_unicode_ci;

--
-- Dumping data for table `s_blog_tags`
--


--
-- Table structure for table `s_campaigns_articles`
--

CREATE TABLE `s_campaigns_articles` (
  `id` int(11) NOT NULL AUTO_INCREMENT,
  `parentID` int(11) NOT NULL DEFAULT '0',
  `articleordernumber` varchar(255) COLLATE utf8_unicode_ci NOT NULL DEFAULT '0',
  `name` varchar(255) COLLATE utf8_unicode_ci NOT NULL,
  `type` varchar(30) COLLATE utf8_unicode_ci NOT NULL,
  `position` int(11) NOT NULL DEFAULT '0',
  PRIMARY KEY (`id`)
) ENGINE=InnoDB DEFAULT CHARSET=utf8 COLLATE=utf8_unicode_ci;

--
-- Dumping data for table `s_campaigns_articles`
--


--
-- Table structure for table `s_campaigns_banner`
--

CREATE TABLE `s_campaigns_banner` (
  `id` int(11) NOT NULL AUTO_INCREMENT,
  `parentID` int(11) NOT NULL,
  `image` varchar(255) COLLATE utf8_unicode_ci NOT NULL,
  `link` varchar(255) COLLATE utf8_unicode_ci NOT NULL,
  `linkTarget` varchar(255) COLLATE utf8_unicode_ci NOT NULL,
  `description` varchar(255) COLLATE utf8_unicode_ci NOT NULL,
  PRIMARY KEY (`id`)
) ENGINE=InnoDB DEFAULT CHARSET=utf8 COLLATE=utf8_unicode_ci;

--
-- Dumping data for table `s_campaigns_banner`
--


--
-- Table structure for table `s_campaigns_containers`
--

CREATE TABLE `s_campaigns_containers` (
  `id` int(11) NOT NULL AUTO_INCREMENT,
  `promotionID` int(11) DEFAULT NULL,
  `value` varchar(255) COLLATE utf8_unicode_ci NOT NULL,
  `type` varchar(255) COLLATE utf8_unicode_ci NOT NULL,
  `description` varchar(255) COLLATE utf8_unicode_ci NOT NULL,
  `position` int(11) NOT NULL DEFAULT '0',
  PRIMARY KEY (`id`)
) ENGINE=InnoDB AUTO_INCREMENT=5 DEFAULT CHARSET=utf8 COLLATE=utf8_unicode_ci;

--
-- Dumping data for table `s_campaigns_containers`
--

INSERT INTO `s_campaigns_containers` VALUES (4,4,'','ctText','',1);

--
-- Table structure for table `s_campaigns_groups`
--

CREATE TABLE `s_campaigns_groups` (
  `id` int(11) NOT NULL AUTO_INCREMENT,
  `name` varchar(255) COLLATE utf8_unicode_ci NOT NULL,
  PRIMARY KEY (`id`)
) ENGINE=InnoDB AUTO_INCREMENT=2 DEFAULT CHARSET=utf8 COLLATE=utf8_unicode_ci;

--
-- Dumping data for table `s_campaigns_groups`
--

INSERT INTO `s_campaigns_groups` VALUES (1,'Newsletter-Empfänger');

--
-- Table structure for table `s_campaigns_html`
--

CREATE TABLE `s_campaigns_html` (
  `id` int(11) NOT NULL AUTO_INCREMENT,
  `parentID` int(11) DEFAULT NULL,
  `headline` varchar(255) COLLATE utf8_unicode_ci NOT NULL,
  `html` mediumtext COLLATE utf8_unicode_ci NOT NULL,
  `image` varchar(255) COLLATE utf8_unicode_ci NOT NULL,
  `link` varchar(255) COLLATE utf8_unicode_ci NOT NULL,
  `alignment` varchar(255) COLLATE utf8_unicode_ci NOT NULL,
  PRIMARY KEY (`id`)
) ENGINE=InnoDB AUTO_INCREMENT=5 DEFAULT CHARSET=utf8 COLLATE=utf8_unicode_ci;

--
-- Dumping data for table `s_campaigns_html`
--

INSERT INTO `s_campaigns_html` VALUES (4,4,'','','','','left');

--
-- Table structure for table `s_campaigns_links`
--

CREATE TABLE `s_campaigns_links` (
  `id` int(11) NOT NULL AUTO_INCREMENT,
  `parentID` int(11) NOT NULL DEFAULT '0',
  `description` varchar(255) COLLATE utf8_unicode_ci NOT NULL,
  `link` varchar(255) COLLATE utf8_unicode_ci NOT NULL,
  `target` varchar(255) COLLATE utf8_unicode_ci NOT NULL,
  `position` int(11) NOT NULL DEFAULT '0',
  PRIMARY KEY (`id`)
) ENGINE=InnoDB DEFAULT CHARSET=utf8 COLLATE=utf8_unicode_ci;

--
-- Dumping data for table `s_campaigns_links`
--


--
-- Table structure for table `s_campaigns_logs`
--

CREATE TABLE `s_campaigns_logs` (
  `id` int(11) NOT NULL AUTO_INCREMENT,
  `datum` datetime NOT NULL DEFAULT '0000-00-00 00:00:00',
  `mailingID` int(11) NOT NULL DEFAULT '0',
  `email` varchar(255) COLLATE utf8_unicode_ci NOT NULL,
  `articleID` int(11) NOT NULL DEFAULT '0',
  PRIMARY KEY (`id`)
) ENGINE=InnoDB DEFAULT CHARSET=utf8 COLLATE=utf8_unicode_ci;

--
-- Dumping data for table `s_campaigns_logs`
--


--
-- Table structure for table `s_campaigns_mailaddresses`
--

CREATE TABLE `s_campaigns_mailaddresses` (
  `id` int(11) NOT NULL AUTO_INCREMENT,
  `customer` int(1) NOT NULL,
  `groupID` int(11) NOT NULL,
  `email` varchar(90) COLLATE utf8_unicode_ci NOT NULL,
  `lastmailing` int(11) NOT NULL,
  `lastread` int(11) NOT NULL,
  `added` datetime DEFAULT NULL,
  `double_optin_confirmed` datetime DEFAULT NULL,
  PRIMARY KEY (`id`),
  KEY `groupID` (`groupID`),
  KEY `email` (`email`),
  KEY `lastmailing` (`lastmailing`),
  KEY `lastread` (`lastread`)
) ENGINE=InnoDB AUTO_INCREMENT=4 DEFAULT CHARSET=utf8 COLLATE=utf8_unicode_ci;

--
-- Dumping data for table `s_campaigns_mailaddresses`
--

INSERT INTO `s_campaigns_mailaddresses` VALUES (3,1,1,'bortey@merx-gmbh.com',0,0,'2019-06-19 14:23:21','2019-06-19 16:24:16');

--
-- Table structure for table `s_campaigns_maildata`
--

CREATE TABLE `s_campaigns_maildata` (
  `id` int(11) unsigned NOT NULL AUTO_INCREMENT,
  `email` varchar(255) COLLATE utf8_unicode_ci NOT NULL,
  `groupID` int(11) unsigned NOT NULL,
  `salutation` varchar(255) COLLATE utf8_unicode_ci DEFAULT NULL,
  `title` varchar(255) COLLATE utf8_unicode_ci DEFAULT NULL,
  `firstname` varchar(255) COLLATE utf8_unicode_ci DEFAULT NULL,
  `lastname` varchar(255) COLLATE utf8_unicode_ci DEFAULT NULL,
  `street` varchar(255) COLLATE utf8_unicode_ci DEFAULT NULL,
  `zipcode` varchar(255) COLLATE utf8_unicode_ci DEFAULT NULL,
  `city` varchar(255) COLLATE utf8_unicode_ci DEFAULT NULL,
  `added` datetime NOT NULL,
  `double_optin_confirmed` datetime DEFAULT NULL,
  `deleted` datetime DEFAULT NULL,
  PRIMARY KEY (`id`),
  UNIQUE KEY `email` (`email`,`groupID`)
) ENGINE=InnoDB AUTO_INCREMENT=4 DEFAULT CHARSET=utf8 COLLATE=utf8_unicode_ci;

--
-- Dumping data for table `s_campaigns_maildata`
--

INSERT INTO `s_campaigns_maildata` VALUES (3,'bortey@merx-gmbh.com',1,'mr',NULL,'Maurice','Bortey','Raboisen, 16','20095','Hamburg','2019-06-19 14:23:21','2019-06-19 16:24:16',NULL);

--
-- Table structure for table `s_campaigns_mailings`
--

CREATE TABLE `s_campaigns_mailings` (
  `id` int(11) NOT NULL AUTO_INCREMENT,
  `datum` date DEFAULT NULL,
  `groups` mediumtext COLLATE utf8_unicode_ci NOT NULL,
  `subject` varchar(100) COLLATE utf8_unicode_ci NOT NULL,
  `sendermail` varchar(255) COLLATE utf8_unicode_ci NOT NULL,
  `sendername` varchar(255) COLLATE utf8_unicode_ci NOT NULL,
  `plaintext` int(1) NOT NULL,
  `templateID` int(11) NOT NULL DEFAULT '0',
  `languageID` int(11) NOT NULL,
  `status` int(11) NOT NULL DEFAULT '0',
  `locked` datetime DEFAULT NULL,
  `recipients` int(11) NOT NULL,
  `read` int(11) NOT NULL DEFAULT '0',
  `clicked` int(11) NOT NULL DEFAULT '0',
  `customergroup` varchar(25) COLLATE utf8_unicode_ci NOT NULL,
  `publish` int(1) unsigned NOT NULL,
  `timed_delivery` datetime DEFAULT NULL,
  PRIMARY KEY (`id`)
) ENGINE=InnoDB AUTO_INCREMENT=5 DEFAULT CHARSET=utf8 COLLATE=utf8_unicode_ci;

--
-- Dumping data for table `s_campaigns_mailings`
--

INSERT INTO `s_campaigns_mailings` VALUES (4,'2019-06-20','a:3:{i:0;a:0:{}i:1;a:0:{}i:2;a:0:{}}','','info@merx-gmbh.com','Newsletter Absender',0,1,1,-1,NULL,0,0,0,'EK',0,NULL);

--
-- Table structure for table `s_campaigns_positions`
--

CREATE TABLE `s_campaigns_positions` (
  `id` int(11) NOT NULL AUTO_INCREMENT,
  `promotionID` int(11) NOT NULL DEFAULT '0',
  `containerID` int(11) NOT NULL DEFAULT '0',
  `position` int(11) NOT NULL DEFAULT '0',
  PRIMARY KEY (`id`)
) ENGINE=InnoDB DEFAULT CHARSET=utf8 COLLATE=utf8_unicode_ci;

--
-- Dumping data for table `s_campaigns_positions`
--


--
-- Table structure for table `s_campaigns_sender`
--

CREATE TABLE `s_campaigns_sender` (
  `id` int(11) NOT NULL AUTO_INCREMENT,
  `email` varchar(255) COLLATE utf8_unicode_ci NOT NULL,
  `name` varchar(255) COLLATE utf8_unicode_ci NOT NULL,
  PRIMARY KEY (`id`)
) ENGINE=InnoDB AUTO_INCREMENT=2 DEFAULT CHARSET=utf8 COLLATE=utf8_unicode_ci;

--
-- Dumping data for table `s_campaigns_sender`
--

INSERT INTO `s_campaigns_sender` VALUES (1,'info@merx-gmbh.com','Newsletter Absender');

--
-- Table structure for table `s_campaigns_templates`
--

CREATE TABLE `s_campaigns_templates` (
  `id` int(11) NOT NULL AUTO_INCREMENT,
  `path` varchar(255) COLLATE utf8_unicode_ci NOT NULL,
  `description` varchar(255) COLLATE utf8_unicode_ci NOT NULL,
  PRIMARY KEY (`id`)
) ENGINE=InnoDB AUTO_INCREMENT=3 DEFAULT CHARSET=utf8 COLLATE=utf8_unicode_ci;

--
-- Dumping data for table `s_campaigns_templates`
--

INSERT INTO `s_campaigns_templates` VALUES (1,'index.tpl','Standardtemplate'),(2,'indexh.tpl','Händler');

--
-- Table structure for table `s_categories`
--

CREATE TABLE `s_categories` (
  `id` int(11) unsigned NOT NULL AUTO_INCREMENT,
  `parent` int(11) unsigned DEFAULT NULL,
  `path` varchar(255) COLLATE utf8_unicode_ci DEFAULT NULL,
  `description` varchar(255) COLLATE utf8_unicode_ci NOT NULL,
  `position` int(11) unsigned DEFAULT '0',
  `left` int(11) unsigned NOT NULL,
  `right` int(11) unsigned NOT NULL,
  `level` int(11) unsigned NOT NULL,
  `added` datetime NOT NULL,
  `changed` datetime NOT NULL,
  `metakeywords` mediumtext COLLATE utf8_unicode_ci,
  `metadescription` mediumtext COLLATE utf8_unicode_ci,
  `cmsheadline` varchar(255) COLLATE utf8_unicode_ci DEFAULT NULL,
  `cmstext` mediumtext COLLATE utf8_unicode_ci,
  `template` varchar(255) COLLATE utf8_unicode_ci DEFAULT NULL,
  `active` int(1) NOT NULL,
  `blog` int(11) NOT NULL,
  `external` varchar(255) COLLATE utf8_unicode_ci DEFAULT NULL,
  `hidefilter` int(1) NOT NULL,
  `hidetop` int(1) NOT NULL,
  `mediaID` int(11) unsigned DEFAULT NULL,
  `product_box_layout` varchar(50) COLLATE utf8_unicode_ci DEFAULT NULL,
  `meta_title` varchar(255) COLLATE utf8_unicode_ci DEFAULT NULL,
  `stream_id` int(11) unsigned DEFAULT NULL,
  `hide_sortings` int(1) NOT NULL DEFAULT '0',
  `sorting_ids` text COLLATE utf8_unicode_ci,
  `facet_ids` text COLLATE utf8_unicode_ci,
  `external_target` varchar(32) COLLATE utf8_unicode_ci DEFAULT '',
  `shops` varchar(255) COLLATE utf8_unicode_ci DEFAULT NULL,
  PRIMARY KEY (`id`),
  KEY `parent` (`parent`),
  KEY `description` (`description`),
  KEY `position` (`position`),
  KEY `left` (`left`,`right`),
  KEY `level` (`level`),
  KEY `active_query_builder` (`parent`,`position`,`id`),
  KEY `stream_id` (`stream_id`),
  CONSTRAINT `s_categories_fk_stream_id` FOREIGN KEY (`stream_id`) REFERENCES `s_product_streams` (`id`) ON DELETE SET NULL
) ENGINE=InnoDB AUTO_INCREMENT=135 DEFAULT CHARSET=utf8 COLLATE=utf8_unicode_ci;

--
-- Dumping data for table `s_categories`
--

INSERT INTO `s_categories` VALUES (1,NULL,NULL,'Root',0,1,6,0,'2012-08-27 22:28:52','2012-08-27 22:28:52',NULL,NULL,NULL,NULL,NULL,1,0,NULL,0,0,0,NULL,NULL,NULL,0,NULL,NULL,'',NULL),(3,1,NULL,'Deutsch',0,2,3,1,'2012-08-27 22:28:52','2019-01-14 11:58:01',NULL,'','','',NULL,1,0,'',0,0,NULL,'minimal','',NULL,0,'','','',NULL),(11,1,NULL,'Englisch',NULL,0,0,0,'2019-02-06 10:20:15','2019-02-06 10:20:15',NULL,NULL,NULL,NULL,NULL,1,0,NULL,0,0,NULL,NULL,NULL,NULL,0,NULL,NULL,'',NULL),(95,3,'|3|','GEBRAUCHTE MASCHINEN',1,0,0,0,'2019-02-27 11:39:51','2019-02-27 12:51:28',NULL,'','','',NULL,1,0,'',0,0,NULL,NULL,'',NULL,0,NULL,NULL,'',NULL),(96,95,'|95|3|','FILTRATIONSANLAGEN',9,0,0,0,'2019-02-27 11:39:52','2019-03-03 05:34:07',NULL,'','','',NULL,1,0,'',0,0,508,NULL,'',NULL,0,NULL,NULL,'',NULL),(97,95,'|95|3|','BUTTER - HERST. / VERPACKUNG',10,0,0,0,'2019-02-27 11:39:52','2019-03-03 05:34:21',NULL,'','','',NULL,1,0,'',0,0,509,NULL,'',NULL,0,NULL,NULL,'',NULL),(99,95,'|95|3|','ABFÜLLANLAGEN',1,0,0,0,'2019-02-27 11:39:53','2019-03-03 05:31:55',NULL,'','','',NULL,1,0,'',0,0,512,NULL,'',NULL,0,NULL,NULL,'',NULL),(101,95,'|95|3|','TANKS',3,0,0,0,'2019-02-27 11:39:54','2019-03-03 05:32:18',NULL,'','','',NULL,1,0,'',0,0,513,NULL,'',NULL,0,NULL,NULL,'',NULL),(102,95,'|95|3|','SEPARATOREN',4,0,0,0,'2019-02-27 11:39:55','2019-03-03 05:32:48',NULL,'','','',NULL,1,0,'',0,0,514,NULL,'',NULL,0,NULL,NULL,'',NULL),(103,95,'|95|3|','PASTEURISIERER / WÄRMETAUSCHER',5,0,0,0,'2019-02-27 11:39:55','2019-03-03 05:33:01',NULL,'','','',NULL,1,0,'',0,0,515,NULL,'',NULL,0,NULL,NULL,'',NULL),(104,95,'|95|3|','KOMPLETTE LINIEN',6,0,0,0,'2019-02-27 11:39:56','2019-04-14 10:30:17',NULL,'','','',NULL,1,0,'',0,0,516,NULL,'',NULL,0,NULL,NULL,'',NULL),(105,95,'|95|3|','KÄSE - HERST. / VERPACKUNG',7,0,0,0,'2019-02-27 11:39:56','2019-03-03 05:33:38',NULL,'','','',NULL,1,0,'',0,0,517,NULL,'',NULL,0,NULL,NULL,'',NULL),(106,95,'|95|3|','HOMOGENISATOREN',8,0,0,0,'2019-02-27 11:39:57','2019-07-24 12:56:32',NULL,'','','',NULL,1,0,'',0,0,519,NULL,'',NULL,0,NULL,NULL,'',NULL),(107,3,'|3|','NEUE MASCHINEN',2,0,0,0,'2019-02-27 11:39:58','2019-09-24 08:55:59',NULL,'','','',NULL,1,0,'http://www.merx-solutions.com',0,0,NULL,NULL,'',NULL,0,'','','_blank',NULL),(108,11,'|11|','USED MACHINERY',1,0,0,0,'2019-02-27 11:39:58','2019-02-27 12:51:28',NULL,'','','',NULL,1,0,'',0,0,NULL,NULL,'',NULL,0,NULL,NULL,'',NULL),(109,108,'|108|11|','FILTRATION LINES',9,0,0,0,'2019-02-27 11:39:59','2019-03-03 05:34:07',NULL,'','','',NULL,1,0,'',0,0,508,NULL,'',NULL,0,NULL,NULL,'',NULL),(110,108,'|108|11|','BUTTER - MFG. / PACKING',10,0,0,0,'2019-02-27 11:39:59','2019-03-03 05:34:21',NULL,'','','',NULL,1,0,'',0,0,509,NULL,'',NULL,0,NULL,NULL,'',NULL),(112,108,'|108|11|','FILLING MACHINES',1,0,0,0,'2019-02-27 11:40:00','2019-03-03 05:31:55',NULL,'','','',NULL,1,0,'',0,0,512,NULL,'',NULL,0,NULL,NULL,'',NULL),(114,108,'|108|11|','TANKS',3,0,0,0,'2019-02-27 11:40:01','2019-03-03 05:32:18',NULL,'','','',NULL,1,0,'',0,0,513,NULL,'',NULL,0,NULL,NULL,'',NULL),(115,108,'|108|11|','SEPARATORS',4,0,0,0,'2019-02-27 11:40:02','2019-03-03 05:32:48',NULL,'','','',NULL,1,0,'',0,0,514,NULL,'',NULL,0,NULL,NULL,'',NULL),(116,108,'|108|11|','PASTEURISER / HEAT EXCHANGER',5,0,0,0,'2019-02-27 11:40:02','2019-03-03 05:33:01',NULL,'','','',NULL,1,0,'',0,0,515,NULL,'',NULL,0,NULL,NULL,'',NULL),(117,108,'|108|11|','COMPLETE LINES',6,0,0,0,'2019-02-27 11:40:03','2019-04-14 10:30:17',NULL,'','','',NULL,1,0,'',0,0,516,NULL,'',NULL,0,NULL,NULL,'',NULL),(118,108,'|108|11|','CHEESE - MFG. / PACKING',7,0,0,0,'2019-02-27 11:40:03','2019-03-03 05:33:38',NULL,'','','',NULL,1,0,'',0,0,517,NULL,'',NULL,0,NULL,NULL,'',NULL),(119,108,'|108|11|','HOMOGENIZERS',8,0,0,0,'2019-02-27 11:40:04','2019-07-24 12:56:32',NULL,'','','',NULL,1,0,'',0,0,519,NULL,'',NULL,0,NULL,NULL,'',NULL),(120,11,'|11|','NEW MACHINERY',2,0,0,0,'2019-02-27 11:40:04','2019-09-24 08:56:34',NULL,'','','',NULL,1,0,'http://www.merx-solutions.com',0,0,NULL,NULL,'',NULL,0,'','','_blank',NULL),(121,3,'|3|','ÜBER UNS',5,0,0,0,'2019-02-27 12:56:55','2019-02-27 12:56:15',NULL,'','','',NULL,1,0,'',0,0,NULL,NULL,'',NULL,0,'','','',NULL),(122,3,'|3|','ÜBERHOLUNG & DEMONTAGE',4,0,0,0,'2019-02-27 12:56:56','2019-03-01 09:02:16',NULL,'','','',NULL,1,0,'',0,0,NULL,NULL,'',NULL,0,'','','',NULL),(123,3,'|3|','KONTAKT',6,0,0,0,'2019-02-27 12:56:56','2019-09-02 14:29:08',NULL,'','','',NULL,1,0,'shopware.php?sViewport=forms&sFid=18',0,0,NULL,'extend','',NULL,0,'','','_parent',NULL),(124,3,'|3|','MASCHINEN ANKAUF',3,0,0,0,'2019-02-27 12:56:57','2019-03-09 15:08:04',NULL,'','','',NULL,1,0,'',0,0,NULL,NULL,'',NULL,0,'','','',NULL),(125,11,'|11|','ABOUT US',5,0,0,0,'2019-02-27 12:56:58','2019-02-27 12:56:15',NULL,'','','',NULL,1,0,'',0,0,NULL,'extend','',NULL,0,'','','',NULL),(126,11,'|11|','OVERHAULING & DISMANTLING',4,0,0,0,'2019-02-27 12:56:59','2019-03-01 09:02:16',NULL,'','','',NULL,1,0,'',0,0,NULL,NULL,'',NULL,0,'','','',NULL),(127,11,'|11|','CONTACT',6,0,0,0,'2019-02-27 12:56:59','2019-09-02 14:29:21',NULL,'','','',NULL,1,0,'shopware.php?sViewport=forms&sFid=18',0,0,NULL,'extend','',NULL,0,'','','_parent',NULL),(128,11,'|11|','SELL YOUR MACHINERY',3,0,0,0,'2019-02-27 12:57:00','2019-03-09 15:08:04',NULL,'','','',NULL,1,0,'',0,0,NULL,NULL,'',NULL,0,'','','',NULL),(129,95,'|95|3|','TROCKNUNG',11,0,0,0,'2019-03-02 17:56:29','2019-03-03 05:34:34',NULL,'','','',NULL,1,0,'',0,0,510,NULL,'',NULL,0,NULL,NULL,'',NULL),(130,108,'|108|11|','DRYING EQUIPMENT',11,0,0,0,'2019-03-02 17:56:39','2019-03-03 05:34:34',NULL,'','','',NULL,1,0,'',0,0,510,NULL,'',NULL,0,NULL,NULL,'',NULL),(131,95,'|95|3|','SONTIGE AUSRÜSTUNG',12,0,0,0,'2019-03-02 18:18:49','2019-04-16 15:47:45',NULL,'','','',NULL,1,0,'',0,0,511,NULL,'',NULL,0,NULL,NULL,'',NULL),(132,108,'|108|11|','OTHER EQUIPMENT',12,0,0,0,'2019-03-02 18:19:00','2019-04-16 15:47:45',NULL,'','','',NULL,1,0,'',0,0,511,NULL,'',NULL,0,NULL,NULL,'',NULL),(133,95,'|95|3|','ÜBERHOLTE WARE',13,0,0,0,'2019-03-02 18:23:57','2019-07-24 12:56:01',NULL,'','','',NULL,1,0,'',0,0,518,NULL,'',NULL,0,'','','',NULL),(134,108,'|108|11|','OVERHAULED EQUIPMENT',13,0,0,0,'2019-03-02 18:24:09','2019-07-24 12:56:01',NULL,'','','',NULL,1,0,'',0,0,518,NULL,'',NULL,0,NULL,NULL,'',NULL);

--
-- Table structure for table `s_categories_attributes`
--

CREATE TABLE `s_categories_attributes` (
  `id` int(11) NOT NULL AUTO_INCREMENT,
  `categoryID` int(11) unsigned DEFAULT NULL,
  `attribute1` text COLLATE utf8_unicode_ci,
  `attribute2` text COLLATE utf8_unicode_ci,
  `attribute3` text COLLATE utf8_unicode_ci,
  `attribute4` text COLLATE utf8_unicode_ci,
  `attribute5` text COLLATE utf8_unicode_ci,
  `attribute6` text COLLATE utf8_unicode_ci,
  `six_display_framemenu` int(1) DEFAULT '0',
  `dreisc_seo_url` text COLLATE utf8_unicode_ci,
  `dreisc_seo_title` text COLLATE utf8_unicode_ci,
  `dreisc_seo_title_replace` int(1) DEFAULT '0',
  `dreisc_seo_breadcrumb` text COLLATE utf8_unicode_ci,
  `dreisc_canonical_link` text COLLATE utf8_unicode_ci,
  `dreisc_robots_tag` text COLLATE utf8_unicode_ci,
  `dreisc_facebook_description` text COLLATE utf8_unicode_ci,
  `dreisc_twitter_description` text COLLATE utf8_unicode_ci,
  `dreisc_facebook_image` text COLLATE utf8_unicode_ci,
  `dreisc_twitter_image` text COLLATE utf8_unicode_ci,
  `dreisc_category_level` int(11) DEFAULT NULL,
  PRIMARY KEY (`id`),
  UNIQUE KEY `categoryID` (`categoryID`),
  CONSTRAINT `s_categories_attributes_ibfk_1` FOREIGN KEY (`categoryID`) REFERENCES `s_categories` (`id`) ON DELETE CASCADE ON UPDATE NO ACTION
) ENGINE=InnoDB AUTO_INCREMENT=72 DEFAULT CHARSET=utf8 COLLATE=utf8_unicode_ci;

--
-- Dumping data for table `s_categories_attributes`
--

INSERT INTO `s_categories_attributes` VALUES (61,121,NULL,NULL,NULL,NULL,NULL,NULL,0,NULL,NULL,0,NULL,NULL,NULL,NULL,NULL,NULL,NULL,NULL),(62,107,NULL,NULL,NULL,NULL,NULL,NULL,0,'','',0,'','','','','','','',NULL),(63,120,NULL,NULL,NULL,NULL,NULL,NULL,0,'','',0,'','','','','','','',NULL),(64,123,NULL,NULL,NULL,NULL,NULL,NULL,0,'','',0,'','','','','','','',NULL),(65,127,NULL,NULL,NULL,NULL,NULL,NULL,0,'','',0,'','','','','','','',NULL),(66,125,NULL,NULL,NULL,NULL,NULL,NULL,0,NULL,NULL,0,NULL,NULL,NULL,NULL,NULL,NULL,NULL,NULL),(67,126,NULL,NULL,NULL,NULL,NULL,NULL,0,NULL,NULL,0,NULL,NULL,NULL,NULL,NULL,NULL,NULL,NULL),(68,124,NULL,NULL,NULL,NULL,NULL,NULL,0,NULL,NULL,0,NULL,NULL,NULL,NULL,NULL,NULL,NULL,NULL),(69,128,NULL,NULL,NULL,NULL,NULL,NULL,0,NULL,NULL,0,NULL,NULL,NULL,NULL,NULL,NULL,NULL,NULL),(70,122,NULL,NULL,NULL,NULL,NULL,NULL,0,NULL,NULL,0,NULL,NULL,NULL,NULL,NULL,NULL,NULL,NULL),(71,133,NULL,NULL,NULL,NULL,NULL,NULL,0,NULL,NULL,0,NULL,NULL,NULL,NULL,NULL,NULL,NULL,NULL);

--
-- Table structure for table `s_categories_avoid_customergroups`
--

CREATE TABLE `s_categories_avoid_customergroups` (
  `categoryID` int(11) NOT NULL,
  `customergroupID` int(11) NOT NULL,
  UNIQUE KEY `articleID` (`categoryID`,`customergroupID`)
) ENGINE=InnoDB DEFAULT CHARSET=utf8 COLLATE=utf8_unicode_ci;

--
-- Dumping data for table `s_categories_avoid_customergroups`
--


--
-- Table structure for table `s_cms_static`
--

CREATE TABLE `s_cms_static` (
  `id` int(11) NOT NULL AUTO_INCREMENT,
  `active` tinyint(1) NOT NULL DEFAULT '1',
  `tpl1variable` varchar(255) COLLATE utf8_unicode_ci NOT NULL,
  `tpl1path` varchar(255) COLLATE utf8_unicode_ci NOT NULL,
  `tpl2variable` varchar(255) COLLATE utf8_unicode_ci NOT NULL,
  `tpl2path` varchar(255) COLLATE utf8_unicode_ci NOT NULL,
  `tpl3variable` varchar(255) COLLATE utf8_unicode_ci NOT NULL,
  `tpl3path` varchar(255) COLLATE utf8_unicode_ci NOT NULL,
  `description` varchar(255) COLLATE utf8_unicode_ci NOT NULL,
  `html` mediumtext COLLATE utf8_unicode_ci NOT NULL,
  `grouping` varchar(255) COLLATE utf8_unicode_ci NOT NULL,
  `position` int(11) NOT NULL,
  `link` varchar(255) COLLATE utf8_unicode_ci NOT NULL,
  `target` varchar(255) COLLATE utf8_unicode_ci NOT NULL,
  `parentID` int(11) NOT NULL DEFAULT '0',
  `page_title` varchar(255) COLLATE utf8_unicode_ci NOT NULL,
  `meta_keywords` varchar(255) COLLATE utf8_unicode_ci NOT NULL,
  `meta_description` varchar(255) COLLATE utf8_unicode_ci NOT NULL,
  `changed` datetime NOT NULL DEFAULT '2018-12-03 08:40:32',
  `shop_ids` varchar(255) COLLATE utf8_unicode_ci DEFAULT NULL,
  PRIMARY KEY (`id`),
  KEY `get_menu` (`position`,`description`)
) ENGINE=InnoDB AUTO_INCREMENT=49 DEFAULT CHARSET=utf8 COLLATE=utf8_unicode_ci;

--
-- Dumping data for table `s_cms_static`
--

INSERT INTO `s_cms_static` VALUES (1,1,'','','','','','','Kontakt','<p>Fügen Sie hier Ihre Kontaktdaten ein</p>','disabled',1,'shopware.php?sViewport=ticket&sFid=5','_self',0,'','','','2019-01-23 15:54:10',NULL),(2,1,'','','','','','','Hilfe / Support','<h2>Isericordaliter Occatio ter aut Aliusmodi vel Fugo redigo, iam ops tam Plaga consulo sui ymo Zephyr humilitas.</h2>\n<p>Isericordaliter Occatio ter aut Aliusmodi vel Fugo redigo, iam ops tam Plaga consulo sui ymo Zephyr humilitas. Ivi praebalteata Occumbo congruens seco, lea qui se surculus sed abhinc praejudico in forix curo. Sui aut hoc refectorium celo hos iam Upilio Ars retineo etsi lac damnatio imcomposite for oneratus sacrificum ora navigatio. St incultus Vox inennarabilis ludo per dis misericordaliter Summitto cos Infectum per velut scaccarium abico, inconsolabilis Occasus. Ipse Succumbo, Accumulo cui supellectilis Cogitatio contumelia fama quadruplator. Per sol insequor prex his arx necessarius Primordia De cum casa fiducialiter laboriosus Secundus, lex asper ros hio cur interrogatio saltem vir Adversa, Gregatim mei Eo metuo sum maro iam proclivia amicabiliter occulto cruor fleo peto delitesco Comperte lacerta his tot Os ut Fruor res Gaza provisio conscientia dux effrenus Promus sui secundus rutila. Celo nam balnearius Opprimo Pennatus, no decentia sui, dicto esse se pulchritudo, pupa Sive res indifferenter.</p>\n<p>Captivo pala pro de tandem Singulus labor, determino cui Ingurgito quo Ico pax ethologus praetorgredior internuntius. Ops foveo Huius dux respublica his animadverto dolus imperterritus. Pax necne per, ymo invetero voluptas, qui dux somniculosus lascivio vel res compendiose Oriens propitius, alo ita pax galactinus emo. Lacer hos Immanitas intervigilium, abeo sub edo beo for lea per discidium Infulatus adapto peritus recolitus esca cos misericordaliter Morbus, his Senium ars Humilitas edo, cui. Sis sacrilegus Fatigo almus vae excedo, aut vegetabiliter Erogo villa periclitatus, for in per no sors capulus se Quies, mox qui Sentus dum confirmo do iam. Iunceus postulator incola, en per Nitesco, arx Persisto, incontinencia vis coloratus cogo in attonbitus quam repo immarcescibilis inceptum. Ego Vena series sudo ac Nitidus. Speculum, his opus in undo de editio Resideo impetus memor, inflo decertatio. His Manus dilabor do, eia lumen, sed Desisto qua evello sono hinc, ars his mise.</p>\n<p>Isericordaliter Occatio ter aut Aliusmodi vel Fugo redigo, iam ops tam Plaga consulo sui ymo Zephyr humilitas. Ivi praebalteata Occumbo congruens seco, lea qui se surculus sed abhinc praejudico in forix curo. Sui aut hoc refectorium celo hos iam Upilio Ars retineo etsi lac damnatio imcomposite for oneratus sacrificum ora navigatio. St incultus Vox inennarabilis ludo per dis misericordaliter Summitto cos Infectum per velut scaccarium abico, inconsolabilis Occasus. Ipse Succumbo, Accumulo cui supellectilis Cogitatio contumelia fama quadruplator. Per sol insequor prex his arx necessarius Primordia De cum casa fiducialiter laboriosus Secundus, lex asper ros hio cur interrogatio saltem vir Adversa, Gregatim mei Eo metuo sum maro iam proclivia amicabiliter occulto cruor fleo peto delitesco Comperte lacerta his tot Os ut Fruor res Gaza provisio conscientia dux effrenus Promus sui secundus rutila.</p>\n<p>Celo nam balnearius Opprimo Pennatus, no decentia sui, dicto esse se pulchritudo, pupa Sive res indifferenter. Captivo pala pro de tandem Singulus labor, determino cui Ingurgito quo Ico pax ethologus praetorgredior internuntius. Ops foveo Huius dux respublica his animadverto dolus imperterritus. Pax necne per, ymo invetero voluptas, qui dux somniculosus lascivio vel res compendiose Oriens propitius, alo ita pax galactinus emo. Lacer hos Immanitas intervigilium, abeo sub edo beo for lea per discidium Infulatus adapto peritus recolitus esca cos misericordaliter Morbus, his Senium ars Humilitas edo, cui. Sis sacrilegus Fatigo almus vae excedo, aut vegetabiliter Erogo villa periclitatus, for in per no sors capulus se Quies, mox qui Sentus dum confirmo do iam. Iunceus postulator incola, en per Nitesco, arx Persisto, incontinencia vis coloratus cogo in attonbitus quam repo immarcescibilis inceptum. Ego Vena series sudo ac Nitidus. Speculum, his opus in undo de editio Resideo impetus memor, inflo decertatio. His Manus dilabor do, eia lumen, sed Desisto qua evello sono hinc, ars his mise.</p>','disabled',1,'','',0,'','','','2019-01-23 15:53:50',NULL),(3,1,'','','','','','','IMPRESSUM','<p><span style=\"font-family: \'Helvetica Neue\', Helvetica, Arial, sans-serif; font-size: 14px; letter-spacing: 0.15px;\">Verantwortlicher:</span><br style=\"box-sizing: border-box; font-family: \'Helvetica Neue\', Helvetica, Arial, sans-serif; font-size: 14px; letter-spacing: 0.15px;\"><br style=\"box-sizing: border-box; font-family: \'Helvetica Neue\', Helvetica, Arial, sans-serif; font-size: 14px; letter-spacing: 0.15px;\"><span style=\"font-family: \'Helvetica Neue\', Helvetica, Arial, sans-serif; font-size: 14px; letter-spacing: 0.15px;\">Merx Handel &amp; Industrie GmbH</span><br style=\"box-sizing: border-box; font-family: \'Helvetica Neue\', Helvetica, Arial, sans-serif; font-size: 14px; letter-spacing: 0.15px;\"><span style=\"font-family: \'Helvetica Neue\', Helvetica, Arial, sans-serif; font-size: 14px; letter-spacing: 0.15px;\">Raboisen 16</span><br style=\"box-sizing: border-box; font-family: \'Helvetica Neue\', Helvetica, Arial, sans-serif; font-size: 14px; letter-spacing: 0.15px;\"><span style=\"font-family: \'Helvetica Neue\', Helvetica, Arial, sans-serif; font-size: 14px; letter-spacing: 0.15px;\">D – 20095 Hamburg</span><br style=\"box-sizing: border-box; font-family: \'Helvetica Neue\', Helvetica, Arial, sans-serif; font-size: 14px; letter-spacing: 0.15px;\"><br style=\"box-sizing: border-box; font-family: \'Helvetica Neue\', Helvetica, Arial, sans-serif; font-size: 14px; letter-spacing: 0.15px;\"><span style=\"font-family: \'Helvetica Neue\', Helvetica, Arial, sans-serif; font-size: 14px; letter-spacing: 0.15px;\">Geschäftsführer: Roya M. Z. Davani</span><br style=\"box-sizing: border-box; font-family: \'Helvetica Neue\', Helvetica, Arial, sans-serif; font-size: 14px; letter-spacing: 0.15px;\"><br style=\"box-sizing: border-box; font-family: \'Helvetica Neue\', Helvetica, Arial, sans-serif; font-size: 14px; letter-spacing: 0.15px;\"><span style=\"font-family: \'Helvetica Neue\', Helvetica, Arial, sans-serif; font-size: 14px; letter-spacing: 0.15px;\">Email: info[at]merx-gmbh.com</span><br style=\"box-sizing: border-box; font-family: \'Helvetica Neue\', Helvetica, Arial, sans-serif; font-size: 14px; letter-spacing: 0.15px;\"><br style=\"box-sizing: border-box; font-family: \'Helvetica Neue\', Helvetica, Arial, sans-serif; font-size: 14px; letter-spacing: 0.15px;\"><span style=\"font-family: \'Helvetica Neue\', Helvetica, Arial, sans-serif; font-size: 14px; letter-spacing: 0.15px;\">Telefon: +49 40/469 667 88-0</span><br style=\"box-sizing: border-box; font-family: \'Helvetica Neue\', Helvetica, Arial, sans-serif; font-size: 14px; letter-spacing: 0.15px;\"><span style=\"font-family: \'Helvetica Neue\', Helvetica, Arial, sans-serif; font-size: 14px; letter-spacing: 0.15px;\">Fax: +49 40/469 667 88-9</span><br style=\"box-sizing: border-box; font-family: \'Helvetica Neue\', Helvetica, Arial, sans-serif; font-size: 14px; letter-spacing: 0.15px;\"><br style=\"box-sizing: border-box; font-family: \'Helvetica Neue\', Helvetica, Arial, sans-serif; font-size: 14px; letter-spacing: 0.15px;\"><span style=\"font-family: \'Helvetica Neue\', Helvetica, Arial, sans-serif; font-size: 14px; letter-spacing: 0.15px;\">HBR 105591, Amtsgericht Hamburg</span><br style=\"box-sizing: border-box; font-family: \'Helvetica Neue\', Helvetica, Arial, sans-serif; font-size: 14px; letter-spacing: 0.15px;\"><span style=\"font-family: \'Helvetica Neue\', Helvetica, Arial, sans-serif; font-size: 14px; letter-spacing: 0.15px;\">USt-IdNr. DE259938233</span></p>','left|bottom2',20,'','',0,'','','','2019-07-31 14:58:48',NULL),(4,1,'','','','','','','AGB','<h2>Isericordaliter Occatio ter aut Aliusmodi vel Fugo redigo, iam ops tam Plaga consulo sui ymo Zephyr humilitas.</h2>\n<p>Isericordaliter Occatio ter aut Aliusmodi vel Fugo redigo, iam ops tam Plaga consulo sui ymo Zephyr humilitas. Ivi praebalteata Occumbo congruens seco, lea qui se surculus sed abhinc praejudico in forix curo. Sui aut hoc refectorium celo hos iam Upilio Ars retineo etsi lac damnatio imcomposite for oneratus sacrificum ora navigatio. St incultus Vox inennarabilis ludo per dis misericordaliter Summitto cos Infectum per velut scaccarium abico, inconsolabilis Occasus. Ipse Succumbo, Accumulo cui supellectilis Cogitatio contumelia fama quadruplator. Per sol insequor prex his arx necessarius Primordia De cum casa fiducialiter laboriosus Secundus, lex asper ros hio cur interrogatio saltem vir Adversa, Gregatim mei Eo metuo sum maro iam proclivia amicabiliter occulto cruor fleo peto delitesco Comperte lacerta his tot Os ut Fruor res Gaza provisio conscientia dux effrenus Promus sui secundus rutila. Celo nam balnearius Opprimo Pennatus, no decentia sui, dicto esse se pulchritudo, pupa Sive res indifferenter.</p>\n<p>Captivo pala pro de tandem Singulus labor, determino cui Ingurgito quo Ico pax ethologus praetorgredior internuntius. Ops foveo Huius dux respublica his animadverto dolus imperterritus. Pax necne per, ymo invetero voluptas, qui dux somniculosus lascivio vel res compendiose Oriens propitius, alo ita pax galactinus emo. Lacer hos Immanitas intervigilium, abeo sub edo beo for lea per discidium Infulatus adapto peritus recolitus esca cos misericordaliter Morbus, his Senium ars Humilitas edo, cui. Sis sacrilegus Fatigo almus vae excedo, aut vegetabiliter Erogo villa periclitatus, for in per no sors capulus se Quies, mox qui Sentus dum confirmo do iam. Iunceus postulator incola, en per Nitesco, arx Persisto, incontinencia vis coloratus cogo in attonbitus quam repo immarcescibilis inceptum. Ego Vena series sudo ac Nitidus. Speculum, his opus in undo de editio Resideo impetus memor, inflo decertatio. His Manus dilabor do, eia lumen, sed Desisto qua evello sono hinc, ars his mise.</p>\n<p>Isericordaliter Occatio ter aut Aliusmodi vel Fugo redigo, iam ops tam Plaga consulo sui ymo Zephyr humilitas. Ivi praebalteata Occumbo congruens seco, lea qui se surculus sed abhinc praejudico in forix curo. Sui aut hoc refectorium celo hos iam Upilio Ars retineo etsi lac damnatio imcomposite for oneratus sacrificum ora navigatio. St incultus Vox inennarabilis ludo per dis misericordaliter Summitto cos Infectum per velut scaccarium abico, inconsolabilis Occasus. Ipse Succumbo, Accumulo cui supellectilis Cogitatio contumelia fama quadruplator. Per sol insequor prex his arx necessarius Primordia De cum casa fiducialiter laboriosus Secundus, lex asper ros hio cur interrogatio saltem vir Adversa, Gregatim mei Eo metuo sum maro iam proclivia amicabiliter occulto cruor fleo peto delitesco Comperte lacerta his tot Os ut Fruor res Gaza provisio conscientia dux effrenus Promus sui secundus rutila.</p>\n<p>Celo nam balnearius Opprimo Pennatus, no decentia sui, dicto esse se pulchritudo, pupa Sive res indifferenter. Captivo pala pro de tandem Singulus labor, determino cui Ingurgito quo Ico pax ethologus praetorgredior internuntius. Ops foveo Huius dux respublica his animadverto dolus imperterritus. Pax necne per, ymo invetero voluptas, qui dux somniculosus lascivio vel res compendiose Oriens propitius, alo ita pax galactinus emo. Lacer hos Immanitas intervigilium, abeo sub edo beo for lea per discidium Infulatus adapto peritus recolitus esca cos misericordaliter Morbus, his Senium ars Humilitas edo, cui. Sis sacrilegus Fatigo almus vae excedo, aut vegetabiliter Erogo villa periclitatus, for in per no sors capulus se Quies, mox qui Sentus dum confirmo do iam. Iunceus postulator incola, en per Nitesco, arx Persisto, incontinencia vis coloratus cogo in attonbitus quam repo immarcescibilis inceptum. Ego Vena series sudo ac Nitidus. Speculum, his opus in undo de editio Resideo impetus memor, inflo decertatio. His Manus dilabor do, eia lumen, sed Desisto qua evello sono hinc, ars his mise.</p>','disabled',18,'','',0,'','','','2019-01-23 15:44:23',NULL),(6,1,'','','','','','','Versand und Zahlungsbedingungen','<h2>Isericordaliter Occatio ter aut Aliusmodi vel Fugo redigo, iam ops tam Plaga consulo sui ymo Zephyr humilitas.</h2>\n<p>Isericordaliter Occatio ter aut Aliusmodi vel Fugo redigo, iam ops tam Plaga consulo sui ymo Zephyr humilitas. Ivi praebalteata Occumbo congruens seco, lea qui se surculus sed abhinc praejudico in forix curo. Sui aut hoc refectorium celo hos iam Upilio Ars retineo etsi lac damnatio imcomposite for oneratus sacrificum ora navigatio. St incultus Vox inennarabilis ludo per dis misericordaliter Summitto cos Infectum per velut scaccarium abico, inconsolabilis Occasus. Ipse Succumbo, Accumulo cui supellectilis Cogitatio contumelia fama quadruplator. Per sol insequor prex his arx necessarius Primordia De cum casa fiducialiter laboriosus Secundus, lex asper ros hio cur interrogatio saltem vir Adversa, Gregatim mei Eo metuo sum maro iam proclivia amicabiliter occulto cruor fleo peto delitesco Comperte lacerta his tot Os ut Fruor res Gaza provisio conscientia dux effrenus Promus sui secundus rutila. Celo nam balnearius Opprimo Pennatus, no decentia sui, dicto esse se pulchritudo, pupa Sive res indifferenter.</p>\n<p>Captivo pala pro de tandem Singulus labor, determino cui Ingurgito quo Ico pax ethologus praetorgredior internuntius. Ops foveo Huius dux respublica his animadverto dolus imperterritus. Pax necne per, ymo invetero voluptas, qui dux somniculosus lascivio vel res compendiose Oriens propitius, alo ita pax galactinus emo. Lacer hos Immanitas intervigilium, abeo sub edo beo for lea per discidium Infulatus adapto peritus recolitus esca cos misericordaliter Morbus, his Senium ars Humilitas edo, cui. Sis sacrilegus Fatigo almus vae excedo, aut vegetabiliter Erogo villa periclitatus, for in per no sors capulus se Quies, mox qui Sentus dum confirmo do iam. Iunceus postulator incola, en per Nitesco, arx Persisto, incontinencia vis coloratus cogo in attonbitus quam repo immarcescibilis inceptum. Ego Vena series sudo ac Nitidus. Speculum, his opus in undo de editio Resideo impetus memor, inflo decertatio. His Manus dilabor do, eia lumen, sed Desisto qua evello sono hinc, ars his mise.</p>\n<p>Isericordaliter Occatio ter aut Aliusmodi vel Fugo redigo, iam ops tam Plaga consulo sui ymo Zephyr humilitas. Ivi praebalteata Occumbo congruens seco, lea qui se surculus sed abhinc praejudico in forix curo. Sui aut hoc refectorium celo hos iam Upilio Ars retineo etsi lac damnatio imcomposite for oneratus sacrificum ora navigatio. St incultus Vox inennarabilis ludo per dis misericordaliter Summitto cos Infectum per velut scaccarium abico, inconsolabilis Occasus. Ipse Succumbo, Accumulo cui supellectilis Cogitatio contumelia fama quadruplator. Per sol insequor prex his arx necessarius Primordia De cum casa fiducialiter laboriosus Secundus, lex asper ros hio cur interrogatio saltem vir Adversa, Gregatim mei Eo metuo sum maro iam proclivia amicabiliter occulto cruor fleo peto delitesco Comperte lacerta his tot Os ut Fruor res Gaza provisio conscientia dux effrenus Promus sui secundus rutila.</p>\n<p>Celo nam balnearius Opprimo Pennatus, no decentia sui, dicto esse se pulchritudo, pupa Sive res indifferenter. Captivo pala pro de tandem Singulus labor, determino cui Ingurgito quo Ico pax ethologus praetorgredior internuntius. Ops foveo Huius dux respublica his animadverto dolus imperterritus. Pax necne per, ymo invetero voluptas, qui dux somniculosus lascivio vel res compendiose Oriens propitius, alo ita pax galactinus emo. Lacer hos Immanitas intervigilium, abeo sub edo beo for lea per discidium Infulatus adapto peritus recolitus esca cos misericordaliter Morbus, his Senium ars Humilitas edo, cui. Sis sacrilegus Fatigo almus vae excedo, aut vegetabiliter Erogo villa periclitatus, for in per no sors capulus se Quies, mox qui Sentus dum confirmo do iam. Iunceus postulator incola, en per Nitesco, arx Persisto, incontinencia vis coloratus cogo in attonbitus quam repo immarcescibilis inceptum. Ego Vena series sudo ac Nitidus. Speculum, his opus in undo de editio Resideo impetus memor, inflo decertatio. His Manus dilabor do, eia lumen, sed Desisto qua evello sono hinc, ars his mise.</p>','disabled',3,'','',0,'','','','2019-01-23 15:43:20',NULL),(7,1,'','','','','','','DATENSCHUTZ','<p>Personenbezogene Daten (nachfolgend zumeist nur „Daten“ genannt) werden von uns nur im Rahmen der Erforderlichkeit sowie zum Zwecke der Bereitstellung eines funktionsfähigen und nutzerfreundlichen Internetauftritts, inklusive seiner Inhalte und der dort angebotenen Leistungen, verarbeitet.</p>\n<p>Gemäß Art. 4 Ziffer 1. der Verordnung (EU) 2016/679, also der Datenschutz-Grundverordnung (nachfolgend nur „DSGVO“ genannt), gilt als „Verarbeitung“ jeder mit oder ohne Hilfe automatisierter Verfahren ausgeführter Vorgang oder jede solche Vorgangsreihe im Zusammenhang mit personenbezogenen Daten, wie das Erheben, das Erfassen, die Organisation, das Ordnen, die Speicherung, die Anpassung oder Veränderung, das Auslesen, das Abfragen, die Verwendung, die Offenlegung durch Übermittlung, Verbreitung oder eine andere Form der Bereitstellung, den Abgleich oder die Verknüpfung, die Einschränkung, das Löschen oder die Vernichtung.</p>\n<p>Mit der nachfolgenden Datenschutzerklärung informieren wir Sie insbesondere über Art, Umfang, Zweck, Dauer und Rechtsgrundlage der Verarbeitung personenbezogener Daten, soweit wir entweder allein oder gemeinsam mit anderen über die Zwecke und Mittel der Verarbeitung entscheiden. Zudem informieren wir Sie nachfolgend über die von uns zu Optimierungszwecken sowie zur Steigerung der Nutzungsqualität eingesetzten Fremdkomponenten, soweit hierdurch Dritte Daten in wiederum eigener Verantwortung verarbeiten.</p>\n<p>Unsere Datenschutzerklärung ist wie folgt gegliedert:</p>\n<p>I. Informationen über uns als Verantwortliche II. Rechte der Nutzer und Betroffenen III. Informationen zur Datenverarbeitung</p>\n<p>I. Informationen über uns als Verantwortliche</p>\n<p>Verantwortlicher Anbieter dieses Internetauftritts im datenschutzrechtlichen Sinne ist:</p>\n<p>Merx Handel &amp; Industrie GmbH Raboisen 16 20095 Hamburg Deutschland</p>\n<p>Telefon: +49 40/469 667 880 Telefax: +49 40/469 667 889 E-Mail: info@merx-gmbh.com</p>\n<p>II. Rechte der Nutzer und Betroffenen</p>\n<p>Mit Blick auf die nachfolgend noch näher beschriebene Datenverarbeitung haben die Nutzer und Betroffenen das Recht</p>\n<p>• auf Bestätigung, ob sie betreffende Daten verarbeitet werden, auf Auskunft über die verarbeiteten Daten, auf weitere Informationen über die Datenverarbeitung sowie auf Kopien der Daten (vgl. auch Art. 15 DSGVO);</p>\n<p>• auf Berichtigung oder Vervollständigung unrichtiger bzw. unvollständiger Daten (vgl. auch Art. 16 DSGVO);</p>\n<p>• auf unverzügliche Löschung der sie betreffenden Daten (vgl. auch Art. 17 DSGVO), oder, alternativ, soweit eine weitere Verarbeitung gemäß Art. 17 Abs. 3 DSGVO erforderlich ist, auf Einschränkung der Verarbeitung nach Maßgabe von Art. 18 DSGVO;</p>\n<p>• auf Erhalt der sie betreffenden und von ihnen bereitgestellten Daten und auf Übermittlung dieser Daten an andere Anbieter/Verantwortliche (vgl. auch Art. 20 DSGVO);</p>\n<p>• auf Beschwerde gegenüber der Aufsichtsbehörde, sofern sie der Ansicht sind, dass die sie betreffenden Daten durch den Anbieter unter Verstoß gegen datenschutzrechtliche Bestimmungen verarbeitet werden (vgl. auch Art. 77 DSGVO).</p>\n<p>Darüber hinaus ist der Anbieter dazu verpflichtet, alle Empfänger, denen gegenüber Daten durch den Anbieter offengelegt worden sind, über jedwede Berichtigung oder Löschung von Daten oder die Einschränkung der Verarbeitung, die aufgrund der Artikel 16, 17 Abs. 1, 18 DSGVO erfolgt, zu unterrichten. Diese Verpflichtung besteht jedoch nicht, soweit diese Mitteilung unmöglich oder mit einem unverhältnismäßigen Aufwand verbunden ist. Unbeschadet dessen hat der Nutzer ein Recht auf Auskunft über diese Empfänger.</p>\n<p>Ebenfalls haben die Nutzer und Betroffenen nach Art. 21 DSGVO das Recht auf Widerspruch gegen die künftige Verarbeitung der sie betreffenden Daten, sofern die Daten durch den Anbieter nach Maßgabe von Art. 6 Abs. 1 lit. f) DSGVO verarbeitet werden. Insbesondere ist ein Widerspruch gegen die Datenverarbeitung zum Zwecke der Direktwerbung statthaft.</p>\n<p>III. Informationen zur Datenverarbeitung</p>\n<p>Ihre bei Nutzung unseres Internetauftritts verarbeiteten Daten werden gelöscht oder gesperrt, sobald der Zweck der Speicherung entfällt, der Löschung der Daten keine gesetzlichen Aufbewahrungspflichten entgegenstehen und nachfolgend keine anderslautenden Angaben zu einzelnen Verarbeitungsverfahren gemacht werden.</p>\n<p>Serverdaten</p>\n<p>Aus technischen Gründen, insbesondere zur Gewährleistung eines sicheren und stabilen Internetauftritts, werden Daten durch Ihren Internet-Browser an uns bzw. an unseren Webspace-Provider übermittelt. Mit diesen sog. Server-Logfiles werden u.a. Typ und Version Ihres Internetbrowsers, das Betriebssystem, die Website, von der aus Sie auf unseren Internetauftritt gewechselt haben (Referrer URL), die Website(s) unseres Internetauftritts, die Sie besuchen, Datum und Uhrzeit des jeweiligen Zugriffs sowie die IP-Adresse des Internetanschlusses, von dem aus die Nutzung unseres Internetauftritts erfolgt, erhoben.</p>\n<p>Diese so erhobenen Daten werden vorrübergehend gespeichert, dies jedoch nicht gemeinsam mit anderen Daten von Ihnen.</p>\n<p>Diese Speicherung erfolgt auf der Rechtsgrundlage von Art. 6 Abs. 1 lit. f) DSGVO. Unser berechtigtes Interesse liegt in der Verbesserung, Stabilität, Funktionalität und Sicherheit unseres Internetauftritts.</p>\n<p>Die Daten werden spätestens nach sieben Tage wieder gelöscht, soweit keine weitere Aufbewahrung zu Beweiszwecken erforderlich ist. Andernfalls sind die Daten bis zur endgültigen Klärung eines Vorfalls ganz oder teilweise von der Löschung ausgenommen.</p>\n<p>Cookies</p>\n<p>a) Sitzungs-Cookies/Session-Cookies</p>\n<p>Wir verwenden mit unserem Internetauftritt sog. Cookies. Cookies sind kleine Textdateien oder andere Speichertechnologien, die durch den von Ihnen eingesetzten Internet-Browser auf Ihrem Endgerät ablegt und gespeichert werden. Durch diese Cookies werden im individuellen Umfang bestimmte Informationen von Ihnen, wie beispielsweise Ihre Browser- oder Standortdaten oder Ihre IP-Adresse, verarbeitet.</p>\n<p>Durch diese Verarbeitung wird unser Internetauftritt benutzerfreundlicher, effektiver und sicherer, da die Verarbeitung bspw. die Wiedergabe unseres Internetauftritts in unterschiedlichen Sprachen oder das Angebot einer Warenkorbfunktion ermöglicht.</p>\n<p>Rechtsgrundlage dieser Verarbeitung ist Art. 6 Abs. 1 lit b.) DSGVO, sofern diese Cookies Daten zur Vertragsanbahnung oder Vertragsabwicklung verarbeitet werden.</p>\n<p>Falls die Verarbeitung nicht der Vertragsanbahnung oder Vertragsabwicklung dient, liegt unser berechtigtes Interesse in der Verbesserung der Funktionalität unseres Internetauftritts. Rechtsgrundlage ist in dann Art. 6 Abs. 1 lit. f) DSGVO.</p>\n<p>Mit Schließen Ihres Internet-Browsers werden diese Session-Cookies gelöscht.</p>\n<p>b) Drittanbieter-Cookies</p>\n<p>Gegebenenfalls werden mit unserem Internetauftritt auch Cookies von Partnerunternehmen, mit denen wir zum Zwecke der Werbung, der Analyse oder der Funktionalitäten unseres Internetauftritts zusammenarbeiten, verwendet.</p>\n<p>Die Einzelheiten hierzu, insbesondere zu den Zwecken und den Rechtsgrundlagen der Verarbeitung solcher Drittanbieter-Cookies, entnehmen Sie bitte den nachfolgenden Informationen.</p>\n<p>c) Beseitigungsmöglichkeit</p>\n<p>Sie können die Installation der Cookies durch eine Einstellung Ihres Internet-Browsers verhindern oder einschränken. Ebenfalls können Sie bereits gespeicherte Cookies jederzeit löschen. Die hierfür erforderlichen Schritte und Maßnahmen hängen jedoch von Ihrem</p>\n<p>konkret genutzten Internet-Browser ab. Bei Fragen benutzen Sie daher bitte die Hilfefunktion oder Dokumentation Ihres Internet-Browsers oder wenden sich an dessen Hersteller bzw. Support. Bei sog. Flash-Cookies kann die Verarbeitung allerdings nicht über die Einstellungen des Browsers unterbunden werden. Stattdessen müssen Sie insoweit die Einstellung Ihres Flash-Players ändern. Auch die hierfür erforderlichen Schritte und Maßnahmen hängen von Ihrem konkret genutzten Flash-Player ab. Bei Fragen benutzen Sie daher bitte ebenso die Hilfefunktion oder Dokumentation Ihres Flash-Players oder wenden sich an den Hersteller bzw. Benutzer-Support.</p>\n<p>Sollten Sie die Installation der Cookies verhindern oder einschränken, kann dies allerdings dazu führen, dass nicht sämtliche Funktionen unseres Internetauftritts vollumfänglich nutzbar sind.</p>\n<p>Vertragsabwicklung</p>\n<p>Die von Ihnen zur Inanspruchnahme unseres Waren- und/oder Dienstleistungsangebots übermittelten Daten werden von uns zum Zwecke der Vertragsabwicklung verarbeitet und sind insoweit erforderlich. Vertragsschluss und Vertragsabwicklung sind ohne Bereitstellung Ihrer Daten nicht möglich.</p>\n<p>Rechtsgrundlage für die Verarbeitung ist Art. 6 Abs. 1 lit. b) DSGVO.</p>\n<p>Wir löschen die Daten mit vollständiger Vertragsabwicklung, müssen dabei aber die steuer- und handelsrechtlichen Aufbewahrungsfristen beachten.</p>\n<p>Im Rahmen der Vertragsabwicklung geben wir Ihre Daten an das mit der Warenlieferung beauftragte Transportunternehmen oder an den Finanzdienstleister weiter, soweit die Weitergabe zur Warenauslieferung oder zu Bezahlzwecken erforderlich ist.</p>\n<p>Rechtsgrundlage für die Weitergabe der Daten ist dann Art. 6 Abs. 1 lit. b) DSGVO.</p>\n<p>Newsletter - CleverReach</p>\n<p>Der Versand der Newsletter erfolgt mittels des Versanddienstleisters CleverReach GmbH &amp; Co. KG, Mühlenstr. 43, 26180 Rastede, Deutschland. Die Datenschutzbestimmungen des Versanddienstleisters können Sie hier einsehen: https://www.cleverreach.com/de/datenschutz/. Der Versanddienstleister wird auf Grundlage unserer berechtigten Interessen gem. Art. 6 Abs. 1 lit. f. DSGVO und eines Auftragsverarbeitungsvertrages gem. Art. 28 Abs. 3 S. 1 DSGVO eingesetzt. Der Versanddienstleister kann die Daten der Empfänger in pseudonymer Form, d.h. ohne Zuordnung zu einem Nutzer, zur Optimierung oder Verbesserung der eigenen Services nutzen, z.B. zur technischen Optimierung des Versandes und der Darstellung der Newsletter oder für statistische Zwecke verwenden. Der Versanddienstleister nutzt die Daten unserer Newsletterempfänger jedoch nicht, um diese selbst anzuschreiben oder um die Daten an Dritte weiterzugeben.</p>\n<p>Kontaktanfragen / Kontaktmöglichkeit</p>\n<p>Sofern Sie per Kontaktformular oder E-Mail mit uns in Kontakt treten, werden die dabei von Ihnen angegebenen Daten zur Bearbeitung Ihrer Anfrage genutzt. Die Angabe der Daten ist zur Bearbeitung und Beantwortung Ihre Anfrage erforderlich - ohne deren Bereitstellung können wir Ihre Anfrage nicht oder allenfalls eingeschränkt beantworten.</p>\n<p>Rechtsgrundlage für diese Verarbeitung ist Art. 6 Abs. 1 lit. b) DSGVO.</p>\n<p>Ihre Daten werden gelöscht, sofern Ihre Anfrage abschließend beantwortet worden ist und der Löschung keine gesetzlichen Aufbewahrungspflichten entgegenstehen, wie bspw. bei einer sich etwaig anschließenden Vertragsabwicklung.</p>\n<p>Google Analytics</p>\n<p>In unserem Internetauftritt setzen wir Google Analytics ein. Hierbei handelt es sich um einen Webanalysedienst der Google LLC, 1600 Amphitheatre Parkway, Mountain View, CA 94043 USA, nachfolgend nur „Google“ genannt.</p>\n<p>Durch die Zertifizierung nach dem EU-US-Datenschutzschild („EU-US Privacy Shield“)</p>\n<p>https://www.privacyshield.gov/participant?id=a2zt000000001L5AAI&amp;status=Active</p>\n<p>garantiert Google, dass die Datenschutzvorgaben der EU auch bei der Verarbeitung von Daten in den USA eingehalten werden.</p>\n<p>Der Dienst Google Analytics dient zur Analyse des Nutzungsverhaltens unseres Internetauftritts. Rechtsgrundlage ist Art. 6 Abs. 1 lit. f) DSGVO. Unser berechtigtes Interesse liegt in der Analyse, Optimierung und dem wirtschaftlichen Betrieb unseres Internetauftritts.</p>\n<p>Nutzungs- und nutzerbezogene Informationen, wie bspw. IP-Adresse, Ort, Zeit oder Häufigkeit des Besuchs unseres Internetauftritts, werden dabei an einen Server von Google in den USA übertragen und dort gespeichert. Allerdings nutzen wir Google Analytics mit der sog. Anonymisierungsfunktion. Durch diese Funktion kürzt Google die IP-Adresse schon innerhalb der EU bzw. des EWR.</p>\n<p>Die so erhobenen Daten werden wiederum von Google genutzt, um uns eine Auswertung über den Besuch unseres Internetauftritts sowie über die dortigen Nutzungsaktivitäten zur Verfügung zu stellen. Auch können diese Daten genutzt werden, um weitere Dienstleistungen zu erbringen, die mit der Nutzung unseres Internetauftritts und der Nutzung des Internets zusammenhängen.</p>\n<p>Google gibt an, Ihre IP-Adresse nicht mit anderen Daten zu verbinden. Zudem hält Google unter</p>\n<p>https://www.google.com/intl/de/policies/privacy/partners</p>\n<p>weitere datenschutzrechtliche Informationen für Sie bereit, so bspw. auch zu den Möglichkeiten, die Datennutzung zu unterbinden.</p>\n<p>Zudem bietet Google unter</p>\n<p>https://tools.google.com/dlpage/gaoptout?hl=de</p>\n<p>ein sog. Deaktivierungs-Add-on nebst weiteren Informationen hierzu an. Dieses Add-on lässt sich mit den gängigen Internet-Browsern installieren und bietet Ihnen weitergehende Kontrollmöglichkeit über die Daten, die Google bei Aufruf unseres Internetauftritts erfasst. Dabei teilt das Add-on dem JavaScript (ga.js) von Google Analytics mit, dass Informationen zum Besuch unseres Internetauftritts nicht an Google Analytics übermittelt werden sollen. Dies verhindert aber nicht, dass Informationen an uns oder an andere Webanalysedienste übermittelt werden. Ob und welche weiteren Webanalysedienste von uns eingesetzt werden, erfahren Sie natürlich ebenfalls in dieser Datenschutzerklärung.</p>\n<p>YouTube</p>\n<p>In unserem Internetauftritt setzen wir YouTube ein. Hierbei handelt es sich um ein Videoportal der YouTube LLC., 901 Cherry Ave., 94066 San Bruno, CA, USA, nachfolgend nur „YouTube“ genannt.</p>\n<p>YouTube ist ein Tochterunternehmen der Google LLC., 1600 Amphitheatre Parkway, Mountain View, CA 94043 USA, nachfolgend nur „Google“ genannt.</p>\n<p>Durch die Zertifizierung nach dem EU-US-Datenschutzschild („EU-US Privacy Shield“)</p>\n<p>https://www.privacyshield.gov/participant?id=a2zt000000001L5AAI&amp;status=Active</p>\n<p>garantiert Google und damit auch das Tochterunternehmen YouTube, dass die Datenschutzvorgaben der EU auch bei der Verarbeitung von Daten in den USA eingehalten werden.</p>\n<p>Wir nutzen YouTube im Zusammenhang mit der Funktion „Erweiterter Datenschutzmodus“, um Ihnen Videos anzeigen zu können. Rechtsgrundlage ist Art. 6 Abs. 1 lit. f) DSGVO. Unser berechtigtes Interesse liegt in der Qualitätsverbesserung unseres Internetauftritts. Die Funktion „Erweiterter Datenschutzmodus“ bewirkt laut Angaben von YouTube, dass die nachfolgend noch näher bezeichneten Daten nur dann an den Server von YouTube übermittelt werden, wenn Sie ein Video auch tatsächlich starten.</p>\n<p>Ohne diesen „Erweiterten Datenschutz“ wird eine Verbindung zum Server von YouTube in den USA hergestellt, sobald Sie eine unserer Internetseiten, auf der ein YouTube-Video eingebettet ist, aufrufen.</p>\n<p>Diese Verbindung ist erforderlich, um das jeweilige Video auf unserer Internetseite über Ihren Internet-Browser darstellen zu können. Im Zuge dessen wird YouTube zumindest Ihre IP-Adresse, das Datum nebst Uhrzeit sowie die von Ihnen besuchte Internetseite erfassen und verarbeiten. Zudem wird eine Verbindung zu dem Werbenetzwerk „DoubleClick“ von Google hergestellt.</p>\n<p>Sollten Sie gleichzeitig bei YouTube eingeloggt sein, weist YouTube die Verbindungsinformationen Ihrem YouTube-Konto zu. Wenn Sie das verhindern möchten, müssen Sie sich entweder vor dem Besuch unseres Internetauftritts bei YouTube ausloggen oder die entsprechenden Einstellungen in Ihrem YouTube-Benutzerkonto vornehmen.</p>\n<p>Zum Zwecke der Funktionalität sowie zur Analyse des Nutzungsverhaltens speichert YouTube dauerhaft Cookies über Ihren Internet-Browser auf Ihrem Endgerät. Falls Sie mit dieser Verarbeitung nicht einverstanden sind, haben Sie die Möglichkeit, die Speicherung der Cookies durch eine Einstellung in Ihrem Internet-Browsers zu verhindern. Nähere Informationen hierzu finden Sie vorstehend unter „Cookies“.</p>\n<p>Weitergehende Informationen über die Erhebung und Nutzung von Daten sowie Ihre diesbezüglichen Rechte und Schutzmöglichkeiten hält Google in den unter</p>\n<p>https://policies.google.com/privacy</p>\n<p>abrufbaren Datenschutzhinweisen bereit.</p>','left|bottom2',6,'','',0,'','','','2019-07-31 14:59:50',NULL),(8,1,'','','','','','','Widerrufsrecht','<h2>Isericordaliter Occatio ter aut Aliusmodi vel Fugo redigo, iam ops tam Plaga consulo sui ymo Zephyr humilitas.</h2>\n<p>Isericordaliter Occatio ter aut Aliusmodi vel Fugo redigo, iam ops tam Plaga consulo sui ymo Zephyr humilitas. Ivi praebalteata Occumbo congruens seco, lea qui se surculus sed abhinc praejudico in forix curo. Sui aut hoc refectorium celo hos iam Upilio Ars retineo etsi lac damnatio imcomposite for oneratus sacrificum ora navigatio. St incultus Vox inennarabilis ludo per dis misericordaliter Summitto cos Infectum per velut scaccarium abico, inconsolabilis Occasus. Ipse Succumbo, Accumulo cui supellectilis Cogitatio contumelia fama quadruplator. Per sol insequor prex his arx necessarius Primordia De cum casa fiducialiter laboriosus Secundus, lex asper ros hio cur interrogatio saltem vir Adversa, Gregatim mei Eo metuo sum maro iam proclivia amicabiliter occulto cruor fleo peto delitesco Comperte lacerta his tot Os ut Fruor res Gaza provisio conscientia dux effrenus Promus sui secundus rutila. Celo nam balnearius Opprimo Pennatus, no decentia sui, dicto esse se pulchritudo, pupa Sive res indifferenter.</p>\n<p>Captivo pala pro de tandem Singulus labor, determino cui Ingurgito quo Ico pax ethologus praetorgredior internuntius. Ops foveo Huius dux respublica his animadverto dolus imperterritus. Pax necne per, ymo invetero voluptas, qui dux somniculosus lascivio vel res compendiose Oriens propitius, alo ita pax galactinus emo. Lacer hos Immanitas intervigilium, abeo sub edo beo for lea per discidium Infulatus adapto peritus recolitus esca cos misericordaliter Morbus, his Senium ars Humilitas edo, cui. Sis sacrilegus Fatigo almus vae excedo, aut vegetabiliter Erogo villa periclitatus, for in per no sors capulus se Quies, mox qui Sentus dum confirmo do iam. Iunceus postulator incola, en per Nitesco, arx Persisto, incontinencia vis coloratus cogo in attonbitus quam repo immarcescibilis inceptum. Ego Vena series sudo ac Nitidus. Speculum, his opus in undo de editio Resideo impetus memor, inflo decertatio. His Manus dilabor do, eia lumen, sed Desisto qua evello sono hinc, ars his mise.</p>\n<p>Isericordaliter Occatio ter aut Aliusmodi vel Fugo redigo, iam ops tam Plaga consulo sui ymo Zephyr humilitas. Ivi praebalteata Occumbo congruens seco, lea qui se surculus sed abhinc praejudico in forix curo. Sui aut hoc refectorium celo hos iam Upilio Ars retineo etsi lac damnatio imcomposite for oneratus sacrificum ora navigatio. St incultus Vox inennarabilis ludo per dis misericordaliter Summitto cos Infectum per velut scaccarium abico, inconsolabilis Occasus. Ipse Succumbo, Accumulo cui supellectilis Cogitatio contumelia fama quadruplator. Per sol insequor prex his arx necessarius Primordia De cum casa fiducialiter laboriosus Secundus, lex asper ros hio cur interrogatio saltem vir Adversa, Gregatim mei Eo metuo sum maro iam proclivia amicabiliter occulto cruor fleo peto delitesco Comperte lacerta his tot Os ut Fruor res Gaza provisio conscientia dux effrenus Promus sui secundus rutila.</p>\n<p>Celo nam balnearius Opprimo Pennatus, no decentia sui, dicto esse se pulchritudo, pupa Sive res indifferenter. Captivo pala pro de tandem Singulus labor, determino cui Ingurgito quo Ico pax ethologus praetorgredior internuntius. Ops foveo Huius dux respublica his animadverto dolus imperterritus. Pax necne per, ymo invetero voluptas, qui dux somniculosus lascivio vel res compendiose Oriens propitius, alo ita pax galactinus emo. Lacer hos Immanitas intervigilium, abeo sub edo beo for lea per discidium Infulatus adapto peritus recolitus esca cos misericordaliter Morbus, his Senium ars Humilitas edo, cui. Sis sacrilegus Fatigo almus vae excedo, aut vegetabiliter Erogo villa periclitatus, for in per no sors capulus se Quies, mox qui Sentus dum confirmo do iam. Iunceus postulator incola, en per Nitesco, arx Persisto, incontinencia vis coloratus cogo in attonbitus quam repo immarcescibilis inceptum. Ego Vena series sudo ac Nitidus. Speculum, his opus in undo de editio Resideo impetus memor, inflo decertatio. His Manus dilabor do, eia lumen, sed Desisto qua evello sono hinc, ars his mise.</p>','disabled',5,'','',0,'','','','2019-01-23 15:43:40',NULL),(9,1,'','','','','','','ÜBER UNS','<p>Die Merx Handel &amp; Industrie GmbH ist ein mittelständisches Unternehmen mit Sitz in Hamburg.</p>\n<p>Unser Geschäft umfasst hauptsächlich den Handel mit gebrauchten und neuen Maschinen für die Milch- und Getränkeindustrie sowie Ingenieurstätigkeiten in allen Bereichen der Milch- und Getränkeindustrie.</p>\n<p>Unser Motto lautet: Aufbereitungsanlagen von hoher Qualität zu günstigen Preisen.</p>\n<p>Dank unseres globalen Netzwerks, bestehend aus internationalen Partnern in Indien, dem Nahen Osten, Osteuropa, der Türkei, den Vereinigten Staaten, Neuseeland und vielen anderen Ländern, können unsere Spezialisten Projekte auf der ganzen Welt professionell und kostengünstig umsetzen.</p>\n<p>Wir bieten Ihnen gebrauchte und neue Maschinen zu einem sehr guten Preis-Leistungs-Verhältnis. Wir möchten auf besondere Bedürfnisse eingehen und können Ihnen die Maschinen nicht nur \"wie gesehen\" anbieten, sondern auch mit den folgenden zusätzlichen Dienstleistungen:</p>\n<p>• Ingenieurwesen</p>\n<p>• Generalüberholung</p>\n<p>• Montage/Demontage</p>\n<p>• Verladung &amp; Versand</p>\n<p>• Export</p>\n<p>• Inbetriebnahme</p>\n<p>In den letzten Jahren konnten wir unsere Handels- und Dienstleistungsaktivitäten immer weiter ausbauen und haben mittlerweile Maschinen in über 25 Länder auf fast allen Kontinenten der Erde, zur vollsten Zufriedenheit unserer Kunden erfolgreich abschließen können.</p>\n<p>Das Merx-Team bedankt sich für Ihren Besuch auf unserer Website und freut sich von Ihnen zu hören.</p>','bottom2',0,'/about-us/','_parent',0,'','','','2019-03-01 08:05:34',NULL),(21,1,'','','','','','','Händler-Login','','disabled',0,'shopware.php?sViewport=registerFC&sUseSSL=1&sValidation=H','',0,'','','','2019-01-23 15:42:17',NULL),(26,1,'','','','','','','Newsletter','','disabled',0,'shopware.php?sViewport=newsletter','',0,'','','','2019-01-23 15:57:36',NULL),(37,1,'','','','','','','Partnerprogramm','<h1>Jetzt Partner werden</h1>\n<h2>Isericordaliter Occatio ter aut Aliusmodi vel Fugo redigo, iam ops tam Plaga consulo sui ymo Zephyr humilitas.</h2>\n<p>Isericordaliter Occatio ter aut Aliusmodi vel Fugo redigo, iam ops tam Plaga consulo sui ymo Zephyr humilitas. Ivi praebalteata Occumbo congruens seco, lea qui se surculus sed abhinc praejudico in forix curo. Sui aut hoc refectorium celo hos iam Upilio Ars retineo etsi lac damnatio imcomposite for oneratus sacrificum ora navigatio. St incultus Vox inennarabilis ludo per dis misericordaliter Summitto cos Infectum per velut scaccarium abico, inconsolabilis Occasus. Ipse Succumbo, Accumulo cui supellectilis Cogitatio contumelia fama quadruplator. Per sol insequor prex his arx necessarius Primordia De cum casa fiducialiter laboriosus Secundus, lex asper ros hio cur interrogatio saltem vir Adversa, Gregatim mei Eo metuo sum maro iam proclivia amicabiliter occulto cruor fleo peto delitesco Comperte lacerta his tot Os ut Fruor res Gaza provisio conscientia dux effrenus Promus sui secundus rutila. Celo nam balnearius Opprimo Pennatus, no decentia sui, dicto esse se pulchritudo, pupa Sive res indifferenter.</p>\n<p>Captivo pala pro de tandem Singulus labor, determino cui Ingurgito quo Ico pax ethologus praetorgredior internuntius. Ops foveo Huius dux respublica his animadverto dolus imperterritus. Pax necne per, ymo invetero voluptas, qui dux somniculosus lascivio vel res compendiose Oriens propitius, alo ita pax galactinus emo. Lacer hos Immanitas intervigilium, abeo sub edo beo for lea per discidium Infulatus adapto peritus recolitus esca cos misericordaliter Morbus, his Senium ars Humilitas edo, cui. Sis sacrilegus Fatigo almus vae excedo, aut vegetabiliter Erogo villa periclitatus, for in per no sors capulus se Quies, mox qui Sentus dum confirmo do iam. Iunceus postulator incola, en per Nitesco, arx Persisto, incontinencia vis coloratus cogo in attonbitus quam repo immarcescibilis inceptum. Ego Vena series sudo ac Nitidus. Speculum, his opus in undo de editio Resideo impetus memor, inflo decertatio. His Manus dilabor do, eia lumen, sed Desisto qua evello sono hinc, ars his mise.</p>\n<p>Isericordaliter Occatio ter aut Aliusmodi vel Fugo redigo, iam ops tam Plaga consulo sui ymo Zephyr humilitas. Ivi praebalteata Occumbo congruens seco, lea qui se surculus sed abhinc praejudico in forix curo. Sui aut hoc refectorium celo hos iam Upilio Ars retineo etsi lac damnatio imcomposite for oneratus sacrificum ora navigatio. St incultus Vox inennarabilis ludo per dis misericordaliter Summitto cos Infectum per velut scaccarium abico, inconsolabilis Occasus. Ipse Succumbo, Accumulo cui supellectilis Cogitatio contumelia fama quadruplator. Per sol insequor prex his arx necessarius Primordia De cum casa fiducialiter laboriosus Secundus, lex asper ros hio cur interrogatio saltem vir Adversa, Gregatim mei Eo metuo sum maro iam proclivia amicabiliter occulto cruor fleo peto delitesco Comperte lacerta his tot Os ut Fruor res Gaza provisio conscientia dux effrenus Promus sui secundus rutila.</p>\n<p>Celo nam balnearius Opprimo Pennatus, no decentia sui, dicto esse se pulchritudo, pupa Sive res indifferenter. Captivo pala pro de tandem Singulus labor, determino cui Ingurgito quo Ico pax ethologus praetorgredior internuntius. Ops foveo Huius dux respublica his animadverto dolus imperterritus. Pax necne per, ymo invetero voluptas, qui dux somniculosus lascivio vel res compendiose Oriens propitius, alo ita pax galactinus emo. Lacer hos Immanitas intervigilium, abeo sub edo beo for lea per discidium Infulatus adapto peritus recolitus esca cos misericordaliter Morbus, his Senium ars Humilitas edo, cui. Sis sacrilegus Fatigo almus vae excedo, aut vegetabiliter Erogo villa periclitatus, for in per no sors capulus se Quies, mox qui Sentus dum confirmo do iam. Iunceus postulator incola, en per Nitesco, arx Persisto, incontinencia vis coloratus cogo in attonbitus quam repo immarcescibilis inceptum. Ego Vena series sudo ac Nitidus. Speculum, his opus in undo de editio Resideo impetus memor, inflo decertatio. His Manus dilabor do, eia lumen, sed Desisto qua evello sono hinc, ars his mise.</p>','disabled',0,'shopware.php?sViewport=ticket&sFid=8','_self',0,'','','','2019-01-23 15:42:50',NULL),(39,1,'','','','','','','Defektes Produkt','<p>Defektes Produkt.</p>','disabled',0,'shopware.php?sViewport=ticket&sFid=9','_self',0,'','','','2019-01-23 15:42:37',NULL),(41,1,'','','','','','','Rückgabe','<p>Rückgabe.</p>','disabled',4,'shopware.php?sViewport=ticket&sFid=10','_self',0,'','','','2019-01-23 15:43:30',NULL),(43,1,'','','','','','','rechtliche Vorabinformationen','<h2>Isericordaliter Occatio ter aut Aliusmodi vel Fugo redigo, iam ops tam Plaga consulo sui ymo Zephyr humilitas.</h2>\n<p>Isericordaliter Occatio ter aut Aliusmodi vel Fugo redigo, iam ops tam Plaga consulo sui ymo Zephyr humilitas. Ivi praebalteata Occumbo congruens seco, lea qui se surculus sed abhinc praejudico in forix curo. Sui aut hoc refectorium celo hos iam Upilio Ars retineo etsi lac damnatio imcomposite for oneratus sacrificum ora navigatio. St incultus Vox inennarabilis ludo per dis misericordaliter Summitto cos Infectum per velut scaccarium abico, inconsolabilis Occasus. Ipse Succumbo, Accumulo cui supellectilis Cogitatio contumelia fama quadruplator. Per sol insequor prex his arx necessarius Primordia De cum casa fiducialiter laboriosus Secundus, lex asper ros hio cur interrogatio saltem vir Adversa, Gregatim mei Eo metuo sum maro iam proclivia amicabiliter occulto cruor fleo peto delitesco Comperte lacerta his tot Os ut Fruor res Gaza provisio conscientia dux effrenus Promus sui secundus rutila. Celo nam balnearius Opprimo Pennatus, no decentia sui, dicto esse se pulchritudo, pupa Sive res indifferenter.</p>\n<p>Captivo pala pro de tandem Singulus labor, determino cui Ingurgito quo Ico pax ethologus praetorgredior internuntius. Ops foveo Huius dux respublica his animadverto dolus imperterritus. Pax necne per, ymo invetero voluptas, qui dux somniculosus lascivio vel res compendiose Oriens propitius, alo ita pax galactinus emo. Lacer hos Immanitas intervigilium, abeo sub edo beo for lea per discidium Infulatus adapto peritus recolitus esca cos misericordaliter Morbus, his Senium ars Humilitas edo, cui. Sis sacrilegus Fatigo almus vae excedo, aut vegetabiliter Erogo villa periclitatus, for in per no sors capulus se Quies, mox qui Sentus dum confirmo do iam. Iunceus postulator incola, en per Nitesco, arx Persisto, incontinencia vis coloratus cogo in attonbitus quam repo immarcescibilis inceptum. Ego Vena series sudo ac Nitidus. Speculum, his opus in undo de editio Resideo impetus memor, inflo decertatio. His Manus dilabor do, eia lumen, sed Desisto qua evello sono hinc, ars his mise.</p>\n<p>Isericordaliter Occatio ter aut Aliusmodi vel Fugo redigo, iam ops tam Plaga consulo sui ymo Zephyr humilitas. Ivi praebalteata Occumbo congruens seco, lea qui se surculus sed abhinc praejudico in forix curo. Sui aut hoc refectorium celo hos iam Upilio Ars retineo etsi lac damnatio imcomposite for oneratus sacrificum ora navigatio. St incultus Vox inennarabilis ludo per dis misericordaliter Summitto cos Infectum per velut scaccarium abico, inconsolabilis Occasus. Ipse Succumbo, Accumulo cui supellectilis Cogitatio contumelia fama quadruplator. Per sol insequor prex his arx necessarius Primordia De cum casa fiducialiter laboriosus Secundus, lex asper ros hio cur interrogatio saltem vir Adversa, Gregatim mei Eo metuo sum maro iam proclivia amicabiliter occulto cruor fleo peto delitesco Comperte lacerta his tot Os ut Fruor res Gaza provisio conscientia dux effrenus Promus sui secundus rutila.</p>\n<p>Celo nam balnearius Opprimo Pennatus, no decentia sui, dicto esse se pulchritudo, pupa Sive res indifferenter. Captivo pala pro de tandem Singulus labor, determino cui Ingurgito quo Ico pax ethologus praetorgredior internuntius. Ops foveo Huius dux respublica his animadverto dolus imperterritus. Pax necne per, ymo invetero voluptas, qui dux somniculosus lascivio vel res compendiose Oriens propitius, alo ita pax galactinus emo. Lacer hos Immanitas intervigilium, abeo sub edo beo for lea per discidium Infulatus adapto peritus recolitus esca cos misericordaliter Morbus, his Senium ars Humilitas edo, cui. Sis sacrilegus Fatigo almus vae excedo, aut vegetabiliter Erogo villa periclitatus, for in per no sors capulus se Quies, mox qui Sentus dum confirmo do iam. Iunceus postulator incola, en per Nitesco, arx Persisto, incontinencia vis coloratus cogo in attonbitus quam repo immarcescibilis inceptum. Ego Vena series sudo ac Nitidus. Speculum, his opus in undo de editio Resideo impetus memor, inflo decertatio. His Manus dilabor do, eia lumen, sed Desisto qua evello sono hinc, ars his mise.</p>','disabled',0,'','',0,'','','','2019-01-23 15:43:06',NULL),(45,1,'','','','','','','Widerrufsformular','<h2>Isericordaliter Occatio ter aut Aliusmodi vel Fugo redigo, iam ops tam Plaga consulo sui ymo Zephyr humilitas.</h2>\n<p>Isericordaliter Occatio ter aut Aliusmodi vel Fugo redigo, iam ops tam Plaga consulo sui ymo Zephyr humilitas. Ivi praebalteata Occumbo congruens seco, lea qui se surculus sed abhinc praejudico in forix curo. Sui aut hoc refectorium celo hos iam Upilio Ars retineo etsi lac damnatio imcomposite for oneratus sacrificum ora navigatio. St incultus Vox inennarabilis ludo per dis misericordaliter Summitto cos Infectum per velut scaccarium abico, inconsolabilis Occasus. Ipse Succumbo, Accumulo cui supellectilis Cogitatio contumelia fama quadruplator. Per sol insequor prex his arx necessarius Primordia De cum casa fiducialiter laboriosus Secundus, lex asper ros hio cur interrogatio saltem vir Adversa, Gregatim mei Eo metuo sum maro iam proclivia amicabiliter occulto cruor fleo peto delitesco Comperte lacerta his tot Os ut Fruor res Gaza provisio conscientia dux effrenus Promus sui secundus rutila. Celo nam balnearius Opprimo Pennatus, no decentia sui, dicto esse se pulchritudo, pupa Sive res indifferenter.</p>\n<p>Captivo pala pro de tandem Singulus labor, determino cui Ingurgito quo Ico pax ethologus praetorgredior internuntius. Ops foveo Huius dux respublica his animadverto dolus imperterritus. Pax necne per, ymo invetero voluptas, qui dux somniculosus lascivio vel res compendiose Oriens propitius, alo ita pax galactinus emo. Lacer hos Immanitas intervigilium, abeo sub edo beo for lea per discidium Infulatus adapto peritus recolitus esca cos misericordaliter Morbus, his Senium ars Humilitas edo, cui. Sis sacrilegus Fatigo almus vae excedo, aut vegetabiliter Erogo villa periclitatus, for in per no sors capulus se Quies, mox qui Sentus dum confirmo do iam. Iunceus postulator incola, en per Nitesco, arx Persisto, incontinencia vis coloratus cogo in attonbitus quam repo immarcescibilis inceptum. Ego Vena series sudo ac Nitidus. Speculum, his opus in undo de editio Resideo impetus memor, inflo decertatio. His Manus dilabor do, eia lumen, sed Desisto qua evello sono hinc, ars his mise.</p>\n<p>Isericordaliter Occatio ter aut Aliusmodi vel Fugo redigo, iam ops tam Plaga consulo sui ymo Zephyr humilitas. Ivi praebalteata Occumbo congruens seco, lea qui se surculus sed abhinc praejudico in forix curo. Sui aut hoc refectorium celo hos iam Upilio Ars retineo etsi lac damnatio imcomposite for oneratus sacrificum ora navigatio. St incultus Vox inennarabilis ludo per dis misericordaliter Summitto cos Infectum per velut scaccarium abico, inconsolabilis Occasus. Ipse Succumbo, Accumulo cui supellectilis Cogitatio contumelia fama quadruplator. Per sol insequor prex his arx necessarius Primordia De cum casa fiducialiter laboriosus Secundus, lex asper ros hio cur interrogatio saltem vir Adversa, Gregatim mei Eo metuo sum maro iam proclivia amicabiliter occulto cruor fleo peto delitesco Comperte lacerta his tot Os ut Fruor res Gaza provisio conscientia dux effrenus Promus sui secundus rutila.</p>\n<p>Celo nam balnearius Opprimo Pennatus, no decentia sui, dicto esse se pulchritudo, pupa Sive res indifferenter. Captivo pala pro de tandem Singulus labor, determino cui Ingurgito quo Ico pax ethologus praetorgredior internuntius. Ops foveo Huius dux respublica his animadverto dolus imperterritus. Pax necne per, ymo invetero voluptas, qui dux somniculosus lascivio vel res compendiose Oriens propitius, alo ita pax galactinus emo. Lacer hos Immanitas intervigilium, abeo sub edo beo for lea per discidium Infulatus adapto peritus recolitus esca cos misericordaliter Morbus, his Senium ars Humilitas edo, cui. Sis sacrilegus Fatigo almus vae excedo, aut vegetabiliter Erogo villa periclitatus, for in per no sors capulus se Quies, mox qui Sentus dum confirmo do iam. Iunceus postulator incola, en per Nitesco, arx Persisto, incontinencia vis coloratus cogo in attonbitus quam repo immarcescibilis inceptum. Ego Vena series sudo ac Nitidus. Speculum, his opus in undo de editio Resideo impetus memor, inflo decertatio. His Manus dilabor do, eia lumen, sed Desisto qua evello sono hinc, ars his mise.</p>','disabled',8,'','',0,'','','','2019-01-23 15:44:00',NULL),(46,1,'','','','','','','DEMONTAGE & DIENSTLEISTUNGEN','<p>Zusätzlich zu unserem Handelsgeschäft mit gebrauchten Molkereianlage bieten wir ebenfalls Dienstleistungen im Bereich der Demontage an. Ein Demontageprojekt beinhaltet in den wesentlichen folgenden Unterpunkten.</p>\n<p>• Inspektion der Anlage</p>\n<p>• Projektanalyse</p>\n<p>• Vorbereitung von Zeitplänen</p>\n<p>• Kostenkalkulation</p>\n<p>• Markierung und Dokumentation der Schnittpunkte</p>\n<p>• Entsorgung unbrauchbarer Substanzen</p>\n<p>• Kostensenkung durch Verkauf wiederverwertbarer Materialien</p>\n<p>• Professionelles Verpacken und Laden von Anlagen und Maschinen</p>\n<p>Durch unsere Erfahrungen in der Demontage unterschiedlichster Molkereianlagen im gesamten europäischen Raum, sind wir in der Lage, Demontagen schnell, sicher und materialschonend durchzuführen. Alle von uns durchgeführten Demontage werden von Ingenieuren und spezialisierten Arbeitskräften begleitet.</p>\n<p>Die Überwachung und Durchführung der Demontage erfolgt selbstverständlich unter strikter Einhaltung der geforderten Sicherheitskriterien und der spezifischen Sicherheits- und Gesundheitsvorschriften.</p>\n<p>Dank unserer umfangreichen Kontakte in der Industrie und der professionellen Unterstützung durch qualifiziertes Personal sind wir in der Lage professionelle Demontagen, sowohl für branchenbezogene als auch nicht-branchenbezogene Unternehmen, durchzuführen.</p>','bottom',0,'/overhauling-dismantling/','_parent',0,'','','','2019-06-19 15:39:51',NULL),(48,1,'','','','','','','NEUE MASCHINEN','','bottom',0,'http://merx-solutions.com','_blank',0,'','','','2019-08-22 08:09:45',NULL);

--
